181.53.14.143 - - [12/Jul/2024:01:10:36 -0500] "GET /sipse/faces/javax.faces.resource/primefaces.js?ln=primefaces&v=4.0 HTTP/1.1" 304 -
181.53.14.143 - - [12/Jul/2024:01:10:36 -0500] "GET /sipse/faces/javax.faces.resource/layout/layout.js?ln=primefaces&v=4.0 HTTP/1.1" 304 -
181.53.14.143 - - [12/Jul/2024:01:10:37 -0500] "POST /sipse/faces/presentacion/financiero/solicitudProceso/listarSolicitudProceso.xhtml HTTP/1.1" 200 1404
181.53.14.143 - - [12/Jul/2024:01:10:43 -0500] "POST /sipse/faces/presentacion/financiero/solicitudProceso/listarSolicitudProceso.xhtml HTTP/1.1" 200 13483
181.53.14.143 - - [12/Jul/2024:01:10:45 -0500] "POST /sipse/faces/presentacion/financiero/solicitudProceso/listarSolicitudProceso.xhtml HTTP/1.1" 200 130623
181.53.14.143 - - [12/Jul/2024:01:10:45 -0500] "GET /sipse/faces/javax.faces.resource/theme.css?ln=primefaces-sipse HTTP/1.1" 304 -
181.53.14.143 - - [12/Jul/2024:01:10:45 -0500] "GET /sipse/faces/javax.faces.resource/primefaces.css?ln=primefaces&v=4.0 HTTP/1.1" 304 -
181.53.14.143 - - [12/Jul/2024:01:10:45 -0500] "GET /sipse/faces/javax.faces.resource/layout/layout.css?ln=primefaces&v=4.0 HTTP/1.1" 304 -
181.53.14.143 - - [12/Jul/2024:01:10:45 -0500] "GET /sipse/faces/javax.faces.resource/jquery/jquery.js?ln=primefaces&v=4.0 HTTP/1.1" 304 -
181.53.14.143 - - [12/Jul/2024:01:10:45 -0500] "GET /sipse/faces/javax.faces.resource/jquery/jquery-plugins.js?ln=primefaces&v=4.0 HTTP/1.1" 304 -
181.53.14.143 - - [12/Jul/2024:01:10:45 -0500] "GET /sipse/faces/javax.faces.resource/primefaces.js?ln=primefaces&v=4.0 HTTP/1.1" 304 -
181.53.14.143 - - [12/Jul/2024:01:10:45 -0500] "GET /sipse/faces/javax.faces.resource/layout/layout.js?ln=primefaces&v=4.0 HTTP/1.1" 304 -
181.53.14.143 - - [12/Jul/2024:01:10:51 -0500] "POST /sipse/faces/presentacion/financiero/solicitudProceso/consultarSolicitudProceso.xhtml HTTP/1.1" 200 92829
181.53.14.143 - - [12/Jul/2024:01:10:51 -0500] "GET /sipse/faces/javax.faces.resource/theme.css?ln=primefaces-sipse HTTP/1.1" 304 -
181.53.14.143 - - [12/Jul/2024:01:10:51 -0500] "GET /sipse/faces/javax.faces.resource/layout/layout.css?ln=primefaces&v=4.0 HTTP/1.1" 304 -
181.53.14.143 - - [12/Jul/2024:01:10:51 -0500] "GET /sipse/faces/javax.faces.resource/primefaces.css?ln=primefaces&v=4.0 HTTP/1.1" 304 -
181.53.14.143 - - [12/Jul/2024:01:10:51 -0500] "GET /sipse/faces/javax.faces.resource/jquery/jquery.js?ln=primefaces&v=4.0 HTTP/1.1" 304 -
181.53.14.143 - - [12/Jul/2024:01:10:51 -0500] "GET /sipse/faces/javax.faces.resource/jquery/jquery-plugins.js?ln=primefaces&v=4.0 HTTP/1.1" 304 -
181.53.14.143 - - [12/Jul/2024:01:10:52 -0500] "GET /sipse/faces/javax.faces.resource/primefaces.js?ln=primefaces&v=4.0 HTTP/1.1" 304 -
181.53.14.143 - - [12/Jul/2024:01:10:52 -0500] "GET /sipse/faces/javax.faces.resource/layout/layout.js?ln=primefaces&v=4.0 HTTP/1.1" 304 -
201.245.192.253 - - [12/Jul/2024:01:10:55 -0500] "GET /kwsrmcab/Wsrmcab?wsdl HTTP/1.1" 200 6948
181.53.14.143 - - [12/Jul/2024:01:10:56 -0500] "POST /sipse/faces/presentacion/financiero/solicitudProceso/crearModificarSolicitudProceso.xhtml HTTP/1.1" 200 15785
181.53.14.143 - - [12/Jul/2024:01:10:59 -0500] "POST /sipse/faces/presentacion/financiero/solicitudProceso/crearModificarSolicitudProceso.xhtml HTTP/1.1" 200 13086
190.27.20.81 - - [12/Jul/2024:01:10:59 -0500] "OPTIONS /kwssiamovil/sm/setfile/f? HTTP/1.1" 200 13
181.53.14.143 - - [12/Jul/2024:01:11:00 -0500] "POST /sipse/faces/presentacion/financiero/solicitudProceso/crearModificarSolicitudProceso.xhtml HTTP/1.1" 200 127560
181.53.14.143 - - [12/Jul/2024:01:11:00 -0500] "GET /sipse/faces/javax.faces.resource/theme.css?ln=primefaces-sipse HTTP/1.1" 304 -
181.53.14.143 - - [12/Jul/2024:01:11:00 -0500] "GET /sipse/faces/javax.faces.resource/layout/layout.css?ln=primefaces&v=4.0 HTTP/1.1" 304 -
181.53.14.143 - - [12/Jul/2024:01:11:00 -0500] "GET /sipse/faces/javax.faces.resource/primefaces.css?ln=primefaces&v=4.0 HTTP/1.1" 304 -
181.53.14.143 - - [12/Jul/2024:01:11:00 -0500] "GET /sipse/faces/javax.faces.resource/jquery/jquery.js?ln=primefaces&v=4.0 HTTP/1.1" 304 -
181.53.14.143 - - [12/Jul/2024:01:11:00 -0500] "GET /sipse/faces/javax.faces.resource/jquery/jquery-plugins.js?ln=primefaces&v=4.0 HTTP/1.1" 304 -
181.53.14.143 - - [12/Jul/2024:01:11:00 -0500] "GET /sipse/faces/javax.faces.resource/primefaces.js?ln=primefaces&v=4.0 HTTP/1.1" 304 -
181.53.14.143 - - [12/Jul/2024:01:11:00 -0500] "GET /sipse/faces/javax.faces.resource/layout/layout.js?ln=primefaces&v=4.0 HTTP/1.1" 304 -
190.27.20.81 - - [12/Jul/2024:01:10:59 -0500] "POST /kwssiamovil/sm/setfile/f? HTTP/1.1" 200 381
190.27.20.81 - - [12/Jul/2024:01:11:02 -0500] "OPTIONS /kwssiamovil/sm/setfile/f? HTTP/1.1" 200 13
190.27.20.81 - - [12/Jul/2024:01:11:02 -0500] "POST /kwssiamovil/sm/setfile/f? HTTP/1.1" 200 381
181.53.14.143 - - [12/Jul/2024:01:11:06 -0500] "POST /sipse/faces/presentacion/financiero/solicitudProceso/consultarSolicitudProceso.xhtml HTTP/1.1" 200 38560
181.53.14.143 - - [12/Jul/2024:01:11:08 -0500] "GET /sipse/faces/javax.faces.resource/primefaces.css?ln=primefaces&v=4.0 HTTP/1.1" 304 -
181.53.14.143 - - [12/Jul/2024:01:11:08 -0500] "GET /sipse/faces/javax.faces.resource/layout/layout.css?ln=primefaces&v=4.0 HTTP/1.1" 304 -
181.53.14.143 - - [12/Jul/2024:01:11:08 -0500] "GET /sipse/faces/javax.faces.resource/theme.css?ln=primefaces-sipse HTTP/1.1" 304 -
181.53.14.143 - - [12/Jul/2024:01:11:08 -0500] "GET /sipse/faces/javax.faces.resource/jquery/jquery.js?ln=primefaces&v=4.0 HTTP/1.1" 304 -
181.53.14.143 - - [12/Jul/2024:01:11:08 -0500] "GET /sipse/faces/javax.faces.resource/jquery/jquery-plugins.js?ln=primefaces&v=4.0 HTTP/1.1" 304 -
181.53.14.143 - - [12/Jul/2024:01:11:09 -0500] "GET /sipse/faces/javax.faces.resource/primefaces.js?ln=primefaces&v=4.0 HTTP/1.1" 304 -
181.53.14.143 - - [12/Jul/2024:01:11:09 -0500] "GET /sipse/faces/javax.faces.resource/layout/layout.js?ln=primefaces&v=4.0 HTTP/1.1" 304 -
181.53.14.143 - - [12/Jul/2024:01:11:09 -0500] "POST /sipse/faces/presentacion/financiero/solicitudProceso/listarSolicitudProceso.xhtml HTTP/1.1" 200 1404
181.53.14.143 - - [12/Jul/2024:01:11:11 -0500] "POST /sipse/faces/presentacion/financiero/solicitudProceso/listarSolicitudProceso.xhtml HTTP/1.1" 200 130944
181.53.14.143 - - [12/Jul/2024:01:11:11 -0500] "GET /sipse/faces/javax.faces.resource/theme.css?ln=primefaces-sipse HTTP/1.1" 304 -
181.53.14.143 - - [12/Jul/2024:01:11:11 -0500] "GET /sipse/faces/javax.faces.resource/primefaces.css?ln=primefaces&v=4.0 HTTP/1.1" 304 -
181.53.14.143 - - [12/Jul/2024:01:11:11 -0500] "GET /sipse/faces/javax.faces.resource/layout/layout.css?ln=primefaces&v=4.0 HTTP/1.1" 304 -
181.53.14.143 - - [12/Jul/2024:01:11:11 -0500] "GET /sipse/faces/javax.faces.resource/jquery/jquery.js?ln=primefaces&v=4.0 HTTP/1.1" 304 -
181.53.14.143 - - [12/Jul/2024:01:11:11 -0500] "GET /sipse/faces/javax.faces.resource/jquery/jquery-plugins.js?ln=primefaces&v=4.0 HTTP/1.1" 304 -
181.53.14.143 - - [12/Jul/2024:01:11:11 -0500] "GET /sipse/faces/javax.faces.resource/primefaces.js?ln=primefaces&v=4.0 HTTP/1.1" 304 -
181.53.14.143 - - [12/Jul/2024:01:11:11 -0500] "GET /sipse/faces/javax.faces.resource/layout/layout.js?ln=primefaces&v=4.0 HTTP/1.1" 304 -
181.53.14.143 - - [12/Jul/2024:01:11:15 -0500] "POST /sipse/faces/presentacion/financiero/solicitudProceso/consultarSolicitudProceso.xhtml HTTP/1.1" 200 22293
181.53.14.143 - - [12/Jul/2024:01:11:15 -0500] "GET /sipse/faces/javax.faces.resource/theme.css?ln=primefaces-sipse HTTP/1.1" 304 -
181.53.14.143 - - [12/Jul/2024:01:11:15 -0500] "GET /sipse/faces/javax.faces.resource/primefaces.css?ln=primefaces&v=4.0 HTTP/1.1" 304 -
181.53.14.143 - - [12/Jul/2024:01:11:15 -0500] "GET /sipse/faces/javax.faces.resource/layout/layout.css?ln=primefaces&v=4.0 HTTP/1.1" 304 -
181.53.14.143 - - [12/Jul/2024:01:11:15 -0500] "GET /sipse/faces/javax.faces.resource/fileupload/fileupload.css?ln=primefaces&v=4.0 HTTP/1.1" 304 -
181.53.14.143 - - [12/Jul/2024:01:11:15 -0500] "GET /sipse/faces/javax.faces.resource/jquery/jquery-plugins.js?ln=primefaces&v=4.0 HTTP/1.1" 304 -
181.53.14.143 - - [12/Jul/2024:01:11:15 -0500] "GET /sipse/faces/javax.faces.resource/jquery/jquery.js?ln=primefaces&v=4.0 HTTP/1.1" 304 -
181.53.14.143 - - [12/Jul/2024:01:11:15 -0500] "GET /sipse/faces/javax.faces.resource/primefaces.js?ln=primefaces&v=4.0 HTTP/1.1" 304 -
181.53.14.143 - - [12/Jul/2024:01:11:15 -0500] "GET /sipse/faces/javax.faces.resource/layout/layout.js?ln=primefaces&v=4.0 HTTP/1.1" 304 -
181.53.14.143 - - [12/Jul/2024:01:11:15 -0500] "GET /sipse/faces/javax.faces.resource/fileupload/fileupload.js?ln=primefaces&v=4.0 HTTP/1.1" 304 -
181.53.14.143 - - [12/Jul/2024:01:11:21 -0500] "GET /sipse/faces/javax.faces.resource/layout/layout.css?ln=primefaces&v=4.0 HTTP/1.1" 304 -
181.53.14.143 - - [12/Jul/2024:01:11:21 -0500] "GET /sipse/faces/javax.faces.resource/primefaces.css?ln=primefaces&v=4.0 HTTP/1.1" 304 -
181.53.14.143 - - [12/Jul/2024:01:11:21 -0500] "GET /sipse/faces/javax.faces.resource/theme.css?ln=primefaces-sipse HTTP/1.1" 304 -
181.53.14.143 - - [12/Jul/2024:01:11:21 -0500] "GET /sipse/faces/javax.faces.resource/jquery/jquery.js?ln=primefaces&v=4.0 HTTP/1.1" 304 -
181.53.14.143 - - [12/Jul/2024:01:11:21 -0500] "GET /sipse/faces/javax.faces.resource/jquery/jquery-plugins.js?ln=primefaces&v=4.0 HTTP/1.1" 304 -
181.53.14.143 - - [12/Jul/2024:01:11:21 -0500] "POST /sipse/faces/presentacion/sistema/anexos/cargarAnexoSolicitudProceso.xhtml HTTP/1.1" 200 179550
181.53.14.143 - - [12/Jul/2024:01:11:21 -0500] "GET /sipse/faces/javax.faces.resource/primefaces.js?ln=primefaces&v=4.0 HTTP/1.1" 304 -
181.53.14.143 - - [12/Jul/2024:01:11:21 -0500] "GET /sipse/faces/javax.faces.resource/layout/layout.js?ln=primefaces&v=4.0 HTTP/1.1" 304 -
181.53.14.143 - - [12/Jul/2024:01:11:24 -0500] "POST /sipse/faces/presentacion/financiero/solicitudProceso/consultarSolicitudProceso.xhtml HTTP/1.1" 200 22293
181.53.14.143 - - [12/Jul/2024:01:11:24 -0500] "GET /sipse/faces/javax.faces.resource/primefaces.css?ln=primefaces&v=4.0 HTTP/1.1" 304 -
181.53.14.143 - - [12/Jul/2024:01:11:24 -0500] "GET /sipse/faces/javax.faces.resource/jquery/jquery.js?ln=primefaces&v=4.0 HTTP/1.1" 304 -
181.53.14.143 - - [12/Jul/2024:01:11:24 -0500] "GET /sipse/faces/javax.faces.resource/jquery/jquery-plugins.js?ln=primefaces&v=4.0 HTTP/1.1" 304 -
181.53.14.143 - - [12/Jul/2024:01:11:24 -0500] "GET /sipse/faces/javax.faces.resource/theme.css?ln=primefaces-sipse HTTP/1.1" 304 -
181.53.14.143 - - [12/Jul/2024:01:11:24 -0500] "GET /sipse/faces/javax.faces.resource/layout/layout.css?ln=primefaces&v=4.0 HTTP/1.1" 304 -
181.53.14.143 - - [12/Jul/2024:01:11:24 -0500] "GET /sipse/faces/javax.faces.resource/primefaces.js?ln=primefaces&v=4.0 HTTP/1.1" 304 -
181.53.14.143 - - [12/Jul/2024:01:11:24 -0500] "GET /sipse/faces/javax.faces.resource/fileupload/fileupload.css?ln=primefaces&v=4.0 HTTP/1.1" 304 -
181.53.14.143 - - [12/Jul/2024:01:11:24 -0500] "GET /sipse/faces/javax.faces.resource/layout/layout.js?ln=primefaces&v=4.0 HTTP/1.1" 304 -
181.53.14.143 - - [12/Jul/2024:01:11:24 -0500] "GET /sipse/faces/javax.faces.resource/fileupload/fileupload.js?ln=primefaces&v=4.0 HTTP/1.1" 304 -
181.53.14.143 - - [12/Jul/2024:01:11:33 -0500] "GET /sipse/faces/javax.faces.resource/layout/layout.css?ln=primefaces&v=4.0 HTTP/1.1" 304 -
181.53.14.143 - - [12/Jul/2024:01:11:33 -0500] "GET /sipse/faces/javax.faces.resource/jquery/jquery-plugins.js?ln=primefaces&v=4.0 HTTP/1.1" 304 -
181.53.14.143 - - [12/Jul/2024:01:11:33 -0500] "GET /sipse/faces/javax.faces.resource/theme.css?ln=primefaces-sipse HTTP/1.1" 304 -
181.53.14.143 - - [12/Jul/2024:01:11:33 -0500] "GET /sipse/faces/javax.faces.resource/primefaces.css?ln=primefaces&v=4.0 HTTP/1.1" 304 -
181.53.14.143 - - [12/Jul/2024:01:11:33 -0500] "GET /sipse/faces/javax.faces.resource/jquery/jquery.js?ln=primefaces&v=4.0 HTTP/1.1" 304 -
181.53.14.143 - - [12/Jul/2024:01:11:33 -0500] "GET /sipse/faces/javax.faces.resource/primefaces.js?ln=primefaces&v=4.0 HTTP/1.1" 304 -
181.53.14.143 - - [12/Jul/2024:01:11:33 -0500] "GET /sipse/faces/javax.faces.resource/layout/layout.js?ln=primefaces&v=4.0 HTTP/1.1" 304 -
181.53.14.143 - - [12/Jul/2024:01:11:31 -0500] "POST /sipse/faces/presentacion/sistema/anexos/cargarAnexoSolicitudProceso.xhtml HTTP/1.1" 200 181362
181.53.14.143 - - [12/Jul/2024:01:11:39 -0500] "POST /sipse/faces/presentacion/financiero/solicitudProceso/consultarSolicitudProceso.xhtml HTTP/1.1" 200 22293
181.53.14.143 - - [12/Jul/2024:01:11:39 -0500] "GET /sipse/faces/javax.faces.resource/primefaces.css?ln=primefaces&v=4.0 HTTP/1.1" 304 -
181.53.14.143 - - [12/Jul/2024:01:11:39 -0500] "GET /sipse/faces/javax.faces.resource/theme.css?ln=primefaces-sipse HTTP/1.1" 304 -
181.53.14.143 - - [12/Jul/2024:01:11:39 -0500] "GET /sipse/faces/javax.faces.resource/jquery/jquery-plugins.js?ln=primefaces&v=4.0 HTTP/1.1" 304 -
181.53.14.143 - - [12/Jul/2024:01:11:39 -0500] "GET /sipse/faces/javax.faces.resource/layout/layout.css?ln=primefaces&v=4.0 HTTP/1.1" 304 -
181.53.14.143 - - [12/Jul/2024:01:11:39 -0500] "GET /sipse/faces/javax.faces.resource/jquery/jquery.js?ln=primefaces&v=4.0 HTTP/1.1" 304 -
181.53.14.143 - - [12/Jul/2024:01:11:39 -0500] "GET /sipse/faces/javax.faces.resource/primefaces.js?ln=primefaces&v=4.0 HTTP/1.1" 304 -
181.53.14.143 - - [12/Jul/2024:01:11:39 -0500] "GET /sipse/faces/javax.faces.resource/fileupload/fileupload.css?ln=primefaces&v=4.0 HTTP/1.1" 304 -
181.53.14.143 - - [12/Jul/2024:01:11:39 -0500] "GET /sipse/faces/javax.faces.resource/layout/layout.js?ln=primefaces&v=4.0 HTTP/1.1" 304 -
181.53.14.143 - - [12/Jul/2024:01:11:39 -0500] "GET /sipse/faces/javax.faces.resource/fileupload/fileupload.js?ln=primefaces&v=4.0 HTTP/1.1" 304 -
216.245.221.92 - - [12/Jul/2024:01:11:46 -0500] "HEAD / HTTP/1.1" 200 -
181.53.14.143 - - [12/Jul/2024:01:11:46 -0500] "GET /sipse/faces/javax.faces.resource/primefaces.css?ln=primefaces&v=4.0 HTTP/1.1" 304 -
181.53.14.143 - - [12/Jul/2024:01:11:46 -0500] "GET /sipse/faces/javax.faces.resource/layout/layout.css?ln=primefaces&v=4.0 HTTP/1.1" 304 -
181.53.14.143 - - [12/Jul/2024:01:11:46 -0500] "GET /sipse/faces/javax.faces.resource/theme.css?ln=primefaces-sipse HTTP/1.1" 304 -
181.53.14.143 - - [12/Jul/2024:01:11:46 -0500] "GET /sipse/faces/javax.faces.resource/jquery/jquery.js?ln=primefaces&v=4.0 HTTP/1.1" 304 -
181.53.14.143 - - [12/Jul/2024:01:11:46 -0500] "GET /sipse/faces/javax.faces.resource/jquery/jquery-plugins.js?ln=primefaces&v=4.0 HTTP/1.1" 304 -
181.53.14.143 - - [12/Jul/2024:01:11:46 -0500] "GET /sipse/faces/javax.faces.resource/primefaces.js?ln=primefaces&v=4.0 HTTP/1.1" 304 -
181.53.14.143 - - [12/Jul/2024:01:11:46 -0500] "GET /sipse/faces/javax.faces.resource/layout/layout.js?ln=primefaces&v=4.0 HTTP/1.1" 304 -
181.53.14.143 - - [12/Jul/2024:01:11:46 -0500] "POST /sipse/faces/presentacion/sistema/anexos/cargarAnexoSolicitudProceso.xhtml HTTP/1.1" 200 183181
172.22.2.4 - - [12/Jul/2024:01:10:10 -0500] "HEAD /BLA/boletinlegal/ HTTP/1.1" 200 -
201.245.192.253 - - [12/Jul/2024:01:11:55 -0500] "GET /kwsrmcab/Wsrmcab?wsdl HTTP/1.1" 200 6948
181.53.14.143 - - [12/Jul/2024:01:11:59 -0500] "POST /sipse/faces/presentacion/financiero/solicitudProceso/consultarSolicitudProceso.xhtml HTTP/1.1" 200 6848
190.27.20.81 - - [12/Jul/2024:01:12:04 -0500] "GET /kwssiamovil/sm/acme/a?s=U2FsdGVkX19+tuGMOxuCq+GqY70/0NRHZrjal6Dn7uRSpd+M7xWaoiZHcLYmWaTW2DFRz4C362L7bP8XSAPvtMI57+Ubndkv68YbjU/wi9nOzix5EOI85/qFWkoFKvGxOWZcJ/64V7beAWWlJeaM/S2d5r9eHBs3FGh4Eas3AtZThGc6F+RKaSfwPZeX4JzRWN4O5IKtmk7++2WhFrh+ALV985FO+eL6q5ND+0x3Hbn8CJz5G4UvMshpXCx16M5K6dcnhi4iJf4q8P4pHfNkXQ==&u=U2FsdGVkX18Q8cDAVzXgWD6S0fS6rz/E8FZZjmP8UpEKgc89enYVfOqSU5UQRzR8&y=U2FsdGVkX19bitfwgFrSdCxN1xALexFlxMlINZOwb+kroRzTWVr+g3Cuk/nrlwNn HTTP/1.1" 200 26
190.27.20.81 - - [12/Jul/2024:01:12:06 -0500] "GET /kwssiamovil/sm/acme/a?s=U2FsdGVkX18NiHJv0Ewz5Hj2jbqtTlu/UmWQZE2WvDEX487QJ121eWvMcacidmx4VTetD0ZgzU8a8i1xUS2VgO88rPEHMHxekpO0N95w5OlRycndOtmsFDfom0/PU2Gik4YPZVuZHE30lOQLObHX3W4/y6KJX6R2D7HiGr+dP6yugTozEHVLbW9PhnK+dJhoXIg3j4ouYzJmOkUq0QL3pODZ4pZrbs3kyWzWQRUXoNc0ffsBEi1/tBxPNgEqkgn2UxBHDbb8+Ja5gE5YBDZ36b2aNBaDdFqCacAWt89HFyeupUeYnZPKaqHLlrKcvmpxlySjZU+R/9CHnyhss+HZE+143h48GaZ1QzujX2CmAZhv9RRJL3zHBd83l4hsanAKBhFTdBJ22S2/NAU50q0aHop6XAfrKUMq7ymzSIW/KFp4sjFB1/h6HKZ1AvnOlxboFBrjFSaFsbwoqwbgQJbF8FtV/OULgmpoDRIqqr6uQuYE7EpXjomZVqhQnVNYd6unsSXI6F9Py2sWUXyAYgwS90PGpi5wkN3I1U0fE4bJxk+ptVYH6h9HgYpYEbttybfRvCCailnayrOqgZBflBi71zuD2zJ8bKZzHyZBMfHFuZQOcu9tdiODNEiVukoB7Al5jbX5JNIz5Ka7M3/53nHvq2n5Td/rDLmUrqInf+NE93j3WTeLOXo0OW26f3gAgmtBa3V4SvlIiOLlINXnNZuNs0XAWMCdyQFGRWRDrSt+Mnp4b/JwvQ5antOAIDnT7smRi9ZvsQVmbrv4BXRLAc6LzAFe2/XY5reP2tEhbagnMGQPQPIrlMiyOcTmJ7M285rUx/iqG+sMq1Ckrvc4t4gVyooxRPaGVaJFz0T7K1WDn8z0C9V4fEO/OCpqpZu5N4N/WZ5GwbWX96CRvL1hZbusfu3BDjbej4UNVDNQxSH66ewY4huOMeQT0hvIsWedAM33hVkiuQwKgoXwCzScJQXX0fFRpSsu5yJTwlYt5ALmSlV0cUHuirr86cofj1tRUYuVAxqBjtLJqrVaPsCKyLhV//eH19R+FInZoH7eITWRLc1ssSgiQjE/sevNDrphC8fZWxVw4+Vt7BGguWlyM23TXdMezCp8EKyo3bBSZiqqjIUCzjoiRy/Ze3M5QNovHrcC8J9DnUZiCEwzCiewClJ+QzsbiKbffqqMwAX9ccmNE3rsua7M6k89ViPYP0AkB9R9LjB2DYWW+O3o5z/Q9fYKvJOXvRfyXyPI3pWsULds0n9qNN8wKgG2o/PU9Jnw7aXGYIBMs3Mf6GOaPpy4eBbKQsKC3MpdTrVdDnv4O8N1moGSbTzdfHGDsWSlFA7g3893z9cxpEJdSRu/qB2SzycrFuwy34acMnhdL9RCNXgI/mzaTWR2L9VjCzfje/ImQTTJx8/ySPH6UT/Jp2cPwZXxK0ScBGGeCtpDbUko5/C/cqf9++SLu3SFVhYO8Qy0Fl1AzHWjZvt8BObvtjq/PwsTqfbkCJDCvqEiEzPrAHHoQYeju6tnDcx8Mmfx/qA7/tNZgNLWZ2CHQnV5mzFeMR98xCNetjvRda4C+yWe5Gicz0gHOKAhFcjvnt0SpcfAcsONmc5patVD0JfzA9wZrd7PkY4B7imA7lmkhAvDxDBlHEcst7wAhfS0n6BxH9oz040gqZlrUqLTZW4OF0NuldRr7NQtcG7acT/T5q6PEr1c5v+MXSMkzh+CDE6YZQjp8rdaj/WkLUbKcGwU9F772orJXLoSYBlRDZj0oPk7aanRuDZW5LapPK47fqHh5o7ukRIuMA05NkUavaisDCSIqr+cqM4P12CfVfqmzKcBeYA/K4gtIZXLIjnz+uDnXwNhCU5Sa+lqdtFe1Aj6zaSme2qdM+Am9l1plZKjVkk5w3K8ksDhkZIVb5KUOPoWT1CdBm9KjjYNO+nS8Ke9tAFqjyjwTPuk5E8q0mveLMwhgFqUky46CxZRLu+3rdjEg8R5CcnBuSuW6AwzoyUmjhqsdeTnsDCYMoEbBYgZQUEse75dv/xcULdEid22oksasElcuWVHZgx+dEzrSUEps4kiep/4yMpzpNEst/IaWW7jbBruLNyQ/pCkVVmDE1qdPYQOhat6POXJ0t9WCwP3+/Dfk2HWEtpowsl/A8t3i0vsTz8/oHJlkhHMBFR9VIxRbaA3AuwloSNGk8Z8ciJ9SJuOFGbLFAsfRKJOVnzemKeMm7GIn1Ed0BeH+kFCK+4PuLs1M2RhfhHHLT21VCDfKadYs8g+mHrTh2DfDEmRasP3YBgzVjiFp46b5aAOpOcLqn96tdU3B3tGGpWJtdEaS29/9RDBb04rq6iQ4oB+Z5ChaBkS/+Cauj/PWOGSepvtvIRrsfLpweGzk1b9dR0VBQhJ05S8lhkgQrl9HeyMPNlPRwP7WBz/YJBqv/1cgdjy/7LIZGX4ZR+mLVQCbKkWA/PoBPzEZchZ7ntHilR0QBn75jpZzMsRyb1FFAyMUL2OaH0dLBvh/8x3X7v+AslX8eFeVeN7KjdYVs3u193ZbtZ4tWgyykY=&u=U2FsdGVkX18Q8cDAVzXgWD6S0fS6rz/E8FZZjmP8UpEKgc89enYVfOqSU5UQRzR8&y=U2FsdGVkX19bitfwgFrSdCxN1xALexFlxMlINZOwb+kroRzTWVr+g3Cuk/nrlwNn HTTP/1.1" 200 26
190.27.20.81 - - [12/Jul/2024:01:12:06 -0500] "GET /kwssiamovil/sm/acme/a?s=U2FsdGVkX1+aTUWRI5mTpHewxDA3pg/J4fLC7MYEgNVAbwFIF5ApTWft1Ni8KP++6YxqESl6EEo6j07OEIe5CNxHhcX1n3LstqTWPLm/2O+E4R8+JuYMmCdA8YtzjxMtJu7ce2nTZu2lzoEaxD4NLRIaRm+g7A7/7gMRl0qs68M=&u=U2FsdGVkX18Q8cDAVzXgWD6S0fS6rz/E8FZZjmP8UpEKgc89enYVfOqSU5UQRzR8&y=U2FsdGVkX19bitfwgFrSdCxN1xALexFlxMlINZOwb+kroRzTWVr+g3Cuk/nrlwNn HTTP/1.1" 200 26
190.27.20.81 - - [12/Jul/2024:01:12:06 -0500] "GET /kwssiamovil/sm/acme/a?s=U2FsdGVkX1/McKUGQDJD/Thf220DdesgUnQNhy4umijbLK6m3K5sAxZA0Qo4ECmfEBpjU+Fr9fr2F3U7JFaVlTKQpEXmDtA+iqTsgSNWOv2KFhXDfXnzQZ9W/wwu+Xe/YUm/h9DUezUShMRFq8kns0BZ1ROTxq5buI+KZAbBx8o=&u=U2FsdGVkX18Q8cDAVzXgWD6S0fS6rz/E8FZZjmP8UpEKgc89enYVfOqSU5UQRzR8&y=U2FsdGVkX19bitfwgFrSdCxN1xALexFlxMlINZOwb+kroRzTWVr+g3Cuk/nrlwNn HTTP/1.1" 200 26
190.27.20.81 - - [12/Jul/2024:01:12:06 -0500] "GET /kwssiamovil/sm/acme/a?s=U2FsdGVkX1+58B9M3WQhdjoFMACDlTuN2J2z9BDlwOlYhI1MjF1MzGbYxlRlbZ0R6O/KALakvHCIlLtgB3/E/C57/SGNKZ8JEqsqu+OTRrgOPNAaG0NezUCvC8Q8dO+j81JLlM/Q+C50oDUWtYTyFMYWjaVs/bcSg5ydJyXe5aA=&u=U2FsdGVkX18Q8cDAVzXgWD6S0fS6rz/E8FZZjmP8UpEKgc89enYVfOqSU5UQRzR8&y=U2FsdGVkX19bitfwgFrSdCxN1xALexFlxMlINZOwb+kroRzTWVr+g3Cuk/nrlwNn HTTP/1.1" 200 26
190.27.20.81 - - [12/Jul/2024:01:12:06 -0500] "GET /kwssiamovil/sm/acme/a?s=U2FsdGVkX1+CykRha80ROklai36fHmGBei0ncqKhTgSccv320ypMqXoNnmjOwLUDaurLkeADp3VvJUS1ZphkUZn4EhkkGPGIH84cLWYQCzXCcTOGcOxczJPDnVidX+bEpiyZvh7+p4a306Pw4sRT5w0fUx85jrSCnvgxOsTNaGkWeTJGGzNXyk0Q59s9d6m/MAEfcXQHpsrtY/YXiJTIBg==&u=U2FsdGVkX18Q8cDAVzXgWD6S0fS6rz/E8FZZjmP8UpEKgc89enYVfOqSU5UQRzR8&y=U2FsdGVkX19bitfwgFrSdCxN1xALexFlxMlINZOwb+kroRzTWVr+g3Cuk/nrlwNn HTTP/1.1" 200 26
190.27.20.81 - - [12/Jul/2024:01:12:07 -0500] "GET /kwssiamovil/sm/acme/a?s=U2FsdGVkX1860QF4UB/qfSHmNQ3Fp3kGnm3FZ8SyLnZJc91tBUl2R0QLpq6fOjHsBytjwxHpNd/LgdPCtZ8flLMIwk4K2Y7h8AJjY4vMO53z8/2MzI7TkrBbvYjrsonvbo1AqpNW2DoEFglq++ZgduN6n6ZyT4yLclNSmvQ43t3KRu+DTHbdRFkR07IxNd5TxVDmH1Vs5KWynFlrVnKicsdxwCGiDjRmFGw/UrxCvgtwrTYBGg/zK09Mm8OB1OBY2EdZVOLZIJsK42EJaEdRLECRWvRCXB5Yq+7fCcYTxOlxiRD5Hprua5ZzE4OXKv95eW/62XALBszyxWa2+bOp/JTb823mDJn5rMiOJwBRGI/kCfOEF1+H53PmKnxHUkQO3FhvIyakBSJj9wHL0XseNKbxS+rebPLYA7ZUpoiwkT3kG85PMe1RjG5Oq6wFJrOqxx+PMj5lSDgZb06c904kmA+bhrBRCgr1Bzxz7lrkW3g=&u=U2FsdGVkX18Q8cDAVzXgWD6S0fS6rz/E8FZZjmP8UpEKgc89enYVfOqSU5UQRzR8&y=U2FsdGVkX19bitfwgFrSdCxN1xALexFlxMlINZOwb+kroRzTWVr+g3Cuk/nrlwNn HTTP/1.1" 200 26
190.27.20.81 - - [12/Jul/2024:01:12:07 -0500] "GET /kwssiamovil/sm/acme/a?s=U2FsdGVkX19riBh8RwtCxECMj8ZmS3EjH8z2Ew/yT5Z+8ssdK4ys3jF4dVp+LFMMJCQWFIL9f5eiy2flMEuz7YKMeT8ZrRXH0P878adKGdiezfQ5Jq0noPN54Re0HyCejpdBPLYaKBpnOm3HQnhdmTyFXObxxKmF0H81JR+avtGr0Z1p8JY+3M0wMuqLZrFWip9VTjwrISkYMia5LJ8alNxtaeG+UYhPw+OF6Sc6LQgrVd1LAqLWvmCw507Nxm2VKINsXDRdjq9A45EAWJHrPcC2Y/YeE14VkjJ+Lp4NtnoZ0IYiL/wGnRhVDhnuppy1tK0IhD1kB9uDnbGEjQB/7YzRelRKXAuLihip0xwST62jN0SIpca0qNECDLPXEXmdimbLLZE8dTyXj8oVUJmmzxMRSSjKlpMKhd67cLbWrQerjfgMoEOELBUG4dFjtglf&u=U2FsdGVkX18Q8cDAVzXgWD6S0fS6rz/E8FZZjmP8UpEKgc89enYVfOqSU5UQRzR8&y=U2FsdGVkX19bitfwgFrSdCxN1xALexFlxMlINZOwb+kroRzTWVr+g3Cuk/nrlwNn HTTP/1.1" 200 26
190.27.20.81 - - [12/Jul/2024:01:12:07 -0500] "GET /kwssiamovil/sm/acme/a?s=U2FsdGVkX1+ezmx60kgU2QMG4JzY9QgA2kxQmmtT/b5P2iUp7UfFdfW52vh/Ni2cxhMO4UzkXO7kSR8qcmselsEvjJDpEr4pAeZjSbjppZs49JuE7FwuCPHjKDOOIPOXymSdy9ue0KfFf+ahCRiOYyzIPXS7NmpWRm9mI28+imTAco5kfVYRpSly2zzgpKHVXzaEE035wT18BGOtBC5q831yH9qAysBrJEWvI/t1D1HaMrtdNpZccOe04lMS52JgqOpO5zmqjw5beJ8lCFo1KbmVq2w5nJwWJW4D5LNlUiQOacoRIwjHrh7fA354AHWsNZuPZx2ndkMTDCIRg1JQjCeyYGWwkx2t1TVrap2wJ4h6I1UysBc8GN/L/swTNtxKhdlTuGgyrckkHRHSkEPf60h22ikKX72etYtD1kYvhOZF/r7hu3ugK0fLBxLc9mocjnXpMFpMpJ3CEoIUdREWEKIXZeJ+tykW2xZqE/86Y1UibPb03pYBnIBE6BdZ61txySkBzPYaxRrw/GfQDqkF1V+GNEKxqhD/A/q5DC7v1zI=&u=U2FsdGVkX18Q8cDAVzXgWD6S0fS6rz/E8FZZjmP8UpEKgc89enYVfOqSU5UQRzR8&y=U2FsdGVkX19bitfwgFrSdCxN1xALexFlxMlINZOwb+kroRzTWVr+g3Cuk/nrlwNn HTTP/1.1" 200 26
181.53.14.143 - - [12/Jul/2024:01:12:05 -0500] "POST /sipse/faces/presentacion/financiero/solicitudProceso/consultarSolicitudProceso.xhtml HTTP/1.1" 200 38566
181.53.14.143 - - [12/Jul/2024:01:12:07 -0500] "GET /sipse/faces/javax.faces.resource/theme.css?ln=primefaces-sipse HTTP/1.1" 304 -
181.53.14.143 - - [12/Jul/2024:01:12:07 -0500] "GET /sipse/faces/javax.faces.resource/primefaces.css?ln=primefaces&v=4.0 HTTP/1.1" 304 -
181.53.14.143 - - [12/Jul/2024:01:12:07 -0500] "GET /sipse/faces/javax.faces.resource/layout/layout.css?ln=primefaces&v=4.0 HTTP/1.1" 304 -
181.53.14.143 - - [12/Jul/2024:01:12:07 -0500] "GET /sipse/faces/javax.faces.resource/jquery/jquery.js?ln=primefaces&v=4.0 HTTP/1.1" 304 -
181.53.14.143 - - [12/Jul/2024:01:12:07 -0500] "GET /sipse/faces/javax.faces.resource/jquery/jquery-plugins.js?ln=primefaces&v=4.0 HTTP/1.1" 304 -
181.53.14.143 - - [12/Jul/2024:01:12:07 -0500] "GET /sipse/faces/javax.faces.resource/primefaces.js?ln=primefaces&v=4.0 HTTP/1.1" 304 -
181.53.14.143 - - [12/Jul/2024:01:12:07 -0500] "GET /sipse/faces/javax.faces.resource/layout/layout.js?ln=primefaces&v=4.0 HTTP/1.1" 304 -
181.53.14.143 - - [12/Jul/2024:01:12:08 -0500] "POST /sipse/faces/presentacion/financiero/solicitudProceso/listarSolicitudProceso.xhtml HTTP/1.1" 200 1404
190.27.20.81 - - [12/Jul/2024:01:12:07 -0500] "GET /kwssiamovil/sm/acme/a?s=U2FsdGVkX1+CqP5vcdK8QC2frqnuFTev5/klnYw5w4gnS3pm1Zg//0JtRS0hpYBWpBpTwNTAV3tzoSvT1Y5jPdge1PU+S8N2Ap8j2PM0UJuXahaJBztdtN8cQdR1vE8dqCuCymv835XHkqjJS4aPGGxrlzUdrO1Zed6iqs4/UVal7RDmSooZjeKZRkIGlv1zUvywOw7Rk8t1YwGNb2FO75v8ID10HlkyqhWlEq3vmFADvG+Sl25THtjvK/ouAovg6EFm4vXDYloY/HAcXw1QyEC9yD1Jhpbgi/8690+BFAQgMUb6UWNLzbHVE1p885n3T4bSRmhjwKfLPkklj24QPxJ0TVXJyeXh/PHur8/V9hBQchdSKO6rrBBpf5bbbcYLZfjmGMe+9QGHpRiHtnnH+45zVBvfk12PVtcmavzzRXd6z3TQBlXV7l35MoP3pt4AnJyPCGOM6jmNRoIS2xspA/n4Jyk1PWc1gqhSahiRrYMuQGN/zxJUHqdmQaW+Nh7p&u=U2FsdGVkX18Q8cDAVzXgWD6S0fS6rz/E8FZZjmP8UpEKgc89enYVfOqSU5UQRzR8&y=U2FsdGVkX19bitfwgFrSdCxN1xALexFlxMlINZOwb+kroRzTWVr+g3Cuk/nrlwNn HTTP/1.1" 200 26
181.53.14.143 - - [12/Jul/2024:01:12:10 -0500] "POST /sipse/faces/presentacion/financiero/solicitudProceso/listarSolicitudProceso.xhtml HTTP/1.1" 200 128538
181.53.14.143 - - [12/Jul/2024:01:12:10 -0500] "GET /sipse/faces/javax.faces.resource/primefaces.css?ln=primefaces&v=4.0 HTTP/1.1" 304 -
181.53.14.143 - - [12/Jul/2024:01:12:10 -0500] "GET /sipse/faces/javax.faces.resource/theme.css?ln=primefaces-sipse HTTP/1.1" 304 -
181.53.14.143 - - [12/Jul/2024:01:12:10 -0500] "GET /sipse/faces/javax.faces.resource/layout/layout.css?ln=primefaces&v=4.0 HTTP/1.1" 304 -
181.53.14.143 - - [12/Jul/2024:01:12:10 -0500] "GET /sipse/faces/javax.faces.resource/jquery/jquery.js?ln=primefaces&v=4.0 HTTP/1.1" 304 -
181.53.14.143 - - [12/Jul/2024:01:12:10 -0500] "GET /sipse/faces/javax.faces.resource/jquery/jquery-plugins.js?ln=primefaces&v=4.0 HTTP/1.1" 304 -
181.53.14.143 - - [12/Jul/2024:01:12:10 -0500] "GET /sipse/faces/javax.faces.resource/primefaces.js?ln=primefaces&v=4.0 HTTP/1.1" 304 -
181.53.14.143 - - [12/Jul/2024:01:12:10 -0500] "GET /sipse/faces/javax.faces.resource/layout/layout.js?ln=primefaces&v=4.0 HTTP/1.1" 304 -
40.77.167.59 - - [12/Jul/2024:01:12:21 -0500] "GET /Publicaciones/2024EE16150.pdf HTTP/1.1" 404 227
181.53.14.143 - - [12/Jul/2024:01:12:30 -0500] "POST /sipse/faces/presentacion/financiero/solicitudProceso/consultarSolicitudProceso.xhtml HTTP/1.1" 200 38065
181.53.14.143 - - [12/Jul/2024:01:12:31 -0500] "GET /sipse/faces/javax.faces.resource/theme.css?ln=primefaces-sipse HTTP/1.1" 304 -
181.53.14.143 - - [12/Jul/2024:01:12:31 -0500] "GET /sipse/faces/javax.faces.resource/primefaces.css?ln=primefaces&v=4.0 HTTP/1.1" 304 -
181.53.14.143 - - [12/Jul/2024:01:12:31 -0500] "GET /sipse/faces/javax.faces.resource/jquery/jquery.js?ln=primefaces&v=4.0 HTTP/1.1" 304 -
181.53.14.143 - - [12/Jul/2024:01:12:31 -0500] "GET /sipse/faces/javax.faces.resource/layout/layout.css?ln=primefaces&v=4.0 HTTP/1.1" 304 -
181.53.14.143 - - [12/Jul/2024:01:12:31 -0500] "GET /sipse/faces/javax.faces.resource/jquery/jquery-plugins.js?ln=primefaces&v=4.0 HTTP/1.1" 304 -
181.53.14.143 - - [12/Jul/2024:01:12:31 -0500] "GET /sipse/faces/javax.faces.resource/primefaces.js?ln=primefaces&v=4.0 HTTP/1.1" 304 -
181.53.14.143 - - [12/Jul/2024:01:12:31 -0500] "GET /sipse/faces/javax.faces.resource/layout/layout.js?ln=primefaces&v=4.0 HTTP/1.1" 304 -
181.53.14.143 - - [12/Jul/2024:01:12:31 -0500] "POST /sipse/faces/presentacion/financiero/solicitudProceso/listarSolicitudProceso.xhtml HTTP/1.1" 200 31449
181.53.14.143 - - [12/Jul/2024:01:12:31 -0500] "POST /sipse/faces/presentacion/financiero/solicitudProceso/listarSolicitudProceso.xhtml HTTP/1.1" 200 31449
181.53.14.143 - - [12/Jul/2024:01:12:32 -0500] "POST /sipse/faces/presentacion/financiero/solicitudProceso/listarSolicitudProceso.xhtml HTTP/1.1" 200 1404
181.53.14.143 - - [12/Jul/2024:01:12:33 -0500] "POST /sipse/faces/presentacion/financiero/solicitudProceso/listarSolicitudProceso.xhtml HTTP/1.1" 200 1400
181.53.14.143 - - [12/Jul/2024:01:12:33 -0500] "POST /sipse/faces/presentacion/financiero/solicitudProceso/listarSolicitudProceso.xhtml HTTP/1.1" 200 1400
181.53.14.143 - - [12/Jul/2024:01:12:35 -0500] "POST /sipse/faces/presentacion/financiero/solicitudProceso/listarSolicitudProceso.xhtml HTTP/1.1" 200 13519
181.53.14.143 - - [12/Jul/2024:01:12:37 -0500] "POST /sipse/faces/presentacion/financiero/solicitudProceso/listarSolicitudProceso.xhtml HTTP/1.1" 200 133616
181.53.14.143 - - [12/Jul/2024:01:12:37 -0500] "GET /sipse/faces/javax.faces.resource/primefaces.css?ln=primefaces&v=4.0 HTTP/1.1" 304 -
181.53.14.143 - - [12/Jul/2024:01:12:37 -0500] "GET /sipse/faces/javax.faces.resource/theme.css?ln=primefaces-sipse HTTP/1.1" 304 -
181.53.14.143 - - [12/Jul/2024:01:12:37 -0500] "GET /sipse/faces/javax.faces.resource/layout/layout.css?ln=primefaces&v=4.0 HTTP/1.1" 304 -
181.53.14.143 - - [12/Jul/2024:01:12:37 -0500] "GET /sipse/faces/javax.faces.resource/jquery/jquery.js?ln=primefaces&v=4.0 HTTP/1.1" 304 -
181.53.14.143 - - [12/Jul/2024:01:12:37 -0500] "GET /sipse/faces/javax.faces.resource/jquery/jquery-plugins.js?ln=primefaces&v=4.0 HTTP/1.1" 304 -
181.53.14.143 - - [12/Jul/2024:01:12:37 -0500] "GET /sipse/faces/javax.faces.resource/primefaces.js?ln=primefaces&v=4.0 HTTP/1.1" 304 -
181.53.14.143 - - [12/Jul/2024:01:12:38 -0500] "GET /sipse/faces/javax.faces.resource/layout/layout.js?ln=primefaces&v=4.0 HTTP/1.1" 304 -
172.22.2.4 - - [12/Jul/2024:01:11:01 -0500] "GET /BLA/boletinlegal/ HTTP/1.1" 200 60380
201.245.192.253 - - [12/Jul/2024:01:12:55 -0500] "GET /kwsrmcab/Wsrmcab?wsdl HTTP/1.1" 200 6948
201.245.192.253 - - [12/Jul/2024:01:13:42 -0500] "POST /kwsrmcab/Wsrmcab  HTTP/1.1" 200 38712
201.245.192.253 - - [12/Jul/2024:01:13:55 -0500] "GET /kwsrmcab/Wsrmcab?wsdl HTTP/1.1" 200 6948
181.53.14.143 - - [12/Jul/2024:01:14:39 -0500] "POST /sipse/faces/presentacion/financiero/solicitudProceso/consultarSolicitudProceso.xhtml HTTP/1.1" 200 30650
181.53.14.143 - - [12/Jul/2024:01:14:39 -0500] "GET /sipse/faces/javax.faces.resource/theme.css?ln=primefaces-sipse HTTP/1.1" 304 -
181.53.14.143 - - [12/Jul/2024:01:14:39 -0500] "GET /sipse/faces/javax.faces.resource/primefaces.css?ln=primefaces&v=4.0 HTTP/1.1" 304 -
181.53.14.143 - - [12/Jul/2024:01:14:39 -0500] "GET /sipse/faces/javax.faces.resource/layout/layout.css?ln=primefaces&v=4.0 HTTP/1.1" 304 -
181.53.14.143 - - [12/Jul/2024:01:14:39 -0500] "GET /sipse/faces/javax.faces.resource/jquery/jquery-plugins.js?ln=primefaces&v=4.0 HTTP/1.1" 304 -
181.53.14.143 - - [12/Jul/2024:01:14:39 -0500] "GET /sipse/faces/javax.faces.resource/primefaces.js?ln=primefaces&v=4.0 HTTP/1.1" 304 -
181.53.14.143 - - [12/Jul/2024:01:14:39 -0500] "GET /sipse/faces/javax.faces.resource/jquery/jquery.js?ln=primefaces&v=4.0 HTTP/1.1" 304 -
181.53.14.143 - - [12/Jul/2024:01:14:39 -0500] "GET /sipse/faces/javax.faces.resource/layout/layout.js?ln=primefaces&v=4.0 HTTP/1.1" 304 -
181.53.14.143 - - [12/Jul/2024:01:14:39 -0500] "GET /sipse/css/imagen/contrasena.png HTTP/1.1" 404 383
181.53.14.143 - - [12/Jul/2024:01:14:39 -0500] "GET /sipse/faces/javax.faces.resource/images/ui-icons_898989_256x240.png?ln=primefaces-aristo HTTP/1.1" 304 -
181.53.14.143 - - [12/Jul/2024:01:14:44 -0500] "GET /sipse/faces/javax.faces.resource/theme.css?ln=primefaces-sipse HTTP/1.1" 304 -
181.53.14.143 - - [12/Jul/2024:01:14:44 -0500] "GET /sipse/faces/javax.faces.resource/primefaces.css?ln=primefaces&v=4.0 HTTP/1.1" 304 -
181.53.14.143 - - [12/Jul/2024:01:14:44 -0500] "GET /sipse/faces/javax.faces.resource/layout/layout.css?ln=primefaces&v=4.0 HTTP/1.1" 304 -
181.53.14.143 - - [12/Jul/2024:01:14:44 -0500] "GET /sipse/faces/javax.faces.resource/jquery/jquery-plugins.js?ln=primefaces&v=4.0 HTTP/1.1" 304 -
181.53.14.143 - - [12/Jul/2024:01:14:44 -0500] "GET /sipse/faces/javax.faces.resource/jquery/jquery.js?ln=primefaces&v=4.0 HTTP/1.1" 304 -
181.53.14.143 - - [12/Jul/2024:01:14:44 -0500] "GET /sipse/faces/javax.faces.resource/primefaces.js?ln=primefaces&v=4.0 HTTP/1.1" 304 -
181.53.14.143 - - [12/Jul/2024:01:14:44 -0500] "GET /sipse/faces/javax.faces.resource/layout/layout.js?ln=primefaces&v=4.0 HTTP/1.1" 304 -
181.53.14.143 - - [12/Jul/2024:01:14:44 -0500] "POST /sipse/faces/presentacion/financiero/solicitudProceso/consultarHistorialSolProceso.xhtml HTTP/1.1" 200 179410
181.53.14.143 - - [12/Jul/2024:01:14:44 -0500] "GET /sipse/faces/javax.faces.resource/images/ui-icons_898989_256x240.png?ln=primefaces-aristo HTTP/1.1" 304 -
181.53.14.143 - - [12/Jul/2024:01:14:47 -0500] "POST /sipse/faces/presentacion/financiero/solicitudProceso/consultarSolicitudProceso.xhtml HTTP/1.1" 200 22293
181.53.14.143 - - [12/Jul/2024:01:14:47 -0500] "GET /sipse/faces/javax.faces.resource/layout/layout.css?ln=primefaces&v=4.0 HTTP/1.1" 304 -
181.53.14.143 - - [12/Jul/2024:01:14:47 -0500] "GET /sipse/faces/javax.faces.resource/jquery/jquery.js?ln=primefaces&v=4.0 HTTP/1.1" 304 -
181.53.14.143 - - [12/Jul/2024:01:14:47 -0500] "GET /sipse/faces/javax.faces.resource/theme.css?ln=primefaces-sipse HTTP/1.1" 304 -
181.53.14.143 - - [12/Jul/2024:01:14:47 -0500] "GET /sipse/faces/javax.faces.resource/primefaces.css?ln=primefaces&v=4.0 HTTP/1.1" 304 -
181.53.14.143 - - [12/Jul/2024:01:14:47 -0500] "GET /sipse/faces/javax.faces.resource/jquery/jquery-plugins.js?ln=primefaces&v=4.0 HTTP/1.1" 304 -
181.53.14.143 - - [12/Jul/2024:01:14:47 -0500] "GET /sipse/faces/javax.faces.resource/primefaces.js?ln=primefaces&v=4.0 HTTP/1.1" 304 -
181.53.14.143 - - [12/Jul/2024:01:14:47 -0500] "GET /sipse/faces/javax.faces.resource/layout/layout.js?ln=primefaces&v=4.0 HTTP/1.1" 304 -
181.53.14.143 - - [12/Jul/2024:01:14:47 -0500] "GET /sipse/faces/javax.faces.resource/fileupload/fileupload.css?ln=primefaces&v=4.0 HTTP/1.1" 304 -
181.53.14.143 - - [12/Jul/2024:01:14:47 -0500] "GET /sipse/faces/javax.faces.resource/fileupload/fileupload.js?ln=primefaces&v=4.0 HTTP/1.1" 304 -
201.245.192.253 - - [12/Jul/2024:01:14:55 -0500] "GET /kwsrmcab/Wsrmcab?wsdl HTTP/1.1" 200 6948
181.53.14.143 - - [12/Jul/2024:01:15:03 -0500] "GET /sipse/faces/javax.faces.resource/theme.css?ln=primefaces-sipse HTTP/1.1" 304 -
181.53.14.143 - - [12/Jul/2024:01:15:03 -0500] "GET /sipse/faces/javax.faces.resource/layout/layout.css?ln=primefaces&v=4.0 HTTP/1.1" 304 -
181.53.14.143 - - [12/Jul/2024:01:15:03 -0500] "GET /sipse/faces/javax.faces.resource/primefaces.css?ln=primefaces&v=4.0 HTTP/1.1" 304 -
181.53.14.143 - - [12/Jul/2024:01:15:03 -0500] "GET /sipse/faces/javax.faces.resource/jquery/jquery-plugins.js?ln=primefaces&v=4.0 HTTP/1.1" 304 -
181.53.14.143 - - [12/Jul/2024:01:15:03 -0500] "GET /sipse/faces/javax.faces.resource/jquery/jquery.js?ln=primefaces&v=4.0 HTTP/1.1" 304 -
181.53.14.143 - - [12/Jul/2024:01:15:03 -0500] "GET /sipse/faces/javax.faces.resource/primefaces.js?ln=primefaces&v=4.0 HTTP/1.1" 304 -
181.53.14.143 - - [12/Jul/2024:01:15:03 -0500] "GET /sipse/faces/javax.faces.resource/layout/layout.js?ln=primefaces&v=4.0 HTTP/1.1" 304 -
181.53.14.143 - - [12/Jul/2024:01:15:03 -0500] "POST /sipse/faces/presentacion/sistema/anexos/cargarAnexoSolicitudProceso.xhtml HTTP/1.1" 200 181219
181.53.14.143 - - [12/Jul/2024:01:15:53 -0500] "GET /sipse/faces/javax.faces.resource/images/ui-bg_flat_0_2d5972_40x100.png?ln=primefaces-aristo HTTP/1.1" 304 -
201.245.192.253 - - [12/Jul/2024:01:15:55 -0500] "GET /kwsrmcab/Wsrmcab?wsdl HTTP/1.1" 200 6948
181.53.14.143 - - [12/Jul/2024:01:15:55 -0500] "POST /sipse/faces/presentacion/financiero/solicitudProceso/consultarSolicitudProceso.xhtml HTTP/1.1" 200 38578
181.53.14.143 - - [12/Jul/2024:01:15:57 -0500] "GET /sipse/faces/javax.faces.resource/theme.css?ln=primefaces-sipse HTTP/1.1" 304 -
181.53.14.143 - - [12/Jul/2024:01:15:57 -0500] "GET /sipse/faces/javax.faces.resource/primefaces.css?ln=primefaces&v=4.0 HTTP/1.1" 304 -
181.53.14.143 - - [12/Jul/2024:01:15:57 -0500] "GET /sipse/faces/javax.faces.resource/layout/layout.css?ln=primefaces&v=4.0 HTTP/1.1" 304 -
181.53.14.143 - - [12/Jul/2024:01:15:57 -0500] "GET /sipse/faces/javax.faces.resource/jquery/jquery.js?ln=primefaces&v=4.0 HTTP/1.1" 304 -
181.53.14.143 - - [12/Jul/2024:01:15:57 -0500] "GET /sipse/faces/javax.faces.resource/jquery/jquery-plugins.js?ln=primefaces&v=4.0 HTTP/1.1" 304 -
181.53.14.143 - - [12/Jul/2024:01:15:57 -0500] "GET /sipse/faces/javax.faces.resource/primefaces.js?ln=primefaces&v=4.0 HTTP/1.1" 304 -
181.53.14.143 - - [12/Jul/2024:01:15:57 -0500] "GET /sipse/faces/javax.faces.resource/layout/layout.js?ln=primefaces&v=4.0 HTTP/1.1" 304 -
181.53.14.143 - - [12/Jul/2024:01:15:57 -0500] "GET /sipse/faces/javax.faces.resource/messages/messages.png?ln=primefaces&v=4.0 HTTP/1.1" 304 -
181.53.14.143 - - [12/Jul/2024:01:15:57 -0500] "POST /sipse/faces/presentacion/financiero/solicitudProceso/listarSolicitudProceso.xhtml HTTP/1.1" 200 1404
181.53.14.143 - - [12/Jul/2024:01:16:01 -0500] "POST /sipse/faces/presentacion/financiero/solicitudProceso/listarSolicitudProceso.xhtml HTTP/1.1" 200 13509
152.61.128.50 - - [12/Jul/2024:01:16:37 -0500] "GET / HTTP/1.1" 200 319
216.245.221.92 - - [12/Jul/2024:01:16:46 -0500] "HEAD / HTTP/1.1" 200 -
201.245.192.253 - - [12/Jul/2024:01:16:55 -0500] "GET /kwsrmcab/Wsrmcab?wsdl HTTP/1.1" 200 6948
172.22.2.4 - - [12/Jul/2024:01:16:00 -0500] "HEAD /BLA/boletinlegal/ HTTP/1.1" 200 -
201.245.192.253 - - [12/Jul/2024:01:17:54 -0500] "GET /kwsrmcab/Wsrmcab?wsdl HTTP/1.1" 200 6948
172.22.2.4 - - [12/Jul/2024:01:16:51 -0500] "GET /BLA/boletinlegal/ HTTP/1.1" 200 60380
201.245.192.253 - - [12/Jul/2024:01:18:40 -0500] "POST /kwsrmcab/Wsrmcab  HTTP/1.1" 200 38712
201.245.192.253 - - [12/Jul/2024:01:18:54 -0500] "GET /kwsrmcab/Wsrmcab?wsdl HTTP/1.1" 200 6948
216.244.66.195 - - [12/Jul/2024:01:19:08 -0500] "GET /isolucionsda/FrameSetArticulo.asp?Pagina=/IsolucionSDA/BancoConocimiento/R/Resolucion5589del30deSeptiembrede2011/Resolucion5589del30deSeptiembrede2011.asp?IdArticulo=6573 HTTP/1.1" 200 527
201.245.192.253 - - [12/Jul/2024:01:19:54 -0500] "GET /kwsrmcab/Wsrmcab?wsdl HTTP/1.1" 200 6948
201.245.192.253 - - [12/Jul/2024:01:19:49 -0500] "POST /kwsrmcab/Wsrmcab  HTTP/1.1" 500 221
201.245.192.253 - - [12/Jul/2024:01:20:54 -0500] "GET /kwsrmcab/Wsrmcab?wsdl HTTP/1.1" 200 6948
83.97.73.245 - - [12/Jul/2024:01:20:59 -0500] "GET /actuator/gateway/routes HTTP/1.1" 404 1018
47.128.62.155 - - [12/Jul/2024:01:21:05 -0500] "GET /BLA/resoluciones/AUTOS%202021/0245.php?act=f&d=E%3A%5Cnuevo%5Chtdocs%5CResiduos%5Cvehiculos%5Cimages&f=page30_thumbnail.jpg&ft=info HTTP/1.1" 200 3887
201.245.192.253 - - [12/Jul/2024:01:20:56 -0500] "POST /kwsrmcab/Wsrmcab  HTTP/1.1" 500 221
201.245.192.253 - - [12/Jul/2024:01:20:20 -0500] "POST /kwsrmcab/Wsrmcab HTTP/1.1" 500 221
47.128.57.24 - - [12/Jul/2024:01:21:15 -0500] "GET /BLA/resoluciones/AUTOS%202021/0245.php?act=f&d=E%3A%5Cnuevo%5Chtdocs%5CBLA%5Cresoluciones%5CAUTOS+2021&f=3734.pdf&ft=info HTTP/1.1" 200 3847
47.128.42.145 - - [12/Jul/2024:01:21:26 -0500] "GET /BLA/resoluciones/AUTOS%202021/0245.php?act=f&base64=1&d=E%3A%5Cnuevo%5Chtdocs%5Ccumbredelclima%5Cwp-admin%5Cjs%5C&f=user-suggest.js HTTP/1.1" 200 3442
201.245.192.253 - - [12/Jul/2024:01:20:24 -0500] "POST /kwsrmcab/Wsrmcab HTTP/1.1" 500 221
201.245.192.253 - - [12/Jul/2024:01:21:12 -0500] "POST /kwsrmcab/Wsrmcab HTTP/1.1" 500 221
47.128.57.206 - - [12/Jul/2024:01:21:36 -0500] "GET /BLA/resoluciones/AUTOS%202021/0245.php?act=f&f=00000678.tif&white=1 HTTP/1.1" 200 2740
47.128.57.253 - - [12/Jul/2024:01:21:46 -0500] "GET /BLA/resoluciones/AUTOS%202021/0245.php?act=f&base64=2&d=E%3A%5Cnuevo%5CMercuryMail%5C&f=pr2dis.txt&ft=info HTTP/1.1" 200 4269
216.245.221.92 - - [12/Jul/2024:01:21:46 -0500] "HEAD / HTTP/1.1" 200 -
47.128.42.53 - - [12/Jul/2024:01:21:57 -0500] "GET /BLA/resoluciones/AUTOS%202021/0245.php?act=f&d=E%3A%5Cnuevo%5Chtdocs%5CBLA%5Cresoluciones%5CRESOLUCIONES+2006%5CRES+2006+1501-1550&f=00001537.tif HTTP/1.1" 200 17696
201.245.192.253 - - [12/Jul/2024:01:21:54 -0500] "GET /kwsrmcab/Wsrmcab?wsdl HTTP/1.1" 200 6948
201.245.192.253 - - [12/Jul/2024:01:21:24 -0500] "POST /kwsrmcab/Wsrmcab HTTP/1.1" 500 221
47.128.40.203 - - [12/Jul/2024:01:22:06 -0500] "GET /BLA/resoluciones/AUTOS%202021/0245.php?act=f&d=E%3A%5Cnuevo%5Chtdocs%5CResiduos%5Cimpresion%5Cimages&f=page61_thumbnail.jpg&ft=info HTTP/1.1" 200 3898
47.128.41.197 - - [12/Jul/2024:01:22:16 -0500] "GET /BLA/resoluciones/AUTOS%202021/0245.php?act=f&d=E%3A%5Cnuevo%5Ctomcat%5Cbin&f=setclasspath.sh&ft=info HTTP/1.1" 200 3716
66.249.66.20 - - [12/Jul/2024:01:22:29 -0500] "GET /BLA/resoluciones/RESOLUCIONES%202007/RES%202007%20501%20AL%20600/RESOLUCION%200580%20DE%202007.pdf HTTP/1.1" 200 237179
47.128.42.7 - - [12/Jul/2024:01:22:27 -0500] "GET /BLA/resoluciones/AUTOS%202021/0245.php?act=ls&d=E%3A%5Cnuevo%5Chtdocs%5CBLA%5Cresoluciones%5CRESOLUCIONES+2022&sort=0a HTTP/1.1" 200 86309
47.128.42.33 - - [12/Jul/2024:01:22:37 -0500] "GET /BLA/resoluciones/AUTOS%202021/0245.php?act=f&d=E%3A%5Cnuevo%5Chtdocs%5CBLA%5Cresoluciones%5CRESOLUCIONES+2006%5CRES+2006+1851-1900&f=00001888.tif HTTP/1.1" 200 17693
201.245.192.253 - - [12/Jul/2024:01:22:04 -0500] "POST /kwsrmcab/Wsrmcab  HTTP/1.1" 500 221
201.245.192.253 - - [12/Jul/2024:01:22:54 -0500] "GET /kwsrmcab/Wsrmcab?wsdl HTTP/1.1" 200 6948
52.167.144.234 - - [12/Jul/2024:01:23:02 -0500] "GET /Publicaciones/2024EE24526.pdf HTTP/1.1" 404 227
52.167.144.219 - - [12/Jul/2024:01:23:07 -0500] "GET /BLA/resoluciones/RESOLUCIONES%202017/0604.pdf HTTP/1.1" 304 -
92.249.48.204 - - [12/Jul/2024:01:23:19 -0500] "GET / HTTP/1.1" 200 319
172.22.2.4 - - [12/Jul/2024:01:21:50 -0500] "HEAD /BLA/boletinlegal/ HTTP/1.1" 200 -
201.245.192.253 - - [12/Jul/2024:01:23:12 -0500] "POST /kwsrmcab/Wsrmcab  HTTP/1.1" 500 221
201.245.192.253 - - [12/Jul/2024:01:23:54 -0500] "GET /kwsrmcab/Wsrmcab?wsdl HTTP/1.1" 200 6948
172.22.2.4 - - [12/Jul/2024:01:22:41 -0500] "GET /BLA/boletinlegal/ HTTP/1.1" 200 57889
201.245.192.253 - - [12/Jul/2024:01:24:54 -0500] "GET /kwsrmcab/Wsrmcab?wsdl HTTP/1.1" 200 6948
47.128.118.209 - - [12/Jul/2024:01:25:05 -0500] "GET /BLA/resoluciones/AUTOS%202021/0245.php?act=f&c=1&f=7114.pdf HTTP/1.1" 200 2738
47.128.19.101 - - [12/Jul/2024:01:25:15 -0500] "GET /BLA/resoluciones/AUTOS%202021/0245.php?act=f&c=1&f=7395.pdf HTTP/1.1" 200 2738
47.128.32.143 - - [12/Jul/2024:01:25:26 -0500] "GET /BLA/resoluciones/AUTOS%202021/0245.php?act=chmod&f=sess_i2hck9ipqii5s13lt0ffp0a9h2 HTTP/1.1" 200 2713
66.249.66.20 - - [12/Jul/2024:01:25:35 -0500] "GET /BLA/resoluciones/RESOLUCIONES%202004/RES%202004%201901-1950/00001934.tif HTTP/1.1" 200 152214
47.128.49.223 - - [12/Jul/2024:01:25:36 -0500] "GET /BLA/resoluciones/AUTOS%202021/0245.php?act=f&d=E%3A%5Cxampp%5Cxampp%5Chtdocs%5Clogos&f=bxv1.gif HTTP/1.1" 200 14912
47.128.126.205 - - [12/Jul/2024:01:25:46 -0500] "GET /BLA/resoluciones/AUTOS%202021/0245.php?act=f&d=E%3A%5Cnuevo%5Chtdocs%5CResiduos%5Cimpresion%5Cimages&f=page42_thumbnail.jpg&ft=info HTTP/1.1" 200 3900
201.245.192.253 - - [12/Jul/2024:01:25:54 -0500] "GET /kwsrmcab/Wsrmcab?wsdl HTTP/1.1" 200 6948
47.128.111.149 - - [12/Jul/2024:01:25:57 -0500] "GET /BLA/resoluciones/AUTOS%202021/0245.php?act=f&d=E%3A%5Cnuevo%5Chtdocs%5Cxampp%5C&f=iart.php&ft=info&fullhexdump=1 HTTP/1.1" 200 7740
47.128.62.35 - - [12/Jul/2024:01:26:06 -0500] "GET /BLA/resoluciones/AUTOS%202021/0245.php?act=f&d=E%3A%5Cnuevo%5Chtdocs%5CBLA%5Cresoluciones%5CAUTOS+2021&f=4402.pdf&ft=info HTTP/1.1" 200 3848
47.128.124.197 - - [12/Jul/2024:01:26:16 -0500] "GET /BLA/resoluciones/AUTOS%202021/0245.php?act=f&c=1&f=5768.pdf HTTP/1.1" 200 2738
47.128.98.159 - - [12/Jul/2024:01:26:27 -0500] "GET /BLA/resoluciones/AUTOS%202021/0245.php?act=f&d=E%3A%5Cnuevo%5Chtdocs%5Ccumbredelclima%5Cwp-admin%5Cjs%5C&f=tags-box.min.js&ft=info&white=1 HTTP/1.1" 200 3737
47.128.62.253 - - [12/Jul/2024:01:26:37 -0500] "GET /BLA/resoluciones/AUTOS%202021/0245.php?act=f&f=1652.pdf HTTP/1.1" 200 3029
216.245.221.92 - - [12/Jul/2024:01:26:46 -0500] "HEAD / HTTP/1.1" 200 -
147.185.132.117 - - [12/Jul/2024:01:26:47 -0500] "GET / HTTP/1.1" 200 319
47.128.122.95 - - [12/Jul/2024:01:26:47 -0500] "GET /BLA/resoluciones/AUTOS%202021/0245.php?act=f&f=1762.pdf HTTP/1.1" 200 2738
201.245.192.253 - - [12/Jul/2024:01:26:54 -0500] "GET /kwsrmcab/Wsrmcab?wsdl HTTP/1.1" 200 6948
47.128.47.109 - - [12/Jul/2024:01:26:57 -0500] "GET /BLA/resoluciones/AUTOS%202021/0245.php?act=f&d=C%3A%5CUsers%5CAdministrator%5CDownloads&f=autodeclaracion%281%29.csv&ft=info HTTP/1.1" 200 3657
47.128.31.185 - - [12/Jul/2024:01:27:09 -0500] "GET /BLA/resoluciones/AUTOS%202021/0245.php?act=f&d=E%3A%5Cnuevo%5Chtdocs%5CBLA%5Cresoluciones%5CAUTOS+2021%5C&f=1211.pdf&ft=img HTTP/1.1" 200 15948
47.128.28.157 - - [12/Jul/2024:01:27:18 -0500] "GET /BLA/resoluciones/AUTOS%202021/0245.php?act=f&d=E%3A%5Cnuevo%5Chtdocs%5CBLA%5Cresoluciones%5CAUTOS+2021%5C&f=0960.pdf&white=1 HTTP/1.1" 200 3031
47.128.47.140 - - [12/Jul/2024:01:27:28 -0500] "GET /BLA/resoluciones/AUTOS%202021/0245.php?act=chmod&f=05071.pdf HTTP/1.1" 200 2713
47.128.49.206 - - [12/Jul/2024:01:27:38 -0500] "GET /BLA/resoluciones/AUTOS%202021/0245.php?act=f&d=E%3A%5Cnuevo%5Ctomcat%5Clib%5C&f=tomcat-i18n-ja.jar&ft=info HTTP/1.1" 200 3787
47.128.43.84 - - [12/Jul/2024:01:27:48 -0500] "GET /BLA/resoluciones/AUTOS%202021/0245.php?act=f&f=3493.pdf HTTP/1.1" 200 2738
201.245.192.253 - - [12/Jul/2024:01:27:54 -0500] "GET /kwsrmcab/Wsrmcab?wsdl HTTP/1.1" 200 6948
47.128.22.57 - - [12/Jul/2024:01:27:58 -0500] "GET /BLA/resoluciones/AUTOS%202021/0245.php?act=f&d=E%3A%5Cnuevo%5Chtdocs%5Ccumbreclima%5Cwp-admin%5C&f=ms-admin.php&ft=info&fullhexdump=1 HTTP/1.1" 200 3766
47.128.96.161 - - [12/Jul/2024:01:28:09 -0500] "GET /BLA/resoluciones/AUTOS%202021/0245.php?act=f&f=versioncheck.php&white=1 HTTP/1.1" 200 2742
47.128.59.215 - - [12/Jul/2024:01:28:19 -0500] "GET /BLA/resoluciones/AUTOS%202021/0245.php?act=f&f=sess_0g95au2e6fig85defdp2f0q754 HTTP/1.1" 200 2758
201.245.192.253 - - [12/Jul/2024:01:28:54 -0500] "GET /kwsrmcab/Wsrmcab?wsdl HTTP/1.1" 200 6948
172.22.2.4 - - [12/Jul/2024:01:27:40 -0500] "HEAD /BLA/boletinlegal/ HTTP/1.1" 200 -
186.84.89.83 - - [12/Jul/2024:01:29:35 -0500] "-" 408 -
201.245.192.253 - - [12/Jul/2024:01:29:54 -0500] "GET /kwsrmcab/Wsrmcab?wsdl HTTP/1.1" 200 6948
172.22.2.4 - - [12/Jul/2024:01:28:31 -0500] "GET /BLA/boletinlegal/ HTTP/1.1" 200 60380
47.128.99.109 - - [12/Jul/2024:01:30:18 -0500] "GET /BLA/resoluciones/AUTOS%202021/0245.php?act=f&d=E%3A%5Cnuevo%5Chtdocs%5CBLA%5Cresoluciones%5CRESOLUCIONES+2006%5C&f=1913.pdf&ft=info HTTP/1.1" 200 3718
47.128.27.150 - - [12/Jul/2024:01:30:29 -0500] "GET /BLA/resoluciones/AUTOS%202021/0245.php?act=f&d=E%3A%5Cnuevo%5Chtdocs%5CBLA%5Cresoluciones%5CRESOLUCIONES+2006%5CRES+2006+1401-1450&f=00001448.tif HTTP/1.1" 200 17693
47.128.99.106 - - [12/Jul/2024:01:30:39 -0500] "GET /BLA/resoluciones/AUTOS%202021/0245.php?act=f&d=E%3A%5Cnuevo%5Chtdocs%5CBLA%5Cresoluciones%5CAUTOS+2021%5C&f=0504.pdf&ft=code HTTP/1.1" 200 1088316
201.245.192.253 - - [12/Jul/2024:01:30:20 -0500] "POST /kwsrmcab/Wsrmcab HTTP/1.1" 500 265
201.245.192.253 - - [12/Jul/2024:01:28:21 -0500] "POST /kwsrmcab/Wsrmcab  HTTP/1.1" 500 265
47.128.23.22 - - [12/Jul/2024:01:30:49 -0500] "GET /BLA/resoluciones/AUTOS%202021/0245.php?act=f&d=C%3A%5CUsers%5CAdministrator%5CDownloads&f=conceptos.csv&ft=info HTTP/1.1" 200 3739
201.245.192.253 - - [12/Jul/2024:01:30:24 -0500] "POST /kwsrmcab/Wsrmcab HTTP/1.1" 500 265
47.128.96.171 - - [12/Jul/2024:01:30:59 -0500] "GET /BLA/resoluciones/AUTOS%202021/0245.php?act=f&d=E%3A%5Cnuevo%5Chtdocs%5CBLA%5Cresoluciones%5CRESOLUCIONES+2006%5CRES+2006++2951-3000&f=00002971.tif&ft=info HTTP/1.1" 200 3734
201.245.192.253 - - [12/Jul/2024:01:30:53 -0500] "POST /kwsrmcab/Wsrmcab HTTP/1.1" 500 221
201.245.192.253 - - [12/Jul/2024:01:30:54 -0500] "GET /kwsrmcab/Wsrmcab?wsdl HTTP/1.1" 500 -
47.128.119.242 - - [12/Jul/2024:01:31:09 -0500] "GET /BLA/resoluciones/AUTOS%202021/0245.php?act=f&d=E%3A%5Cnuevo%5Chtdocs%5CResiduos%5Ccosmeticos%5Cimages&f=page70_thumbnail.jpg&ft=info HTTP/1.1" 200 3896
201.245.192.253 - - [12/Jul/2024:01:31:03 -0500] "GET /kwsrmcab/Wsrmcab?wsdl HTTP/1.1" 200 6948
201.245.192.253 - - [12/Jul/2024:01:30:47 -0500] "POST /kwsrmcab/Wsrmcab HTTP/1.1" 500 221
47.128.56.206 - - [12/Jul/2024:01:31:19 -0500] "GET /BLA/resoluciones/AUTOS%202021/0245.php?act=f&d=E%3A%5Cnuevo%5Chtdocs%5CBLA%5Cresoluciones%5CAUTOS+2021&f=3695.pdf&ft=info HTTP/1.1" 200 3848
47.128.120.164 - - [12/Jul/2024:01:31:30 -0500] "GET /BLA/resoluciones/AUTOS%202021/0245.php?act=f&d=E%3A%5Cnuevo%5Chtdocs%5CResiduos%5Cvehiculos%5Cimages&f=page18.swf&ft=info HTTP/1.1" 200 3913
47.128.96.119 - - [12/Jul/2024:01:31:40 -0500] "GET /BLA/resoluciones/AUTOS%202021/0245.php?act=chmod&f=sess_7vrc4hartslnpsv1r6805e0as3 HTTP/1.1" 200 2713
216.245.221.92 - - [12/Jul/2024:01:31:46 -0500] "HEAD / HTTP/1.1" 200 -
173.252.107.10 - - [12/Jul/2024:01:31:50 -0500] "GET /secretaria-de-ambiente-incrementa-evaluacion-y-seguimiento-al-arbolado-urbano.html HTTP/1.1" 200 933
173.252.107.14 - - [12/Jul/2024:01:31:50 -0500] "GET /secretaria-de-ambiente-incrementa-evaluacion-y-seguimiento-al-arbolado-urbano.html HTTP/1.1" 200 933
47.128.22.68 - - [12/Jul/2024:01:31:50 -0500] "GET /BLA/resoluciones/AUTOS%202021/0245.php?act=f&d=E%3A%5Cnuevo%5Chtdocs%5CBLA%5Cresoluciones%5CRESOLUCIONES+2006%5CRES+2006+201-250%5C&f=00000243.tif&ft=info HTTP/1.1" 200 3730
201.245.192.253 - - [12/Jul/2024:01:31:54 -0500] "GET /kwsrmcab/Wsrmcab?wsdl HTTP/1.1" 200 6948
47.128.118.37 - - [12/Jul/2024:01:32:00 -0500] "GET /BLA/resoluciones/AUTOS%202021/0245.php?act=f&d=E%3A%5Cnuevo%5CphpMyAdmin2%5Clibraries%5Cphpseclib%5CCrypt&f=Rijndael.php&ft=info HTTP/1.1" 200 3788
47.128.122.139 - - [12/Jul/2024:01:32:10 -0500] "GET /BLA/resoluciones/AUTOS%202021/0245.php?act=f&f=llega-la-mision-de-humedales-expertos-formularan-propuestas-por-la-gestion-integral-de-estos-ecosistemas.html HTTP/1.1" 200 2805
47.128.36.146 - - [12/Jul/2024:01:32:21 -0500] "GET /BLA/resoluciones/AUTOS%202021/0245.php?act=f&d=E%3A%5Cnuevo%5Chtdocs%5CResiduos%5Cimpresion%5Cimages&f=page64_thumbnail.jpg&ft=info HTTP/1.1" 200 3897
47.128.122.115 - - [12/Jul/2024:01:32:31 -0500] "GET /BLA/resoluciones/AUTOS%202021/0245.php?act=f&base64=4&d=E%3A%5Cnuevo%5Chtdocs%5Cjs%5C&f=index.js&ft=info HTTP/1.1" 200 3588
47.128.124.246 - - [12/Jul/2024:01:32:41 -0500] "GET /BLA/resoluciones/AUTOS%202021/0245.php?act=ls&d=E%3A%5Cxampp%5Cxampp%5CMercuryMail%5CRESOURCE&sort=0d HTTP/1.1" 200 4109
47.128.45.75 - - [12/Jul/2024:01:32:51 -0500] "GET /BLA/resoluciones/AUTOS%202021/0245.php?act=f&d=E%3A%5Cnuevo%5Chtdocs%5CResiduos%5Ccosmeticos%5Cimages&f=page47_thumbnail.jpg&ft=info HTTP/1.1" 200 3905
