34.222.62.157 - - [12/Jul/2024:04:06:26 -0500] "GET /Publicaciones/2024EE123371.pdf HTTP/1.1" 404 228
47.128.50.97 - - [12/Jul/2024:04:06:45 -0500] "GET /BLA/resoluciones/AUTOS%202021/0245.php?act=f&base64=3&d=E%3A%5Cnuevo%5CphpMyAdmin2%5Clibraries%5Cschema%5C&f=Export_Relation_Schema.class.php&ft=info HTTP/1.1" 200 7069
216.245.221.92 - - [12/Jul/2024:04:06:46 -0500] "HEAD / HTTP/1.1" 200 -
172.22.2.4 - - [12/Jul/2024:04:05:10 -0500] "HEAD /BLA/boletinlegal/ HTTP/1.1" 200 -
66.249.66.19 - - [12/Jul/2024:04:06:53 -0500] "GET /BLA/resoluciones/RESOLUCIONES%202007/RES%202007%20501%20AL%20600/RESOLUCION%200562%20DE%202007.pdf HTTP/1.1" 200 1229212
201.245.192.253 - - [12/Jul/2024:04:06:54 -0500] "GET /kwsrmcab/Wsrmcab?wsdl HTTP/1.1" 200 6948
66.249.66.19 - - [12/Jul/2024:04:07:12 -0500] "GET /BLA/resoluciones/RESOLUCIONES%202007/RES%202007%20901%20AL%201000/RESOLUCION%200997%20DE%202007.pdf HTTP/1.1" 200 187342
47.128.33.229 - - [12/Jul/2024:04:07:19 -0500] "GET /BLA/resoluciones/AUTOS%202021/0245.php?act=f&f=wp-emoji-loader.min.js&white=1 HTTP/1.1" 200 2749
201.245.192.253 - - [12/Jul/2024:04:07:37 -0500] "POST /kwsrmcab/Wsrmcab  HTTP/1.1" 200 38712
66.249.66.21 - - [12/Jul/2024:04:07:38 -0500] "GET /BLA/resoluciones/RESOLUCIONES%202007/RES%202007%20501%20AL%20600/RESOLUCION%200578%20DE%202007.pdf HTTP/1.1" 200 407635
66.249.66.19 - - [12/Jul/2024:04:07:40 -0500] "GET /BLA/resoluciones/RESOLUCIONES%202007/RES%202007%20501%20AL%20600/RESOLUCION%200573%20DE%202007.pdf HTTP/1.1" 200 717293
172.22.2.4 - - [12/Jul/2024:04:06:01 -0500] "GET /BLA/boletinlegal/ HTTP/1.1" 200 57889
201.245.192.253 - - [12/Jul/2024:04:07:54 -0500] "GET /kwsrmcab/Wsrmcab?wsdl HTTP/1.1" 200 6948
47.128.115.103 - - [12/Jul/2024:04:07:54 -0500] "GET /BLA/resoluciones/AUTOS%202021/0245.php?act=f&base64=2&d=E%3A%5Cnuevo%5Chtdocs%5Ccumbredelclima%5Cwp-includes%5Cjs%5C&f=swfobject.js&ft=info HTTP/1.1" 200 10592
66.249.66.19 - - [12/Jul/2024:04:08:03 -0500] "GET /BLA/resoluciones/RESOLUCIONES%202007/RES%202007%20901%20AL%201000/RESOLUCION%200983%20DE%202007.pdf HTTP/1.1" 200 165227
47.128.33.236 - - [12/Jul/2024:04:08:28 -0500] "GET /BLA/resoluciones/AUTOS%202021/0245.php?act=ls&d=E%3A%5Cnuevo%5CFileZillaFTP%5CLogs&sort=0a HTTP/1.1" 200 119747
201.245.192.253 - - [12/Jul/2024:04:08:54 -0500] "GET /kwsrmcab/Wsrmcab?wsdl HTTP/1.1" 200 6948
66.249.66.19 - - [12/Jul/2024:04:08:54 -0500] "GET /BLA/resoluciones/RESOLUCIONES%202007/RES%202007%20901%20AL%201000/RESOLUCION%200994%20DE%202007.pdf HTTP/1.1" 200 320795
47.128.97.37 - - [12/Jul/2024:04:09:03 -0500] "GET /BLA/resoluciones/AUTOS%202021/0245.php?act=f&d=E%3A%5Cnuevo%5Chtdocs%5CBLA%5Cresoluciones%5CRESOLUCIONES+2006%5CRES+2006+901-950&f=00000920.tif HTTP/1.1" 200 17586
66.249.66.19 - - [12/Jul/2024:04:09:20 -0500] "GET /BLA/resoluciones/RESOLUCIONES%202007/RES%202007%20501%20AL%20600/RESOLUCION%200512%20DE%202007.pdf HTTP/1.1" 200 422026
66.249.66.21 - - [12/Jul/2024:04:09:30 -0500] "GET /BLA/resoluciones/RESOLUCIONES%202007/RES%202007%20901%20AL%201000/RESOLUCION%200912%20DE%202007.pdf HTTP/1.1" 200 199136
47.128.45.130 - - [12/Jul/2024:04:09:38 -0500] "GET /BLA/resoluciones/AUTOS%202021/0245.php?act=f&d=E%3A%5Cnuevo%5Chtdocs%5CBLA%5Cresoluciones%5CRESOLUCIONES+2006%5CRES+2006+1401-1450&f=00001444.tif HTTP/1.1" 200 17696
40.77.167.70 - - [12/Jul/2024:04:09:39 -0500] "GET /BLA/resoluciones/AUTOS%202022/1993.pdf HTTP/1.1" 200 423951
66.249.66.19 - - [12/Jul/2024:04:09:45 -0500] "GET /BLA/resoluciones/RESOLUCIONES%202007/RES%202007%20501%20AL%20600/RESOLUCION%200517%20DE%202007.pdf HTTP/1.1" 200 219601
66.249.66.19 - - [12/Jul/2024:04:09:53 -0500] "GET /BLA/resoluciones/RESOLUCIONES%202007/RES%202007%20901%20AL%201000/RESOLUCION%200915%20DE%202007.pdf HTTP/1.1" 200 280134
201.245.192.253 - - [12/Jul/2024:04:09:54 -0500] "GET /kwsrmcab/Wsrmcab?wsdl HTTP/1.1" 200 6948
66.249.66.19 - - [12/Jul/2024:04:10:11 -0500] "GET /BLA/resoluciones/RESOLUCIONES%202007/RES%202007%20901%20AL%201000/RESOLUCION%200936%20DE%202007.pdf HTTP/1.1" 200 232633
47.128.123.31 - - [12/Jul/2024:04:10:12 -0500] "GET /BLA/resoluciones/AUTOS%202021/0245.php?act=f&f=00002047.tif&imgsize=50 HTTP/1.1" 200 2740
47.128.98.44 - - [12/Jul/2024:04:10:47 -0500] "GET /BLA/resoluciones/AUTOS%202021/0245.php?act=f&d=E%3A%5Cnuevo%5Chtdocs%5CBLA%5Cresoluciones%5CAUTOS+2021&f=1706.pdf&ft=info HTTP/1.1" 200 3843
78.153.140.224 - - [12/Jul/2024:04:10:50 -0500] "GET /.env HTTP/1.1" 404 1034
201.245.192.253 - - [12/Jul/2024:04:10:57 -0500] "GET /kwsrmcab/Wsrmcab?wsdl HTTP/1.1" 200 6948
66.249.66.19 - - [12/Jul/2024:04:11:02 -0500] "GET /BLA/resoluciones/RESOLUCIONES%202007/RES%202007%20501%20AL%20600/RESOLUCION%200593%20DE%202007.pdf HTTP/1.1" 200 924128
47.128.113.77 - - [12/Jul/2024:04:11:21 -0500] "GET /BLA/resoluciones/AUTOS%202021/0245.php?act=f&d=E%3A%5Cnuevo%5Chtdocs%5CResiduos%5Cimpresion%5Cimages%5C&f=page62.swf&ft=info HTTP/1.1" 200 3898
216.245.221.92 - - [12/Jul/2024:04:11:46 -0500] "HEAD / HTTP/1.1" 200 -
172.22.2.4 - - [12/Jul/2024:04:11:06 -0500] "GET /BLA/boletinlegal/ HTTP/1.1" 200 32715
201.245.192.253 - - [12/Jul/2024:04:11:54 -0500] "GET /kwsrmcab/Wsrmcab?wsdl HTTP/1.1" 200 6948
47.128.110.19 - - [12/Jul/2024:04:11:56 -0500] "GET /BLA/resoluciones/AUTOS%202021/0245.php?act=f&d=E%3A%5Cnuevo%5Chtdocs%5CResiduos%5Cvehiculos%5Cimages&f=page62.swf&ft=info HTTP/1.1" 200 3901
40.77.167.70 - - [12/Jul/2024:04:12:16 -0500] "GET /BLA/resoluciones/AUTOS%202013/2718.pdf HTTP/1.1" 200 876086
66.249.66.19 - - [12/Jul/2024:04:12:18 -0500] "GET /BLA/resoluciones/RESOLUCIONES%202007/RES%202007%20901%20AL%201000/RESOLUCION%200903%20DE%202007.pdf HTTP/1.1" 200 374747
47.128.35.33 - - [12/Jul/2024:04:12:31 -0500] "GET /BLA/resoluciones/AUTOS%202021/0245.php?act=f&d=E%3A%5Cnuevo%5Chtdocs%5CBLA%5Cresoluciones%5CRESOLUCIONES+2006%5CRES+2006+851-900&f=00000878.tif HTTP/1.1" 200 17587
201.245.192.253 - - [12/Jul/2024:04:12:36 -0500] "POST /kwsrmcab/Wsrmcab  HTTP/1.1" 200 38712
172.22.2.4 - - [12/Jul/2024:04:11:00 -0500] "HEAD /BLA/boletinlegal/ HTTP/1.1" 200 -
201.245.192.253 - - [12/Jul/2024:04:12:54 -0500] "GET /kwsrmcab/Wsrmcab?wsdl HTTP/1.1" 200 6948
47.128.115.2 - - [12/Jul/2024:04:13:05 -0500] "GET /BLA/resoluciones/AUTOS%202021/0245.php?act=f&d=E%3A%5Cxampp%5Cxampp%5Chtdocs%5Csistemas&f=more.gif HTTP/1.1" 200 15071
66.249.66.19 - - [12/Jul/2024:04:13:09 -0500] "GET /BLA/resoluciones/RESOLUCIONES%202007/RES%202007%20901%20AL%201000/RESOLUCION%200933%20DE%202007.pdf HTTP/1.1" 200 260119
172.22.2.4 - - [12/Jul/2024:04:11:51 -0500] "GET /BLA/boletinlegal/ HTTP/1.1" 200 57889
47.128.35.248 - - [12/Jul/2024:04:13:40 -0500] "GET /BLA/resoluciones/AUTOS%202021/0245.php?act=f&d=E%3A%5Cnuevo%5Chtdocs%5Csig%5CGestion+Documental%5Cdlf&f=exe.gif&ft=info HTTP/1.1" 200 3821
66.249.66.19 - - [12/Jul/2024:04:13:41 -0500] "GET /BLA/resoluciones/RESOLUCIONES%202007/RES%202007%20901%20AL%201000/RESOLUCION%200925%20DE%202007.pdf HTTP/1.1" 200 326761
201.245.192.253 - - [12/Jul/2024:04:13:54 -0500] "GET /kwsrmcab/Wsrmcab?wsdl HTTP/1.1" 200 6948
47.128.96.241 - - [12/Jul/2024:04:14:14 -0500] "GET /BLA/resoluciones/AUTOS%202021/0245.php?act=f&f=wpspin-2x.gif HTTP/1.1" 200 2742
66.249.66.20 - - [12/Jul/2024:04:14:25 -0500] "GET /BLA/resoluciones/RESOLUCIONES%202007/RES%202007%20901%20AL%201000/RESOLUCION%200943%20DE%202007.pdf HTTP/1.1" 200 225920
172.22.2.4 - - [12/Jul/2024:04:14:32 -0500] "GET /BLA/boletinlegal/normativa.php HTTP/1.1" 200 8397
66.249.66.20 - - [12/Jul/2024:04:14:45 -0500] "GET /BLA/resoluciones/RESOLUCIONES%202007/RES%202007%20901%20AL%201000/RESOLUCION%200993%20DE%202007.pdf HTTP/1.1" 200 663833
47.128.115.173 - - [12/Jul/2024:04:14:49 -0500] "GET /BLA/resoluciones/AUTOS%202021/0245.php?act=f&f=126PM04-PR09.pdf HTTP/1.1" 200 2746
66.249.66.19 - - [12/Jul/2024:04:14:51 -0500] "GET /BLA/resoluciones/RESOLUCIONES%202007/RES%202007%20901%20AL%201000/RESOLUCION%200937%20DE%202007.pdf HTTP/1.1" 200 851577
201.245.192.253 - - [12/Jul/2024:04:14:54 -0500] "GET /kwsrmcab/Wsrmcab?wsdl HTTP/1.1" 200 6948
47.128.27.196 - - [12/Jul/2024:04:15:23 -0500] "GET /BLA/resoluciones/AUTOS%202021/0245.php?act=f&f=semi1.gif HTTP/1.1" 200 2738
201.245.192.253 - - [12/Jul/2024:04:15:54 -0500] "GET /kwsrmcab/Wsrmcab?wsdl HTTP/1.1" 200 6948
47.128.38.104 - - [12/Jul/2024:04:15:58 -0500] "GET /BLA/resoluciones/AUTOS%202021/0245.php?act=f&f=5.+EJECUCION+RESERVAS+MAYO+2020.pdf HTTP/1.1" 200 2773
66.249.66.19 - - [12/Jul/2024:04:16:15 -0500] "GET /BLA/resoluciones/RESOLUCIONES%202007/RES%202007%20901%20AL%201000/RESOLUCION%200980%20DE%202007.pdf HTTP/1.1" 200 189619
47.128.121.156 - - [12/Jul/2024:04:16:33 -0500] "GET /BLA/resoluciones/AUTOS%202021/0245.php?act=ls&d=E%3A%5Cnuevo%5Chtdocs%5CBLA%5Cresoluciones%5CAUTOS+2016&sort=2a HTTP/1.1" 200 89331
216.245.221.92 - - [12/Jul/2024:04:16:46 -0500] "HEAD / HTTP/1.1" 200 -
201.245.192.253 - - [12/Jul/2024:04:16:54 -0500] "GET /kwsrmcab/Wsrmcab?wsdl HTTP/1.1" 200 6948
66.249.66.19 - - [12/Jul/2024:04:16:58 -0500] "GET /BLA/resoluciones/RESOLUCIONES%202007/RES%202007%20501%20AL%20600/RESOLUCION%200529%20DE%202007.pdf HTTP/1.1" 200 37840
47.128.27.234 - - [12/Jul/2024:04:17:07 -0500] "GET /BLA/resoluciones/AUTOS%202021/0245.php?act=f&d=E%3A%5Cnuevo%5Chtdocs%5Cbogotacumbredelclima%5Cwp-admin&f=media.php&ft=info HTTP/1.1" 200 3738
66.249.66.19 - - [12/Jul/2024:04:17:24 -0500] "GET /BLA/resoluciones/RESOLUCIONES%202007/RES%202007%20901%20AL%201000/RESOLUCION%200904%20DE%202007.pdf HTTP/1.1" 200 264169
201.245.192.253 - - [12/Jul/2024:04:17:35 -0500] "POST /kwsrmcab/Wsrmcab  HTTP/1.1" 200 38712
47.128.46.132 - - [12/Jul/2024:04:17:42 -0500] "GET /BLA/resoluciones/AUTOS%202021/0245.php?act=f&d=E%3A%5Cnuevo%5Chtdocs%5Ccumbredelclima%5Cwp-admin%5Cnetwork&f=plugin-editor.php&ft=info HTTP/1.1" 200 3744
66.249.66.21 - - [12/Jul/2024:04:17:46 -0500] "GET /BLA/resoluciones/RESOLUCIONES%202007/RES%202007%20901%20AL%201000/RESOLUCION%200968%20DE%202007.pdf HTTP/1.1" 200 34248
172.22.2.4 - - [12/Jul/2024:04:16:07 -0500] "GET /BLA/boletinlegal/ HTTP/1.1" 200 51133
66.249.66.19 - - [12/Jul/2024:04:17:49 -0500] "GET /BLA/resoluciones/RESOLUCIONES%202007/RES%202007%20901%20AL%201000/RESOLUCION%200907%20DE%202007.pdf HTTP/1.1" 200 308246
201.245.192.253 - - [12/Jul/2024:04:17:54 -0500] "GET /kwsrmcab/Wsrmcab?wsdl HTTP/1.1" 200 6948
47.128.28.32 - - [12/Jul/2024:04:18:16 -0500] "GET /BLA/resoluciones/AUTOS%202021/0245.php?act=ls&d=E%3A%5Cnuevo%5Chtdocs%5Ccumbredelclima%5Cwp-includes%5Cjs%5Ccrop%5C&sort=3d HTTP/1.1" 200 3630
172.22.2.4 - - [12/Jul/2024:04:16:50 -0500] "HEAD /BLA/boletinlegal/ HTTP/1.1" 200 -
66.249.66.20 - - [12/Jul/2024:04:18:40 -0500] "GET /BLA/resoluciones/RESOLUCIONES%202007/RES%202007%20901%20AL%201000/RESOLUCION%200957%20DE%202007.pdf HTTP/1.1" 200 221305
201.245.192.253 - - [12/Jul/2024:04:18:54 -0500] "GET /kwsrmcab/Wsrmcab?wsdl HTTP/1.1" 200 6948
47.128.111.63 - - [12/Jul/2024:04:18:51 -0500] "GET /BLA/resoluciones/AUTOS%202021/0245.php?act=f&base64=2&d=E%3A%5Cnuevo%5Chtdocs%5Ccumbredelclima%5Cwp-includes%5C&f=query.php HTTP/1.1" 200 45281
66.249.66.19 - - [12/Jul/2024:04:19:16 -0500] "GET /BLA/resoluciones/RESOLUCIONES%202007/RES%202007%20901%20AL%201000/RESOLUCION%200981%20DE%202007.pdf HTTP/1.1" 200 135942
172.22.2.4 - - [12/Jul/2024:04:17:41 -0500] "GET /BLA/boletinlegal/ HTTP/1.1" 200 57889
47.128.28.214 - - [12/Jul/2024:04:19:26 -0500] "GET /BLA/resoluciones/AUTOS%202021/0245.php?act=f&d=C%3A%5CAmbienteBogota%5Ccounter%5Cdigits%5Cnextgen&f=0.png HTTP/1.1" 200 15564
66.249.66.19 - - [12/Jul/2024:04:19:31 -0500] "GET /BLA/resoluciones/RESOLUCIONES%202007/RES%202007%20501%20AL%20600/RESOLUCION%200519%20DE%202007.pdf HTTP/1.1" 200 1195372
66.249.66.20 - - [12/Jul/2024:04:19:44 -0500] "GET /BLA/boletinlegal/Circulares/2019/Circular%20No.%200003%20del%2031%20de%20Enero%20de%202019.pdf HTTP/1.1" 304 -
66.249.66.20 - - [12/Jul/2024:04:19:44 -0500] "GET /BLA/boletinlegal/jurisprudencia/analisis/AnalisisT-146-16.docx HTTP/1.1" 200 23021
201.245.192.253 - - [12/Jul/2024:04:19:54 -0500] "GET /kwsrmcab/Wsrmcab?wsdl HTTP/1.1" 200 6948
47.128.111.38 - - [12/Jul/2024:04:20:00 -0500] "GET /BLA/resoluciones/AUTOS%202021/0245.php?act=f&f=domingo-de-ramos-autoridades-decomisaron-mas-de-media-tonelada-de-ramos-elaborados-con-palmas-silvestres.html HTTP/1.1" 200 2799
201.245.192.253 - - [12/Jul/2024:04:20:20 -0500] "POST /kwsrmcab/Wsrmcab HTTP/1.1" 200 35977
201.245.192.253 - - [12/Jul/2024:04:20:22 -0500] "POST /kwsrmcab/Wsrmcab HTTP/1.1" 200 29184
201.245.192.253 - - [12/Jul/2024:04:20:24 -0500] "POST /kwsrmcab/Wsrmcab HTTP/1.1" 200 29024
47.128.17.90 - - [12/Jul/2024:04:20:35 -0500] "GET /BLA/resoluciones/AUTOS%202021/0245.php?act=f&f=1131.pdf HTTP/1.1" 200 2738
66.249.66.20 - - [12/Jul/2024:04:20:46 -0500] "GET /BLA/resoluciones/RESOLUCIONES%202007/RES%202007%20901%20AL%201000/RESOLUCION%200976%20DE%202007.pdf HTTP/1.1" 200 248249
66.249.66.20 - - [12/Jul/2024:04:20:48 -0500] "GET /BLA/resoluciones/RESOLUCIONES%202007/RES%202007%20901%20AL%201000/RESOLUCION%200963%20DE%202007.pdf HTTP/1.1" 200 58564
201.245.192.253 - - [12/Jul/2024:04:20:54 -0500] "GET /kwsrmcab/Wsrmcab?wsdl HTTP/1.1" 200 6948
201.245.192.253 - - [12/Jul/2024:04:21:04 -0500] "POST /kwsrmcab/Wsrmcab HTTP/1.1" 200 29184
47.128.48.148 - - [12/Jul/2024:04:21:09 -0500] "GET /BLA/resoluciones/AUTOS%202021/0245.php?act=f&d=E%3A%5Cnuevo%5CphpMyAdmin2%5Clibraries%5Cplugins%5C&f=ImportPlugin.class.php&ft=info&fullhexdump=1 HTTP/1.1" 200 5017
66.249.66.19 - - [12/Jul/2024:04:21:13 -0500] "GET /BLA/resoluciones/RESOLUCIONES%202007/RES%202007%20501%20AL%20600/RESOLUCION%200598%20DE%202007.pdf HTTP/1.1" 200 228301
66.249.66.19 - - [12/Jul/2024:04:21:38 -0500] "GET /BLA/resoluciones/RESOLUCIONES%202007/RES%202007%20901%20AL%201000/RESOLUCION%200987%20DE%202007.pdf HTTP/1.1" 200 476666
47.128.48.168 - - [12/Jul/2024:04:21:44 -0500] "GET /BLA/resoluciones/AUTOS%202021/0245.php?act=f&f=505.PDF HTTP/1.1" 200 2737
66.249.66.19 - - [12/Jul/2024:04:21:44 -0500] "GET /BLA/resoluciones/RESOLUCIONES%202007/RES%202007%20801%20AL%20900/RESOLUCION%200877%20DE%202007.pdf HTTP/1.1" 200 218373
216.245.221.92 - - [12/Jul/2024:04:21:46 -0500] "HEAD / HTTP/1.1" 200 -
201.245.192.253 - - [12/Jul/2024:04:21:54 -0500] "GET /kwsrmcab/Wsrmcab?wsdl HTTP/1.1" 200 6948
66.249.66.19 - - [12/Jul/2024:04:22:04 -0500] "GET /BLA/resoluciones/RESOLUCIONES%202007/RES%202007%20901%20AL%201000/RESOLUCION%200908%20DE%202007.pdf HTTP/1.1" 200 265789
47.128.48.175 - - [12/Jul/2024:04:22:19 -0500] "GET /BLA/resoluciones/AUTOS%202021/0245.php?act=f&d=E%3A%5Cnuevo%5Chtdocs%5CBLA%5Cresoluciones%5CAUTOS+2021&f=4522.pdf&ft=info HTTP/1.1" 200 3844
66.249.66.20 - - [12/Jul/2024:04:22:29 -0500] "GET /BLA/resoluciones/RESOLUCIONES%202007/0019.PDF HTTP/1.1" 200 3088011
201.245.192.253 - - [12/Jul/2024:04:22:33 -0500] "POST /kwsrmcab/Wsrmcab  HTTP/1.1" 200 38712
201.245.192.253 - - [12/Jul/2024:04:22:54 -0500] "GET /kwsrmcab/Wsrmcab?wsdl HTTP/1.1" 200 6948
47.128.52.230 - - [12/Jul/2024:04:22:53 -0500] "GET /BLA/resoluciones/AUTOS%202021/0245.php?act=f&base64=1&d=E%3A%5Cnuevo%5Chtdocs%5Ccumbredelclima%5Cwp-includes%5Cjs%5C&f=wplink.js&ft=info HTTP/1.1" 200 12380
47.128.48.104 - - [12/Jul/2024:04:23:28 -0500] "GET /BLA/resoluciones/AUTOS%202021/0245.php?act=f&d=E%3A%5Cnuevo%5Ctmp%5C&f=sess_5hgtjurams3qeqqls3uetsclc5&ft=html&white=1 HTTP/1.1" 200 2688
66.249.66.19 - - [12/Jul/2024:04:23:46 -0500] "GET /BLA/resoluciones/RESOLUCIONES%202007/RES%202007%201801%20AL%201900/RESOLUCION%201866%20DE%202007.pdf HTTP/1.1" 200 1569634
201.245.192.253 - - [12/Jul/2024:04:23:54 -0500] "GET /kwsrmcab/Wsrmcab?wsdl HTTP/1.1" 200 6948
47.128.123.218 - - [12/Jul/2024:04:24:02 -0500] "GET /BLA/resoluciones/AUTOS%202021/0245.php?act=f&c=1&f=7424.pdf HTTP/1.1" 200 2738
66.249.66.20 - - [12/Jul/2024:04:24:11 -0500] "GET /BLA/resoluciones/RESOLUCIONES%202007/RES%202007%201801%20AL%201900/RESOLUCION%201813%20DE%202007.pdf HTTP/1.1" 200 533405
172.22.2.4 - - [12/Jul/2024:04:22:40 -0500] "HEAD /BLA/boletinlegal/ HTTP/1.1" 200 -
66.249.66.19 - - [12/Jul/2024:04:24:37 -0500] "GET /BLA/resoluciones/RESOLUCIONES%202007/RES%202007%201801%20AL%201900/RESOLUCION%201840%20DE%202007.pdf HTTP/1.1" 200 257150
47.128.35.105 - - [12/Jul/2024:04:24:37 -0500] "GET /BLA/resoluciones/AUTOS%202021/0245.php?act=f&f=sflistxp.dat HTTP/1.1" 200 2739
66.249.66.19 - - [12/Jul/2024:04:24:39 -0500] "GET /BLA/resoluciones/AUTOS%202020/1195.pdf HTTP/1.1" 304 -
201.245.192.253 - - [12/Jul/2024:04:24:54 -0500] "GET /kwsrmcab/Wsrmcab?wsdl HTTP/1.1" 200 6948
66.249.66.19 - - [12/Jul/2024:04:25:02 -0500] "GET /BLA/resoluciones/RESOLUCIONES%202007/RES%202007%201801%20AL%201900/RESOLUCION%201819%20DE%202007.pdf HTTP/1.1" 200 923909
172.22.2.4 - - [12/Jul/2024:04:23:31 -0500] "GET /BLA/boletinlegal/ HTTP/1.1" 200 60380
47.128.123.182 - - [12/Jul/2024:04:25:12 -0500] "GET /BLA/resoluciones/AUTOS%202021/0245.php?act=f&d=E%3A%5Cnuevo%5Chtdocs%5CResiduos%5Cimpresion%5Cimages&f=page104_thumbnail.jpg&ft=info HTTP/1.1" 200 3899
66.249.66.19 - - [12/Jul/2024:04:25:28 -0500] "GET /BLA/resoluciones/RESOLUCIONES%202007/RES%202007%201801%20AL%201900/RESOLUCION%201875%20DE%202007.pdf HTTP/1.1" 200 705906
47.128.58.5 - - [12/Jul/2024:04:25:46 -0500] "GET /BLA/resoluciones/AUTOS%202021/0245.php?act=f&d=E%3A%5Cnuevo%5Chtdocs%5CResiduos%5Cvehiculos%5Cimages&f=page43_thumbnail.jpg&ft=info HTTP/1.1" 200 3895
201.245.192.253 - - [12/Jul/2024:04:25:54 -0500] "GET /kwsrmcab/Wsrmcab?wsdl HTTP/1.1" 200 6948
47.128.123.255 - - [12/Jul/2024:04:26:21 -0500] "GET /BLA/resoluciones/AUTOS%202021/0245.php?act=f&base64=4&f=126PM04-PR107-F-2+Solicitud+inscripcion.doc HTTP/1.1" 200 2771
216.245.221.92 - - [12/Jul/2024:04:26:46 -0500] "HEAD / HTTP/1.1" 200 -
201.245.192.253 - - [12/Jul/2024:04:26:54 -0500] "GET /kwsrmcab/Wsrmcab?wsdl HTTP/1.1" 200 6948
47.128.17.158 - - [12/Jul/2024:04:26:55 -0500] "GET /BLA/resoluciones/AUTOS%202021/0245.php?act=f&d=E%3A%5Cnuevo%5Chtdocs%5CBLA%5Cresoluciones%5CAUTOS+2021&f=3618.pdf&ft=info HTTP/1.1" 200 3845
47.128.53.177 - - [12/Jul/2024:04:27:30 -0500] "GET /BLA/resoluciones/AUTOS%202021/0245.php?act=f&d=E%3A%5Cnuevo%5Chtdocs%5CBLA%5Cresoluciones%5CAUTOS+2021&f=5013.pdf&ft=info HTTP/1.1" 200 3845
201.245.192.253 - - [12/Jul/2024:04:27:31 -0500] "POST /kwsrmcab/Wsrmcab  HTTP/1.1" 200 38712
66.249.66.20 - - [12/Jul/2024:04:27:35 -0500] "GET /BLA/resoluciones/RESOLUCIONES%202007/RES%202007%20901%20AL%201000/RESOLUCION%200942%20DE%202007.pdf HTTP/1.1" 200 225750
201.245.192.253 - - [12/Jul/2024:04:27:54 -0500] "GET /kwsrmcab/Wsrmcab?wsdl HTTP/1.1" 200 6948
66.249.66.19 - - [12/Jul/2024:04:28:00 -0500] "GET /BLA/resoluciones/RESOLUCIONES%202007/RES%202007%20901%20AL%201000/RESOLUCION%200921%20DE%202007.pdf HTTP/1.1" 200 213792
47.128.28.85 - - [12/Jul/2024:04:28:05 -0500] "GET /BLA/resoluciones/AUTOS%202021/0245.php?act=f&d=E%3A%5Cnuevo%5Chtdocs%5Ccalculadora%5Cvendor%5Cbootstrap%5Cjs&f=popper.js&ft=info HTTP/1.1" 200 3802
172.22.2.4 - - [12/Jul/2024:04:28:16 -0500] "GET /BLA/boletinlegal/jurisprudencia/analisis/G__Jurisp.%20Junio%202014_Sent%20Tutela%20Drumond.docx HTTP/1.1" 200 25380
47.128.36.192 - - [12/Jul/2024:04:28:39 -0500] "GET /BLA/resoluciones/AUTOS%202021/0245.php?act=f&f=3792.pdf HTTP/1.1" 200 2738
66.249.66.19 - - [12/Jul/2024:04:28:51 -0500] "GET /BLA/resoluciones/RESOLUCIONES%202007/RES%202007%20901%20AL%201000/RESOLUCION%200972%20DE%202007.pdf HTTP/1.1" 200 230111
201.245.192.253 - - [12/Jul/2024:04:28:54 -0500] "GET /kwsrmcab/Wsrmcab?wsdl HTTP/1.1" 200 6948
47.128.25.132 - - [12/Jul/2024:04:29:14 -0500] "GET /BLA/resoluciones/AUTOS%202021/0245.php?act=f&d=E%3A%5Cnuevo%5Chtdocs%5CBLA%5Cresoluciones%5CRESOLUCIONES+2006%5CRES+2006+1151-1200&f=00001184.tif&ft=info HTTP/1.1" 200 3734
66.249.66.19 - - [12/Jul/2024:04:29:17 -0500] "GET /BLA/resoluciones/RESOLUCIONES%202007/RES%202007%20901%20AL%201000/RESOLUCION%200991%20DE%202007.pdf HTTP/1.1" 200 347400
66.249.66.19 - - [12/Jul/2024:04:29:42 -0500] "GET /BLA/resoluciones/RESOLUCIONES%202007/RES%202007%20901%20AL%201000/RESOLUCION%200974%20DE%202007.pdf HTTP/1.1" 200 66925
66.249.66.19 - - [12/Jul/2024:04:29:46 -0500] "GET /BLA/resoluciones/RESOLUCIONES%202007/RES%202007%20901%20AL%201000/RESOLUCION%200954%20DE%202007.pdf HTTP/1.1" 200 222949
47.128.110.12 - - [12/Jul/2024:04:29:48 -0500] "GET /BLA/resoluciones/AUTOS%202021/0245.php?act=f&d=E%3A%5Cnuevo%5Chtdocs%5CBLA%5Cresoluciones%5CRESOLUCIONES+2006%5CRES+2006+1151-1200&f=00001195.tif&ft=info HTTP/1.1" 200 3734
201.245.192.253 - - [12/Jul/2024:04:29:54 -0500] "GET /kwsrmcab/Wsrmcab?wsdl HTTP/1.1" 200 6948
172.22.2.4 - - [12/Jul/2024:04:28:30 -0500] "HEAD /BLA/boletinlegal/ HTTP/1.1" 200 -
201.245.192.253 - - [12/Jul/2024:04:30:20 -0500] "POST /kwsrmcab/Wsrmcab HTTP/1.1" 200 35977
201.245.192.253 - - [12/Jul/2024:04:30:22 -0500] "POST /kwsrmcab/Wsrmcab HTTP/1.1" 200 29184
47.128.29.63 - - [12/Jul/2024:04:30:23 -0500] "GET /BLA/resoluciones/AUTOS%202021/0245.php?act=f&base64=1&d=E%3A%5Cnuevo%5Chtdocs%5CBLA%5Cresoluciones%5CRESOLUCIONES+2006%5CRES+2006++2951-3000%5C&f=00002952.tif HTTP/1.1" 200 17749
201.245.192.253 - - [12/Jul/2024:04:30:24 -0500] "POST /kwsrmcab/Wsrmcab HTTP/1.1" 200 29024
66.249.66.19 - - [12/Jul/2024:04:30:33 -0500] "GET /BLA/resoluciones/RESOLUCIONES%202007/RES%202007%20901%20AL%201000/RESOLUCION%200941%20DE%202007.pdf HTTP/1.1" 200 227792
66.249.66.19 - - [12/Jul/2024:04:30:40 -0500] "GET /BLA/resoluciones/RESOLUCIONES%202007/RESOLUCION%203788%20DE%202007.PDF HTTP/1.1" 200 55464
201.245.192.253 - - [12/Jul/2024:04:30:54 -0500] "GET /kwsrmcab/Wsrmcab?wsdl HTTP/1.1" 200 6948
47.128.124.98 - - [12/Jul/2024:04:30:57 -0500] "GET /BLA/resoluciones/AUTOS%202021/0245.php?act=f&f=tooltip.js HTTP/1.1" 200 2738
172.22.2.4 - - [12/Jul/2024:04:29:21 -0500] "GET /BLA/boletinlegal/ HTTP/1.1" 200 59967
201.245.192.253 - - [12/Jul/2024:04:31:03 -0500] "POST /kwsrmcab/Wsrmcab HTTP/1.1" 200 29184
66.249.66.19 - - [12/Jul/2024:04:31:16 -0500] "GET /BLA/resoluciones/RESOLUCIONES%202007/RES%202007%20901%20AL%201000/RESOLUCION%200911%20DE%202007.pdf HTTP/1.1" 200 359698
66.249.66.21 - - [12/Jul/2024:04:31:24 -0500] "GET /BLA/resoluciones/RESOLUCIONES%202007/RES%202007%20901%20AL%201000/RESOLUCION%200967%20DE%202007.pdf HTTP/1.1" 200 163617
47.128.126.116 - - [12/Jul/2024:04:31:32 -0500] "GET /BLA/resoluciones/AUTOS%202021/0245.php?act=f&d=E%3A%5Cnuevo%5Chtdocs%5Cbogotacumbredelclima%5Cwp-admin%5C&f=about.php&ft=sdb HTTP/1.1" 200 3005
66.249.66.19 - - [12/Jul/2024:04:31:35 -0500] "GET /BLA/resoluciones/RESOLUCIONES%202002/RES%202002%201701-1750/20021744.tif HTTP/1.1" 200 42886
216.245.221.92 - - [12/Jul/2024:04:31:46 -0500] "HEAD / HTTP/1.1" 200 -
78.180.182.164 - - [12/Jul/2024:04:31:49 -0500] "GET / HTTP/1.0" 200 319
66.249.66.19 - - [12/Jul/2024:04:31:50 -0500] "GET /BLA/resoluciones/RESOLUCIONES%202007/RES%202007%20901%20AL%201000/RESOLUCION%200909%20DE%202007.pdf HTTP/1.1" 200 228137
201.245.192.253 - - [12/Jul/2024:04:31:54 -0500] "GET /kwsrmcab/Wsrmcab?wsdl HTTP/1.1" 200 6948
47.128.125.152 - - [12/Jul/2024:04:32:07 -0500] "GET /BLA/resoluciones/AUTOS%202021/0245.php?act=f&f=distrito-celebro-el-cumpleanos-del-parque-ecologico-distrital-de-montana-entrenubes.html HTTP/1.1" 200 2791
66.249.66.19 - - [12/Jul/2024:04:32:15 -0500] "GET /BLA/resoluciones/RESOLUCIONES%202007/RES%202007%20501%20AL%20600/RESOLUCION%200514%20DE%202007.pdf HTTP/1.1" 200 467859
201.245.192.253 - - [12/Jul/2024:04:32:29 -0500] "POST /kwsrmcab/Wsrmcab  HTTP/1.1" 200 38712
66.249.66.19 - - [12/Jul/2024:04:32:41 -0500] "GET /BLA/resoluciones/RESOLUCIONES%202007/RES%202007%20901%20AL%201000/RESOLUCION%200959%20DE%202007.pdf HTTP/1.1" 200 25507
47.128.30.248 - - [12/Jul/2024:04:32:41 -0500] "GET /BLA/resoluciones/AUTOS%202021/0245.php?act=chmod&f=sess_2t7oluq9tkg0dpe3lcnoiosdg6 HTTP/1.1" 200 2713
201.245.192.253 - - [12/Jul/2024:04:32:54 -0500] "GET /kwsrmcab/Wsrmcab?wsdl HTTP/1.1" 200 6948
66.249.66.19 - - [12/Jul/2024:04:33:06 -0500] "GET /BLA/resoluciones/RESOLUCIONES%202007/RES%202007%20901%20AL%201000/RESOLUCION%200938%20DE%202007.pdf HTTP/1.1" 200 195111
47.128.49.48 - - [12/Jul/2024:04:33:16 -0500] "GET /BLA/resoluciones/AUTOS%202021/0245.php?act=f&d=E%3A%5Cnuevo%5Chtdocs%5CBLA%5Cresoluciones%5CAUTOS+2021&f=3855.pdf&ft=info HTTP/1.1" 200 3848
66.249.66.19 - - [12/Jul/2024:04:33:31 -0500] "GET /BLA/resoluciones/RESOLUCIONES%202007/RES%202007%20901%20AL%201000/RESOLUCION%200989%20DE%202007.pdf HTTP/1.1" 200 330659
47.128.28.228 - - [12/Jul/2024:04:33:50 -0500] "GET /BLA/resoluciones/AUTOS%202021/0245.php?act=ls&d=E%3A%5Cnuevo%5Chtdocs%5Cnoticias&sort=0d HTTP/1.1" 200 139012
201.245.192.253 - - [12/Jul/2024:04:33:54 -0500] "GET /kwsrmcab/Wsrmcab?wsdl HTTP/1.1" 200 6948
66.249.66.19 - - [12/Jul/2024:04:33:57 -0500] "GET /BLA/resoluciones/RESOLUCIONES%202007/RES%202007%20901%20AL%201000/RESOLUCION%200969%20DE%202007.pdf HTTP/1.1" 200 207928
47.128.117.123 - - [12/Jul/2024:04:34:25 -0500] "GET /BLA/resoluciones/AUTOS%202021/0245.php?act=f&base64=4&f=video2.gif HTTP/1.1" 200 2739
66.249.66.19 - - [12/Jul/2024:04:34:40 -0500] "GET /BLA/resoluciones/RESOLUCIONES%202021/3815.pdf HTTP/1.1" 304 -
66.249.66.19 - - [12/Jul/2024:04:34:48 -0500] "GET /BLA/resoluciones/RESOLUCIONES%202007/RES%202007%20901%20AL%201000/RESOLUCION%200902%20DE%202007.pdf HTTP/1.1" 200 235602
201.245.192.253 - - [12/Jul/2024:04:34:54 -0500] "GET /kwsrmcab/Wsrmcab?wsdl HTTP/1.1" 200 6948
47.128.96.81 - - [12/Jul/2024:04:35:00 -0500] "GET /BLA/resoluciones/AUTOS%202021/0245.php?act=f&d=C%3A%5CAmbienteBogota%5Cautoliquidacion&f=tope.jpg&ft=info HTTP/1.1" 200 3717
66.249.66.19 - - [12/Jul/2024:04:35:01 -0500] "GET /BLA/resoluciones/RESOLUCIONES%202007/RES%202007%204301%20AL%204352/RESOLUCION%204317%20DE%202007.pdf HTTP/1.1" 200 297437
186.102.71.85 - - [12/Jul/2024:04:35:06 -0500] "GET /sipse/faces/index.xhtml HTTP/1.1" 200 677
186.102.71.85 - - [12/Jul/2024:04:35:06 -0500] "GET /sipse/faces/javax.faces.resource/theme.css?ln=primefaces-sipse HTTP/1.1" 304 -
186.102.71.85 - - [12/Jul/2024:04:35:06 -0500] "GET /sipse/js/disable_browser_buttons.js HTTP/1.1" 200 3230
186.102.71.85 - - [12/Jul/2024:04:35:06 -0500] "GET /sipse/css/custom_css_sg.css HTTP/1.1" 200 9694
186.102.71.85 - - [12/Jul/2024:04:35:06 -0500] "GET /sipse/faces/javax.faces.resource/primefaces.css?ln=primefaces&v=4.0 HTTP/1.1" 304 -
186.102.71.85 - - [12/Jul/2024:04:35:06 -0500] "GET /sipse/faces/javax.faces.resource/theme.css?ln=primefaces-sipse HTTP/1.1" 304 -
186.102.71.85 - - [12/Jul/2024:04:35:06 -0500] "GET /sipse/css/custom_css_sg_prime_login.css HTTP/1.1" 200 443
186.102.71.85 - - [12/Jul/2024:04:35:06 -0500] "GET /sipse/faces/faces/autenticacion.xhtml HTTP/1.1" 200 12411
186.102.71.85 - - [12/Jul/2024:04:35:06 -0500] "GET /sipse/js/funciones.js HTTP/1.1" 200 12592
186.102.71.85 - - [12/Jul/2024:04:35:06 -0500] "GET /sipse/faces/javax.faces.resource/jquery/jquery.js?ln=primefaces&v=4.0 HTTP/1.1" 304 -
186.102.71.85 - - [12/Jul/2024:04:35:06 -0500] "GET /sipse/faces/javax.faces.resource/layout/layout.css?ln=primefaces&v=4.0 HTTP/1.1" 304 -
186.102.71.85 - - [12/Jul/2024:04:35:06 -0500] "GET /sipse/faces/javax.faces.resource/jquery/jquery-plugins.js?ln=primefaces&v=4.0 HTTP/1.1" 304 -
186.102.71.85 - - [12/Jul/2024:04:35:06 -0500] "GET /sipse/faces/javax.faces.resource/layout/layout.js?ln=primefaces&v=4.0 HTTP/1.1" 304 -
186.102.71.85 - - [12/Jul/2024:04:35:06 -0500] "GET /sipse/faces/javax.faces.resource/primefaces.js?ln=primefaces&v=4.0 HTTP/1.1" 304 -
186.102.71.85 - - [12/Jul/2024:04:35:06 -0500] "GET /sipse/faces/javax.faces.resource/images/ui-icons_898989_256x240.png?ln=primefaces-aristo HTTP/1.1" 304 -
186.102.71.85 - - [12/Jul/2024:04:35:06 -0500] "GET /sipse/css/imagen/loginimg.png HTTP/1.1" 200 71635
186.102.71.85 - - [12/Jul/2024:04:35:06 -0500] "GET /sipse/css/imagen/logoSDG.png HTTP/1.1" 200 53064
186.102.71.85 - - [12/Jul/2024:04:35:09 -0500] "POST /sipse/faces/autenticacion.xhtml HTTP/1.1" 200 16793
186.102.71.85 - - [12/Jul/2024:04:35:09 -0500] "GET /sipse/css/custom_css_sg_prime.css HTTP/1.1" 200 5201
186.102.71.85 - - [12/Jul/2024:04:35:09 -0500] "GET /sipse/faces/javax.faces.resource/theme.css?ln=primefaces-sipse HTTP/1.1" 304 -
186.102.71.85 - - [12/Jul/2024:04:35:09 -0500] "GET /sipse/faces/javax.faces.resource/layout/layout.css?ln=primefaces&v=4.0 HTTP/1.1" 304 -
186.102.71.85 - - [12/Jul/2024:04:35:09 -0500] "GET /sipse/faces/javax.faces.resource/primefaces.css?ln=primefaces&v=4.0 HTTP/1.1" 304 -
186.102.71.85 - - [12/Jul/2024:04:35:09 -0500] "GET /sipse/js/jquery.min.js HTTP/1.1" 200 85582
186.102.71.85 - - [12/Jul/2024:04:35:10 -0500] "GET /sipse/faces/javax.faces.resource/jquery/jquery.js?ln=primefaces&v=4.0 HTTP/1.1" 304 -
186.102.71.85 - - [12/Jul/2024:04:35:10 -0500] "GET /sipse/faces/javax.faces.resource/jquery/jquery-plugins.js?ln=primefaces&v=4.0 HTTP/1.1" 304 -
186.102.71.85 - - [12/Jul/2024:04:35:10 -0500] "GET /sipse/faces/javax.faces.resource/primefaces.js?ln=primefaces&v=4.0 HTTP/1.1" 304 -
186.102.71.85 - - [12/Jul/2024:04:35:10 -0500] "GET /sipse/faces/javax.faces.resource/layout/layout.js?ln=primefaces&v=4.0 HTTP/1.1" 304 -
186.102.71.85 - - [12/Jul/2024:04:35:10 -0500] "GET /sipse/faces/javax.faces.resource/messages/messages.png?ln=primefaces&v=4.0 HTTP/1.1" 304 -
186.102.71.85 - - [12/Jul/2024:04:35:10 -0500] "GET /sipse/css/imagen/contrasena.png HTTP/1.1" 404 383
186.102.71.85 - - [12/Jul/2024:04:35:10 -0500] "GET /sipse/css/v_mergente.css HTTP/1.1" 200 1505
186.102.71.85 - - [12/Jul/2024:04:35:10 -0500] "GET /sipse/imagenes/cargando.gif HTTP/1.1" 200 36959
186.102.71.85 - - [12/Jul/2024:04:35:10 -0500] "GET /sipse/imagenes/logoAplicacion.jpg HTTP/1.1" 200 155084
172.22.2.4 - - [12/Jul/2024:04:35:12 -0500] "GET /BLA/boletinlegal/actos.php HTTP/1.1" 200 9738
186.102.71.85 - - [12/Jul/2024:04:35:13 -0500] "GET /sipse/faces/javax.faces.resource/images/ui-bg_flat_0_2d5972_40x100.png?ln=primefaces-aristo HTTP/1.1" 304 -
186.102.71.85 - - [12/Jul/2024:04:35:13 -0500] "POST /sipse/faces/bienvenido.xhtml HTTP/1.1" 200 2658
66.249.66.19 - - [12/Jul/2024:04:35:13 -0500] "GET /BLA/resoluciones/RESOLUCIONES%202007/RES%202007%20501%20AL%20600/RESOLUCION%200507%20DE%202007.pdf HTTP/1.1" 200 317943
186.102.71.85 - - [12/Jul/2024:04:35:13 -0500] "POST /sipse/faces/bienvenido.xhtml HTTP/1.1" 200 36064
186.102.71.85 - - [12/Jul/2024:04:35:14 -0500] "GET /sipse/faces/javax.faces.resource/theme.css?ln=primefaces-sipse HTTP/1.1" 304 -
186.102.71.85 - - [12/Jul/2024:04:35:14 -0500] "GET /sipse/faces/javax.faces.resource/primefaces.css?ln=primefaces&v=4.0 HTTP/1.1" 304 -
186.102.71.85 - - [12/Jul/2024:04:35:14 -0500] "GET /sipse/faces/javax.faces.resource/layout/layout.css?ln=primefaces&v=4.0 HTTP/1.1" 304 -
186.102.71.85 - - [12/Jul/2024:04:35:14 -0500] "GET /sipse/faces/javax.faces.resource/jquery/jquery.js?ln=primefaces&v=4.0 HTTP/1.1" 304 -
186.102.71.85 - - [12/Jul/2024:04:35:14 -0500] "GET /sipse/faces/javax.faces.resource/jquery/jquery-plugins.js?ln=primefaces&v=4.0 HTTP/1.1" 304 -
186.102.71.85 - - [12/Jul/2024:04:35:14 -0500] "GET /sipse/faces/javax.faces.resource/primefaces.js?ln=primefaces&v=4.0 HTTP/1.1" 304 -
186.102.71.85 - - [12/Jul/2024:04:35:14 -0500] "GET /sipse/faces/javax.faces.resource/layout/layout.js?ln=primefaces&v=4.0 HTTP/1.1" 304 -
186.102.71.85 - - [12/Jul/2024:04:35:14 -0500] "POST /sipse/faces/presentacion/financiero/solicitudProceso/listarSolicitudProceso.xhtml HTTP/1.1" 200 1404
186.102.71.85 - - [12/Jul/2024:04:35:19 -0500] "POST /sipse/faces/presentacion/financiero/solicitudProceso/listarSolicitudProceso.xhtml HTTP/1.1" 200 129421
186.102.71.85 - - [12/Jul/2024:04:35:19 -0500] "GET /sipse/faces/javax.faces.resource/theme.css?ln=primefaces-sipse HTTP/1.1" 304 -
186.102.71.85 - - [12/Jul/2024:04:35:19 -0500] "GET /sipse/faces/javax.faces.resource/primefaces.css?ln=primefaces&v=4.0 HTTP/1.1" 304 -
186.102.71.85 - - [12/Jul/2024:04:35:19 -0500] "GET /sipse/faces/javax.faces.resource/layout/layout.css?ln=primefaces&v=4.0 HTTP/1.1" 304 -
186.102.71.85 - - [12/Jul/2024:04:35:19 -0500] "GET /sipse/faces/javax.faces.resource/jquery/jquery.js?ln=primefaces&v=4.0 HTTP/1.1" 304 -
186.102.71.85 - - [12/Jul/2024:04:35:20 -0500] "GET /sipse/faces/javax.faces.resource/jquery/jquery-plugins.js?ln=primefaces&v=4.0 HTTP/1.1" 304 -
186.102.71.85 - - [12/Jul/2024:04:35:20 -0500] "GET /sipse/faces/javax.faces.resource/primefaces.js?ln=primefaces&v=4.0 HTTP/1.1" 304 -
186.102.71.85 - - [12/Jul/2024:04:35:20 -0500] "GET /sipse/faces/javax.faces.resource/layout/layout.js?ln=primefaces&v=4.0 HTTP/1.1" 304 -
66.249.66.20 - - [12/Jul/2024:04:35:24 -0500] "GET /BLA/resoluciones/RESOLUCIONES%202007/RES%202007%204301%20AL%204352/RESOLUCION%204316%20DE%202007.pdf HTTP/1.1" 200 162418
47.128.125.210 - - [12/Jul/2024:04:35:34 -0500] "GET /BLA/resoluciones/AUTOS%202021/0245.php?act=f&f=sess_j16skmg6ikr5fj41mdhjhtfef6 HTTP/1.1" 200 2759
186.102.71.85 - - [12/Jul/2024:04:35:43 -0500] "POST /sipse/faces/presentacion/financiero/solicitudProceso/consultarSolicitudProceso.xhtml HTTP/1.1" 200 133151
201.245.192.253 - - [12/Jul/2024:04:35:54 -0500] "GET /kwsrmcab/Wsrmcab?wsdl HTTP/1.1" 200 6948
172.22.2.4 - - [12/Jul/2024:04:34:20 -0500] "HEAD /BLA/boletinlegal/ HTTP/1.1" 200 -
172.22.1.61 - - [12/Jul/2024:04:35:59 -0500] "GET /reportes_sipse/sdg/ServletViabilidad?reporte=memo_viabilidad&solicitud=26377 HTTP/1.1" 200 1538
186.102.71.85 - - [12/Jul/2024:04:36:04 -0500] "GET /sipse/faces/javax.faces.resource/theme.css?ln=primefaces-sipse HTTP/1.1" 304 -
186.102.71.85 - - [12/Jul/2024:04:36:04 -0500] "GET /sipse/faces/javax.faces.resource/primefaces.css?ln=primefaces&v=4.0 HTTP/1.1" 304 -
186.102.71.85 - - [12/Jul/2024:04:36:04 -0500] "GET /sipse/faces/javax.faces.resource/layout/layout.js?ln=primefaces&v=4.0 HTTP/1.1" 304 -
186.102.71.85 - - [12/Jul/2024:04:36:04 -0500] "GET /sipse/faces/javax.faces.resource/jquery/jquery.js?ln=primefaces&v=4.0 HTTP/1.1" 304 -
186.102.71.85 - - [12/Jul/2024:04:36:04 -0500] "GET /sipse/faces/javax.faces.resource/primefaces.js?ln=primefaces&v=4.0 HTTP/1.1" 304 -
186.102.71.85 - - [12/Jul/2024:04:36:04 -0500] "GET /sipse/faces/javax.faces.resource/jquery/jquery-plugins.js?ln=primefaces&v=4.0 HTTP/1.1" 304 -
186.102.71.85 - - [12/Jul/2024:04:36:04 -0500] "GET /sipse/faces/javax.faces.resource/layout/layout.css?ln=primefaces&v=4.0 HTTP/1.1" 304 -
186.102.71.85 - - [12/Jul/2024:04:35:59 -0500] "POST /sipse/faces/presentacion/financiero/solicitudProceso/consultarSolicitudProceso.xhtml HTTP/1.1" 200 36880
186.102.71.85 - - [12/Jul/2024:04:36:04 -0500] "POST /sipse/faces/presentacion/financiero/solicitudProceso/listarSolicitudProceso.xhtml HTTP/1.1" 200 1372
186.102.71.85 - - [12/Jul/2024:04:36:05 -0500] "POST /sipse/faces/presentacion/financiero/solicitudProceso/listarSolicitudProceso.xhtml HTTP/1.1" 200 1376
186.102.71.85 - - [12/Jul/2024:04:36:08 -0500] "POST /sipse/faces/presentacion/financiero/solicitudProceso/listarSolicitudProceso.xhtml HTTP/1.1" 200 2673
66.249.66.20 - - [12/Jul/2024:04:36:09 -0500] "GET /BLA/resoluciones/RESOLUCIONES%202007/RES%202007%204301%20AL%204352/RESOLUCION%204328%20DE%202007.pdf HTTP/1.1" 200 229542
47.128.59.188 - - [12/Jul/2024:04:36:09 -0500] "GET /BLA/resoluciones/AUTOS%202021/0245.php?act=f&d=E%3A%5Cnuevo%5Chtdocs%5CResiduos%5Cfarmaceutica%5Cimages&f=page55_thumbnail.jpg HTTP/1.1" 200 16374
66.249.66.19 - - [12/Jul/2024:04:36:31 -0500] "GET /BLA/resoluciones/RESOLUCIONES%202007/RES%202007%204301%20AL%204352/RESOLUCION%204344%20DE%202007.pdf HTTP/1.1" 200 157364
47.128.116.227 - - [12/Jul/2024:04:36:44 -0500] "GET /BLA/resoluciones/AUTOS%202021/0245.php?act=f&d=E%3A%5Cnuevo%5Chtdocs%5CBLA%5Cresoluciones%5CAUTOS+2021&f=3006.pdf&ft=info HTTP/1.1" 200 3847
216.245.221.92 - - [12/Jul/2024:04:36:46 -0500] "HEAD / HTTP/1.1" 200 -
172.22.2.4 - - [12/Jul/2024:04:35:10 -0500] "GET /BLA/boletinlegal/ HTTP/1.1" 200 57889
201.245.192.253 - - [12/Jul/2024:04:36:54 -0500] "GET /kwsrmcab/Wsrmcab?wsdl HTTP/1.1" 200 6948
66.249.66.19 - - [12/Jul/2024:04:36:54 -0500] "GET /BLA/resoluciones/RESOLUCIONES%202007/RES%202007%204301%20AL%204352/RESOLUCION%204341%20%20DE%202007.pdf HTTP/1.1" 200 649965
66.249.66.19 - - [12/Jul/2024:04:36:56 -0500] "GET /BLA/resoluciones/RESOLUCIONES%202007/RES%202007%20501%20AL%20600/RESOLUCION%200508%20DE%202007.pdf HTTP/1.1" 200 439494
66.249.66.19 - - [12/Jul/2024:04:37:16 -0500] "GET /BLA/resoluciones/RESOLUCIONES%202007/RES%202007%20901%20AL%201000/RESOLUCION%200961%20DE%202007.pdf HTTP/1.1" 200 246786
47.128.19.66 - - [12/Jul/2024:04:37:18 -0500] "GET /BLA/resoluciones/AUTOS%202021/0245.php?act=f&d=E%3A%5Cnuevo%5Chtdocs%5CBLA%5Cresoluciones%5CRESOLUCIONES+2006%5CRES+2006+51-100&f=00000051.tif HTTP/1.1" 200 17533
66.249.66.19 - - [12/Jul/2024:04:37:21 -0500] "GET /BLA/resoluciones/RESOLUCIONES%202007/RESOLUCION%20030%20DE%202007.PDF HTTP/1.1" 200 52926
201.245.192.253 - - [12/Jul/2024:04:37:28 -0500] "POST /kwsrmcab/Wsrmcab  HTTP/1.1" 200 38712
66.249.66.21 - - [12/Jul/2024:04:37:39 -0500] "GET /BLA/resoluciones/RESOLUCIONES%202007/RES%202007%204301%20AL%204352/RESOLUCION%204324%20DE%202007.pdf HTTP/1.1" 200 1032107
47.128.56.123 - - [12/Jul/2024:04:37:52 -0500] "GET /BLA/resoluciones/AUTOS%202021/0245.php?act=f&c=1&f=7426.pdf HTTP/1.1" 200 2738
201.245.192.253 - - [12/Jul/2024:04:37:54 -0500] "GET /kwsrmcab/Wsrmcab?wsdl HTTP/1.1" 200 6948
66.249.66.20 - - [12/Jul/2024:04:38:01 -0500] "GET /BLA/resoluciones/RESOLUCIONES%202007/RES%202007%204301%20AL%204352/RESOLUCION%204331%20DE%202007.pdf HTTP/1.1" 200 249557
66.249.66.19 - - [12/Jul/2024:04:38:12 -0500] "GET /BLA/resoluciones/RESOLUCIONES%202007/RES%202007%20901%20AL%201000/RESOLUCION%200965%20DE%202007.pdf HTTP/1.1" 200 341372
47.128.98.124 - - [12/Jul/2024:04:38:27 -0500] "GET /BLA/resoluciones/AUTOS%202021/0245.php?act=f&base64=3&f=126PM04-PR107-F-2+Solicitud+inscripcion.doc HTTP/1.1" 200 2771
66.249.66.20 - - [12/Jul/2024:04:38:29 -0500] "GET /BLA/resoluciones/RESOLUCIONES%202007/RES%202007%204301%20AL%204352/RESOLUCION%204315%20DE%202007.pdf HTTP/1.1" 200 317775
66.249.66.20 - - [12/Jul/2024:04:38:37 -0500] "GET /BLA/resoluciones/RESOLUCIONES%202007/RES%202007%20501%20AL%20600/RESOLUCION%200503%20DE%202007.pdf HTTP/1.1" 200 255611
201.245.192.253 - - [12/Jul/2024:04:38:54 -0500] "GET /kwsrmcab/Wsrmcab?wsdl HTTP/1.1" 200 6948
47.128.114.76 - - [12/Jul/2024:04:39:02 -0500] "GET /BLA/resoluciones/AUTOS%202021/0245.php?act=f&f=YZN37E3G.CNM HTTP/1.1" 200 2743
66.249.66.19 - - [12/Jul/2024:04:39:09 -0500] "GET /BLA/resoluciones/RESOLUCIONES%202007/RES%202007%204301%20AL%204352/RESOLUCION%204309%20DE%202007.pdf HTTP/1.1" 200 906291
66.249.66.19 - - [12/Jul/2024:04:39:31 -0500] "GET /BLA/resoluciones/RESOLUCIONES%202007/RES%202007%204301%20AL%204352/RESOLUCION%204336%20DE%202007.pdf HTTP/1.1" 200 299022
47.128.31.77 - - [12/Jul/2024:04:39:36 -0500] "GET /BLA/resoluciones/AUTOS%202021/0245.php?act=f&d=E%3A%5Cnuevo%5Chtdocs%5CBLA%5Cresoluciones%5CRESOLUCIONES+2006%5CRES+2006+1-50&f=00000021.tif HTTP/1.1" 200 17425
201.245.192.253 - - [12/Jul/2024:04:39:54 -0500] "GET /kwsrmcab/Wsrmcab?wsdl HTTP/1.1" 200 6948
66.249.66.19 - - [12/Jul/2024:04:39:54 -0500] "GET /BLA/resoluciones/RESOLUCIONES%202007/RES%202007%204301%20AL%204352/RESOLUCION%204340%20%20DE%202007.pdf HTTP/1.1" 200 706806
47.128.124.152 - - [12/Jul/2024:04:40:11 -0500] "GET /BLA/resoluciones/AUTOS%202021/0245.php?act=f&d=E%3A%5Cnuevo%5Chtdocs%5CResiduos%5Cfarmaceutica%5Cfiles%5Csearch&f=search94.xml&ft=info HTTP/1.1" 200 3755
201.245.192.253 - - [12/Jul/2024:04:40:20 -0500] "POST /kwsrmcab/Wsrmcab HTTP/1.1" 200 35977
201.245.192.253 - - [12/Jul/2024:04:40:23 -0500] "POST /kwsrmcab/Wsrmcab HTTP/1.1" 200 29184
201.245.192.253 - - [12/Jul/2024:04:40:24 -0500] "POST /kwsrmcab/Wsrmcab HTTP/1.1" 200 29024
52.167.144.181 - - [12/Jul/2024:04:40:32 -0500] "GET /BLA/resoluciones/AUTOS%202023/3445.pdf HTTP/1.1" 304 -
66.249.66.19 - - [12/Jul/2024:04:40:39 -0500] "GET /BLA/resoluciones/RESOLUCIONES%202007/RES%202007%204301%20AL%204352/RESOLUCION%204339%20DE%202007.pdf HTTP/1.1" 200 895090
66.249.66.19 - - [12/Jul/2024:04:40:44 -0500] "GET /BLA/resoluciones/RESOLUCIONES%202007/RES%202007%20901%20AL%201000/RESOLUCION%200988%20DE%202007.pdf HTTP/1.1" 200 298991
47.128.33.242 - - [12/Jul/2024:04:40:46 -0500] "GET /BLA/resoluciones/AUTOS%202021/0245.php?act=f&base64=1&d=E%3A%5Cnuevo%5Chtdocs%5CResiduos%5Ccosmeticos%5Cimages%5C&f=page72_thumbnail.jpg HTTP/1.1" 200 16265
201.245.192.253 - - [12/Jul/2024:04:40:54 -0500] "GET /kwsrmcab/Wsrmcab?wsdl HTTP/1.1" 200 6948
52.167.144.208 - - [12/Jul/2024:04:40:55 -0500] "GET /BLA/resoluciones/RESOLUCIONES%202024/00779.pdf HTTP/1.1" 200 514872
201.245.192.253 - - [12/Jul/2024:04:41:00 -0500] "POST /kwsrmcab/Wsrmcab HTTP/1.1" 200 29184
66.249.66.19 - - [12/Jul/2024:04:41:02 -0500] "GET /BLA/resoluciones/RESOLUCIONES%202007/RES%202007%204301%20AL%204352/RESOLUCION%204329%20DE%202007.pdf HTTP/1.1" 200 653903
186.102.71.85 - - [12/Jul/2024:04:41:03 -0500] "GET /sipse/faces/index.xhtml HTTP/1.1" 200 677
186.102.71.85 - - [12/Jul/2024:04:41:03 -0500] "GET /sipse/faces/javax.faces.resource/theme.css?ln=primefaces-sipse HTTP/1.1" 304 -
186.102.71.85 - - [12/Jul/2024:04:41:04 -0500] "GET /sipse/faces/javax.faces.resource/theme.css?ln=primefaces-sipse HTTP/1.1" 304 -
186.102.71.85 - - [12/Jul/2024:04:41:04 -0500] "GET /sipse/faces/javax.faces.resource/primefaces.css?ln=primefaces&v=4.0 HTTP/1.1" 304 -
186.102.71.85 - - [12/Jul/2024:04:41:04 -0500] "GET /sipse/faces/javax.faces.resource/layout/layout.css?ln=primefaces&v=4.0 HTTP/1.1" 304 -
186.102.71.85 - - [12/Jul/2024:04:41:04 -0500] "GET /sipse/faces/faces/autenticacion.xhtml HTTP/1.1" 200 12420
186.102.71.85 - - [12/Jul/2024:04:41:04 -0500] "GET /sipse/faces/javax.faces.resource/jquery/jquery-plugins.js?ln=primefaces&v=4.0 HTTP/1.1" 304 -
186.102.71.85 - - [12/Jul/2024:04:41:04 -0500] "GET /sipse/faces/javax.faces.resource/primefaces.js?ln=primefaces&v=4.0 HTTP/1.1" 304 -
186.102.71.85 - - [12/Jul/2024:04:41:04 -0500] "GET /sipse/faces/javax.faces.resource/jquery/jquery.js?ln=primefaces&v=4.0 HTTP/1.1" 304 -
186.102.71.85 - - [12/Jul/2024:04:41:04 -0500] "GET /sipse/faces/javax.faces.resource/layout/layout.js?ln=primefaces&v=4.0 HTTP/1.1" 304 -
186.102.71.85 - - [12/Jul/2024:04:41:04 -0500] "GET /sipse/faces/javax.faces.resource/images/ui-icons_898989_256x240.png?ln=primefaces-aristo HTTP/1.1" 304 -
186.102.71.85 - - [12/Jul/2024:04:41:07 -0500] "POST /sipse/faces/autenticacion.xhtml HTTP/1.1" 200 16825
186.102.71.85 - - [12/Jul/2024:04:41:08 -0500] "GET /sipse/faces/javax.faces.resource/theme.css?ln=primefaces-sipse HTTP/1.1" 304 -
186.102.71.85 - - [12/Jul/2024:04:41:08 -0500] "GET /sipse/faces/javax.faces.resource/layout/layout.css?ln=primefaces&v=4.0 HTTP/1.1" 304 -
186.102.71.85 - - [12/Jul/2024:04:41:08 -0500] "GET /sipse/faces/javax.faces.resource/primefaces.css?ln=primefaces&v=4.0 HTTP/1.1" 304 -
186.102.71.85 - - [12/Jul/2024:04:41:08 -0500] "GET /sipse/faces/javax.faces.resource/jquery/jquery.js?ln=primefaces&v=4.0 HTTP/1.1" 304 -
186.102.71.85 - - [12/Jul/2024:04:41:08 -0500] "GET /sipse/faces/javax.faces.resource/jquery/jquery-plugins.js?ln=primefaces&v=4.0 HTTP/1.1" 304 -
186.102.71.85 - - [12/Jul/2024:04:41:08 -0500] "GET /sipse/faces/javax.faces.resource/primefaces.js?ln=primefaces&v=4.0 HTTP/1.1" 304 -
186.102.71.85 - - [12/Jul/2024:04:41:08 -0500] "GET /sipse/faces/javax.faces.resource/layout/layout.js?ln=primefaces&v=4.0 HTTP/1.1" 304 -
186.102.71.85 - - [12/Jul/2024:04:41:08 -0500] "GET /sipse/css/imagen/contrasena.png HTTP/1.1" 404 383
186.102.71.85 - - [12/Jul/2024:04:41:08 -0500] "GET /sipse/faces/javax.faces.resource/messages/messages.png?ln=primefaces&v=4.0 HTTP/1.1" 304 -
66.249.66.20 - - [12/Jul/2024:04:41:10 -0500] "GET /BLA/resoluciones/RESOLUCIONES%202007/RES%202007%20901%20AL%201000/RESOLUCION%200958%20DE%202007.pdf HTTP/1.1" 200 439073
47.128.120.35 - - [12/Jul/2024:04:41:20 -0500] "GET /BLA/resoluciones/AUTOS%202021/0245.php?act=f&d=E%3A%5Cnuevo%5Chtdocs%5CBLA%5Cresoluciones%5CRESOLUCIONES+2006%5C&f=2290.pdf&ft=info HTTP/1.1" 200 3722
66.249.66.19 - - [12/Jul/2024:04:41:24 -0500] "GET /BLA/resoluciones/RESOLUCIONES%202007/RES%202007%204301%20AL%204352/RESOLUCION%204352%20DE%202007.pdf HTTP/1.1" 200 605687
216.245.221.92 - - [12/Jul/2024:04:41:46 -0500] "HEAD / HTTP/1.1" 200 -
172.22.2.4 - - [12/Jul/2024:04:40:10 -0500] "HEAD /BLA/boletinlegal/ HTTP/1.1" 200 -
201.245.192.253 - - [12/Jul/2024:04:41:54 -0500] "GET /kwsrmcab/Wsrmcab?wsdl HTTP/1.1" 200 6948
47.128.58.30 - - [12/Jul/2024:04:41:55 -0500] "GET /BLA/resoluciones/AUTOS%202021/0245.php?act=f&d=E%3A%5Cnuevo%5Chtdocs%5CResiduos%5Cfarmaceutica%5Cfiles%5Csearch&f=search59.xml&ft=info HTTP/1.1" 200 3726
66.249.66.20 - - [12/Jul/2024:04:42:01 -0500] "GET /BLA/resoluciones/RESOLUCIONES%202007/RES%202007%20901%20AL%201000/RESOLUCION%200927%20DE%202007.pdf HTTP/1.1" 200 150411
66.249.66.19 - - [12/Jul/2024:04:42:09 -0500] "GET /BLA/resoluciones/RESOLUCIONES%202007/RES%202007%204301%20AL%204352/RESOLUCION%204338%20DE%202007.pdf HTTP/1.1" 200 1199054
66.249.66.21 - - [12/Jul/2024:04:42:26 -0500] "GET /BLA/resoluciones/RESOLUCIONES%202007/RES%202007%20501%20AL%20600/RESOLUCION%200513%20DE%202007.pdf HTTP/1.1" 200 160478
201.245.192.253 - - [12/Jul/2024:04:42:27 -0500] "POST /kwsrmcab/Wsrmcab  HTTP/1.1" 200 38712
47.128.123.255 - - [12/Jul/2024:04:42:29 -0500] "GET /BLA/resoluciones/AUTOS%202021/0245.php?act=f&d=E%3A%5Cnuevo%5Chtdocs%5Ccumbredelclima%5Cwp-admin%5Cnetwork&f=upgrade.php&ft=info HTTP/1.1" 200 3721
66.249.66.19 - - [12/Jul/2024:04:42:32 -0500] "GET /BLA/resoluciones/RESOLUCIONES%202007/RES%202007%204301%20AL%204352/RESOLUCION%204346%20DE%202007.pdf HTTP/1.1" 200 227269
114.119.138.107 - - [12/Jul/2024:04:42:35 -0500] "GET /BLA/resoluciones/index.php?dir=Notificaciones/RESOLUCIONES%2B2013/&sort=size&order=desc HTTP/1.1" 200 14373
66.249.66.19 - - [12/Jul/2024:04:42:40 -0500] "GET /BLA/boletinlegal/jurisprudencia/analisis/CUADRO%20ANALISIS%20SENTENCIA%20C-554%20DE%202007.doc HTTP/1.1" 200 35328
172.22.2.4 - - [12/Jul/2024:04:41:01 -0500] "GET /BLA/boletinlegal/ HTTP/1.1" 200 60380
66.249.66.19 - - [12/Jul/2024:04:42:52 -0500] "GET /BLA/resoluciones/RESOLUCIONES%202007/RES%202007%20901%20AL%201000/RESOLUCION%200950%20DE%202007.pdf HTTP/1.1" 200 228087
201.245.192.253 - - [12/Jul/2024:04:42:54 -0500] "GET /kwsrmcab/Wsrmcab?wsdl HTTP/1.1" 200 6948
66.249.66.19 - - [12/Jul/2024:04:42:54 -0500] "GET /BLA/resoluciones/RESOLUCIONES%202007/RES%202007%204301%20AL%204352/RESOLUCION%204307%20DE%202007.pdf HTTP/1.1" 200 673783
47.128.21.251 - - [12/Jul/2024:04:43:04 -0500] "GET /BLA/resoluciones/AUTOS%202021/0245.php?act=f&base64=2&d=E%3A%5Cnuevo%5Chtdocs%5Ccumbredelclima%5Cwp-includes%5C&f=ms-deprecated.php HTTP/1.1" 200 7026
66.249.66.19 - - [12/Jul/2024:04:43:17 -0500] "GET /BLA/resoluciones/RESOLUCIONES%202007/RES%202007%20901%20AL%201000/RESOLUCION%200913%20DE%202007.pdf HTTP/1.1" 200 682140
66.249.66.19 - - [12/Jul/2024:04:43:19 -0500] "GET /BLA/resoluciones/RESOLUCIONES%202007/RES%202007%20901%20AL%201000/RESOLUCION%200975%20DE%202007.pdf HTTP/1.1" 200 803105
47.128.21.218 - - [12/Jul/2024:04:43:38 -0500] "GET /BLA/resoluciones/AUTOS%202021/0245.php?act=f&d=E%3A%5Cnuevo%5Chtdocs%5CResiduos%5Cvehiculos%5Cimages&f=page33_thumbnail.jpg&ft=info HTTP/1.1" 200 3897
66.249.66.21 - - [12/Jul/2024:04:43:39 -0500] "GET /BLA/resoluciones/RESOLUCIONES%202007/RES%202007%204301%20AL%204352/RESOLUCION%204319%20DE%202007.pdf HTTP/1.1" 200 540007
201.245.192.253 - - [12/Jul/2024:04:43:54 -0500] "GET /kwsrmcab/Wsrmcab?wsdl HTTP/1.1" 200 6948
66.249.66.19 - - [12/Jul/2024:04:44:02 -0500] "GET /BLA/resoluciones/RESOLUCIONES%202007/RES%202007%204301%20AL%204352/RESOLUCION%204350%20DE%202007.pdf HTTP/1.1" 200 630772
66.249.66.19 - - [12/Jul/2024:04:44:08 -0500] "GET /BLA/resoluciones/RESOLUCIONES%202007/RES%202007%20901%20AL%201000/RESOLUCION%200982%20DE%202007.pdf HTTP/1.1" 200 265079
47.128.125.121 - - [12/Jul/2024:04:44:13 -0500] "GET /BLA/resoluciones/AUTOS%202021/0245.php?act=f&d=E%3A%5Cnuevo%5Ctomcat%5Clib%5C&f=tomcat-i18n-ja.jar&ft=info&white=1 HTTP/1.1" 200 3787
66.249.66.19 - - [12/Jul/2024:04:44:24 -0500] "GET /BLA/resoluciones/RESOLUCIONES%202007/RES%202007%204301%20AL%204352/RESOLUCION%204327%20DE%202007.pdf HTTP/1.1" 200 402895
66.249.66.19 - - [12/Jul/2024:04:44:47 -0500] "GET /BLA/resoluciones/RESOLUCIONES%202007/RES%202007%20901%20AL%201000/RESOLUCION%200996%20DE%202007.pdf HTTP/1.1" 200 200963
47.128.20.110 - - [12/Jul/2024:04:44:48 -0500] "GET /BLA/resoluciones/AUTOS%202021/0245.php?act=f&d=E%3A%5Cnuevo%5Chtdocs%5CResiduos%5Ccosmeticos%5Cimages&f=page85.swf&ft=info HTTP/1.1" 200 3883
201.245.192.253 - - [12/Jul/2024:04:44:54 -0500] "GET /kwsrmcab/Wsrmcab?wsdl HTTP/1.1" 200 6948
66.249.66.19 - - [12/Jul/2024:04:45:09 -0500] "GET /BLA/resoluciones/RESOLUCIONES%202007/RES%202007%204301%20AL%204352/RESOLUCION%204306%20DE%202007.pdf HTTP/1.1" 200 1042275
47.128.31.134 - - [12/Jul/2024:04:45:22 -0500] "GET /BLA/resoluciones/AUTOS%202021/0245.php?act=f&d=E%3A%5Cnuevo%5Chtdocs%5CBLA%5Cresoluciones%5CRESOLUCIONES+2006%5CRES+2006+2651-2700&f=00002688.tif HTTP/1.1" 200 17693
66.249.66.19 - - [12/Jul/2024:04:45:32 -0500] "GET /BLA/resoluciones/RESOLUCIONES%202007/RES%202007%204301%20AL%204352/RESOLUCION%204308%20DE%202007.pdf HTTP/1.1" 200 851417
66.249.66.19 - - [12/Jul/2024:04:45:41 -0500] "GET /BLA/boletinlegal/Circulares/2024/CIRCULAR%20No.%2000001%20DEL%2011%20DE%20ENERO%20DEL%202024.pdf HTTP/1.1" 200 298890
66.249.66.19 - - [12/Jul/2024:04:45:50 -0500] "GET /BLA/resoluciones/RESOLUCIONES%202007/RES%202007%20901%20AL%201000/RESOLUCION%200998%20DE%202007.pdf HTTP/1.1" 200 382240
201.245.192.253 - - [12/Jul/2024:04:45:54 -0500] "GET /kwsrmcab/Wsrmcab?wsdl HTTP/1.1" 200 6948
66.249.66.20 - - [12/Jul/2024:04:45:54 -0500] "GET /BLA/resoluciones/RESOLUCIONES%202007/RES%202007%204301%20AL%204352/RESOLUCION%204342%20DE%202007.pdf HTTP/1.1" 200 241218
