47.128.57.194 - - [12/Jul/2024:03:20:50 -0500] "GET /BLA/resoluciones/AUTOS%202021/0245.php?act=f&d=E%3A%5Cnuevo%5Chtdocs%5CResiduos%5Ccosmeticos%5Cimages&f=page74_thumbnail.jpg&ft=info HTTP/1.1" 200 3900
201.245.192.253 - - [12/Jul/2024:03:20:54 -0500] "GET /kwsrmcab/Wsrmcab?wsdl HTTP/1.1" 200 6948
172.22.2.4 - - [12/Jul/2024:03:19:21 -0500] "GET /BLA/boletinlegal/ HTTP/1.1" 200 58273
66.249.66.19 - - [12/Jul/2024:03:21:17 -0500] "GET /BLA/resoluciones/RESOLUCIONES%202007/1873.pdf HTTP/1.1" 200 59773
201.245.192.253 - - [12/Jul/2024:03:21:21 -0500] "POST /kwsrmcab/Wsrmcab HTTP/1.1" 200 29173
47.128.20.144 - - [12/Jul/2024:03:21:32 -0500] "GET /BLA/resoluciones/AUTOS%202021/0245.php?act=f&d=E%3A%5Cnuevo%5Chtdocs%5CBLA%5Cresoluciones%5CAUTOS+2021&f=0355.pdf&ft=info HTTP/1.1" 200 3847
66.249.66.19 - - [12/Jul/2024:03:21:37 -0500] "GET /isolucionsda/Arriba.asp?Pagina=/isolucionsda/BancoConocimiento/R/Resolucion1016de31marzode1989/Resolucion1016de31marzode1989.asp&IdArticulo=2790 HTTP/1.1" 200 527
216.245.221.92 - - [12/Jul/2024:03:21:46 -0500] "HEAD / HTTP/1.1" 200 -
66.249.66.19 - - [12/Jul/2024:03:21:50 -0500] "GET /BLA/resoluciones/RESOLUCIONES%202007/RES%202007%201201%20AL%201300/RESOLUCION%201248%20DE%202007.pdf HTTP/1.1" 200 978304
201.245.192.253 - - [12/Jul/2024:03:21:54 -0500] "GET /kwsrmcab/Wsrmcab?wsdl HTTP/1.1" 200 6948
66.249.66.19 - - [12/Jul/2024:03:22:07 -0500] "GET /BLA/resoluciones/RESOLUCIONES%202007/RES%202007%20901%20AL%201000/RESOLUCION%200917%20DE%202007.pdf HTTP/1.1" 200 160040
47.128.112.208 - - [12/Jul/2024:03:22:14 -0500] "GET /BLA/resoluciones/AUTOS%202021/0245.php?act=f&d=E%3A%5Cnuevo%5Chtdocs%5Ccumbredelclima%5Cwp-admin%5Cnetwork&f=freedoms.php&ft=info HTTP/1.1" 200 3737
66.249.66.19 - - [12/Jul/2024:03:22:23 -0500] "GET /BLA/resoluciones/RESOLUCIONES%202007/RES%202007%20501%20AL%20600/RESOLUCION%200509%20DE%202007.pdf HTTP/1.1" 200 260752
40.77.167.76 - - [12/Jul/2024:03:22:45 -0500] "GET /BLA/resoluciones/index.php?dir=AUTOS+2016%2F HTTP/1.1" 200 332123
201.245.192.253 - - [12/Jul/2024:03:22:48 -0500] "POST /kwsrmcab/Wsrmcab  HTTP/1.1" 200 38712
201.245.192.253 - - [12/Jul/2024:03:22:54 -0500] "GET /kwsrmcab/Wsrmcab?wsdl HTTP/1.1" 200 6948
66.249.66.20 - - [12/Jul/2024:03:22:55 -0500] "GET /BLA/resoluciones/RESOLUCIONES%202007/RES%202007%201201%20AL%201300/RESOLUCION%201247%20DE%202007.pdf HTTP/1.1" 200 452202
47.128.98.172 - - [12/Jul/2024:03:22:56 -0500] "GET /BLA/resoluciones/AUTOS%202021/0245.php?act=f&d=E%3A%5Cnuevo%5Chtdocs%5Ccumbredelclima%5Cwp-admin%5Cjs&f=media.js&ft=edit HTTP/1.1" 200 4149
216.244.66.195 - - [12/Jul/2024:03:22:58 -0500] "GET /robots.txt HTTP/1.1" 404 1018
66.249.66.20 - - [12/Jul/2024:03:23:30 -0500] "GET /BLA/resoluciones/RESOLUCIONES%202007/RES%202007%20501%20AL%20600/RESOLUCION%200554%20DE%202007.pdf HTTP/1.1" 200 506392
47.128.19.197 - - [12/Jul/2024:03:23:31 -0500] "GET /BLA/resoluciones/AUTOS%202021/0245.php?act=f&d=E%3A%5Cnuevo%5CphpMyAdmin2%5Clibraries%5Cplugins%5Cexport&f=ExportOds.class.php&ft=info HTTP/1.1" 200 3782
66.249.66.19 - - [12/Jul/2024:03:23:46 -0500] "GET /BLA/resoluciones/RESOLUCIONES%202007/RES%202007%20901%20AL%201000/RESOLUCION%200946%20DE%202007.pdf HTTP/1.1" 200 227121
201.245.192.253 - - [12/Jul/2024:03:23:54 -0500] "GET /kwsrmcab/Wsrmcab?wsdl HTTP/1.1" 200 6948
47.128.19.19 - - [12/Jul/2024:03:24:05 -0500] "GET /BLA/resoluciones/AUTOS%202021/0245.php?act=f&base64=1&d=E%3A%5Cnuevo%5Chtdocs%5CResiduos%5Ctextiles%5Cimages%5C&f=page109_thumbnail.jpg HTTP/1.1" 200 16182
66.249.66.19 - - [12/Jul/2024:03:24:33 -0500] "GET /Publicaciones/2024EE61857.pdf HTTP/1.1" 404 227
47.128.127.83 - - [12/Jul/2024:03:24:40 -0500] "GET /BLA/resoluciones/AUTOS%202021/0245.php?act=f&base64=3&d=E%3A%5Cnuevo%5CMercuryMail%5CMLSS%5C&f=mlss_e11.htm&ft=info HTTP/1.1" 200 4685
201.245.192.253 - - [12/Jul/2024:03:24:54 -0500] "GET /kwsrmcab/Wsrmcab?wsdl HTTP/1.1" 200 6948
47.128.23.191 - - [12/Jul/2024:03:25:15 -0500] "GET /BLA/resoluciones/AUTOS%202021/0245.php?act=f&d=E%3A%5Cnuevo%5Chtdocs%5CBLA%5Cresoluciones%5CRESOLUCIONES+2006%5C&f=RESOLUCION+66+DE+2006.PDF&ft=info HTTP/1.1" 200 3836
199.16.157.181 - - [12/Jul/2024:03:25:22 -0500] "GET /images/presentaci%C3%B3n%20convenci%C3%B3n.jpg HTTP/1.1" 404 1034
40.77.167.76 - - [12/Jul/2024:03:25:26 -0500] "GET /Publicaciones/2024EE32725.pdf HTTP/1.1" 404 227
47.128.113.252 - - [12/Jul/2024:03:25:49 -0500] "GET /BLA/resoluciones/AUTOS%202021/0245.php?act=f&d=E%3A%5Cnuevo%5CMercuryMail%5C&f=policy1.mer&ft=info&fullhexdump=1 HTTP/1.1" 200 5693
201.245.192.253 - - [12/Jul/2024:03:25:54 -0500] "GET /kwsrmcab/Wsrmcab?wsdl HTTP/1.1" 200 6948
172.22.2.4 - - [12/Jul/2024:03:24:20 -0500] "HEAD /BLA/boletinlegal/ HTTP/1.1" 200 -
172.22.2.4 - - [12/Jul/2024:03:26:19 -0500] "GET /BLA/boletinlegal/favicon.ico HTTP/1.1" 404 1038
47.128.19.84 - - [12/Jul/2024:03:26:24 -0500] "GET /BLA/resoluciones/AUTOS%202021/0245.php?act=f&d=E%3A%5Cnuevo%5Chtdocs%5CResiduos%5Ccosmeticos%5Cimages&f=page77_thumbnail.jpg&ft=info HTTP/1.1" 200 3906
66.249.66.19 - - [12/Jul/2024:03:26:44 -0500] "GET /BLA/resoluciones/RESOLUCIONES%202007/RES%202007%20501%20AL%20600/RESOLUCION%200569%20DE%202007.pdf HTTP/1.1" 200 487625
216.245.221.92 - - [12/Jul/2024:03:26:46 -0500] "HEAD / HTTP/1.1" 200 -
172.22.2.4 - - [12/Jul/2024:03:25:11 -0500] "GET /BLA/boletinlegal/ HTTP/1.1" 200 57485
201.245.192.253 - - [12/Jul/2024:03:26:54 -0500] "GET /kwsrmcab/Wsrmcab?wsdl HTTP/1.1" 200 6948
47.128.20.121 - - [12/Jul/2024:03:26:58 -0500] "GET /BLA/resoluciones/AUTOS%202021/0245.php?act=f&d=E%3A%5Cnuevo%5Chtdocs%5CResiduos%5Ccosmeticos%5Cimages&f=page49.swf&ft=info HTTP/1.1" 200 3878
66.249.66.19 - - [12/Jul/2024:03:27:17 -0500] "GET /BLA/resoluciones/RESOLUCIONES%202007/RES%202007%201201%20AL%201300/RESOLUCION%201252%20DE%202007.pdf HTTP/1.1" 200 724519
66.249.66.19 - - [12/Jul/2024:03:27:32 -0500] "GET /BLA/resoluciones/RESOLUCIONES%202007/RES%202007%20901%20AL%201000/RESOLUCION%200910%20DE%202007.pdf HTTP/1.1" 200 235023
47.128.115.91 - - [12/Jul/2024:03:27:33 -0500] "GET /BLA/resoluciones/AUTOS%202021/0245.php?act=f&d=E%3A%5Cnuevo%5Chtdocs%5CBLA%5Cresoluciones%5CAUTOS+2021%5C&f=1528.pdf&ft=info HTTP/1.1" 200 3841
66.249.66.20 - - [12/Jul/2024:03:27:34 -0500] "GET /BLA/resoluciones/RESOLUCIONES%202007/RES%202007%20501%20AL%20600/RESOLUCION%200520%20DE%202007.pdf HTTP/1.1" 200 91251
66.249.66.20 - - [12/Jul/2024:03:27:49 -0500] "GET /BLA/resoluciones/RESOLUCIONES%202007/RES%202007%201201%20AL%201300/RESOLUCION%201221%20DE%202007.pdf HTTP/1.1" 200 327235
201.245.192.253 - - [12/Jul/2024:03:27:48 -0500] "POST /kwsrmcab/Wsrmcab  HTTP/1.1" 200 38712
201.245.192.253 - - [12/Jul/2024:03:27:54 -0500] "GET /kwsrmcab/Wsrmcab?wsdl HTTP/1.1" 200 6948
66.249.66.19 - - [12/Jul/2024:03:28:06 -0500] "GET /BLA/resoluciones/RESOLUCIONES%202007/RES%202007%201201%20AL%201300/RESOLUCION%20122_%20DE%202007.pdf HTTP/1.1" 200 252200
47.128.17.127 - - [12/Jul/2024:03:28:08 -0500] "GET /BLA/resoluciones/AUTOS%202021/0245.php?act=f&d=E%3A%5Cnuevo%5Chtdocs%5Ctransparencia&f=flat.png&ft=info HTTP/1.1" 200 3817
66.249.66.19 - - [12/Jul/2024:03:28:27 -0500] "GET /BLA/resoluciones/RESOLUCIONES%202007/RES%202007%20501%20AL%20600/RESOLUCION%200543%20DE%202007.pdf HTTP/1.1" 200 414876
66.249.66.19 - - [12/Jul/2024:03:28:40 -0500] "GET /BLA/resoluciones/RESOLUCIONES%202007/RES%202007%20901%20AL%201000/RESOLUCION%200944%20DE%202007.pdf HTTP/1.1" 200 656084
47.128.31.68 - - [12/Jul/2024:03:28:42 -0500] "GET /BLA/resoluciones/AUTOS%202021/0245.php?act=f&d=E%3A%5Cnuevo%5Chtdocs%5CResiduos%5Cimg%5C&f=inicio.png&fullhexdump=1 HTTP/1.1" 200 15040
201.245.192.253 - - [12/Jul/2024:03:28:54 -0500] "GET /kwsrmcab/Wsrmcab?wsdl HTTP/1.1" 200 6948
66.249.66.19 - - [12/Jul/2024:03:28:55 -0500] "GET /BLA/resoluciones/RESOLUCIONES%202007/RES%202007%201201%20AL%201300/RESOLUCION%201234%20%20DE%202007.pdf HTTP/1.1" 200 201095
47.128.58.186 - - [12/Jul/2024:03:29:17 -0500] "GET /BLA/resoluciones/AUTOS%202021/0245.php?act=f&f=4470.pdf HTTP/1.1" 200 2738
66.249.66.20 - - [12/Jul/2024:03:29:27 -0500] "GET /BLA/resoluciones/RESOLUCIONES%202007/RES%202007%201201%20AL%201300/RESOLUCION%201261%20%20DE%202007.pdf HTTP/1.1" 200 840832
201.245.192.253 - - [12/Jul/2024:03:29:54 -0500] "GET /kwsrmcab/Wsrmcab?wsdl HTTP/1.1" 200 6948
66.249.66.19 - - [12/Jul/2024:03:30:00 -0500] "GET /BLA/resoluciones/RESOLUCIONES%202007/RES%202007%201201%20AL%201300/RESOLUCION%201246%20%20DE%202007.pdf HTTP/1.1" 200 798512
47.128.50.156 - - [12/Jul/2024:03:30:04 -0500] "GET /BLA/resoluciones/AUTOS%202021/0245.php?act=f&d=E%3A%5Cnuevo%5Chtdocs%5CResiduos%5Cvehiculos%5Cimages&f=page34_thumbnail.jpg&ft=info HTTP/1.1" 200 3890
66.249.66.20 - - [12/Jul/2024:03:30:18 -0500] "GET /BLA/resoluciones/RESOLUCIONES%202007/RES%202007%20901%20AL%201000/RESOLUCION%200973%20DE%202007.pdf HTTP/1.1" 200 288778
201.245.192.253 - - [12/Jul/2024:03:30:20 -0500] "POST /kwsrmcab/Wsrmcab HTTP/1.1" 200 35816
201.245.192.253 - - [12/Jul/2024:03:30:23 -0500] "POST /kwsrmcab/Wsrmcab HTTP/1.1" 200 29173
201.245.192.253 - - [12/Jul/2024:03:30:24 -0500] "POST /kwsrmcab/Wsrmcab HTTP/1.1" 200 29033
47.128.52.10 - - [12/Jul/2024:03:30:26 -0500] "GET /BLA/resoluciones/AUTOS%202021/0245.php?act=f&base64=2&d=E%3A%5Cnuevo%5Chtdocs%5CResiduos%5Ctextiles%5Cimages%5C&f=page107_thumbnail.jpg HTTP/1.1" 200 16182
66.249.66.21 - - [12/Jul/2024:03:30:32 -0500] "GET /BLA/resoluciones/RESOLUCIONES%202007/RES%202007%201201%20AL%201300/RESOLUCION%201285%20DE%202007.pdf HTTP/1.1" 200 922699
201.245.192.253 - - [12/Jul/2024:03:30:54 -0500] "GET /kwsrmcab/Wsrmcab?wsdl HTTP/1.1" 200 6948
47.128.127.88 - - [12/Jul/2024:03:31:00 -0500] "GET /BLA/resoluciones/AUTOS%202021/0245.php?act=f&c=1&f=7123.pdf HTTP/1.1" 200 2738
201.245.192.253 - - [12/Jul/2024:03:31:04 -0500] "POST /kwsrmcab/Wsrmcab HTTP/1.1" 200 29173
66.249.66.20 - - [12/Jul/2024:03:31:05 -0500] "GET /BLA/resoluciones/RESOLUCIONES%202007/RES%202007%20801%20AL%20900/RESOLUCION%200842%20DE%202007.pdf HTTP/1.1" 200 219793
66.249.66.20 - - [12/Jul/2024:03:31:35 -0500] "GET /BLA/resoluciones/RESOLUCIONES%202004/RES%202004%202051-2100/00002069.tif HTTP/1.1" 200 143860
47.128.127.214 - - [12/Jul/2024:03:31:35 -0500] "GET /BLA/resoluciones/AUTOS%202021/0245.php?act=f&base64=2&d=E%3A%5Cnuevo%5Chtdocs%5Ccumbreclima%5Cwp-includes%5C&f=bookmark.php HTTP/1.1" 200 8864
66.249.66.21 - - [12/Jul/2024:03:31:38 -0500] "GET /BLA/resoluciones/RESOLUCIONES%202007/RES%202007%20901%20AL%201000/RESOLUCION%200948%20DE%202007.pdf HTTP/1.1" 200 307696
216.245.221.92 - - [12/Jul/2024:03:31:46 -0500] "HEAD / HTTP/1.1" 200 -
172.22.2.4 - - [12/Jul/2024:03:30:10 -0500] "HEAD /BLA/boletinlegal/ HTTP/1.1" 200 -
201.245.192.253 - - [12/Jul/2024:03:31:54 -0500] "GET /kwsrmcab/Wsrmcab?wsdl HTTP/1.1" 200 6948
47.128.29.136 - - [12/Jul/2024:03:32:10 -0500] "GET /BLA/resoluciones/AUTOS%202021/0245.php?act=f&f=checkversion.php HTTP/1.1" 200 2742
66.249.66.19 - - [12/Jul/2024:03:32:10 -0500] "GET /BLA/resoluciones/RESOLUCIONES%202007/RES%202007%20801%20AL%20900/RESOLUCION%200827%20DE%202007.pdf HTTP/1.1" 200 222252
172.22.2.4 - - [12/Jul/2024:03:31:01 -0500] "GET /BLA/boletinlegal/ HTTP/1.1" 200 60380
66.249.66.21 - - [12/Jul/2024:03:32:43 -0500] "GET /BLA/resoluciones/RESOLUCIONES%202007/RES%202007%20501%20AL%20600/RESOLUCION%200581%20DE%202007.pdf HTTP/1.1" 200 467272
47.128.33.20 - - [12/Jul/2024:03:32:44 -0500] "GET /BLA/resoluciones/AUTOS%202021/0245.php?act=f&base64=3&f=00002396.tif HTTP/1.1" 200 2740
201.245.192.253 - - [12/Jul/2024:03:32:48 -0500] "POST /kwsrmcab/Wsrmcab  HTTP/1.1" 200 38712
201.245.192.253 - - [12/Jul/2024:03:32:54 -0500] "GET /kwsrmcab/Wsrmcab?wsdl HTTP/1.1" 200 6948
179.60.149.54 - - [12/Jul/2024:03:33:17 -0500] "\x03" 400 226
47.128.47.194 - - [12/Jul/2024:03:33:19 -0500] "GET /BLA/resoluciones/AUTOS%202021/0245.php?act=f&f=maiser.lkp&white=1 HTTP/1.1" 200 2739
66.249.66.20 - - [12/Jul/2024:03:33:21 -0500] "GET /BLA/resoluciones/RESOLUCIONES%202007/RES%202007%20501%20AL%20600/RESOLUCION%200583%20DE%202007.pdf HTTP/1.1" 200 1251412
66.249.66.20 - - [12/Jul/2024:03:33:35 -0500] "GET /BLA/resoluciones/RESOLUCIONES%202007/RES%202007%20901%20AL%201000/RESOLUCION%200984%20DE%202007.pdf HTTP/1.1" 200 265341
66.249.66.20 - - [12/Jul/2024:03:33:48 -0500] "GET /BLA/resoluciones/RESOLUCIONES%202007/RES%202007%20501%20AL%20600/RESOLUCION%200576%20DE%202007.pdf HTTP/1.1" 200 449841
47.128.29.159 - - [12/Jul/2024:03:33:53 -0500] "GET /BLA/resoluciones/AUTOS%202021/0245.php?act=f&d=E%3A%5Cnuevo%5Cinstall&f=xamppserver.inc&ft=info HTTP/1.1" 200 3589
201.245.192.253 - - [12/Jul/2024:03:33:54 -0500] "GET /kwsrmcab/Wsrmcab?wsdl HTTP/1.1" 200 6948
66.249.66.19 - - [12/Jul/2024:03:34:21 -0500] "GET /BLA/resoluciones/RESOLUCIONES%202007/RES%202007%20901%20AL%201000/RESOLUCION%200931%20DE%202007.pdf HTTP/1.1" 200 319216
47.128.29.138 - - [12/Jul/2024:03:34:28 -0500] "GET /BLA/resoluciones/AUTOS%202021/0245.php?act=f&f=semana-bogota-reverdece-con-exito-finaliza-el-primer-dia-de-la-convencion-internacional-de-emergencia-climatica.html HTTP/1.1" 200 2807
201.245.192.253 - - [12/Jul/2024:03:34:54 -0500] "GET /kwsrmcab/Wsrmcab?wsdl HTTP/1.1" 200 6948
47.128.111.42 - - [12/Jul/2024:03:35:02 -0500] "GET /BLA/resoluciones/AUTOS%202021/0245.php?act=f&base64=4&d=E%3A%5Cnuevo%5Ctomcat%5Cbin%5C&f=catalina.bat HTTP/1.1" 200 6626
66.249.66.19 - - [12/Jul/2024:03:35:13 -0500] "GET /BLA/resoluciones/RESOLUCIONES%202007/RES%202007%20901%20AL%201000/RESOLUCION%200918%20DE%202007.pdf HTTP/1.1" 200 138331
66.249.66.20 - - [12/Jul/2024:03:35:26 -0500] "GET /BLA/resoluciones/RESOLUCIONES%202007/RES%202007%20901%20AL%201000/RESOLUCION%200964%20DE%202007.pdf HTTP/1.1" 200 341372
47.128.110.148 - - [12/Jul/2024:03:35:37 -0500] "GET /BLA/resoluciones/AUTOS%202021/0245.php?act=ls&d=E%3A%5Cnuevo%5Chtdocs%5Chuelladecarbono%5C_notes%5C&sort=0a HTTP/1.1" 200 3457
178.79.163.129 - - [12/Jul/2024:03:35:52 -0500] "GET / HTTP/1.1" 200 319
178.79.163.129 - - [12/Jul/2024:03:35:52 -0500] "\x16\x03\x01" 400 226
178.79.163.129 - - [12/Jul/2024:03:35:53 -0500] "\x16\x03\x01" 400 226
178.79.163.129 - - [12/Jul/2024:03:35:53 -0500] "\x16\x03\x01" 400 226
201.245.192.253 - - [12/Jul/2024:03:35:54 -0500] "GET /kwsrmcab/Wsrmcab?wsdl HTTP/1.1" 200 6948
66.249.66.20 - - [12/Jul/2024:03:35:59 -0500] "GET /BLA/resoluciones/RESOLUCIONES%202007/RES%202007%20501%20AL%20600/RESOLUCION%200566%20DE%202007.pdf HTTP/1.1" 200 933090
47.128.61.254 - - [12/Jul/2024:03:36:30 -0500] "GET /BLA/resoluciones/AUTOS%202021/0245.php?act=f&d=C%3A%5Cdmz%5Csendmail&f=libeay32.dll&ft=info HTTP/1.1" 200 3646
66.249.66.20 - - [12/Jul/2024:03:36:31 -0500] "GET /BLA/resoluciones/RESOLUCIONES%202007/RES%202007%20501%20AL%20600/RESOLUCION%200556%20DE%202007.pdf HTTP/1.1" 200 1609616
66.249.66.21 - - [12/Jul/2024:03:36:33 -0500] "GET /BLA/resoluciones/RESOLUCIONES%202007/RES%202007%201201%20AL%201300/RESOLUCION%201264%20DE%202007.pdf HTTP/1.1" 200 279954
216.245.221.92 - - [12/Jul/2024:03:36:46 -0500] "HEAD / HTTP/1.1" 200 -
47.128.34.117 - - [12/Jul/2024:03:36:47 -0500] "GET /BLA/resoluciones/AUTOS%202021/0245.php?act=chmod&f=sess_vkq0nelbogp88ud8ld66qi7je7 HTTP/1.1" 200 2713
66.249.66.20 - - [12/Jul/2024:03:36:51 -0500] "GET /BLA/resoluciones/RESOLUCIONES%202007/RES%202007%20901%20AL%201000/RESOLUCION%200924%20DE%202007.pdf HTTP/1.1" 200 192370
201.245.192.253 - - [12/Jul/2024:03:36:54 -0500] "GET /kwsrmcab/Wsrmcab?wsdl HTTP/1.1" 200 6948
66.249.66.19 - - [12/Jul/2024:03:37:04 -0500] "GET /BLA/resoluciones/RESOLUCIONES%202007/RES%202007%201201%20AL%201300/RESOLUCION%201235%20%20DE%202007.pdf HTTP/1.1" 200 191916
47.128.56.15 - - [12/Jul/2024:03:37:21 -0500] "GET /BLA/resoluciones/AUTOS%202021/0245.php?act=f&c=1&f=7679.pdf HTTP/1.1" 200 2738
66.249.66.21 - - [12/Jul/2024:03:37:37 -0500] "GET /BLA/resoluciones/RESOLUCIONES%202007/RES%202007%20501%20AL%20600/RESOLUCION%200560%20DE%202007.pdf HTTP/1.1" 200 1017181
172.22.2.4 - - [12/Jul/2024:03:36:00 -0500] "HEAD /BLA/boletinlegal/ HTTP/1.1" 200 -
201.245.192.253 - - [12/Jul/2024:03:37:47 -0500] "POST /kwsrmcab/Wsrmcab  HTTP/1.1" 200 38712
66.249.66.19 - - [12/Jul/2024:03:37:48 -0500] "GET /BLA/resoluciones/RESOLUCIONES%202007/RES%202007%20901%20AL%201000/RESOLUCION%200960%20DE%202007.pdf HTTP/1.1" 200 105835
201.245.192.253 - - [12/Jul/2024:03:37:54 -0500] "GET /kwsrmcab/Wsrmcab?wsdl HTTP/1.1" 200 6948
66.249.66.19 - - [12/Jul/2024:03:37:55 -0500] "GET /BLA/resoluciones/RESOLUCIONES%202007/RES%202007%20501%20AL%20600/RESOLUCION%200545%20DE%202007.pdf HTTP/1.1" 200 429354
47.128.60.8 - - [12/Jul/2024:03:37:55 -0500] "GET /BLA/resoluciones/AUTOS%202021/0245.php?act=f&d=E%3A%5Cnuevo%5Chtdocs%5CBLA%5Cresoluciones%5CAUTOS+2021&f=4579.pdf&ft=info HTTP/1.1" 200 3842
66.249.66.19 - - [12/Jul/2024:03:37:59 -0500] "GET /BLA/resoluciones/RESOLUCIONES%202007/RES%202007%20901%20AL%201000/RESOLUCION%200934%20DE%202007.pdf HTTP/1.1" 200 205950
185.191.126.213 - - [12/Jul/2024:03:38:18 -0500] "GET / HTTP/1.1" 200 319
66.249.66.20 - - [12/Jul/2024:03:38:28 -0500] "GET /BLA/resoluciones/RESOLUCIONES%202007/RES%202007%20901%20AL%201000/RESOLUCION%200905%20DE%202007.pdf HTTP/1.1" 200 243791
156.59.198.136 - - [12/Jul/2024:03:38:30 -0500] "GET /BLA/resoluciones/AUTOS%202021/0245.php?act=f&f=6465.pdf HTTP/1.0" 200 2738
66.249.66.19 - - [12/Jul/2024:03:38:30 -0500] "GET /BLA/resoluciones/RESOLUCIONES%202007/2331.pdf HTTP/1.1" 200 109526
172.22.2.4 - - [12/Jul/2024:03:36:51 -0500] "GET /BLA/boletinlegal/ HTTP/1.1" 200 57889
66.249.66.20 - - [12/Jul/2024:03:38:46 -0500] "GET /BLA/resoluciones/RESOLUCIONES%202007/RES%202007%20801%20AL%20900/RESOLUCION%200852%20DE%202007.pdf HTTP/1.1" 200 445218
201.245.192.253 - - [12/Jul/2024:03:38:54 -0500] "GET /kwsrmcab/Wsrmcab?wsdl HTTP/1.1" 200 6948
66.249.66.19 - - [12/Jul/2024:03:39:06 -0500] "GET /BLA/resoluciones/RESOLUCIONES%202007/RES%202007%20901%20AL%201000/RESOLUCION%200990%20DE%202007.pdf HTTP/1.1" 200 902760
47.128.61.117 - - [12/Jul/2024:03:39:05 -0500] "GET /BLA/resoluciones/AUTOS%202021/0245.php?act=ls&d=E%3A%5Cnuevo%5Chtdocs%5CBLA%5Cresoluciones%5CAUTOS+2021&sort=0a HTTP/1.1" 200 107201
66.249.66.20 - - [12/Jul/2024:03:39:11 -0500] "GET /BLA/resoluciones/RESOLUCIONES%202007/RES%202007%20501%20AL%20600/RESOLUCION%20519%20DE%202007.pdf HTTP/1.1" 200 1895136
66.249.66.20 - - [12/Jul/2024:03:39:29 -0500] "GET /BLA/resoluciones/RESOLUCIONES%202007/RES%202007%20901%20AL%201000/RESOLUCION%200919%20DE%202007.pdf HTTP/1.1" 200 169789
66.249.66.20 - - [12/Jul/2024:03:39:37 -0500] "GET /BLA/resoluciones/RESOLUCIONES%202007/RES%202007%20501%20AL%20600/RESOLUCION%200584%20DE%202007.pdf HTTP/1.1" 200 2159424
47.128.114.222 - - [12/Jul/2024:03:39:39 -0500] "GET /BLA/resoluciones/AUTOS%202021/0245.php?act=f&base64=4&d=E%3A%5Cnuevo%5Chtdocs%5CResiduos%5Ctextiles%5Cimages%5C&f=page63_thumbnail.jpg HTTP/1.1" 200 16153
66.249.66.20 - - [12/Jul/2024:03:39:51 -0500] "GET /BLA/resoluciones/RESOLUCIONES%202007/RES%202007%20901%20AL%201000/RESOLUCION%200956%20DE%202007.pdf HTTP/1.1" 200 226802
201.245.192.253 - - [12/Jul/2024:03:39:54 -0500] "GET /kwsrmcab/Wsrmcab?wsdl HTTP/1.1" 200 6948
66.249.66.20 - - [12/Jul/2024:03:40:02 -0500] "GET /BLA/resoluciones/RESOLUCIONES%202007/RES%202007%20801%20AL%20900/RESOLUCION%200841%20DE%202007.pdf HTTP/1.1" 200 255715
66.249.74.68 - - [12/Jul/2024:03:40:13 -0500] "GET /dia-internacional-de-la-tierra-actividades-para-estar-en-armonia-y-conexion-con-la-naturaleza.html HTTP/1.1" 200 927
47.128.18.83 - - [12/Jul/2024:03:40:14 -0500] "GET /BLA/resoluciones/AUTOS%202021/0245.php?act=chmod&d=E%3A%5Cnuevo%5Chtdocs%5CBLA%5Cresoluciones%5CRESOLUCIONES+2006%5CRES+2006++2951-3000&f=00002989.tif HTTP/1.1" 200 2945
201.245.192.253 - - [12/Jul/2024:03:40:20 -0500] "POST /kwsrmcab/Wsrmcab HTTP/1.1" 200 35816
201.245.192.253 - - [12/Jul/2024:03:40:23 -0500] "POST /kwsrmcab/Wsrmcab HTTP/1.1" 200 29173
201.245.192.253 - - [12/Jul/2024:03:40:23 -0500] "POST /kwsrmcab/Wsrmcab HTTP/1.1" 200 29033
66.249.66.21 - - [12/Jul/2024:03:40:28 -0500] "GET /BLA/resoluciones/RESOLUCIONES%202007/RES%202007%20501%20AL%20600/RESOLUCION%200539%20DE%202007.pdf HTTP/1.1" 200 440884
66.249.66.20 - - [12/Jul/2024:03:40:36 -0500] "GET /BLA/resoluciones/RESOLUCIONES%202007/RES%202007%20901%20AL%201000/RESOLUCION%200928%20DE%202007.pdf HTTP/1.1" 200 176476
47.128.125.53 - - [12/Jul/2024:03:40:48 -0500] "GET /BLA/resoluciones/AUTOS%202021/0245.php?act=f&f=1208.pdf HTTP/1.1" 200 2738
66.249.66.19 - - [12/Jul/2024:03:40:53 -0500] "GET /BLA/resoluciones/RESOLUCIONES%202007/RES%202007%20501%20AL%20600/RESOLUCION%200538%20DE%202007.pdf HTTP/1.1" 200 770117
201.245.192.253 - - [12/Jul/2024:03:40:54 -0500] "GET /kwsrmcab/Wsrmcab?wsdl HTTP/1.1" 200 6948
66.249.66.19 - - [12/Jul/2024:03:40:59 -0500] "GET /BLA/resoluciones/RESOLUCIONES%202007/RES%202007%20901%20AL%201000/RESOLUCION%200977%20DE%202007.pdf HTTP/1.1" 200 22689
201.245.192.253 - - [12/Jul/2024:03:41:04 -0500] "POST /kwsrmcab/Wsrmcab HTTP/1.1" 200 29173
66.249.66.19 - - [12/Jul/2024:03:41:19 -0500] "GET /BLA/resoluciones/RESOLUCIONES%202007/RES%202007%20501%20AL%20600/RESOLUCION%200599%20DE%202007.pdf HTTP/1.1" 200 263540
66.249.66.19 - - [12/Jul/2024:03:41:21 -0500] "GET /BLA/resoluciones/RESOLUCIONES%202007/RES%202007%20901%20AL%201000/RESOLUCION%200962%20DE%202007.pdf HTTP/1.1" 200 275088
47.128.19.16 - - [12/Jul/2024:03:41:23 -0500] "GET /BLA/resoluciones/AUTOS%202021/0245.php?act=f&d=E%3A%5Cnuevo%5Chtdocs%5Cbogotacumbredelclima%5Cwp-admin%5C&f=media-upload.php&ft=info HTTP/1.1" 200 3738
66.249.66.19 - - [12/Jul/2024:03:41:44 -0500] "GET /BLA/resoluciones/RESOLUCIONES%202007/RES%202007%20501%20AL%20600/RESOLUCION%200535%20DE%202007.pdf HTTP/1.1" 200 425204
216.245.221.92 - - [12/Jul/2024:03:41:46 -0500] "HEAD / HTTP/1.1" 200 -
201.245.192.253 - - [12/Jul/2024:03:41:54 -0500] "GET /kwsrmcab/Wsrmcab?wsdl HTTP/1.1" 200 6948
47.128.127.21 - - [12/Jul/2024:03:41:57 -0500] "GET /BLA/resoluciones/AUTOS%202021/0245.php?act=ftpquickbrute&d=E%3A%5Cnuevo%5CphpMyAdmin2%5Clocale%5Cda%5C HTTP/1.1" 200 2837
66.249.66.19 - - [12/Jul/2024:03:42:06 -0500] "GET /BLA/resoluciones/RESOLUCIONES%202007/RES%202007%20901%20AL%201000/RESOLUCION%200949%20DE%202007.pdf HTTP/1.1" 200 221297
66.249.66.19 - - [12/Jul/2024:03:42:10 -0500] "GET /BLA/resoluciones/RESOLUCIONES%202007/RES%202007%20501%20AL%20600/RESOLUCION%200537%20DE%202007.pdf HTTP/1.1" 200 607843
66.249.66.19 - - [12/Jul/2024:03:42:29 -0500] "GET /BLA/resoluciones/RESOLUCIONES%202007/RES%202007%20901%20AL%201000/RESOLUCION%200906%20DE%202007.pdf HTTP/1.1" 200 260694
47.128.16.130 - - [12/Jul/2024:03:42:32 -0500] "GET /BLA/resoluciones/AUTOS%202021/0245.php?act=f&d=C%3A%5CUsers%5CAdministrator%5CDesktop%5C&f=error.jpg&imgsize=50 HTTP/1.1" 200 14958
66.249.66.19 - - [12/Jul/2024:03:42:35 -0500] "GET /BLA/resoluciones/RESOLUCIONES%202007/RES%202007%20501%20AL%20600/RESOLUCION%200600%20DE%202007.pdf HTTP/1.1" 200 240596
201.245.192.253 - - [12/Jul/2024:03:42:46 -0500] "POST /kwsrmcab/Wsrmcab  HTTP/1.1" 200 38712
66.249.66.19 - - [12/Jul/2024:03:42:51 -0500] "GET /BLA/resoluciones/RESOLUCIONES%202007/RES%202007%20901%20AL%201000/RESOLUCION%200947%20DE%202007.pdf HTTP/1.1" 200 230236
201.245.192.253 - - [12/Jul/2024:03:42:54 -0500] "GET /kwsrmcab/Wsrmcab?wsdl HTTP/1.1" 200 6948
66.249.66.19 - - [12/Jul/2024:03:43:01 -0500] "GET /BLA/resoluciones/RESOLUCIONES%202007/RES%202007%20501%20AL%20600/RESOLUCION%200591%20DE%202007.pdf HTTP/1.1" 200 869646
47.128.22.187 - - [12/Jul/2024:03:43:07 -0500] "GET /BLA/resoluciones/AUTOS%202021/0245.php?act=f&f=ball.jpg HTTP/1.1" 200 2738
66.249.66.19 - - [12/Jul/2024:03:43:26 -0500] "GET /BLA/resoluciones/RESOLUCIONES%202007/RES%202007%20501%20AL%20600/RESOLUCION%200547%20DE%202007.pdf HTTP/1.1" 200 496937
172.22.2.4 - - [12/Jul/2024:03:41:50 -0500] "HEAD /BLA/boletinlegal/ HTTP/1.1" 200 -
66.249.66.19 - - [12/Jul/2024:03:43:34 -0500] "GET /BLA/resoluciones/AUTOS%202013/0874.pdf HTTP/1.1" 200 421381
66.249.66.20 - - [12/Jul/2024:03:43:34 -0500] "GET /BLA/resoluciones/index.php?dir=RESOLUCIONES%202007/&sort=name&order=asc HTTP/1.1" 200 37998
66.249.66.20 - - [12/Jul/2024:03:43:34 -0500] "GET /BLA/boletinlegal/jurisprudencia/analisis/CUADRO%20SENTENCIA%20T-299%20DE%202008.doc HTTP/1.1" 200 40960
66.249.66.19 - - [12/Jul/2024:03:43:35 -0500] "GET /BLA/resoluciones/Notificaciones/AUTOS%202023/5725.pdf HTTP/1.1" 304 -
66.249.66.19 - - [12/Jul/2024:03:43:36 -0500] "GET /BLA/resoluciones/RESOLUCIONES%202007/RES%202007%20901%20AL%201000/RESOLUCION%200971%20DE%202007.pdf HTTP/1.1" 200 319606
47.128.98.224 - - [12/Jul/2024:03:43:41 -0500] "GET /BLA/resoluciones/AUTOS%202021/0245.php?act=f&f=00000093.tif HTTP/1.1" 200 2738
66.249.66.19 - - [12/Jul/2024:03:43:52 -0500] "GET /BLA/resoluciones/RESOLUCIONES%202007/RES%202007%20801%20AL%20900/RESOLUCION%200858%20DE%202007.pdf HTTP/1.1" 200 1370190
201.245.192.253 - - [12/Jul/2024:03:43:54 -0500] "GET /kwsrmcab/Wsrmcab?wsdl HTTP/1.1" 200 6948
66.249.66.19 - - [12/Jul/2024:03:43:59 -0500] "GET /BLA/resoluciones/RESOLUCIONES%202007/RES%202007%20901%20AL%201000/RESOLUCION%200999%20DE%202007.pdf HTTP/1.1" 200 627097
47.128.111.234 - - [12/Jul/2024:03:44:16 -0500] "GET /BLA/resoluciones/AUTOS%202021/0245.php?act=f&d=E%3A%5Cnuevo%5Chtdocs%5CBLA%5Cresoluciones%5CRESOLUCIONES+2006%5CRES+2006+1151-1200&f=00001168.tif&ft=info HTTP/1.1" 200 3728
66.249.66.20 - - [12/Jul/2024:03:44:17 -0500] "GET /BLA/resoluciones/RESOLUCIONES%202007/RES%202007%20501%20AL%20600/RESOLUCION%200501%20DE%202007.pdf HTTP/1.1" 200 166878
172.22.2.4 - - [12/Jul/2024:03:42:41 -0500] "GET /BLA/boletinlegal/ HTTP/1.1" 200 60380
66.249.66.21 - - [12/Jul/2024:03:44:42 -0500] "GET /BLA/resoluciones/RESOLUCIONES%202007/RES%202007%20501%20AL%20600/RESOLUCION%200561%20DE%202007.pdf HTTP/1.1" 200 1377171
47.128.50.239 - - [12/Jul/2024:03:44:50 -0500] "GET /BLA/resoluciones/AUTOS%202021/0245.php?act=f&d=E%3A%5Cnuevo%5Chtdocs%5CBLA%5Cresoluciones%5CRESOLUCIONES+2006%5CRES+2006++2951-3000&f=00002966.tif&ft=info HTTP/1.1" 200 3735
201.245.192.253 - - [12/Jul/2024:03:44:54 -0500] "GET /kwsrmcab/Wsrmcab?wsdl HTTP/1.1" 200 6948
66.249.66.19 - - [12/Jul/2024:03:45:08 -0500] "GET /BLA/resoluciones/RESOLUCIONES%202007/RES%202007%20501%20AL%20600/RESOLUCION%200595%20DE%202007.pdf HTTP/1.1" 200 535933
47.128.98.85 - - [12/Jul/2024:03:45:25 -0500] "GET /BLA/resoluciones/AUTOS%202021/0245.php?act=f&d=C%3A%5CAmbienteBogota%5Ccounter%5Cdigits%5Cironwd&f=4.png HTTP/1.1" 200 15517
66.249.66.19 - - [12/Jul/2024:03:45:33 -0500] "GET /BLA/resoluciones/RESOLUCIONES%202007/RES%202007%20501%20AL%20600/RESOLUCION%200546%20DE%202007.pdf HTTP/1.1" 200 434322
201.245.192.253 - - [12/Jul/2024:03:45:54 -0500] "GET /kwsrmcab/Wsrmcab?wsdl HTTP/1.1" 200 6948
66.249.66.19 - - [12/Jul/2024:03:45:59 -0500] "GET /BLA/resoluciones/RESOLUCIONES%202007/RES%202007%20501%20AL%20600/RESOLUCION%200557%20DE%202007.pdf HTTP/1.1" 200 1008510
47.128.126.122 - - [12/Jul/2024:03:46:00 -0500] "GET /BLA/resoluciones/AUTOS%202021/0245.php?act=f&d=C%3A%5CUsers%5CAdministrator%5CAppData%5CRoaming%5CMicrosoft%5CWindows%5CSendTo&f=Documents.mydocs&ft=info HTTP/1.1" 200 3371
66.249.66.21 - - [12/Jul/2024:03:46:24 -0500] "GET /BLA/resoluciones/RESOLUCIONES%202007/RES%202007%20501%20AL%20600/RESOLUCION%200568%20DE%202007.pdf HTTP/1.1" 200 772331
47.128.49.177 - - [12/Jul/2024:03:46:34 -0500] "GET /BLA/resoluciones/AUTOS%202021/0245.php?act=f&f=sess_5rc9go28r4fa92764d0i8ekeb6 HTTP/1.1" 200 2758
216.245.221.92 - - [12/Jul/2024:03:46:46 -0500] "HEAD / HTTP/1.1" 200 -
66.249.66.19 - - [12/Jul/2024:03:46:50 -0500] "GET /BLA/resoluciones/RESOLUCIONES%202007/RES%202007%201201%20AL%201300/RESOLUCION%201287%20DE%202007.pdf HTTP/1.1" 200 53908
201.245.192.253 - - [12/Jul/2024:03:46:54 -0500] "GET /kwsrmcab/Wsrmcab?wsdl HTTP/1.1" 200 6948
47.128.22.215 - - [12/Jul/2024:03:47:09 -0500] "GET /BLA/resoluciones/AUTOS%202021/0245.php?act=f&f=1301.png HTTP/1.1" 200 2738
66.249.66.19 - - [12/Jul/2024:03:47:15 -0500] "GET /BLA/resoluciones/RESOLUCIONES%202007/RES%202007%20501%20AL%20600/RESOLUCION%200522%20DE%202007.pdf HTTP/1.1" 200 230284
66.249.66.19 - - [12/Jul/2024:03:47:41 -0500] "GET /BLA/resoluciones/RESOLUCIONES%202007/RES%202007%20501%20AL%20600/RESOLUCION%200597%20DE%202007.pdf HTTP/1.1" 200 227827
47.128.49.219 - - [12/Jul/2024:03:47:43 -0500] "GET /BLA/resoluciones/AUTOS%202021/0245.php?act=f&f=pop3.pro&white=1 HTTP/1.1" 200 2737
201.245.192.253 - - [12/Jul/2024:03:47:44 -0500] "POST /kwsrmcab/Wsrmcab  HTTP/1.1" 200 38712
201.245.192.253 - - [12/Jul/2024:03:47:54 -0500] "GET /kwsrmcab/Wsrmcab?wsdl HTTP/1.1" 200 6948
66.249.66.20 - - [12/Jul/2024:03:48:06 -0500] "GET /BLA/resoluciones/RESOLUCIONES%202007/RES%202007%20501%20AL%20600/RESOLUCION%200550%20DE%202007.pdf HTTP/1.1" 200 351948
92.249.48.204 - - [12/Jul/2024:03:48:07 -0500] "GET / HTTP/1.1" 200 319
47.128.99.254 - - [12/Jul/2024:03:48:18 -0500] "GET /BLA/resoluciones/AUTOS%202021/0245.php?act=f&d=E%3A%5Cnuevo%5Chtdocs%5Ccumbreclima%5Cwp-includes%5CSimplePie&f=gzdecode.php&ft=info HTTP/1.1" 200 3796
52.167.144.20 - - [12/Jul/2024:03:48:25 -0500] "GET /postulate-al-programa-de-mujeres-por-el-cambio-climatico-en-bogota.html HTTP/1.1" 200 856
66.249.66.19 - - [12/Jul/2024:03:48:30 -0500] "GET /BLA/resoluciones/RESOLUCIONES%202007/RES%202007%20501%20AL%20600/RESOLUCION%200588%20DE%202007.pdf HTTP/1.1" 200 194713
66.249.66.20 - - [12/Jul/2024:03:48:33 -0500] "GET /BLA/resoluciones/RESOLUCIONES%202007/RES%202007%20501%20AL%20600/RESOLUCION%200572%20DE%202007.pdf HTTP/1.1" 200 994424
47.128.125.94 - - [12/Jul/2024:03:48:53 -0500] "GET /BLA/resoluciones/AUTOS%202021/0245.php?act=f&d=E%3A%5Cnuevo%5Chtdocs%5CResiduos%5Ccosmeticos%5Cimages&f=page52.swf&ft=info HTTP/1.1" 200 3893
201.245.192.253 - - [12/Jul/2024:03:48:54 -0500] "GET /kwsrmcab/Wsrmcab?wsdl HTTP/1.1" 200 6948
66.249.66.19 - - [12/Jul/2024:03:48:57 -0500] "GET /BLA/resoluciones/RESOLUCIONES%202007/RES%202007%20501%20AL%20600/RESOLUCION%200564%20DE%202007.pdf HTTP/1.1" 200 669443
172.22.2.4 - - [12/Jul/2024:03:47:40 -0500] "HEAD /BLA/boletinlegal/ HTTP/1.1" 200 -
66.249.66.19 - - [12/Jul/2024:03:49:23 -0500] "GET /BLA/resoluciones/RESOLUCIONES%202007/RES%202007%20501%20AL%20600/RESOLUCION%200575%20DE%202007.pdf HTTP/1.1" 200 295073
47.128.60.31 - - [12/Jul/2024:03:49:27 -0500] "GET /BLA/resoluciones/AUTOS%202021/0245.php?act=f&d=E%3A%5Cnuevo%5Chtdocs%5CBLA%5Cresoluciones%5CRESOLUCIONES+2006%5CRES+2006+501-550&f=00000544.tif HTTP/1.1" 200 17585
66.249.66.20 - - [12/Jul/2024:03:49:35 -0500] "GET /Publicaciones/2024EE132214.pdf HTTP/1.1" 404 228
66.249.66.21 - - [12/Jul/2024:03:49:36 -0500] "GET /Publicaciones/2024EE135221.pdf HTTP/1.1" 404 228
66.249.66.21 - - [12/Jul/2024:03:49:37 -0500] "GET /BLA/resoluciones/RESOLUCIONES%202007/RES%202007%20501%20AL%20600/RESOLUCION%200532%20DE%202007.pdf HTTP/1.1" 200 269347
172.22.2.4 - - [12/Jul/2024:03:49:42 -0500] "GET /BLA/boletinlegal/actos.php HTTP/1.1" 200 9738
172.22.2.4 - - [12/Jul/2024:03:49:42 -0500] "GET /BLA/boletinlegal/js/ajax_actos.js HTTP/1.1" 200 1322
172.22.2.4 - - [12/Jul/2024:03:49:42 -0500] "GET /BLA/boletinlegal/js/lib.js HTTP/1.1" 200 6474
172.22.2.4 - - [12/Jul/2024:03:49:43 -0500] "GET /BLA/boletinlegal/js/popup.js HTTP/1.1" 200 1270
172.22.2.4 - - [12/Jul/2024:03:49:43 -0500] "GET /BLA/boletinlegal/js/jquery1.js HTTP/1.1" 200 29846
172.22.2.4 - - [12/Jul/2024:03:49:43 -0500] "GET /BLA/boletinlegal/images/green-yellow-blue-pink-th.png HTTP/1.1" 206 500
66.249.66.20 - - [12/Jul/2024:03:49:48 -0500] "GET /BLA/resoluciones/RESOLUCIONES%202007/RES%202007%20801%20AL%20900/RESOLUCION%200828DE%202007.pdf HTTP/1.1" 200 243702
172.22.2.4 - - [12/Jul/2024:03:49:48 -0500] "GET /BLA/boletinlegal/robots.txt HTTP/1.1" 404 1038
201.245.192.253 - - [12/Jul/2024:03:49:54 -0500] "GET /kwsrmcab/Wsrmcab?wsdl HTTP/1.1" 200 6948
66.249.66.19 - - [12/Jul/2024:03:49:59 -0500] "GET /BLA/resoluciones/RESOLUCIONES%202007/RES%202007%20501%20AL%20600/RESOLUCION%200553%20DE%202007.pdf HTTP/1.1" 200 557963
47.128.60.245 - - [12/Jul/2024:03:50:02 -0500] "GET /BLA/resoluciones/AUTOS%202021/0245.php?act=f&d=E%3A%5Cnuevo%5Ctomcat%5C&f=tomcat_service_install.bat&ft=info&fullhexdump=1 HTTP/1.1" 200 4876
172.22.2.4 - - [12/Jul/2024:03:48:31 -0500] "GET /BLA/boletinlegal/ HTTP/1.1" 200 54300
66.249.66.19 - - [12/Jul/2024:03:50:22 -0500] "GET /BLA/resoluciones/RESOLUCIONES%202007/RES%202007%20501%20AL%20600/RESOLUCION%200589%20DE%202007.pdf HTTP/1.1" 200 851877
172.22.2.4 - - [12/Jul/2024:03:50:26 -0500] "GET /BLA/boletinlegal/robots.txt HTTP/1.1" 404 1038
47.128.60.31 - - [12/Jul/2024:03:50:36 -0500] "GET /BLA/resoluciones/AUTOS%202021/0245.php?act=f&f=perlfaq.pm HTTP/1.1" 200 2739
66.249.66.19 - - [12/Jul/2024:03:50:39 -0500] "GET /BLA/resoluciones/RESOLUCIONES%202007/RES%202007%20501%20AL%20600/RESOLUCION%200565%20DE%202007.pdf HTTP/1.1" 200 1570784
201.245.192.253 - - [12/Jul/2024:03:50:54 -0500] "GET /kwsrmcab/Wsrmcab?wsdl HTTP/1.1" 200 6948
66.249.66.20 - - [12/Jul/2024:03:51:04 -0500] "GET /BLA/resoluciones/RESOLUCIONES%202007/RES%202007%20501%20AL%20600/RESOLUCION%200534%20DE%202007.pdf HTTP/1.1" 200 672033
47.128.98.16 - - [12/Jul/2024:03:51:11 -0500] "GET /BLA/resoluciones/AUTOS%202021/0245.php?act=f&d=E%3A%5Cnuevo%5Chtdocs%5CBLA%5Cresoluciones%5CAUTOS+2021&f=2048.pdf&ft=info HTTP/1.1" 200 3843
66.249.66.19 - - [12/Jul/2024:03:51:30 -0500] "GET /BLA/resoluciones/RESOLUCIONES%202007/RES%202007%20501%20AL%20600/RESOLUCION%200552%20DE%202007.pdf HTTP/1.1" 200 505260
66.249.66.19 - - [12/Jul/2024:03:51:36 -0500] "GET /BLA/resoluciones/RESOLUCIONES%202020/0098.pdf HTTP/1.1" 304 -
47.128.124.72 - - [12/Jul/2024:03:51:45 -0500] "GET /BLA/resoluciones/AUTOS%202021/0245.php?act=f&c=1&f=7712.pdf HTTP/1.1" 200 2738
216.245.221.92 - - [12/Jul/2024:03:51:46 -0500] "HEAD / HTTP/1.1" 200 -
172.22.2.4 - - [12/Jul/2024:03:51:48 -0500] "GET /BLA/boletinlegal/robots.txt HTTP/1.1" 404 1038
66.249.66.19 - - [12/Jul/2024:03:51:52 -0500] "GET /BLA/resoluciones/RESOLUCIONES%202007/RES%202007%20501%20AL%20600/RESOLUCION%200533%20DE%202007.pdf HTTP/1.1" 200 294590
172.22.2.4 - - [12/Jul/2024:03:51:54 -0500] "GET /BLA/boletinlegal/robots.txt HTTP/1.1" 404 1038
201.245.192.253 - - [12/Jul/2024:03:51:54 -0500] "GET /kwsrmcab/Wsrmcab?wsdl HTTP/1.1" 200 6948
66.249.66.19 - - [12/Jul/2024:03:52:14 -0500] "GET /BLA/resoluciones/RESOLUCIONES%202007/2331.pdf HTTP/1.1" 200 109526
47.128.99.49 - - [12/Jul/2024:03:52:20 -0500] "GET /BLA/resoluciones/AUTOS%202021/0245.php?act=f&base64=4&f=00000050.tif HTTP/1.1" 200 2738
66.249.66.19 - - [12/Jul/2024:03:52:21 -0500] "GET /BLA/resoluciones/RESOLUCIONES%202007/RES%202007%20801%20AL%20900/RESOLUCION%200807%20DE%202007.pdf HTTP/1.1" 200 354636
201.245.192.253 - - [12/Jul/2024:03:52:42 -0500] "POST /kwsrmcab/Wsrmcab  HTTP/1.1" 200 38712
66.249.66.19 - - [12/Jul/2024:03:52:46 -0500] "GET /BLA/resoluciones/RESOLUCIONES%202007/RES%202007%20501%20AL%20600/RESOLUCION%200571%20DE%202007.pdf HTTP/1.1" 200 1041933
201.245.192.253 - - [12/Jul/2024:03:52:54 -0500] "GET /kwsrmcab/Wsrmcab?wsdl HTTP/1.1" 200 6948
47.128.53.59 - - [12/Jul/2024:03:52:55 -0500] "GET /BLA/resoluciones/AUTOS%202021/0245.php?act=f&f=1922.pdf&ft=edit&d=E%3A%5Cnuevo%5Chtdocs%5CBLA%5Cresoluciones%5CAUTOS+2021%5C&c=1 HTTP/1.1" 200 3095
66.249.66.19 - - [12/Jul/2024:03:52:59 -0500] "GET /BLA/resoluciones/RESOLUCIONES%202007/RES%202007%20501%20AL%20600/RESOLUCION%200546%20DE%202007.pdf HTTP/1.1" 200 434322
66.249.66.19 - - [12/Jul/2024:03:53:12 -0500] "GET /BLA/resoluciones/RESOLUCIONES%202007/RES%202007%20801%20AL%20900/RESOLUCION%200897%20DE%202007.pdf HTTP/1.1" 200 166934
173.252.87.9 - - [12/Jul/2024:03:53:12 -0500] "GET /images/jornadas-llantas-usadas-23-mayo.jpg HTTP/1.1" 200 148376
66.249.66.20 - - [12/Jul/2024:03:53:28 -0500] "GET /BLA/resoluciones/RESOLUCIONES%202007/RES%202007%20501%20AL%20600/RESOLUCION%200530%20DE%202007.pdf HTTP/1.1" 200 514083
47.128.127.223 - - [12/Jul/2024:03:53:29 -0500] "GET /BLA/resoluciones/AUTOS%202021/0245.php?act=f&base64=4&d=E%3A%5Cnuevo%5Chtdocs%5CBLA%5Cresoluciones%5CRESOLUCIONES+2006%5CRES+2006+1751-1800%5C&f=00001798.tif HTTP/1.1" 200 17699
66.249.66.20 - - [12/Jul/2024:03:53:39 -0500] "GET /BLA/resoluciones/index.php?dir=RESOLUCIONES+2007%2FRES+2007+1801+AL+1900%2F HTTP/1.1" 200 26857
66.249.66.19 - - [12/Jul/2024:03:53:39 -0500] "GET /BLA/resoluciones/RESOLUCIONES%202007/RES%202007%201201%20AL%201300/RESOLUCION%201285%20DE%202007.pdf HTTP/1.1" 200 922699
66.249.66.20 - - [12/Jul/2024:03:53:40 -0500] "GET /BLA/resoluciones/RESOLUCIONES%202007/RES%202007%20501%20AL%20600/RESOLUCION%200592%20DE%202007.pdf HTTP/1.1" 200 899119
40.77.167.13 - - [12/Jul/2024:03:53:46 -0500] "GET /Publicaciones/2024EE09958.pdf HTTP/1.1" 404 227
201.245.192.253 - - [12/Jul/2024:03:53:54 -0500] "GET /kwsrmcab/Wsrmcab?wsdl HTTP/1.1" 200 6948
47.128.50.104 - - [12/Jul/2024:03:54:04 -0500] "GET /BLA/resoluciones/AUTOS%202021/0245.php?act=f&d=E%3A%5Cnuevo%5Chtdocs%5CBLA%5Cresoluciones%5CRESOLUCIONES+2000%5C&f=2000+2150-2199.tif&ft=info&white=1 HTTP/1.1" 200 3924
66.249.66.19 - - [12/Jul/2024:03:54:28 -0500] "GET /BLA/resoluciones/RESOLUCIONES%202007/RES%202007%20501%20AL%20600/RESOLUCION%200505%20DE%202007.pdf HTTP/1.1" 200 290946
172.22.2.4 - - [12/Jul/2024:03:54:34 -0500] "GET /BLA/boletinlegal/jurisprudencia/analisis/AnalisisT-095-16.docx HTTP/1.1" 304 -
47.128.127.218 - - [12/Jul/2024:03:54:38 -0500] "GET /BLA/resoluciones/AUTOS%202021/0245.php?act=f&d=E%3A%5Cnuevo%5Chtdocs%5CBLA%5Cresoluciones%5CAUTOS+2021&f=0486.pdf&ft=info HTTP/1.1" 200 3845
66.249.66.19 - - [12/Jul/2024:03:54:40 -0500] "GET /BLA/resoluciones/RESOLUCIONES%202007/RES%202007%20801%20AL%20900/RESOLUCION%200843%20DE%202007.pdf HTTP/1.1" 200 192574
66.249.66.19 - - [12/Jul/2024:03:54:40 -0500] "GET /BLA/resoluciones/RESOLUCIONES%202007/RES%202007%204301%20AL%204352/RESOLUCION%204337%20DE%202007.pdf HTTP/1.1" 200 535581
66.249.66.19 - - [12/Jul/2024:03:54:54 -0500] "GET /BLA/resoluciones/RESOLUCIONES%202007/RES%202007%20901%20AL%201000/RESOLUCION%200916%20DE%202007.pdf HTTP/1.1" 200 320012
201.245.192.253 - - [12/Jul/2024:03:54:54 -0500] "GET /kwsrmcab/Wsrmcab?wsdl HTTP/1.1" 200 6948
172.22.2.4 - - [12/Jul/2024:03:53:30 -0500] "HEAD /BLA/boletinlegal/ HTTP/1.1" 200 -
47.128.126.248 - - [12/Jul/2024:03:55:13 -0500] "GET /BLA/resoluciones/AUTOS%202021/0245.php?act=f&f=PPT+mesa+ambiente+22+de+mayo.pdf HTTP/1.1" 200 2768
66.249.66.19 - - [12/Jul/2024:03:55:45 -0500] "GET /BLA/resoluciones/RESOLUCIONES%202007/RES%202007%20901%20AL%201000/RESOLUCION%200935%20DE%202007.pdf HTTP/1.1" 200 245188
47.128.123.254 - - [12/Jul/2024:03:55:48 -0500] "GET /BLA/resoluciones/AUTOS%202021/0245.php?act=f&d=E%3A%5Cnuevo%5Chtdocs%5CBLA%5Cresoluciones%5CRESOLUCIONES+2006%5CRES+2006+1401-1450&f=00001439.tif HTTP/1.1" 200 17694
201.245.192.253 - - [12/Jul/2024:03:55:54 -0500] "GET /kwsrmcab/Wsrmcab?wsdl HTTP/1.1" 200 6948
172.22.2.4 - - [12/Jul/2024:03:54:21 -0500] "GET /BLA/boletinlegal/ HTTP/1.1" 200 60380
66.249.66.19 - - [12/Jul/2024:03:56:10 -0500] "GET /BLA/resoluciones/RESOLUCIONES%202007/RES%202007%201201%20AL%201300/RESOLUCION%201278%20DE%202007.pdf HTTP/1.1" 200 1162666
47.128.23.134 - - [12/Jul/2024:03:56:23 -0500] "GET /BLA/resoluciones/AUTOS%202021/0245.php?act=f&f=YE0GMTZ8.CNM HTTP/1.1" 200 2743
66.249.66.20 - - [12/Jul/2024:03:56:36 -0500] "GET /BLA/resoluciones/RESOLUCIONES%202007/RES%202007%20801%20AL%20900/RESOLUCION%200846%20DE%202007.pdf HTTP/1.1" 200 157755
216.245.221.92 - - [12/Jul/2024:03:56:46 -0500] "HEAD / HTTP/1.1" 200 -
201.245.192.253 - - [12/Jul/2024:03:56:54 -0500] "GET /kwsrmcab/Wsrmcab?wsdl HTTP/1.1" 200 6948
47.128.49.6 - - [12/Jul/2024:03:56:57 -0500] "GET /BLA/resoluciones/AUTOS%202021/0245.php?act=f&f=strichel.gif HTTP/1.1" 200 2740
66.249.66.20 - - [12/Jul/2024:03:57:01 -0500] "GET /BLA/resoluciones/RESOLUCIONES%202007/RES%202007%20501%20AL%20600/RESOLUCION%200506%20DE%202007.pdf HTTP/1.1" 200 457679
47.128.49.58 - - [12/Jul/2024:03:57:31 -0500] "GET /BLA/resoluciones/AUTOS%202021/0245.php?act=f&d=E%3A%5Cnuevo%5Chtdocs%5CBLA%5Cresoluciones%5CAUTOS+2021&f=0743.pdf&ft=info HTTP/1.1" 200 3848
201.245.192.253 - - [12/Jul/2024:03:57:41 -0500] "POST /kwsrmcab/Wsrmcab  HTTP/1.1" 200 38712
66.249.66.19 - - [12/Jul/2024:03:57:52 -0500] "GET /BLA/resoluciones/RESOLUCIONES%202007/RES%202007%20801%20AL%20900/RESOLUCION%200843%20DE%202007.pdf HTTP/1.1" 200 192574
201.245.192.253 - - [12/Jul/2024:03:57:54 -0500] "GET /kwsrmcab/Wsrmcab?wsdl HTTP/1.1" 200 6948
47.128.32.202 - - [12/Jul/2024:03:58:06 -0500] "GET /BLA/resoluciones/AUTOS%202021/0245.php?act=f&d=E%3A%5Cnuevo%5Chtdocs%5CBLA%5Cresoluciones%5CRESOLUCIONES+2006%5CRES+2006+851-900&f=00000894.tif HTTP/1.1" 200 17587
66.249.66.19 - - [12/Jul/2024:03:58:19 -0500] "GET /BLA/resoluciones/RESOLUCIONES%202007/RES%202007%20501%20AL%20600/RESOLUCION%200540%20DE%202007.pdf HTTP/1.1" 200 615480
66.249.74.68 - - [12/Jul/2024:03:58:20 -0500] "GET /secretaria-de- HTTP/1.1" 404 1034
47.128.28.157 - - [12/Jul/2024:03:58:40 -0500] "GET /BLA/resoluciones/AUTOS%202021/0245.php?act=f&f=ac.png HTTP/1.1" 200 2736
66.249.66.19 - - [12/Jul/2024:03:58:43 -0500] "GET /BLA/resoluciones/RESOLUCIONES%202007/RES%202007%20501%20AL%20600/RESOLUCION%200594%20DE%202007.pdf HTTP/1.1" 200 1008627
201.245.192.253 - - [12/Jul/2024:03:58:54 -0500] "GET /kwsrmcab/Wsrmcab?wsdl HTTP/1.1" 200 6948
66.249.66.19 - - [12/Jul/2024:03:59:00 -0500] "GET /BLA/resoluciones/RESOLUCIONES%202007/RES%202007%20501%20AL%20600/RESOLUCION%200524%20DE%202007.pdf HTTP/1.1" 200 453443
66.249.66.19 - - [12/Jul/2024:03:59:08 -0500] "GET /BLA/resoluciones/RESOLUCIONES%202007/RES%202007%20901%20AL%201000/RESOLUCION%200966%20DE%202007.pdf HTTP/1.1" 200 172209
47.128.28.19 - - [12/Jul/2024:03:59:16 -0500] "GET /BLA/resoluciones/AUTOS%202021/0245.php?act=f&f=MSN.url HTTP/1.1" 200 2737
52.167.144.188 - - [12/Jul/2024:03:59:21 -0500] "GET /BLA/resoluciones/AUTOS%202023/4146.pdf HTTP/1.1" 304 -
66.249.66.20 - - [12/Jul/2024:03:59:22 -0500] "GET /BLA/resoluciones/RESOLUCIONES%202007/RES%202007%20501%20AL%20600/RESOLUCION%200511%20DE%202007.pdf HTTP/1.1" 200 383477
66.249.66.19 - - [12/Jul/2024:03:59:40 -0500] "GET /BLA/resoluciones/RESOLUCIONES%202007/3754.pdf HTTP/1.1" 200 110439
47.128.96.114 - - [12/Jul/2024:03:59:50 -0500] "GET /BLA/resoluciones/AUTOS%202021/0245.php?act=f&d=E%3A%5Cnuevo%5Chtdocs%5CResiduos%5Ctextiles%5Cimages&f=page112.swf&ft=info HTTP/1.1" 200 3901
34.86.177.154 - - [12/Jul/2024:03:59:54 -0500] "GET /robots.txt HTTP/1.1" 404 1034
201.245.192.253 - - [12/Jul/2024:03:59:54 -0500] "GET /kwsrmcab/Wsrmcab?wsdl HTTP/1.1" 200 6948
34.86.177.154 - - [12/Jul/2024:03:59:54 -0500] "GET /se-aproxima-nueva-jornada-de-recoleccion-masiva-de-residuos-especiales-y-peligrosos-en-bogota.html HTTP/1.1" 200 1048
66.249.66.19 - - [12/Jul/2024:03:59:59 -0500] "GET /BLA/resoluciones/RESOLUCIONES%202007/RES%202007%20501%20AL%20600/RESOLUCION%200521%20DE%202007.pdf HTTP/1.1" 200 330938
66.249.66.19 - - [12/Jul/2024:04:00:07 -0500] "GET /BLA/resoluciones/RESOLUCIONES%202007/RES%202007%20501%20AL%20600/RESOLUCION%200510%20DE%202007.pdf HTTP/1.1" 200 687436
47.128.61.109 - - [12/Jul/2024:04:00:24 -0500] "GET /BLA/resoluciones/AUTOS%202021/0245.php?act=f&base64=2&d=E%3A%5Cnuevo%5Chtdocs%5CBLA%5Cresoluciones%5CRESOLUCIONES+2006%5CRES+2006++2951-3000%5C&f=00002952.tif HTTP/1.1" 200 17749
66.249.66.19 - - [12/Jul/2024:04:00:30 -0500] "GET /BLA/resoluciones/RESOLUCIONES%202007/RES%202007%20501%20AL%20600/RESOLUCION%200523%20DE%202007.pdf HTTP/1.1" 200 47463
66.249.66.19 - - [12/Jul/2024:04:00:50 -0500] "GET /BLA/resoluciones/RESOLUCIONES%202007/RES%202007%20901%20AL%201000/RESOLUCION%200992%20DE%202007.pdf HTTP/1.1" 200 585333
66.249.66.19 - - [12/Jul/2024:04:00:52 -0500] "GET /BLA/resoluciones/RESOLUCIONES%202007/RES%202007%20501%20AL%20600/RESOLUCION%200590%20DE%202007.pdf HTTP/1.1" 200 874805
201.245.192.253 - - [12/Jul/2024:04:00:54 -0500] "GET /kwsrmcab/Wsrmcab?wsdl HTTP/1.1" 200 6948
47.128.42.220 - - [12/Jul/2024:04:00:59 -0500] "GET /BLA/resoluciones/AUTOS%202021/0245.php?act=f&f=sess_v1bi4tve296c4ihrfrmb2hqkl0 HTTP/1.1" 200 2758
172.22.2.4 - - [12/Jul/2024:03:59:20 -0500] "HEAD /BLA/boletinlegal/ HTTP/1.1" 200 -
171.12.56.3 - - [12/Jul/2024:04:01:10 -0500] "GET / HTTP/1.1" 200 319
66.249.66.20 - - [12/Jul/2024:04:01:16 -0500] "GET /BLA/resoluciones/RESOLUCIONES%202007/RES%202007%20501%20AL%20600/RESOLUCION%200518%20DE%202007.pdf HTTP/1.1" 200 285599
47.128.16.217 - - [12/Jul/2024:04:01:33 -0500] "GET /BLA/resoluciones/AUTOS%202021/0245.php?act=f&f=properties.ini&white=1 HTTP/1.1" 200 2739
66.249.66.20 - - [12/Jul/2024:04:01:35 -0500] "GET /BLA/resoluciones/RESOLUCIONES%202004/RES%202004%2051-100/00000098.tif HTTP/1.1" 200 99158
66.249.66.20 - - [12/Jul/2024:04:01:41 -0500] "GET /BLA/resoluciones/RESOLUCIONES%202007/RES%202007%20501%20AL%20600/RESOLUCION%200570%20DE%202007.pdf HTTP/1.1" 200 537411
8.208.10.94 - - [12/Jul/2024:04:01:46 -0500] "GET / HTTP/1.1" 200 319
216.245.221.92 - - [12/Jul/2024:04:01:46 -0500] "HEAD / HTTP/1.1" 200 -
172.22.2.4 - - [12/Jul/2024:04:00:11 -0500] "GET /BLA/boletinlegal/ HTTP/1.1" 200 57889
201.245.192.253 - - [12/Jul/2024:04:01:54 -0500] "GET /kwsrmcab/Wsrmcab?wsdl HTTP/1.1" 200 6948
216.244.66.195 - - [12/Jul/2024:04:01:59 -0500] "GET /BLA/resoluciones/AUTOS%202011/3794.pdf HTTP/1.1" 200 300161
66.249.66.19 - - [12/Jul/2024:04:02:07 -0500] "GET /BLA/resoluciones/RESOLUCIONES%202007/RES%202007%201201%20AL%201300/RESOLUCION%201257%20DE%202007.pdf HTTP/1.1" 200 112867
47.128.123.98 - - [12/Jul/2024:04:02:08 -0500] "GET /BLA/resoluciones/AUTOS%202021/0245.php?act=f&c=1&f=8601.pdf HTTP/1.1" 200 2738
66.249.66.19 - - [12/Jul/2024:04:02:22 -0500] "GET /BLA/resoluciones/RESOLUCIONES%202007/RES%202007%20501%20AL%20600/RESOLUCION%200515%20DE%202007.pdf HTTP/1.1" 200 439591
66.249.66.21 - - [12/Jul/2024:04:02:32 -0500] "GET /BLA/resoluciones/RESOLUCIONES%202007/RES%202007%20501%20AL%20600/RESOLUCION%200558%20DE%202007.pdf HTTP/1.1" 200 1599395
201.245.192.253 - - [12/Jul/2024:04:02:39 -0500] "POST /kwsrmcab/Wsrmcab  HTTP/1.1" 200 38712
47.128.123.60 - - [12/Jul/2024:04:02:43 -0500] "GET /BLA/resoluciones/AUTOS%202021/0245.php?act=f&f=4896.pdf HTTP/1.1" 200 2739
201.245.192.253 - - [12/Jul/2024:04:02:54 -0500] "GET /kwsrmcab/Wsrmcab?wsdl HTTP/1.1" 200 6948
66.249.66.19 - - [12/Jul/2024:04:02:58 -0500] "GET /BLA/resoluciones/RESOLUCIONES%202007/RES%202007%20801%20AL%20900/RESOLUCION%200811%20DE%202007.pdf HTTP/1.1" 200 280492
47.128.47.38 - - [12/Jul/2024:04:03:17 -0500] "GET /BLA/resoluciones/AUTOS%202021/0245.php?act=f&d=E%3A%5Cnuevo%5Chtdocs%5CBLA%5Cresoluciones%5CAUTOS+2021%5C&f=5411.pdf&ft=img HTTP/1.1" 200 15949
66.249.66.20 - - [12/Jul/2024:04:03:23 -0500] "GET /BLA/resoluciones/RESOLUCIONES%202007/RES%202007%20501%20AL%20600/RESOLUCION%200502%20DE%202007.pdf HTTP/1.1" 200 377503
216.244.66.195 - - [12/Jul/2024:04:03:31 -0500] "GET /BLA/resoluciones/RESOLUCIONES%202024/00191.pdf HTTP/1.1" 200 419410
66.249.66.19 - - [12/Jul/2024:04:03:49 -0500] "GET /BLA/resoluciones/RESOLUCIONES%202007/RES%202007%20501%20AL%20600/RESOLUCION%200536%20DE%202007.pdf HTTP/1.1" 200 362319
47.128.55.120 - - [12/Jul/2024:04:03:52 -0500] "GET /BLA/resoluciones/AUTOS%202021/0245.php?act=f&base64=3&d=E%3A%5Cnuevo%5CphpMyAdmin2%5Clibraries%5Cconfig%5C&f=ConfigFile.class.php&ft=info HTTP/1.1" 200 10291
66.249.66.19 - - [12/Jul/2024:04:03:52 -0500] "GET /BLA/resoluciones/RESOLUCIONES%202007/RES%202007%20501%20AL%20600/RESOLUCION%200526%20DE%202007.pdf HTTP/1.1" 200 346546
201.245.192.253 - - [12/Jul/2024:04:03:54 -0500] "GET /kwsrmcab/Wsrmcab?wsdl HTTP/1.1" 200 6948
66.249.66.19 - - [12/Jul/2024:04:04:14 -0500] "GET /BLA/resoluciones/RESOLUCIONES%202007/RES%202007%20501%20AL%20600/RESOLUCION%200528%20DE%202007.pdf HTTP/1.1" 200 37585
47.128.121.189 - - [12/Jul/2024:04:04:26 -0500] "GET /BLA/resoluciones/AUTOS%202021/0245.php?act=f&d=E%3A%5Cnuevo%5Chtdocs%5CBLA%5Cresoluciones%5CRESOLUCIONES+2006%5CRES+2006+1101-1150&f=00001123.tif&ft=info HTTP/1.1" 200 3736
66.249.66.20 - - [12/Jul/2024:04:04:37 -0500] "GET /BLA/resoluciones/RESOLUCIONES%202007/RES%202007%20501%20AL%20600/RESOLUCION%200507%20DE%202007.pdf HTTP/1.1" 200 317943
66.249.66.20 - - [12/Jul/2024:04:04:40 -0500] "GET /BLA/resoluciones/RESOLUCIONES%202007/RES%202007%20501%20AL%20600/RESOLUCION%200516%20DE%202007.pdf HTTP/1.1" 200 262054
201.245.192.253 - - [12/Jul/2024:04:04:54 -0500] "GET /kwsrmcab/Wsrmcab?wsdl HTTP/1.1" 200 6948
47.128.55.146 - - [12/Jul/2024:04:05:01 -0500] "GET /BLA/resoluciones/AUTOS%202021/0245.php?act=f&d=E%3A%5Cnuevo%5Chtdocs%5CResiduos%5Ccosmeticos%5Cimages&f=page97_thumbnail.jpg&ft=info HTTP/1.1" 200 3900
66.249.66.20 - - [12/Jul/2024:04:05:22 -0500] "GET /BLA/resoluciones/RESOLUCIONES%202007/RES%202007%20501%20AL%20600/RESOLUCION%200504%20DE%202007.pdf HTTP/1.1" 200 578567
66.249.66.20 - - [12/Jul/2024:04:05:30 -0500] "GET /BLA/resoluciones/RESOLUCIONES%202007/RES%202007%20501%20AL%20600/RESOLUCION%200525%20DE%202007.pdf HTTP/1.1" 200 103189
47.128.47.172 - - [12/Jul/2024:04:05:35 -0500] "GET /BLA/resoluciones/AUTOS%202021/0245.php?act=ls&d=C%3A%5CAmbienteBogota%5Cautoliquidacion%5CSolicitudes+relacionadas+con+Miner%EDa%5C&sort=0a HTTP/1.1" 200 3624
201.245.192.253 - - [12/Jul/2024:04:05:54 -0500] "GET /kwsrmcab/Wsrmcab?wsdl HTTP/1.1" 200 6948
66.249.66.19 - - [12/Jul/2024:04:05:56 -0500] "GET /BLA/resoluciones/RESOLUCIONES%202007/RES%202007%20501%20AL%20600/RESOLUCION%200542%20DE%202007.pdf HTTP/1.1" 200 377147
66.249.66.19 - - [12/Jul/2024:04:06:07 -0500] "GET /BLA/resoluciones/RESOLUCIONES%202007/RES%202007%20501%20AL%20600/RESOLUCION%200551%20DE%202007.pdf HTTP/1.1" 200 360507
47.128.24.88 - - [12/Jul/2024:04:06:10 -0500] "GET /BLA/resoluciones/AUTOS%202021/0245.php?act=f&d=E%3A%5Cnuevo%5Chtdocs%5CBLA%5Cresoluciones%5CAUTOS+2021&f=2273.pdf&ft=info HTTP/1.1" 200 3846
66.249.66.19 - - [12/Jul/2024:04:06:21 -0500] "GET /BLA/resoluciones/RESOLUCIONES%202007/RES%202007%20501%20AL%20600/RESOLUCION%200586%20DE%202007.pdf HTTP/1.1" 200 553696
