172.22.2.4 - - [14/Jul/2024:00:19:27 -0500] "GET /BLA/boletinlegal/ HTTP/1.1" 200 57889
66.249.66.21 - - [14/Jul/2024:00:21:18 -0500] "GET /BLA/resoluciones/AUTOS%202008/0521.pdf HTTP/1.1" 200 59365
201.245.192.253 - - [14/Jul/2024:00:21:29 -0500] "POST /kwsrmcab/Wsrmcab  HTTP/1.1" 200 38712
66.249.66.20 - - [14/Jul/2024:00:21:32 -0500] "GET /BLA/resoluciones/AUTOS%202008/0397.pdf HTTP/1.1" 200 153168
66.249.66.19 - - [14/Jul/2024:00:21:38 -0500] "GET /BLA/resoluciones/AUTOS%202008/1049.pdf HTTP/1.1" 200 178124
66.249.66.19 - - [14/Jul/2024:00:21:40 -0500] "GET /BLA/resoluciones/AUTOS%202008/0265.pdf HTTP/1.1" 200 33857
66.249.66.19 - - [14/Jul/2024:00:21:45 -0500] "GET /BLA/resoluciones/AUTOS%202008/3264.pdf HTTP/1.1" 200 67236
66.249.66.19 - - [14/Jul/2024:00:22:01 -0500] "GET /BLA/resoluciones/AUTOS%202008/3309.pdf HTTP/1.1" 200 95580
201.245.192.253 - - [14/Jul/2024:00:22:06 -0500] "GET /kwsrmcab/Wsrmcab?wsdl HTTP/1.1" 200 6948
66.249.66.19 - - [14/Jul/2024:00:22:07 -0500] "GET /BLA/resoluciones/AUTOS%202008/1497.pdf HTTP/1.1" 200 302840
66.249.66.19 - - [14/Jul/2024:00:22:18 -0500] "GET /BLA/resoluciones/AUTOS%202008/1913.pdf HTTP/1.1" 200 201127
66.249.66.20 - - [14/Jul/2024:00:22:23 -0500] "GET /BLA/resoluciones/AUTOS%202008/3490.pdf HTTP/1.1" 200 71878
66.249.66.19 - - [14/Jul/2024:00:22:33 -0500] "GET /BLA/resoluciones/AUTOS%202008/3441.pdf HTTP/1.1" 200 108880
66.249.66.19 - - [14/Jul/2024:00:22:46 -0500] "GET /BLA/resoluciones/AUTOS%202008/1067.pdf HTTP/1.1" 200 227730
66.249.66.19 - - [14/Jul/2024:00:22:47 -0500] "GET /BLA/resoluciones/AUTOS%202020/3845.pdf HTTP/1.1" 200 395527
66.249.66.19 - - [14/Jul/2024:00:22:55 -0500] "GET /BLA/resoluciones/AUTOS%202008/1368.pdf HTTP/1.1" 200 67919
47.128.53.178 - - [14/Jul/2024:00:22:55 -0500] "GET /BLA/resoluciones/AUTOS%202021/0245.php?act=f&d=E%3A%5Cnuevo%5Chtdocs%5CBLA%5Cresoluciones%5CAUTOS+2021%5C&f=2622.pdf&ft=img HTTP/1.1" 200 15950
66.249.66.19 - - [14/Jul/2024:00:23:00 -0500] "GET /BLA/resoluciones/AUTOS%202008/2779.pdf HTTP/1.1" 200 118082
47.128.98.144 - - [14/Jul/2024:00:23:05 -0500] "GET /BLA/resoluciones/AUTOS%202021/0245.php?act=f&d=E%3A%5Cnuevo%5CMercuryMail%5C&f=winpm-32.phc&ft=img&imgsize=20 HTTP/1.1" 200 14315
201.245.192.253 - - [14/Jul/2024:00:23:06 -0500] "GET /kwsrmcab/Wsrmcab?wsdl HTTP/1.1" 200 6948
201.245.192.253 - - [14/Jul/2024:00:21:57 -0500] "POST /kwsrmcab/Wsrmcab HTTP/1.1" 200 17970
47.128.56.196 - - [14/Jul/2024:00:23:15 -0500] "GET /BLA/resoluciones/AUTOS%202021/0245.php?act=f&d=E%3A%5Cnuevo%5Chtdocs%5CBLA%5Cresoluciones%5CRESOLUCIONES+2006%5CRES+2006+1251-1300&f=00001284.tif HTTP/1.1" 200 17697
66.249.66.19 - - [14/Jul/2024:00:23:18 -0500] "GET /BLA/resoluciones/AUTOS%202008/3273.pdf HTTP/1.1" 200 59144
66.249.66.20 - - [14/Jul/2024:00:23:21 -0500] "GET /BLA/resoluciones/AUTOS%202008/3273.pdf HTTP/1.1" 200 59144
66.249.66.19 - - [14/Jul/2024:00:23:23 -0500] "GET /BLA/resoluciones/AUTOS%202008/3356.pdf HTTP/1.1" 200 102704
47.128.53.122 - - [14/Jul/2024:00:23:25 -0500] "GET /BLA/resoluciones/AUTOS%202021/0245.php?act=f&d=E%3A%5Cnuevo%5Chtdocs%5CBLA%5Cresoluciones%5CAUTOS+2021%5C&f=0248.pdf&ft=img HTTP/1.1" 200 15950
66.249.66.19 - - [14/Jul/2024:00:23:27 -0500] "GET /BLA/resoluciones/AUTOS%202008/0430.pdf HTTP/1.1" 200 237904
47.128.98.129 - - [14/Jul/2024:00:23:35 -0500] "GET /BLA/resoluciones/AUTOS%202021/0245.php?act=f&d=E%3A%5Cnuevo%5Chtdocs%5CBLA%5Cresoluciones%5CAUTOS+2021%5C&f=4026.pdf&ft=img HTTP/1.1" 200 15950
52.167.144.176 - - [14/Jul/2024:00:23:41 -0500] "GET /Publicaciones/2024EE133688.pdf HTTP/1.1" 404 228
66.249.66.19 - - [14/Jul/2024:00:23:43 -0500] "GET /BLA/resoluciones/AUTOS%202008/3498.pdf HTTP/1.1" 200 132726
66.249.66.19 - - [14/Jul/2024:00:23:45 -0500] "GET /BLA/resoluciones/AUTOS%202008/0603.pdf HTTP/1.1" 200 180042
47.128.115.124 - - [14/Jul/2024:00:23:45 -0500] "GET /BLA/resoluciones/AUTOS%202021/0245.php?act=f&d=E%3A%5Cnuevo%5CphpMyAdmin2%5Clibraries%5C&f=StringByte.int.php&ft=img HTTP/1.1" 200 15216
3.138.33.185 - - [14/Jul/2024:00:23:46 -0500] "GET /ai.txt?t=1720919102.671236 HTTP/1.1" 404 1018
3.138.33.185 - - [14/Jul/2024:00:23:46 -0500] "GET /.well-known/ai.txt?t=1720919102.671236 HTTP/1.1" 404 1018
66.249.66.19 - - [14/Jul/2024:00:23:47 -0500] "GET /BLA/resoluciones/RESOLUCIONES%202022/0210.pdf HTTP/1.1" 200 330721
66.249.66.19 - - [14/Jul/2024:00:23:48 -0500] "GET /BLA/resoluciones/AUTOS%202008/0465.pdf HTTP/1.1" 200 178094
66.249.66.19 - - [14/Jul/2024:00:23:48 -0500] "GET /BLA/resoluciones/AUTOS%202020/0305.pdf HTTP/1.1" 200 1202864
66.249.66.19 - - [14/Jul/2024:00:23:49 -0500] "GET /BLA/resoluciones/AUTOS%202008/1021.pdf HTTP/1.1" 200 91909
66.249.66.19 - - [14/Jul/2024:00:23:55 -0500] "GET /BLA/resoluciones/AUTOS%202008/1219.pdf HTTP/1.1" 200 83912
47.128.38.221 - - [14/Jul/2024:00:23:55 -0500] "GET /BLA/resoluciones/AUTOS%202021/0245.php?act=f&d=E%3A%5Cnuevo%5Chtdocs%5CBLA%5Cresoluciones%5CAUTOS+2021%5C&f=1982.pdf&ft=img HTTP/1.1" 200 15950
186.102.94.131 - - [14/Jul/2024:00:23:57 -0500] "GET /kwssiamovil/sm/acme/a?s=U2FsdGVkX1+H6JaeKPorclXl0S3UxtpGuaWrcj9VlM86fT7yzMJ4wrNomAYUVV4Hkc9I3R8JQVfijqAdOXQ7oB3vGU01pQWD8bzz7mXg+mbvbnNJ374JQ1ebJharf1s6493Rs0JlHtRdlvc4cWaBstn04rS0exVkOCVKffK+Ye2QsL0rHltu8th1VM10ZqNKlu58lPmlbuHFe2uubYeRUaY62Rmqhupvqyq/KQZTi2uueVtE+N6oCFeFIxhwbn5c7axAfPBHkSLAbYUhQklgGA==&u=U2FsdGVkX1/JavxyohGYwAJU/M+hzwn44Ua8t1ZJu041/VzXmP8Z+7KoJa3L7yDB&y=U2FsdGVkX18eJsA1/BmcL2A/Rdq5OT7WpFWnSlNKA8uPA4MAWi2BlqwFUn852fYq HTTP/1.1" 200 26
186.102.94.131 - - [14/Jul/2024:00:23:57 -0500] "GET /kwssiamovil/sm/acme/a?s=U2FsdGVkX18ONQu9CJbApJ83VVxoq201e6yL+TrlaYzHkA5YS24vcUQoehg//asMjBM0M7ipnXZ7HLywRHSpmL24bw2WpSHPDoR5JHz4+UHwoxWNb8fYb6rqYWBeQgIdxFAgELhfi2LUwm7lhEPmx/kl8pFeDGtO+58uKlcXLQ3ss010eQZZtq65aG0GK6RsVT+1zO9Xm68rKtQ++Jkd9NgYLYlkQCICE7H9lor6KN8Fxv2fkR0vWr6PrV/Uopy3yUWupd31TshASgQ1SJvrosxmckm7G3I5qhv+WJ/gpme3X5KdDmcH5ld5/0cdXnhdLkhg9HoMrN+HGTBc0EuBYvdUvACz75gEWYBDflpHpA7fJU3eKHlYtQnsD1dzapJiMGiGVNeBprDrgmOKagzL70NAHoK/tzJSKKX3wXwkaklCShcYp9m4hByKJzypC+H7WeavPG9zCSjCHdcYR77RqrVqVLvIEysqR6Cui2nosaAifFVuq2B15EVKKsAvVVH7P2KeWeZpn3WWHLgvhYMkteDidEi93Xdkvvmzf7dTXbE4SBVacBgEwSJXtoOFsxC+dVh1WjrSgyE/1/85UHArN917pg6jkYzqIK7Mo+2YZ7bhzdnc8Ikmj8ttYQutIKemsYodQlLKdXRGiOAvUp9sE8nuFYK2eEcJ+TRFVzel2cT1ZzgueBkyp1NVAG/XT/IHcY0nU3R7ul44w9HpDly++rcW7LR9inR7VNNyoukw+FA+ctMYGJP3oSKHM3ffyap21i3TTUeNT5z0pSR2nkBySIY/lEaTmL4mgnZewh/DZYZz0UB/spc9tCnHKzjZuXrWi8M9r/OqtrMf2IgZUDDtHcfiVipBNuXuGCKFf65cgpzTrpuPlilVJ7lJewLS4j2b+RXKcji+fd2kKA0YNeANGF5nckLMF8qCEDgwvBIyzhOO4jRNHZGSOHNV3y2QJtAxKr6c3Lsl+dG5cSPZbPATac0sBcsMi6xjd9285+hLXnB0v4WHKdzWwa4R31xmBI9i9kPVQ/woFJQYa+SbjFtSVhsyLoNKeQuUbSM0TNIN36Dykg8VfEGgl+wSS3v7opwbCQW5baF4ceCN/Ha5hDcujqFSFUPuO5/NnRwkud6QAmkjyKAHg6CnCjEN7sRKEusDxhcsgO21qmggnMoG0RTv6+mkV1j+F3Y9RGyb5/ZUi7O91sS1Ty7/yFRA/TpPKVMzrC44DXk2RiKEXMYEQYmcN89BduB894/EabtF8BCqRCQjP2FuGHdEy39GkTfZSVd6fG1geau/xoFxjolmOnk388KSLDKyTOJrITLyv7QGUQCY0inUVQpHy3lKCtLnsCAv98dV+S0rfgLKogDlAYtPq62uKfORttR1S8V75O7uMymu//8YC6+C7wulhL2MMmHYWgvHdRbK8puN5iLlMvwF3o32ZB1SJSvOQG9qTTZbfSalUVkabw2ZxCJpCjO1APAMFkOWIWsREVbbcvcXF7ZE/UooBhBEOEzpHUn+MgfLVMXf6ZwjC1E0bivY34UtsJO3hNAvbdql0ivn8KXdBa/29y9/Sk28002ZDsR/8ADIOYFW0LIuiTgGuT1hYvFHMfQMX9VOBdg+ivIoeyXd7zhLk4kXTgslUw4Rv4vOHPn6eidS7oKYL2ja5cH9IV7ofzUEN0ILs0M3YLHYqkcK5xxUTz7N9T8FVzOcTzR3qVbkQCTB9z0bGebrmIhTNqbQQmcFJeoeMbKsks5YGP/AHKccul2+6Dx25tD7BOXFReQUsWFjL+d0kRrW9987DfyVMR8FereINOvdDQkRIddJQABLnA==&u=U2FsdGVkX1/JavxyohGYwAJU/M+hzwn44Ua8t1ZJu041/VzXmP8Z+7KoJa3L7yDB&y=U2FsdGVkX18eJsA1/BmcL2A/Rdq5OT7WpFWnSlNKA8uPA4MAWi2BlqwFUn852fYq HTTP/1.1" 200 26
186.102.94.131 - - [14/Jul/2024:00:23:58 -0500] "GET /kwssiamovil/sm/acme/a?s=U2FsdGVkX1/PXIgL9lNSXuBqJ7/fqxM2I57hdNQ3d8XwzuKQ7ClpkWsIhuUm3ZAgVOZjZyg+A8CM0/RohSM2w5liI/AmW+cfQzSxEgWBy8bhP/czUxhomSLJa3dVTwItqEyF2jWNS6/P2MA9C8dcVt6xBsOuHAWbdzL07Kc3T7U=&u=U2FsdGVkX1/JavxyohGYwAJU/M+hzwn44Ua8t1ZJu041/VzXmP8Z+7KoJa3L7yDB&y=U2FsdGVkX18eJsA1/BmcL2A/Rdq5OT7WpFWnSlNKA8uPA4MAWi2BlqwFUn852fYq HTTP/1.1" 200 26
186.102.94.131 - - [14/Jul/2024:00:23:58 -0500] "GET /kwssiamovil/sm/acme/a?s=U2FsdGVkX1/zla8YCvDZU/EQ76IvPVEkaXhNB4cS/LMFt0ePMLm3Dx0AqrS9LybvFVs2EpHBdJm9luLkWp/TqESRzRtuYmoaVDMDQBUfaP7sqjA0/nX3PlqacmQXaEv5yoaPdDado1vjRt+Zc5ITpTtg8bY6O16tt2+1d4l8VpU=&u=U2FsdGVkX1/JavxyohGYwAJU/M+hzwn44Ua8t1ZJu041/VzXmP8Z+7KoJa3L7yDB&y=U2FsdGVkX18eJsA1/BmcL2A/Rdq5OT7WpFWnSlNKA8uPA4MAWi2BlqwFUn852fYq HTTP/1.1" 200 26
186.102.94.131 - - [14/Jul/2024:00:23:58 -0500] "GET /kwssiamovil/sm/acme/a?s=U2FsdGVkX1+/yA1OkiQP1zcyPlS/FZ3fBH0sBvfGJ/fIIsCGQAAunKUSfzXt9WtU0RD51ntm+DNA3Z6geWSFiA919eXu4fsEsYflpaPupKotFmvU3o7+0IGMXyvEvP83tBCPhFOPS7vZbFMZUk6I0zmIfB3gKcFjQkIz7GYAhpc=&u=U2FsdGVkX1/JavxyohGYwAJU/M+hzwn44Ua8t1ZJu041/VzXmP8Z+7KoJa3L7yDB&y=U2FsdGVkX18eJsA1/BmcL2A/Rdq5OT7WpFWnSlNKA8uPA4MAWi2BlqwFUn852fYq HTTP/1.1" 200 26
186.102.94.131 - - [14/Jul/2024:00:23:58 -0500] "GET /kwssiamovil/sm/acme/a?s=U2FsdGVkX1+ESgJG58vXkUAEtwq68R4fpBEh/dU4oYRf197Yi3uQOcEppHU4zJRvZ7F9Wb7HKMvkYfaAarOBiCrZu8+Z5ihpjPxK5i3iTQW1rqVemmcGhDzCHShy8PR3Rflao+mZA7FQ56/uNIBIKogLCZ/l9IB+U6AJohZWyAY9y3WGA8AKS1Tdj+rGeofxRO+cxZFV2VRw1pok7GFepA==&u=U2FsdGVkX1/JavxyohGYwAJU/M+hzwn44Ua8t1ZJu041/VzXmP8Z+7KoJa3L7yDB&y=U2FsdGVkX18eJsA1/BmcL2A/Rdq5OT7WpFWnSlNKA8uPA4MAWi2BlqwFUn852fYq HTTP/1.1" 200 26
66.249.66.19 - - [14/Jul/2024:00:23:59 -0500] "GET /BLA/resoluciones/AUTOS%202008/2514.pdf HTTP/1.1" 200 80718
66.249.66.19 - - [14/Jul/2024:00:24:05 -0500] "GET /BLA/resoluciones/AUTOS%202008/2810.pdf HTTP/1.1" 200 113632
47.128.114.50 - - [14/Jul/2024:00:24:05 -0500] "GET /BLA/resoluciones/AUTOS%202021/0245.php?act=f&f=en-el-mes-de-las-madres-conectate-con-la-madre-tierra-a-traves-de-nuestras-%C2%A1caminatas-ecologicas.html HTTP/1.1" 200 2812
201.245.192.253 - - [14/Jul/2024:00:24:06 -0500] "GET /kwsrmcab/Wsrmcab?wsdl HTTP/1.1" 200 6948
47.128.31.204 - - [14/Jul/2024:00:24:18 -0500] "GET /BLA/resoluciones/AUTOS%202021/0245.php?act=f&d=E%3A%5Cnuevo%5Chtdocs%5CResiduos%5Cimpresion%5Cimages&f=page16_thumbnail.jpg&ft=info HTTP/1.1" 200 3896
66.249.66.19 - - [14/Jul/2024:00:24:21 -0500] "GET /BLA/resoluciones/AUTOS%202008/1121.pdf HTTP/1.1" 200 166990
66.249.66.19 - - [14/Jul/2024:00:24:21 -0500] "GET /Publicaciones/2024EE143309.pdf HTTP/1.1" 200 241802
66.249.66.19 - - [14/Jul/2024:00:24:22 -0500] "GET /Publicaciones/2024EE137890.pdf HTTP/1.1" 200 241809
66.249.66.19 - - [14/Jul/2024:00:24:22 -0500] "GET /Publicaciones/2024EE143308.pdf HTTP/1.1" 200 241765
66.249.66.19 - - [14/Jul/2024:00:24:22 -0500] "GET /Publicaciones/2024EE143294.pdf HTTP/1.1" 200 718355
66.249.66.19 - - [14/Jul/2024:00:24:23 -0500] "GET /Publicaciones/2024EE142179.pdf HTTP/1.1" 200 1471841
66.249.66.19 - - [14/Jul/2024:00:24:25 -0500] "GET /BLA/resoluciones/RESOLUCIONES%202007/RES%202007%201201%20AL%201300/RESOLUCION%201293%20DE%202007.pdf HTTP/1.1" 200 916458
66.249.66.20 - - [14/Jul/2024:00:24:25 -0500] "GET /Publicaciones/2024EE138468.pdf HTTP/1.1" 200 241336
66.249.66.20 - - [14/Jul/2024:00:24:26 -0500] "GET /BLA/resoluciones/RESOLUCIONES%202007/RES%202007%201801%20AL%201900/RESOLUCION%201805%20DE%202007.pdf HTTP/1.1" 200 553065
66.249.66.19 - - [14/Jul/2024:00:24:26 -0500] "GET /Publicaciones/2024EE142009.pdf HTTP/1.1" 200 241745
66.249.66.21 - - [14/Jul/2024:00:24:27 -0500] "GET /BLA/resoluciones/RESOLUCIONES%202007/RES%202007%20801%20AL%20900/RESOLUCION%200877%20DE%202007.pdf HTTP/1.1" 200 218373
66.249.66.20 - - [14/Jul/2024:00:24:27 -0500] "GET /Publicaciones/2024EE141999.pdf HTTP/1.1" 200 340688
66.249.66.20 - - [14/Jul/2024:00:24:28 -0500] "GET /BLA/resoluciones/RESOLUCIONES%202007/RES%202007%20801%20AL%20900/RESOLUCION%200857%20DE%202007.pdf HTTP/1.1" 200 350410
66.249.66.20 - - [14/Jul/2024:00:24:28 -0500] "GET /BLA/resoluciones/RESOLUCIONES%202007/RES%202007%20901%20AL%201000/RESOLUCION%200996%20DE%202007.pdf HTTP/1.1" 200 200963
66.249.66.21 - - [14/Jul/2024:00:24:28 -0500] "GET /BLA/resoluciones/RESOLUCIONES%202007/RES%202007%201801%20AL%201900/RESOLUCION%201845%20DE%202007.pdf HTTP/1.1" 200 1399221
66.249.66.21 - - [14/Jul/2024:00:24:29 -0500] "GET /BLA/resoluciones/RESOLUCIONES%202007/RES%202007%20801%20AL%20900/RESOLUCION%200880%20DE%202007.pdf HTTP/1.1" 200 257726
47.128.58.18 - - [14/Jul/2024:00:24:28 -0500] "GET /BLA/resoluciones/AUTOS%202021/0245.php?act=f&d=E%3A%5Cnuevo%5Chtdocs%5Ccumbreclima%5Cwp-includes%5C&f=class.wp-scripts.php&ft=img HTTP/1.1" 200 15928
66.249.66.21 - - [14/Jul/2024:00:24:29 -0500] "GET /BLA/resoluciones/RESOLUCIONES%202007/RES%202007%20901%20AL%201000/RESOLUCION%200902%20DE%202007.pdf HTTP/1.1" 200 235602
66.249.66.19 - - [14/Jul/2024:00:24:30 -0500] "GET /BLA/resoluciones/RESOLUCIONES%202007/RES%202007%201726%20AL%201800/RESOLUCION%201728%20DE%202007.pdf HTTP/1.1" 200 123806
66.249.66.1 - - [14/Jul/2024:00:24:30 -0500] "GET /BLA/resoluciones/RESOLUCIONES%202007/RES%202007%20501%20AL%20600/RESOLUCION%200539%20DE%202007.pdf HTTP/1.1" 200 440884
66.249.66.23 - - [14/Jul/2024:00:24:31 -0500] "GET /BLA/resoluciones/RESOLUCIONES%202007/RES%202007%20801%20AL%20900/RESOLUCION%200855%20DE%202007.pdf HTTP/1.1" 200 1547919
66.249.66.19 - - [14/Jul/2024:00:24:32 -0500] "GET /BLA/resoluciones/RESOLUCIONES%202007/RES%202007%20501%20AL%20600/RESOLUCION%200506%20DE%202007.pdf HTTP/1.1" 200 457679
66.249.66.21 - - [14/Jul/2024:00:24:32 -0500] "GET /BLA/resoluciones/RESOLUCIONES%202007/RES%202007%201801%20AL%201900/RESOLUCION%201834%20DE%202007.pdf HTTP/1.1" 200 227375
66.249.66.22 - - [14/Jul/2024:00:24:32 -0500] "GET /BLA/resoluciones/RESOLUCIONES%202007/0758.pdf HTTP/1.1" 200 351173
66.249.66.22 - - [14/Jul/2024:00:24:33 -0500] "GET /BLA/resoluciones/RESOLUCIONES%202007/0268.pdf HTTP/1.1" 200 33240
66.249.66.3 - - [14/Jul/2024:00:24:33 -0500] "GET /BLA/resoluciones/RESOLUCIONES%202007/RES%202007%201801%20AL%201900/RESOLUCION%201854%20DE%202007.pdf HTTP/1.1" 200 805792
66.249.66.20 - - [14/Jul/2024:00:24:34 -0500] "GET /BLA/resoluciones/RESOLUCIONES%202007/RES%202007%20801%20AL%20900/RESOLUCION%200861%20DE%202007.pdf HTTP/1.1" 200 1215303
66.249.66.23 - - [14/Jul/2024:00:24:34 -0500] "GET /BLA/resoluciones/RESOLUCIONES%202007/RES%202007%20801%20AL%20900/RESOLUCION%200887%20DE%202007.pdf HTTP/1.1" 200 253560
66.249.66.19 - - [14/Jul/2024:00:24:35 -0500] "GET /BLA/resoluciones/RESOLUCIONES%202007/RES%202007%20901%20AL%201000/RESOLUCION%200916%20DE%202007.pdf HTTP/1.1" 200 320012
66.249.66.22 - - [14/Jul/2024:00:24:35 -0500] "GET /BLA/resoluciones/RESOLUCIONES%202007/RES%202007%201801%20AL%201900/RESOLUCION%201810%20DE%202007.pdf HTTP/1.1" 200 761561
66.249.66.23 - - [14/Jul/2024:00:24:36 -0500] "GET /BLA/resoluciones/RESOLUCIONES%202007/RES%202007%20101%20AL%20200/RESOLUCION%200137%20DE%202007.pdf HTTP/1.1" 200 306882
66.249.66.1 - - [14/Jul/2024:00:24:36 -0500] "GET /BLA/resoluciones/RESOLUCIONES%202007/RES%202007%20501%20AL%20600/RESOLUCION%20519%20DE%202007.pdf HTTP/1.1" 200 1895136
66.249.66.3 - - [14/Jul/2024:00:24:37 -0500] "GET /BLA/resoluciones/RESOLUCIONES%202007/RES%202007%201201%20AL%201300/RESOLUCION%201224%20DE%202007.pdf HTTP/1.1" 200 175100
66.249.66.3 - - [14/Jul/2024:00:24:37 -0500] "GET /BLA/resoluciones/RESOLUCIONES%202007/RES%202007%20901%20AL%201000/RESOLUCION%200966%20DE%202007.pdf HTTP/1.1" 200 172209
66.249.66.2 - - [14/Jul/2024:00:24:38 -0500] "GET /BLA/resoluciones/RESOLUCIONES%202007/RES%202007%201201%20AL%201300/RESOLUCION%201243%20DE%202007.pdf HTTP/1.1" 200 533280
66.249.66.23 - - [14/Jul/2024:00:24:38 -0500] "GET /Publicaciones/2024EE143271.pdf HTTP/1.1" 200 378164
66.249.66.6 - - [14/Jul/2024:00:24:39 -0500] "GET /BLA/resoluciones/RESOLUCIONES%202007/RES%202007%20801%20AL%20900/RESOLUCION%200859%20DE%202007.pdf HTTP/1.1" 200 267612
66.249.66.21 - - [14/Jul/2024:00:24:39 -0500] "GET /BLA/resoluciones/RESOLUCIONES%202007/RES%202007%201201%20AL%201300/RESOLUCION%201291%20DE%202007.pdf HTTP/1.1" 200 961550
66.249.66.4 - - [14/Jul/2024:00:24:40 -0500] "GET /BLA/resoluciones/RESOLUCIONES%202007/RES%202007%20101%20AL%20200/RESOLUCION%200192%20DE%202007.pdf HTTP/1.1" 200 72010
47.128.38.121 - - [14/Jul/2024:00:24:39 -0500] "GET /BLA/resoluciones/AUTOS%202021/0245.php?act=f&d=E%3A%5Cnuevo%5Chtdocs%5Chuelladecarbono%5C&f=descargas.html&ft=img HTTP/1.1" 200 15145
66.249.66.3 - - [14/Jul/2024:00:24:40 -0500] "GET /BLA/resoluciones/RESOLUCIONES%202007/RES%202007%20101%20AL%20200/RESOLUCION%200136%20DE%202007.pdf HTTP/1.1" 200 309595
66.249.66.2 - - [14/Jul/2024:00:24:40 -0500] "GET /BLA/resoluciones/RESOLUCIONES%202007/3181.pdf HTTP/1.1" 200 1054732
66.249.66.3 - - [14/Jul/2024:00:24:41 -0500] "GET /BLA/resoluciones/RESOLUCIONES%202007/RES%202007%20701%20AL%20800/RESOLUCION%200712%20DE%202007.pdf HTTP/1.1" 200 1359008
216.245.221.92 - - [14/Jul/2024:00:24:41 -0500] "HEAD / HTTP/1.1" 200 -
66.249.66.4 - - [14/Jul/2024:00:24:41 -0500] "GET /BLA/resoluciones/RESOLUCIONES%202007/RES%202007%20701%20AL%20800/RESOLUCION%200704%20DE%202007.pdf HTTP/1.1" 200 1185212
66.249.66.21 - - [14/Jul/2024:00:24:42 -0500] "GET /Publicaciones/2024EE140343.pdf HTTP/1.1" 200 319589
66.249.66.9 - - [14/Jul/2024:00:24:42 -0500] "GET /BLA/resoluciones/RESOLUCIONES%202007/RES%202007%201201%20AL%201300/RESOLUCION%201294%20DE%202007.pdf HTTP/1.1" 200 826373
66.249.66.10 - - [14/Jul/2024:00:24:43 -0500] "GET /BLA/resoluciones/RESOLUCIONES%202007/RES%202007%201801%20AL%201900/RESOLUCION%201884%20DE%202007.pdf HTTP/1.1" 200 399948
66.249.66.21 - - [14/Jul/2024:00:24:43 -0500] "GET /BLA/resoluciones/RESOLUCIONES%202007/RES%202007%20101%20AL%20200/RESOLUCION%200182%20DE%202007.pdf HTTP/1.1" 200 610528
66.249.66.23 - - [14/Jul/2024:00:24:44 -0500] "GET /BLA/resoluciones/RESOLUCIONES%202007/RES%202007%204301%20AL%204352/RESOLUCION%204327%20DE%202007.pdf HTTP/1.1" 200 402895
66.249.66.5 - - [14/Jul/2024:00:24:44 -0500] "GET /BLA/resoluciones/RESOLUCIONES%202007/RES%202007%204301%20AL%204352/RESOLUCION%204324%20DE%202007.pdf HTTP/1.1" 200 1032107
66.249.66.4 - - [14/Jul/2024:00:24:45 -0500] "GET /BLA/resoluciones/RESOLUCIONES%202007/RES%202007%201726%20AL%201800/RESOLUCION%201726%20DE%202007.pdf HTTP/1.1" 200 42429
66.249.66.6 - - [14/Jul/2024:00:24:45 -0500] "GET /BLA/resoluciones/RESOLUCIONES%202007/RES%202007%20101%20AL%20200/RESOLUCION%200103%20DE%202007.pdf HTTP/1.1" 200 287435
66.249.66.23 - - [14/Jul/2024:00:24:46 -0500] "GET /BLA/resoluciones/RESOLUCIONES%202007/RES%202007%201726%20AL%201800/RESOLUCION%201796%20DE%202007.pdf HTTP/1.1" 200 1347535
66.249.66.1 - - [14/Jul/2024:00:24:46 -0500] "GET /BLA/resoluciones/RESOLUCIONES%202007/0198.pdf HTTP/1.1" 200 49857
66.249.66.14 - - [14/Jul/2024:00:24:47 -0500] "GET /BLA/resoluciones/RESOLUCIONES%202007/RES%202007%201201%20AL%201300/RESOLUCION%201272%20DE%202007.pdf HTTP/1.1" 200 304172
66.249.66.23 - - [14/Jul/2024:00:24:47 -0500] "GET /BLA/resoluciones/AUTOS%202008/0775.pdf HTTP/1.1" 200 78440
66.249.66.21 - - [14/Jul/2024:00:24:48 -0500] "GET /BLA/resoluciones/RESOLUCIONES%202007/RES%202007%20901%20AL%201000/RESOLUCION%200920%20DE%202007.pdf HTTP/1.1" 200 150367
66.249.66.10 - - [14/Jul/2024:00:24:48 -0500] "GET /BLA/resoluciones/RESOLUCIONES%202007/3859.pdf HTTP/1.1" 200 285369
66.249.66.1 - - [14/Jul/2024:00:24:49 -0500] "GET /BLA/resoluciones/RESOLUCIONES%202007/RES%202007%20801%20AL%20900/RESOLUCION%200893%20DE%202007.pdf HTTP/1.1" 200 318472
47.128.31.203 - - [14/Jul/2024:00:24:48 -0500] "GET /BLA/resoluciones/AUTOS%202021/0245.php?act=f&d=E%3A%5Cnuevo%5Chtdocs%5CBLA%5Cresoluciones%5CRESOLUCIONES+2006%5CRES+2006+2151-2200&f=00002154.tif HTTP/1.1" 200 17695
66.249.66.22 - - [14/Jul/2024:00:24:49 -0500] "GET /BLA/resoluciones/RESOLUCIONES%202007/RES%202007%204301%20AL%204352/RESOLUCION%204313%20DE%202007.pdf HTTP/1.1" 200 913135
66.249.66.14 - - [14/Jul/2024:00:24:49 -0500] "GET /BLA/resoluciones/RESOLUCIONES%202007/RES%202007%20701%20AL%20800/RESOLUCION%200714%20DE%202007.pdf HTTP/1.1" 200 701467
66.249.66.20 - - [14/Jul/2024:00:24:50 -0500] "GET /BLA/resoluciones/RESOLUCIONES%202007/3075.pdf HTTP/1.1" 200 154411
66.249.66.7 - - [14/Jul/2024:00:24:50 -0500] "GET /BLA/resoluciones/RESOLUCIONES%202007/RES%202007%20501%20AL%20600/RESOLUCION%200512%20DE%202007.pdf HTTP/1.1" 200 422026
66.249.66.11 - - [14/Jul/2024:00:24:51 -0500] "GET /BLA/resoluciones/RESOLUCIONES%202007/RES%202007%20101%20AL%20200/RESOLUCION%200174%20DE%202007.pdf HTTP/1.1" 200 520411
66.249.66.9 - - [14/Jul/2024:00:24:51 -0500] "GET /BLA/resoluciones/RESOLUCIONES%202007/RES%202007%20901%20AL%201000/RESOLUCION%200995%20DE%202007.pdf HTTP/1.1" 200 217960
66.249.66.10 - - [14/Jul/2024:00:24:52 -0500] "GET /BLA/resoluciones/RESOLUCIONES%202007/RES%202007%204301%20AL%204352/RESOLUCION%204309%20DE%202007.pdf HTTP/1.1" 200 906291
66.249.66.1 - - [14/Jul/2024:00:24:52 -0500] "GET /BLA/resoluciones/RESOLUCIONES%202007/RES%202007%20101%20AL%20200/RESOLUCION%200169%20DE%202007.pdf HTTP/1.1" 200 21620
66.249.66.13 - - [14/Jul/2024:00:24:53 -0500] "GET /BLA/resoluciones/RESOLUCIONES%202007/RES%202007%204301%20AL%204352/RESOLUCION%204346%20DE%202007.pdf HTTP/1.1" 200 227269
66.249.66.11 - - [14/Jul/2024:00:24:53 -0500] "GET /BLA/resoluciones/RESOLUCIONES%202007/RES%202007%20701%20AL%20800/RESOLUCION%200743%20DE%202007.pdf HTTP/1.1" 200 213133
66.249.66.16 - - [14/Jul/2024:00:24:54 -0500] "GET /BLA/resoluciones/RESOLUCIONES%202007/RES%202007%20501%20AL%20600/RESOLUCION%200549%20DE%202007.pdf HTTP/1.1" 200 372397
66.249.66.14 - - [14/Jul/2024:00:24:54 -0500] "GET /BLA/resoluciones/RESOLUCIONES%202007/RES%202007%20501%20AL%20600/RESOLUCION%200564%20DE%202007.pdf HTTP/1.1" 200 669443
66.249.66.20 - - [14/Jul/2024:00:24:55 -0500] "GET /BLA/resoluciones/RESOLUCIONES%202007/RES%202007%20801%20AL%20900/RESOLUCION%200841%20DE%202007.pdf HTTP/1.1" 200 255715
66.249.66.10 - - [14/Jul/2024:00:24:55 -0500] "GET /BLA/resoluciones/RESOLUCIONES%202007/RES%202007%201801%20AL%201900/RESOLUCION%201813%20DE%202007.pdf HTTP/1.1" 200 533405
66.249.66.11 - - [14/Jul/2024:00:24:56 -0500] "GET /Publicaciones/2024EE143304.pdf HTTP/1.1" 200 241701
66.249.66.23 - - [14/Jul/2024:00:24:56 -0500] "GET /BLA/resoluciones/RESOLUCIONES%202007/RES%202007%201201%20AL%201300/RESOLUCION%201252%20DE%202007.pdf HTTP/1.1" 200 724519
66.249.66.6 - - [14/Jul/2024:00:24:56 -0500] "GET /Publicaciones/2024EE140185.pdf HTTP/1.1" 200 241657
66.249.66.7 - - [14/Jul/2024:00:24:57 -0500] "GET /BLA/resoluciones/RESOLUCIONES%202007/RES%202007%20501%20AL%20600/RESOLUCION%200517%20DE%202007.pdf HTTP/1.1" 200 219601
66.249.66.6 - - [14/Jul/2024:00:24:57 -0500] "GET /BLA/resoluciones/RESOLUCIONES%202007/RES%202007%20801%20AL%20900/RESOLUCION%200890%20DE%202007.pdf HTTP/1.1" 200 243444
66.249.66.14 - - [14/Jul/2024:00:24:58 -0500] "GET /BLA/resoluciones/RESOLUCIONES%202007/RES%202007%201801%20AL%201900/RESOLUCION%201816%20DE%202007.pdf HTTP/1.1" 200 754368
66.249.66.4 - - [14/Jul/2024:00:24:58 -0500] "GET /BLA/resoluciones/AUTOS%202008/2180.pdf HTTP/1.1" 200 61951
66.249.66.22 - - [14/Jul/2024:00:24:59 -0500] "GET /BLA/resoluciones/RESOLUCIONES%202007/RES%202007%20901%20AL%201000/RESOLUCION%200918%20DE%202007.pdf HTTP/1.1" 200 138331
47.128.125.90 - - [14/Jul/2024:00:24:58 -0500] "GET /BLA/resoluciones/AUTOS%202021/0245.php?act=f&d=E%3A%5Cnuevo%5Chtdocs%5CBLA%5Cresoluciones%5CRESOLUCIONES+2006%5CRES+2006+2251-2300%5C&f=00002298.tif&imgsize=20 HTTP/1.1" 200 17700
66.249.66.3 - - [14/Jul/2024:00:24:59 -0500] "GET /BLA/resoluciones/RESOLUCIONES%202007/RES%202007%20801%20AL%20900/RESOLUCION%200846%20DE%202007.pdf HTTP/1.1" 200 157755
66.249.66.2 - - [14/Jul/2024:00:25:00 -0500] "GET /BLA/resoluciones/RESOLUCIONES%202007/RES%202007%20801%20AL%20900/RESOLUCION%200867%20DE%202007.pdf HTTP/1.1" 200 697972
66.249.66.3 - - [14/Jul/2024:00:25:00 -0500] "GET /BLA/resoluciones/RESOLUCIONES%202007/RES%202007%20501%20AL%20600/RESOLUCION%200552%20DE%202007.pdf HTTP/1.1" 200 505260
66.249.66.13 - - [14/Jul/2024:00:25:01 -0500] "GET /BLA/resoluciones/RESOLUCIONES%202007/RES%202007%204301%20AL%204352/RESOLUCION%204315%20DE%202007.pdf HTTP/1.1" 200 317775
66.249.66.2 - - [14/Jul/2024:00:25:01 -0500] "GET /BLA/resoluciones/RESOLUCIONES%202007/RES%202007%204301%20AL%204352/RESOLUCION%204320%20DE%202007.pdf HTTP/1.1" 200 758475
66.249.66.14 - - [14/Jul/2024:00:25:02 -0500] "GET /BLA/resoluciones/RESOLUCIONES%202007/RES%202007%201201%20AL%201300/RESOLUCION%201282%20DE%202007.pdf HTTP/1.1" 200 837034
66.249.66.16 - - [14/Jul/2024:00:25:02 -0500] "GET /BLA/resoluciones/RESOLUCIONES%202007/RES%202007%201201%20AL%201300/RESOLUCION%201228%20DE%202007.pdf HTTP/1.1" 200 255081
66.249.66.14 - - [14/Jul/2024:00:25:02 -0500] "GET /BLA/resoluciones/Notificaciones/RESOLUCIONES%202023/7078.pdf HTTP/1.1" 200 416455
66.249.66.7 - - [14/Jul/2024:00:25:03 -0500] "GET /BLA/resoluciones/RESOLUCIONES%202007/RES%202007%20901%20AL%201000/RESOLUCION%200954%20DE%202007.pdf HTTP/1.1" 200 222949
66.249.66.14 - - [14/Jul/2024:00:25:03 -0500] "GET /BLA/resoluciones/RESOLUCIONES%202007/RES%202007%20901%20AL%201000/RESOLUCION%200911%20DE%202007.pdf HTTP/1.1" 200 359698
66.249.66.21 - - [14/Jul/2024:00:25:04 -0500] "GET /BLA/resoluciones/RESOLUCIONES%202007/RES%202007%20801%20AL%20900/RESOLUCION%200837%20DE%202007.pdf HTTP/1.1" 200 167649
66.249.66.2 - - [14/Jul/2024:00:25:04 -0500] "GET /BLA/resoluciones/RESOLUCIONES%202007/RES%202007%20101%20AL%20200/RESOLUCION%200115%20%20DE%202007.pdf HTTP/1.1" 200 430546
66.249.66.1 - - [14/Jul/2024:00:25:05 -0500] "GET /BLA/resoluciones/RESOLUCIONES%202007/RES%202007%20101%20AL%20200/RESOLUCION%200121%20DE%202007.pdf HTTP/1.1" 200 343702
66.249.66.9 - - [14/Jul/2024:00:25:05 -0500] "GET /BLA/resoluciones/RESOLUCIONES%202007/RES%202007%204301%20AL%204352/RESOLUCION%204321%20DE%202007.pdf HTTP/1.1" 200 355719
66.249.66.6 - - [14/Jul/2024:00:25:06 -0500] "GET /BLA/resoluciones/RESOLUCIONES%202007/RES%202007%201201%20AL%201300/RESOLUCION%201297%20DE%202007.pdf HTTP/1.1" 200 947944
66.249.66.5 - - [14/Jul/2024:00:25:06 -0500] "GET /BLA/resoluciones/RESOLUCIONES%202007/RES%202007%201801%20AL%201900/RESOLUCION%201894%20DE%202007.pdf HTTP/1.1" 200 643502
66.249.66.70 - - [14/Jul/2024:00:25:07 -0500] "GET /BLA/resoluciones/RESOLUCIONES%202007/RES%202007%201201%20AL%201300/RESOLUCION%201300%20DE%202007.pdf HTTP/1.1" 200 570084
201.245.192.253 - - [14/Jul/2024:00:25:06 -0500] "GET /kwsrmcab/Wsrmcab?wsdl HTTP/1.1" 200 6948
47.128.28.220 - - [14/Jul/2024:00:25:09 -0500] "GET /BLA/resoluciones/AUTOS%202021/0245.php?act=f&d=E%3A%5Cnuevo%5Chtdocs%5CBLA%5Cresoluciones%5CRESOLUCIONES+2006%5CRES+2006+301-350&f=00000348.tif HTTP/1.1" 200 17587
66.249.66.2 - - [14/Jul/2024:00:25:14 -0500] "GET /BLA/resoluciones/AUTOS%202008/0768.pdf HTTP/1.1" 200 76891
47.128.55.40 - - [14/Jul/2024:00:25:18 -0500] "GET /BLA/resoluciones/AUTOS%202021/0245.php?act=f&d=E%3A%5Cnuevo%5Chtdocs%5CBLA%5Cresoluciones%5CRESOLUCIONES+2006%5CRES+2006+1551-1600&f=00001600.tif HTTP/1.1" 200 17697
47.128.54.10 - - [14/Jul/2024:00:25:28 -0500] "GET /BLA/resoluciones/AUTOS%202021/0245.php?act=f&d=E%3A%5Cnuevo%5Chtdocs%5CBLA%5Cresoluciones%5CAUTOS+2021%5C&f=1435.pdf&ft=img HTTP/1.1" 200 15950
162.55.35.116 - - [14/Jul/2024:00:25:29 -0500] "GET / HTTP/1.1" 200 4720
47.128.28.59 - - [14/Jul/2024:00:25:39 -0500] "GET /BLA/resoluciones/AUTOS%202021/0245.php?act=f&d=E%3A%5Cnuevo%5Chtdocs%5CBLA%5Cresoluciones%5CAUTOS+2021%5C&f=5064.pdf&ft=img HTTP/1.1" 200 15950
47.128.98.154 - - [14/Jul/2024:00:25:48 -0500] "GET /BLA/resoluciones/AUTOS%202021/0245.php?act=f&d=E%3A%5Cnuevo%5Chtdocs%5CBLA%5Cresoluciones%5CAUTOS+2021%5C&f=0112.pdf&ft=img HTTP/1.1" 200 15950
47.128.120.230 - - [14/Jul/2024:00:25:58 -0500] "GET /BLA/resoluciones/AUTOS%202021/0245.php?act=f&f=desde-hace-mucho-tiempo-no-habia-tanta-sensibilidad-por-los-temas-ambientales-carolina-urrutia.html HTTP/1.1" 200 2802
66.249.66.22 - - [14/Jul/2024:00:26:06 -0500] "GET /BLA/resoluciones/AUTOS%202008/0465.pdf HTTP/1.1" 200 178094
201.245.192.253 - - [14/Jul/2024:00:26:06 -0500] "GET /kwsrmcab/Wsrmcab?wsdl HTTP/1.1" 200 6948
172.22.2.4 - - [14/Jul/2024:00:24:26 -0500] "HEAD /BLA/boletinlegal/ HTTP/1.1" 200 -
47.128.59.228 - - [14/Jul/2024:00:26:08 -0500] "GET /BLA/resoluciones/AUTOS%202021/0245.php?act=f&d=E%3A%5Cnuevo%5Chtdocs%5CBLA%5Cresoluciones%5CRESOLUCIONES+2006%5CRES+2006+351-400&f=00000387.tif HTTP/1.1" 200 17588
66.249.66.8 - - [14/Jul/2024:00:26:11 -0500] "GET /BLA/resoluciones/AUTOS%202008/2883.pdf HTTP/1.1" 200 207924
47.128.23.95 - - [14/Jul/2024:00:26:18 -0500] "GET /BLA/resoluciones/AUTOS%202021/0245.php?act=f&d=E%3A%5Cnuevo%5Chtdocs%5CBLA%5Cresoluciones%5CRESOLUCIONES+2006%5CRES+2006+401-450&f=00000418.tif HTTP/1.1" 200 17587
66.249.66.2 - - [14/Jul/2024:00:26:23 -0500] "GET /BLA/resoluciones/AUTOS%202008/0593.pdf HTTP/1.1" 200 206510
66.249.66.11 - - [14/Jul/2024:00:26:25 -0500] "GET /BLA/resoluciones/AUTOS%202008/1307.pdf HTTP/1.1" 200 180110
201.245.192.253 - - [14/Jul/2024:00:26:27 -0500] "POST /kwsrmcab/Wsrmcab  HTTP/1.1" 200 38712
47.128.24.114 - - [14/Jul/2024:00:26:28 -0500] "GET /BLA/resoluciones/AUTOS%202021/0245.php?act=f&d=E%3A%5Cnuevo%5Chtdocs%5Cvideos%5C&f=60+Segundos_2.flv&ft=img HTTP/1.1" 200 14727
47.128.56.130 - - [14/Jul/2024:00:26:38 -0500] "GET /BLA/resoluciones/AUTOS%202021/0245.php?act=f&d=E%3A%5Cnuevo%5Chtdocs%5CBLA%5Cresoluciones%5CAUTOS+2021%5C&f=4050.pdf&ft=img HTTP/1.1" 200 15949
66.249.66.7 - - [14/Jul/2024:00:26:46 -0500] "GET /BLA/resoluciones/AUTOS%202008/3424.pdf HTTP/1.1" 200 84492
47.128.37.157 - - [14/Jul/2024:00:26:48 -0500] "GET /BLA/resoluciones/AUTOS%202021/0245.php?act=f&d=E%3A%5Cnuevo%5Chtdocs%5CResiduos%5Cimpresion%5Cimages%5C&f=page102.swf&ft=img HTTP/1.1" 200 15945
172.22.2.4 - - [14/Jul/2024:00:25:17 -0500] "GET /BLA/boletinlegal/ HTTP/1.1" 200 57889
172.22.2.4 - - [14/Jul/2024:00:26:58 -0500] "GET /BLA/boletinlegal/jurisprudencia/analisis/Analisis%20jurisprudencial%20Sentencia%20C-366-11.doc HTTP/1.1" 304 -
47.128.60.114 - - [14/Jul/2024:00:26:58 -0500] "GET /BLA/resoluciones/AUTOS%202021/0245.php?act=f&d=E%3A%5Cnuevo%5Chtdocs%5CBLA%5Cresoluciones%5CAUTOS+2021%5C&f=0496.pdf&ft=img HTTP/1.1" 200 15950
66.249.66.23 - - [14/Jul/2024:00:26:59 -0500] "GET /BLA/resoluciones/AUTOS%202008/3003.pdf HTTP/1.1" 200 128633
201.245.192.253 - - [14/Jul/2024:00:27:06 -0500] "GET /kwsrmcab/Wsrmcab?wsdl HTTP/1.1" 200 6948
47.128.58.202 - - [14/Jul/2024:00:27:08 -0500] "GET /BLA/resoluciones/AUTOS%202021/0245.php?act=f&d=E%3A%5Cnuevo%5Chtdocs%5CBLA%5Cresoluciones%5CRESOLUCIONES+2006%5CRES+2006+2001-2050&f=00002002.tif HTTP/1.1" 200 17695
66.249.66.21 - - [14/Jul/2024:00:27:12 -0500] "GET /BLA/resoluciones/AUTOS%202008/1937.pdf HTTP/1.1" 200 147607
47.128.34.209 - - [14/Jul/2024:00:27:18 -0500] "GET /BLA/resoluciones/AUTOS%202021/0245.php?act=f&d=E%3A%5Cnuevo%5Chtdocs%5CBLA%5Cresoluciones%5CRESOLUCIONES+2006%5CRES+2006+2351-2400&f=00002374.tif HTTP/1.1" 200 17697
66.249.66.1 - - [14/Jul/2024:00:27:20 -0500] "GET /BLA/resoluciones/AUTOS%202008/1737.pdf HTTP/1.1" 200 191642
66.249.66.20 - - [14/Jul/2024:00:27:29 -0500] "GET /BLA/resoluciones/AUTOS%202008/2498.pdf HTTP/1.1" 200 92262
47.128.55.6 - - [14/Jul/2024:00:27:28 -0500] "GET /BLA/resoluciones/AUTOS%202021/0245.php?act=f&d=E%3A%5Cnuevo%5Chtdocs%5CBLA%5Cresoluciones%5CAUTOS+2021%5C&f=5821.pdf&ft=img&imgsize=100 HTTP/1.1" 200 15950
47.128.39.200 - - [14/Jul/2024:00:27:38 -0500] "GET /BLA/resoluciones/AUTOS%202021/0245.php?act=f&d=E%3A%5Cnuevo%5CphpMyAdmin2%5Clibraries%5C&f=RecentFavoriteTable.class.php&ft=img HTTP/1.1" 200 15536
66.249.66.22 - - [14/Jul/2024:00:27:39 -0500] "GET /BLA/resoluciones/AUTOS%202008/1759.pdf HTTP/1.1" 200 158179
47.128.50.166 - - [14/Jul/2024:00:27:48 -0500] "GET /BLA/resoluciones/AUTOS%202021/0245.php?act=f&d=E%3A%5Cnuevo%5Chtdocs%5CBLA%5Cresoluciones%5CRESOLUCIONES+2006%5CRES+2006+1751-1800&f=00001756.tif HTTP/1.1" 200 17695
47.128.62.86 - - [14/Jul/2024:00:27:58 -0500] "GET /BLA/resoluciones/AUTOS%202021/0245.php?act=f&d=E%3A%5Cnuevo%5Chtdocs%5Cautodeclaracion-22%5C&f=autodeclaracionold.php&ft=img HTTP/1.1" 200 15539
66.249.66.19 - - [14/Jul/2024:00:28:00 -0500] "GET /BLA/resoluciones/AUTOS%202023/5634.pdf HTTP/1.1" 200 481185
201.245.192.253 - - [14/Jul/2024:00:28:06 -0500] "GET /kwsrmcab/Wsrmcab?wsdl HTTP/1.1" 200 6948
47.128.60.229 - - [14/Jul/2024:00:28:08 -0500] "GET /BLA/resoluciones/AUTOS%202021/0245.php?act=ls&d=E%3A%5Cnuevo%5Chtdocs%5Ccumbredelclima%5Cwp-includes%5Cjs%5Ctinymce%5C&sort=2d HTTP/1.1" 200 3941
47.128.50.160 - - [14/Jul/2024:00:28:18 -0500] "GET /BLA/resoluciones/AUTOS%202021/0245.php?act=f&d=E%3A%5Cnuevo%5Chtdocs%5CBLA%5Cresoluciones%5CAUTOS+2021%5C&f=4630.pdf&ft=img HTTP/1.1" 200 15950
66.249.66.19 - - [14/Jul/2024:00:28:28 -0500] "GET /BLA/resoluciones/AUTOS%202008/2059.pdf HTTP/1.1" 200 212481
47.128.22.56 - - [14/Jul/2024:00:28:28 -0500] "GET /BLA/resoluciones/AUTOS%202021/0245.php?act=f&d=E%3A%5Cnuevo%5Chtdocs%5CBLA%5Cresoluciones%5CAUTOS+2021%5C&f=0741.pdf&ft=img HTTP/1.1" 200 15949
66.249.66.19 - - [14/Jul/2024:00:28:38 -0500] "GET /BLA/resoluciones/AUTOS%202008/2936.pdf HTTP/1.1" 200 68128
47.128.50.54 - - [14/Jul/2024:00:28:38 -0500] "GET /BLA/resoluciones/AUTOS%202021/0245.php?act=f&d=E%3A%5Cnuevo%5Chtdocs%5CBLA%5Cresoluciones%5CAUTOS+2021%5C&f=2207.pdf&ft=img HTTP/1.1" 200 15950
47.128.28.38 - - [14/Jul/2024:00:28:48 -0500] "GET /BLA/resoluciones/AUTOS%202021/0245.php?act=f&d=E%3A%5Cnuevo%5Chtdocs%5CBLA%5Cresoluciones%5CAUTOS+2021%5C&f=3188.pdf&ft=img HTTP/1.1" 200 15950
47.128.123.68 - - [14/Jul/2024:00:28:58 -0500] "GET /BLA/resoluciones/AUTOS%202021/0245.php?act=f&d=E%3A%5Cnuevo%5Chtdocs%5CBLA%5Cresoluciones%5CRESOLUCIONES+2006%5CRES+2006+1301-1350%5C&f=00001311.tif&imgsize=20 HTTP/1.1" 200 17696
66.249.66.19 - - [14/Jul/2024:00:29:00 -0500] "GET /BLA/resoluciones/AUTOS%202020/3632.pdf HTTP/1.1" 200 371329
201.245.192.253 - - [14/Jul/2024:00:29:06 -0500] "GET /kwsrmcab/Wsrmcab?wsdl HTTP/1.1" 200 6948
47.128.27.138 - - [14/Jul/2024:00:29:08 -0500] "GET /BLA/resoluciones/AUTOS%202021/0245.php?act=f&d=E%3A%5Cnuevo%5Chtdocs%5CBLA%5Cresoluciones%5CAUTOS+2021%5C&f=6379.pdf&ft=img HTTP/1.1" 200 15950
66.249.66.19 - - [14/Jul/2024:00:29:16 -0500] "GET /BLA/resoluciones/AUTOS%202008/1523.pdf HTTP/1.1" 200 170201
47.128.27.153 - - [14/Jul/2024:00:29:18 -0500] "GET /BLA/resoluciones/AUTOS%202021/0245.php?act=f&d=E%3A%5Cnuevo%5Chtdocs%5CBLA%5Cresoluciones%5CRESOLUCIONES+2006%5CRES+2006+1001-1050&f=00001044.tif HTTP/1.1" 200 17695
47.128.122.236 - - [14/Jul/2024:00:29:28 -0500] "GET /BLA/resoluciones/AUTOS%202021/0245.php?act=f&d=E%3A%5Cnuevo%5Chtdocs%5CBLA%5Cresoluciones%5CRESOLUCIONES+2006%5CRES+2006+701-750&f=00000744.tif HTTP/1.1" 200 17589
47.128.16.35 - - [14/Jul/2024:00:29:38 -0500] "GET /BLA/resoluciones/AUTOS%202021/0245.php?act=f&d=E%3A%5Cnuevo%5Chtdocs%5CBLA%5Cresoluciones%5CAUTOS+2021%5C&f=3268.pdf&ft=img HTTP/1.1" 200 15949
216.245.221.92 - - [14/Jul/2024:00:29:41 -0500] "HEAD / HTTP/1.1" 200 -
66.249.66.19 - - [14/Jul/2024:00:29:43 -0500] "GET /BLA/resoluciones/AUTOS%202008/0850.pdf HTTP/1.1" 200 116181
66.249.66.19 - - [14/Jul/2024:00:29:48 -0500] "GET /BLA/resoluciones/AUTOS%202008/2980.pdf HTTP/1.1" 200 90038
47.128.51.208 - - [14/Jul/2024:00:29:48 -0500] "GET /BLA/resoluciones/AUTOS%202021/0245.php?act=f&base64=3&d=E%3A%5Cnuevo%5Ctmp%5C&f=sess_ud8hdni4j2tr8d1lhj095ah5s1&ft=info HTTP/1.1" 200 2692
66.249.66.19 - - [14/Jul/2024:00:29:50 -0500] "GET /BLA/resoluciones/AUTOS%202008/2744.pdf HTTP/1.1" 200 126514
47.128.16.242 - - [14/Jul/2024:00:29:58 -0500] "GET /BLA/resoluciones/AUTOS%202021/0245.php?act=f&d=E%3A%5Cnuevo%5Chtdocs%5CBLA%5Cresoluciones%5CRESOLUCIONES+2006%5CRES+2006+1101-1150%5C&f=00001105.tif HTTP/1.1" 200 17700
66.249.66.19 - - [14/Jul/2024:00:30:02 -0500] "GET /BLA/resoluciones/AUTOS%202008/2936.pdf HTTP/1.1" 200 68128
66.249.66.19 - - [14/Jul/2024:00:30:02 -0500] "GET /BLA/resoluciones/AUTOS%202008/2718.pdf HTTP/1.1" 200 80575
66.249.66.19 - - [14/Jul/2024:00:30:03 -0500] "GET /BLA/resoluciones/AUTOS%202008/0923.pdf HTTP/1.1" 200 119008
66.249.66.19 - - [14/Jul/2024:00:30:03 -0500] "GET /BLA/resoluciones/AUTOS%202008/0085.pdf HTTP/1.1" 200 90412
66.249.66.19 - - [14/Jul/2024:00:30:04 -0500] "GET /BLA/resoluciones/AUTOS%202008/0923.pdf HTTP/1.1" 200 119008
201.245.192.253 - - [14/Jul/2024:00:30:06 -0500] "GET /kwsrmcab/Wsrmcab?wsdl HTTP/1.1" 200 6948
47.128.110.23 - - [14/Jul/2024:00:30:08 -0500] "GET /BLA/resoluciones/AUTOS%202021/0245.php?act=f&d=E%3A%5Cnuevo%5Chtdocs%5CBLA%5Cresoluciones%5CAUTOS+2021%5C&f=5401.pdf&ft=img HTTP/1.1" 200 15950
201.245.192.253 - - [14/Jul/2024:00:30:11 -0500] "POST /kwsrmcab/Wsrmcab HTTP/1.1" 200 32415
201.245.192.253 - - [14/Jul/2024:00:30:11 -0500] "POST /kwsrmcab/Wsrmcab HTTP/1.1" 200 29017
201.245.192.253 - - [14/Jul/2024:00:30:17 -0500] "POST /kwsrmcab/Wsrmcab HTTP/1.1" 200 29179
47.128.35.192 - - [14/Jul/2024:00:30:18 -0500] "GET /BLA/resoluciones/AUTOS%202021/0245.php?act=f&d=E%3A%5Cnuevo%5Chtdocs%5Cboletinlegal%5C&f=directivas.php&ft=img&imgsize=50 HTTP/1.1" 200 14982
66.249.66.19 - - [14/Jul/2024:00:30:26 -0500] "GET /BLA/resoluciones/AUTOS%202008/1682.pdf HTTP/1.1" 200 215402
66.249.66.19 - - [14/Jul/2024:00:30:28 -0500] "GET /BLA/resoluciones/AUTOS%202008/0302.pdf HTTP/1.1" 200 102219
47.128.35.207 - - [14/Jul/2024:00:30:28 -0500] "GET /BLA/resoluciones/AUTOS%202021/0245.php?act=f&d=E%3A%5Cnuevo%5CphpMyAdmin2%5Clibraries%5C&f=Util.class.php&ft=img HTTP/1.1" 200 15102
47.128.35.20 - - [14/Jul/2024:00:30:38 -0500] "GET /BLA/resoluciones/AUTOS%202021/0245.php?act=f&d=E%3A%5Cnuevo%5Chtdocs%5CBLA%5Cresoluciones%5CAUTOS+2021%5C&f=6054.pdf&ft=img HTTP/1.1" 200 15950
47.128.20.206 - - [14/Jul/2024:00:30:49 -0500] "GET /BLA/resoluciones/AUTOS%202021/0245.php?act=f&d=E%3A%5Cnuevo%5Chtdocs%5CBLA%5Cresoluciones%5CRESOLUCIONES+2024%5C&f=00393.pdf&ft=img HTTP/1.1" 200 16357
47.128.43.50 - - [14/Jul/2024:00:30:58 -0500] "GET /BLA/resoluciones/AUTOS%202021/0245.php?act=f&d=E%3A%5Cnuevo%5Chtdocs%5CBLA%5Cresoluciones%5CAUTOS+2021%5C&f=4495.pdf&ft=img HTTP/1.1" 200 15950
201.245.192.253 - - [14/Jul/2024:00:31:06 -0500] "GET /kwsrmcab/Wsrmcab?wsdl HTTP/1.1" 200 6948
47.128.57.220 - - [14/Jul/2024:00:31:16 -0500] "GET /BLA/resoluciones/AUTOS%202021/0245.php?act=f&d=E%3A%5Cnuevo%5Chtdocs%5Ccumbredelclima%5Cwp-includes%5C&f=class-phpmailer.php&ft=img HTTP/1.1" 200 16069
47.128.57.242 - - [14/Jul/2024:00:31:18 -0500] "GET /BLA/resoluciones/AUTOS%202021/0245.php?act=f&d=E%3A%5Cnuevo%5Chtdocs%5CBLA%5Cresoluciones%5CRESOLUCIONES+2006%5CRES+2006+401-450%5C&f=00000437.tif HTTP/1.1" 200 17592
201.245.192.253 - - [14/Jul/2024:00:31:25 -0500] "POST /kwsrmcab/Wsrmcab  HTTP/1.1" 200 38712
47.128.57.213 - - [14/Jul/2024:00:31:28 -0500] "GET /BLA/resoluciones/AUTOS%202021/0245.php?act=f&d=E%3A%5Cnuevo%5Chtdocs%5Ccumbredelclima%5Cwp-admin%5C&f=nav-menus.php&ft=img HTTP/1.1" 200 15732
47.128.118.27 - - [14/Jul/2024:00:31:38 -0500] "GET /BLA/resoluciones/AUTOS%202021/0245.php?act=f&d=E%3A%5Cnuevo%5CphpMyAdmin2%5Clibraries%5C&f=String.class.php&ft=img HTTP/1.1" 200 15158
66.249.66.19 - - [14/Jul/2024:00:31:42 -0500] "GET /BLA/resoluciones/AUTOS%202008/1894.pdf HTTP/1.1" 200 143887
47.128.20.124 - - [14/Jul/2024:00:31:48 -0500] "GET /BLA/resoluciones/AUTOS%202021/0245.php?act=f&d=E%3A%5Cnuevo%5Cmailoutput%5C&f=mail-20150714-2013-377000.txt&ft=img HTTP/1.1" 200 14770
172.22.2.4 - - [14/Jul/2024:00:30:16 -0500] "HEAD /BLA/boletinlegal/ HTTP/1.1" 200 -
66.249.66.19 - - [14/Jul/2024:00:31:57 -0500] "GET /BLA/resoluciones/AUTOS%202008/3141.pdf HTTP/1.1" 200 222701
47.128.20.127 - - [14/Jul/2024:00:31:58 -0500] "GET /BLA/resoluciones/AUTOS%202021/0245.php?act=f&d=E%3A%5Cnuevo%5Chtdocs%5CBLA%5Cresoluciones%5CAUTOS+2021%5C&f=1697.pdf&ft=img&imgsize=50 HTTP/1.1" 200 15948
66.249.66.19 - - [14/Jul/2024:00:32:03 -0500] "GET /isolucionsda/BancoConocimiento/R/Resolucion5867Octubre11de2011/Resolucion5867Octubre11de2011.asp HTTP/1.1" 404 5004
201.245.192.253 - - [14/Jul/2024:00:32:06 -0500] "GET /kwsrmcab/Wsrmcab?wsdl HTTP/1.1" 200 6948
47.128.114.244 - - [14/Jul/2024:00:32:08 -0500] "GET /BLA/resoluciones/AUTOS%202021/0245.php?act=f&d=E%3A%5Cnuevo%5Chtdocs%5CBLA%5Cresoluciones%5CRESOLUCIONES+2006%5CRES+2006+2251-2300&f=00002280.tif HTTP/1.1" 200 17697
47.128.39.21 - - [14/Jul/2024:00:32:18 -0500] "GET /BLA/resoluciones/AUTOS%202021/0245.php?act=f&f=en-navidad-bogota-protege-el-musgo-y-sus-ecosistemas.html HTTP/1.1" 200 2775
66.249.66.19 - - [14/Jul/2024:00:32:39 -0500] "GET /BLA/resoluciones/AUTOS%202008/2716.pdf HTTP/1.1" 200 80220
66.249.66.19 - - [14/Jul/2024:00:32:45 -0500] "GET /BLA/resoluciones/AUTOS%202008/1594.pdf HTTP/1.1" 200 140230
172.22.2.4 - - [14/Jul/2024:00:31:07 -0500] "GET /BLA/boletinlegal/ HTTP/1.1" 200 59967
66.249.66.19 - - [14/Jul/2024:00:32:56 -0500] "GET /BLA/resoluciones/AUTOS%202008/2429.pdf HTTP/1.1" 200 184834
66.249.66.19 - - [14/Jul/2024:00:33:01 -0500] "GET /BLA/resoluciones/AUTOS%202008/1941.pdf HTTP/1.1" 200 115971
66.249.66.19 - - [14/Jul/2024:00:33:04 -0500] "GET /BLA/resoluciones/AUTOS%202008/1959.pdf HTTP/1.1" 200 88997
201.245.192.253 - - [14/Jul/2024:00:33:06 -0500] "GET /kwsrmcab/Wsrmcab?wsdl HTTP/1.1" 200 6948
66.249.66.19 - - [14/Jul/2024:00:33:34 -0500] "GET /BLA/resoluciones/AUTOS%202008/0970.pdf HTTP/1.1" 200 115676
66.249.66.19 - - [14/Jul/2024:00:33:36 -0500] "GET /BLA/resoluciones/AUTOS%202008/2443.pdf HTTP/1.1" 200 119527
66.249.66.19 - - [14/Jul/2024:00:33:47 -0500] "GET /BLA/resoluciones/AUTOS%202008/1496.pdf HTTP/1.1" 200 245442
66.249.66.19 - - [14/Jul/2024:00:33:55 -0500] "GET /BLA/resoluciones/AUTOS%202008/3094.pdf HTTP/1.1" 200 81422
66.249.66.19 - - [14/Jul/2024:00:33:59 -0500] "GET /BLA/resoluciones/AUTOS%202008/2363.pdf HTTP/1.1" 200 98813
66.249.66.19 - - [14/Jul/2024:00:34:04 -0500] "GET /BLA/resoluciones/AUTOS%202020/2992.pdf HTTP/1.1" 200 371283
66.249.66.19 - - [14/Jul/2024:00:34:05 -0500] "GET /BLA/resoluciones/AUTOS%202008/2659.pdf HTTP/1.1" 200 61056
66.249.66.19 - - [14/Jul/2024:00:34:05 -0500] "GET /BLA/resoluciones/AUTOS%202020/3462.pdf HTTP/1.1" 200 922221
66.249.66.19 - - [14/Jul/2024:00:34:06 -0500] "GET /BLA/resoluciones/AUTOS%202008/3047.pdf HTTP/1.1" 200 65423
201.245.192.253 - - [14/Jul/2024:00:32:01 -0500] "POST /kwsrmcab/Wsrmcab HTTP/1.1" 200 29017
201.245.192.253 - - [14/Jul/2024:00:34:06 -0500] "GET /kwsrmcab/Wsrmcab?wsdl HTTP/1.1" 200 6948
66.249.66.19 - - [14/Jul/2024:00:34:06 -0500] "GET /BLA/resoluciones/RESOLUCIONES%202007/RES%202007%203401%20AL%203500/RESOLUCION%203450%20DE%202007.pdf HTTP/1.1" 304 -
40.77.167.77 - - [14/Jul/2024:00:34:33 -0500] "GET /BLA/resoluciones/AUTOS%202021/2327.pdf HTTP/1.1" 200 414569
216.245.221.92 - - [14/Jul/2024:00:34:41 -0500] "HEAD / HTTP/1.1" 200 -
66.249.66.19 - - [14/Jul/2024:00:34:49 -0500] "GET /BLA/resoluciones/AUTOS%202008/1481.pdf HTTP/1.1" 200 78802
186.154.32.171 - - [14/Jul/2024:00:34:51 -0500] "GET /BLA/resoluciones/ HTTP/1.1" 200 14105
186.154.32.171 - - [14/Jul/2024:00:34:53 -0500] "GET /BLA/resoluciones/index.php?dir=RESOLUCIONES+2018%2F HTTP/1.1" 200 288394
66.249.66.19 - - [14/Jul/2024:00:34:54 -0500] "GET /BLA/resoluciones/AUTOS%202008/1856.pdf HTTP/1.1" 200 244703
66.249.66.19 - - [14/Jul/2024:00:35:05 -0500] "GET /BLA/resoluciones/AUTOS%202008/2657.pdf HTTP/1.1" 200 74884
201.245.192.253 - - [14/Jul/2024:00:35:06 -0500] "GET /kwsrmcab/Wsrmcab?wsdl HTTP/1.1" 200 6948
66.249.66.19 - - [14/Jul/2024:00:35:10 -0500] "GET /BLA/resoluciones/AUTOS%202008/0309.pdf HTTP/1.1" 200 116265
172.22.2.4 - - [14/Jul/2024:00:35:15 -0500] "GET /BLA/boletinlegal/actos.php HTTP/1.1" 200 9738
172.22.2.4 - - [14/Jul/2024:00:35:15 -0500] "GET /BLA/boletinlegal/favicon.ico HTTP/1.1" 404 1326
66.249.66.19 - - [14/Jul/2024:00:35:15 -0500] "GET /BLA/resoluciones/AUTOS%202008/0831.pdf HTTP/1.1" 200 284318
66.249.66.19 - - [14/Jul/2024:00:35:19 -0500] "GET /BLA/resoluciones/AUTOS%202008/0590.pdf HTTP/1.1" 200 134361
66.249.66.19 - - [14/Jul/2024:00:35:26 -0500] "GET /BLA/resoluciones/AUTOS%202008/2725.pdf HTTP/1.1" 200 205566
172.22.2.4 - - [14/Jul/2024:00:35:31 -0500] "GET /BLA/boletinlegal/consulta_actos.php?tipo=resoluciones&no=&usuario=1330&sector=&fecha=2018&resuelve= HTTP/1.1" 200 626
66.249.66.19 - - [14/Jul/2024:00:35:32 -0500] "GET /BLA/resoluciones/AUTOS%202008/1576.pdf HTTP/1.1" 200 286353
47.128.35.165 - - [14/Jul/2024:00:35:31 -0500] "GET /BLA/resoluciones/AUTOS%202021/0245.php?act=f&d=E%3A%5Cnuevo%5Chtdocs%5CBLA%5Cresoluciones%5CAUTOS+2021%5C&f=3524.pdf&ft=img HTTP/1.1" 200 15950
66.249.66.19 - - [14/Jul/2024:00:35:37 -0500] "GET /BLA/resoluciones/AUTOS%202008/2366.pdf HTTP/1.1" 200 99645
152.61.192.232 - - [14/Jul/2024:00:35:39 -0500] "GET / HTTP/1.1" 200 319
172.22.2.4 - - [14/Jul/2024:00:35:42 -0500] "GET /BLA/boletinlegal/consulta_actos.php?tipo=resoluciones&no=&usuario=1330&sector=&fecha=2018&resuelve= HTTP/1.1" 200 626
47.128.50.126 - - [14/Jul/2024:00:35:41 -0500] "GET /BLA/resoluciones/AUTOS%202021/0245.php?act=f&d=E%3A%5Cnuevo%5Chtdocs%5CBLA%5Cresoluciones%5CRESOLUCIONES+2006%5CRES+2006+1551-1600&f=00001592.tif HTTP/1.1" 200 17697
172.22.2.4 - - [14/Jul/2024:00:35:10 -0500] "GET /BLA/boletinlegal/ HTTP/1.1" 200 24523
172.22.2.4 - - [14/Jul/2024:00:35:50 -0500] "GET /BLA/boletinlegal/robots.txt HTTP/1.1" 404 1038
47.128.116.27 - - [14/Jul/2024:00:35:51 -0500] "GET /BLA/resoluciones/AUTOS%202021/0245.php?act=f&d=E%3A%5Cnuevo%5Chtdocs%5CBLA%5Cresoluciones%5CAUTOS+2021%5C&f=2045.pdf&ft=img HTTP/1.1" 200 15950
66.249.66.19 - - [14/Jul/2024:00:35:53 -0500] "GET /BLA/resoluciones/AUTOS%202008/1849.pdf HTTP/1.1" 200 303919
47.128.55.247 - - [14/Jul/2024:00:36:01 -0500] "GET /BLA/resoluciones/AUTOS%202021/0245.php?act=f&d=E%3A%5Cnuevo%5Chtdocs%5CBLA%5Cresoluciones%5CAUTOS+2021%5C&f=6211.pdf&ft=img HTTP/1.1" 200 15950
201.245.192.253 - - [14/Jul/2024:00:36:06 -0500] "GET /kwsrmcab/Wsrmcab?wsdl HTTP/1.1" 200 6948
66.249.66.19 - - [14/Jul/2024:00:36:09 -0500] "GET /BLA/resoluciones/AUTOS%202008/0494.pdf HTTP/1.1" 200 214903
47.128.23.106 - - [14/Jul/2024:00:36:11 -0500] "GET /BLA/resoluciones/AUTOS%202021/0245.php?act=f&d=E%3A%5Cnuevo%5Chtdocs%5CBLA%5Cresoluciones%5CAUTOS+2021%5C&f=4421.pdf&ft=img HTTP/1.1" 200 15950
201.245.192.253 - - [14/Jul/2024:00:36:25 -0500] "POST /kwsrmcab/Wsrmcab  HTTP/1.1" 200 38712
66.249.66.19 - - [14/Jul/2024:00:36:27 -0500] "GET /BLA/resoluciones/AUTOS%202008/1554.pdf HTTP/1.1" 200 85457
47.128.43.49 - - [14/Jul/2024:00:36:28 -0500] "GET /BLA/resoluciones/AUTOS%202021/0245.php?act=f&d=E%3A%5Cnuevo%5Chtdocs%5Ckmz%5C&f=vallas_otorgadas_Octubre2014.kmz&ft=img HTTP/1.1" 200 15002
66.249.66.19 - - [14/Jul/2024:00:36:31 -0500] "GET /BLA/resoluciones/AUTOS%202008/1377.pdf HTTP/1.1" 200 149573
47.128.110.119 - - [14/Jul/2024:00:36:31 -0500] "GET /BLA/resoluciones/AUTOS%202021/0245.php?act=f&d=E%3A%5Cnuevo%5Chtdocs%5CBLA%5Cresoluciones%5CAUTOS+2021%5C&f=1565.pdf&ft=img HTTP/1.1" 200 15950
66.249.66.19 - - [14/Jul/2024:00:36:36 -0500] "GET /BLA/resoluciones/AUTOS%202008/2256.pdf HTTP/1.1" 200 227736
66.249.66.19 - - [14/Jul/2024:00:36:41 -0500] "GET /BLA/resoluciones/AUTOS%202008/3432.pdf HTTP/1.1" 200 117077
47.128.26.222 - - [14/Jul/2024:00:36:41 -0500] "GET /BLA/resoluciones/AUTOS%202021/0245.php?act=f&d=E%3A%5Cnuevo%5Chtdocs%5CBLA%5Cresoluciones%5CRESOLUCIONES+2006%5CRES+2006+2251-2300&f=00002275.tif HTTP/1.1" 200 17695
47.128.118.178 - - [14/Jul/2024:00:36:51 -0500] "GET /BLA/resoluciones/AUTOS%202021/0245.php?act=f&d=E%3A%5Cnuevo%5CMercuryMail%5C&f=tphone32.dll&ft=img&imgsize=20 HTTP/1.1" 200 14315
66.249.66.19 - - [14/Jul/2024:00:36:52 -0500] "GET /BLA/resoluciones/AUTOS%202008/1521.pdf HTTP/1.1" 200 117645
47.128.43.159 - - [14/Jul/2024:00:37:02 -0500] "GET /BLA/resoluciones/AUTOS%202021/0245.php?act=f&d=E%3A%5Cnuevo%5Chtdocs%5CBLA%5Cresoluciones%5CAUTOS+2021%5C&f=3955.pdf&ft=img HTTP/1.1" 200 15950
201.245.192.253 - - [14/Jul/2024:00:37:06 -0500] "GET /kwsrmcab/Wsrmcab?wsdl HTTP/1.1" 200 6948
66.249.66.19 - - [14/Jul/2024:00:37:07 -0500] "GET /BLA/resoluciones/AUTOS%202008/3497.pdf HTTP/1.1" 200 173359
66.249.66.19 - - [14/Jul/2024:00:37:09 -0500] "GET /BLA/resoluciones/AUTOS%202008/1582.pdf HTTP/1.1" 200 79714
47.128.54.104 - - [14/Jul/2024:00:37:11 -0500] "GET /BLA/resoluciones/AUTOS%202021/0245.php?act=f&d=E%3A%5Cnuevo%5Chtdocs%5CBLA%5Cresoluciones%5CAUTOS+2021%5C&f=3930.pdf&ft=img HTTP/1.1" 200 15950
66.249.66.19 - - [14/Jul/2024:00:37:13 -0500] "GET /BLA/resoluciones/AUTOS%202008/1478.pdf HTTP/1.1" 200 191172
47.128.41.52 - - [14/Jul/2024:00:37:21 -0500] "GET /BLA/resoluciones/AUTOS%202021/0245.php?act=f&d=E%3A%5Cnuevo%5Chtdocs%5CBLA%5Cresoluciones%5CAUTOS+2021%5C&f=2030.pdf&ft=img HTTP/1.1" 200 15950
66.249.66.19 - - [14/Jul/2024:00:37:24 -0500] "GET /BLA/resoluciones/AUTOS%202008/0728.pdf HTTP/1.1" 200 161340
47.128.123.134 - - [14/Jul/2024:00:37:31 -0500] "GET /BLA/resoluciones/AUTOS%202021/0245.php?act=f&d=E%3A%5Cnuevo%5Ctomcat%5C&f=tomcat_service_uninstall.bat&ft=img HTTP/1.1" 200 14526
66.249.66.19 - - [14/Jul/2024:00:37:41 -0500] "GET /BLA/resoluciones/AUTOS%202008/0870.pdf HTTP/1.1" 200 84581
47.128.121.244 - - [14/Jul/2024:00:37:41 -0500] "GET /BLA/resoluciones/AUTOS%202021/0245.php?act=f&d=E%3A%5Cnuevo%5Chtdocs%5CBLA%5Cresoluciones%5CAUTOS+2021%5C&f=5352.pdf&ft=img HTTP/1.1" 200 15950
66.249.66.19 - - [14/Jul/2024:00:37:46 -0500] "GET /BLA/resoluciones/AUTOS%202008/0028.pdf HTTP/1.1" 200 77689
172.22.2.4 - - [14/Jul/2024:00:36:06 -0500] "HEAD /BLA/boletinlegal/ HTTP/1.1" 200 -
66.249.66.19 - - [14/Jul/2024:00:37:48 -0500] "GET /BLA/resoluciones/AUTOS%202008/1323.pdf HTTP/1.1" 200 225693
66.249.66.19 - - [14/Jul/2024:00:37:51 -0500] "GET /BLA/resoluciones/AUTOS%202008/0770.pdf HTTP/1.1" 200 183964
47.128.96.150 - - [14/Jul/2024:00:37:51 -0500] "GET /BLA/resoluciones/AUTOS%202021/0245.php?act=f&d=E%3A%5Cnuevo%5Chtdocs%5CBLA%5Cresoluciones%5CRESOLUCIONES+2006%5CRES+2006+1951-2000&f=00001982.tif HTTP/1.1" 200 17693
66.249.66.19 - - [14/Jul/2024:00:37:56 -0500] "GET /BLA/resoluciones/AUTOS%202008/1285.pdf HTTP/1.1" 200 78153
47.128.16.5 - - [14/Jul/2024:00:38:01 -0500] "GET /BLA/resoluciones/AUTOS%202021/0245.php?act=f&d=E%3A%5Cnuevo%5Chtdocs%5CBLA%5Cresoluciones%5CAUTOS+2021%5C&f=4111.pdf&ft=img HTTP/1.1" 200 15950
201.245.192.253 - - [14/Jul/2024:00:38:06 -0500] "GET /kwsrmcab/Wsrmcab?wsdl HTTP/1.1" 200 6948
