186.28.61.60 - - [14/Jul/2024:12:41:09 -0500] "GET /kwssiamovil/sm/ldap/au?x=U2FsdGVkX19ircc6D4umkpwQ5kuTqB6vqGhdq6/CUfGQy3flTEFHOXrloqc5Xa6e&y=U2FsdGVkX18UFjdhTSvpM9+kTgOz/X0qbuNeLxnRDN7pgVknJG65JxKusM8b7Ch8 HTTP/1.1" 200 31
47.128.115.192 - - [14/Jul/2024:12:41:15 -0500] "GET /BLA/resoluciones/AUTOS%202021/0245.php?act=f&c=1&f=07471.pdf HTTP/1.1" 200 2740
201.245.192.253 - - [14/Jul/2024:12:41:17 -0500] "POST /kwsrmcab/Wsrmcab  HTTP/1.1" 200 38712
47.128.113.89 - - [14/Jul/2024:12:41:32 -0500] "GET /BLA/resoluciones/AUTOS%202021/0245.php?act=f&c=1&f=09558.pdf HTTP/1.1" 200 2740
47.128.56.100 - - [14/Jul/2024:12:41:48 -0500] "GET /BLA/resoluciones/AUTOS%202021/0245.php?act=f&c=1&f=09903.pdf HTTP/1.1" 200 2741
172.22.2.4 - - [14/Jul/2024:12:40:15 -0500] "GET /BLA/boletinlegal/ HTTP/1.1" 200 57889
201.245.192.253 - - [14/Jul/2024:12:41:56 -0500] "POST /kwsrmcab/Wsrmcab HTTP/1.1" 200 29221
201.245.192.253 - - [14/Jul/2024:12:42:04 -0500] "GET /kwsrmcab/Wsrmcab?wsdl HTTP/1.1" 200 6948
47.128.63.229 - - [14/Jul/2024:12:42:04 -0500] "GET /BLA/resoluciones/AUTOS%202021/0245.php?act=f&c=1&f=07612.pdf HTTP/1.1" 200 2740
47.128.111.101 - - [14/Jul/2024:12:42:20 -0500] "GET /BLA/resoluciones/AUTOS%202021/0245.php?act=f&c=1&f=7263.pdf HTTP/1.1" 200 2740
47.128.63.199 - - [14/Jul/2024:12:42:36 -0500] "GET /BLA/resoluciones/AUTOS%202021/0245.php?act=f&c=1&f=09744.pdf HTTP/1.1" 200 2740
201.245.192.253 - - [14/Jul/2024:12:43:04 -0500] "GET /kwsrmcab/Wsrmcab?wsdl HTTP/1.1" 200 6948
66.249.66.21 - - [14/Jul/2024:12:43:06 -0500] "GET /BLA/resoluciones/AUTOS%202020/4372.pdf HTTP/1.1" 200 420407
201.245.192.253 - - [14/Jul/2024:12:44:04 -0500] "GET /kwsrmcab/Wsrmcab?wsdl HTTP/1.1" 200 6948
66.249.66.19 - - [14/Jul/2024:12:44:07 -0500] "GET /BLA/resoluciones/AUTOS%202008/0704.pdf HTTP/1.1" 200 88153
216.245.221.92 - - [14/Jul/2024:12:44:39 -0500] "HEAD / HTTP/1.1" 200 -
201.245.192.253 - - [14/Jul/2024:12:45:04 -0500] "GET /kwsrmcab/Wsrmcab?wsdl HTTP/1.1" 200 6948
186.154.34.159 - - [14/Jul/2024:12:45:51 -0500] "GET /kwssiamovil/sm/acme/a?s=U2FsdGVkX1/+GlgvMXg+QFFpHIc8/uNYHUe+XbHAe4biYtEPKPS+2bx4gE46Qqq0ZOaGsJnA/1ZQErNhlO17PHQhDBILjYMY6Fqf9vEkhpI4iklXG+VPw5aeiu1MUOt8FZpi7xGV3AkBpLoKPpvsg/D79zn4m4BadcHRHbe6oN6xWEiXzYNvI2Dk/tSqI10ftBPBLoN/ZNFa6/CksCsjEruPvtE2HKismMKpH5wVJwB+1u57NYr1qInnVnwr7nwbHBco2pEwm1fm9Al9kIKc4w==&u=U2FsdGVkX19G6jlmBD/giOzfZAShg3nqb9y8bTZC77Y=&y=U2FsdGVkX1/rmEPQN+C2Xdc7XRDMIBqojGKdO/dvkW0= HTTP/1.1" 200 26
186.154.34.159 - - [14/Jul/2024:12:45:51 -0500] "GET /kwssiamovil/sm/acme/a?s=U2FsdGVkX1/gzG3D8lQdYe1XhFOSg7i5mn4N6z+/I26pjfo+2MAH3NlFDOuWWxx3HdWKtEgAoweDOlQaH5eUMpRp1+T+OUuuOmAlZc+seSNAwYRu70IlCwZABWuDay1tR4g7/Ivpsi0Fkfavk/w2p7qslAk99CYGMwMWsZNTpdh0CGRpSfkDvgSFhKm7z4V0zracSUvNpfy5gGVchLEfLzGJ4G2hboqKyHdEBtsdsgIimcB+RYMtVao8OgeBI/1OIjDZ2waGNB08oQ6zgd1dsykYB38d6EFgAUd8hwE7N8GUEGjWQyuVWDTkcLynqZTO1AJwwCGUu1cDWsvq2n8QsHPfzkYCUD++mSDFGRmpP4v5xDjQ+TK9jLNWg+gLGjhT9ldP3Se8mVWE9T+nAt55dlCwiWIJV1pT+i1M3YuhfCfamJ+6OpYQ0OdGKWCEXTbofma53vRdvdGwuo3ZrKkkoThp/u80QX5VXyhFp4cIfi8bG1ZKuu/JeB2eYvqkLYBEL7itNKljr+wwJuMvll17DozWGgK1BPK09P1kr3eBLnymBNqqJA9z76VoIT0uOJP6TC6bNJNv/iZF/fz7ZOGejOqR8MGzOtbjjYQsEZGWmJxpFgaMrexMrUEtn192W8UxiEy589nUVVJ6pW8u619WcxnQqnOD183NqH/ddmZANllAnLj3/B8bsso28MN9Fmu79tnuTU1+/PK0j9znc//WEZo7Fv1jVlC921Nc+/Mx6Xfh62Fe2V/qWxi8QWsNwhKaBW+LpuFN6J+YXZwLvFRn7jHTJf4X1Jc3PoHnlb2qcHQzHtkHqlM2MWSmhVDoLV5MrT7LQJnH8FNyKgBdj69q7L4WtWsMRrLMqAz6+pIqW6TvfMZAFuueLzftFNZkYF0wqb3P3BVTlVaSZpK/5r+RWC/8e31ws2H5McSR6jRg2KOmGJZitSd8MY9+V8zbkDZ7/IFVnJfOPKVyShIr/L/8BlggJpSiRXlYnKWYy9N1fNoJc/JiNjPkc0nJRbrdnoIbbo9vfnumYBtGmRcDYkX37UvbIDCWggEruv14h17+ekCYjpyAs4V5IbFo/U9cKuB0uiS+KWHi7RYpkQq+a7iXynksz/ebMq8wAx69EGgglDE4dckarU5eHHn6nUmCKfbhMXVOK6jaLXMijvVQo1UaxVavnjF4LDV7JOGcs7CtrJGnNXOfhLl09IMxto0GMQHjU0+9P2lZ6fzLhuRMYH6/jQsTaVfn6kGDsZTRyaQdiByJCSRds2X502mjNtrymevn6otSUlUmm2tVvjFZjUaGU9FHaCl0SjuTBomkQYQWzX+MqQveTPpLSbiL8PBXfcm8kyw6HqMNOCSjGKGCzGgIkivCc2l29qf575rod48BZvTZZS6id5ctCjLfQeIafooBrQCvrFGD9RhjyHsoXl0FpXTw97G3e3qHUSPBOol9tfwCj++i5498ZDlsxAPncf8d97jfHpu6qcLnIs4bpftltpdiruUZmgMcS3EPkPHA3jEqr/3EqIa8yPcD+MH1xQybM3Y6uIqZKoKaciNQISr3Xf7y5NkoMvAHWRAb3Qw3reRJquQsSg7Bk0QA/Sn8JuLWNM4JyPNi936C0UOonSliPt52ym81FWuEaTZmK0jc36+0KQJCrzrgJ02Ri+7W6EmhjtbRj/SOJgoOQhqTl+Wq/EhWz7H908EhH2mokdO1hHLcSpTd8/CwunlU6vuAGjTUXileqSeTFp3u0w70chFReSFLz28g+G6tC8hVWyiF02Y96QiGUpxN0acElPvbPhfQQ03FnRLP/k0SMKhz5Qq3CAPD71FoUexxjdWn+/zD/5SMP4HDoAgrOakoaP8Xnh3rUrCQMhEwq7TN4/VOqd7C9R7V4GIM1HopeyNyadjuE1LqqliF7xSt1XWBq/mL5pyw81uXX6yIaTzOkqg+D6Z43O2f9f0TjAlTmJdSdTaCYxAwLdopMZ+1fTsr2yw2m6XtFT3mP+OiEWA4OnkStT9wscNuaI28fX+CHKQ3np3xDfl5c5PbxCvNgYm/XwMZKKzSkTQC4NdaZH9FaP2jQDzHoJvkS0tnHFHeSTOXdQASIvS5n1q/df+zgx/zhy1bQWCfJtkxhXTegzSU6LivSlLPnpL2lCXLLzI5JkTjMM63D5eCe2CbkYfFMOx7fYm/gMDQyvdB5Jyzh9DKSOkCIyyfGSNnH26HX+d3+9RHw8wGratgm8fc0vRke+cVtdElqFviEH/Ges3qnTPWPxVeOi4K0sYebqvCBC+ChnwRZ4KHCxUost4bAPcvMPL6u0SWBDOMCy+JJTOYCH4T9wAt82vHeLvl5xj2VE27n16kkWwHW5eCMNM39UirWUWgloPu9b9HS2j6ALqbg/Pd5kLJPmCv5eAqaWDFlbaHGo7kbaMkw9vAqXAvftMLBokZ0QKBUCsyN/PGRfScumHTI4I07pvAvT5JoqIIfcPxoF4HLG+VWVLyI2vDseKbYEI19WASTKOQe176+rE8SipjRC70lKBi3gfloXB0FvnubstJirkt0/i3jkuWk91XV8sdNNeS9JTzf8606hj2fl1zek2dyLdpO2k7LHAMtehnkLF1lC5+IJEGJ2Ps/kq2aYfC3vghRsIUFoQ30ezLI50Ipf+8tl+ZqWhp5pUW6f0N3HZsv+7X2DVQ/DbCnjSSDSG9MJtJA8fgreGYjFZ1el7UivKud73EHzBJtdeMlxbfed/UDt3CcXwdeoUR2Su3dUlYdFWV7y9ico+H+EC5yXaox9PTUqBGsHB6fE0IiKgQKrJxcaQKuY6jLrr4L3IAEfzY0dMDadKheuq2Uh39sZfXw0kA7xV6tetOvUnDiD4a7wc9Wj6JoJ7yS7ivhw2p/K0Y/LCenRXnuOpQ6rN4k3XAlA02dL+GWBF9fiT58B456OPAcmnmER6JD6VKIIQ2/QQmNrWpucb9Kgj2QFcIcKfFe0evfebge1AwzlPc6MXpKlHvKJcX/+Zwy0nueFvoBMLrOZnY/VFdIY0XjGexaeJdPnTFH97X+I0mfPSzP6aHQk2Is9rFRo60eXTGzz4PTOcXaMEgTGTvlaqFXkz3vG3dngROxei/WIBkHGr+MllBUEObejjLmaMXBkkw7Jo8ZmGEW5xtQEdK86jW25ZtI8vXxeruSplBx2RbhMKbudZFPWVxTp37OeEeAYMIRQdhT46YSf0+/ysmI4mBNWKyY/zkRmKWMXbN+wmlcYYcTjpgkpG6r5TbGMbztQOrjjKfYp6IGoinpYQJrLdH1LsYxDNWNLECdMICi4F0l/75QvU+JaKL+QRGrnnDEAHjh+YQ/1mSyd/pAR/KJ4kvqC0bABohfiHSEIXXOOyPD/ydisDG9uudMgrMF1kZc2CN9ihSnRdCBX9HxDMcMSiVJl5N42cBxtPAJgxtMQ==&u=U2FsdGVkX19G6jlmBD/giOzfZAShg3nqb9y8bTZC77Y=&y=U2FsdGVkX1/rmEPQN+C2Xdc7XRDMIBqojGKdO/dvkW0= HTTP/1.1" 200 26
186.154.34.159 - - [14/Jul/2024:12:45:51 -0500] "GET /kwssiamovil/sm/acme/a?s=U2FsdGVkX1/C9OpCBlLEwhzuXD5rBG7RYETNroj11PBq6aIewAV4fRFKmkLHJ4kmgn8o6gIl5fzSGJsqMnchnXHGMQ4xeGIyXlOmWF8qIwJxGweZjoMrsTuk5fxlxToJjpMpUZ0rGi14DzQqN5higdVVM45QR9fAyrgF22AFsfg=&u=U2FsdGVkX19G6jlmBD/giOzfZAShg3nqb9y8bTZC77Y=&y=U2FsdGVkX1/rmEPQN+C2Xdc7XRDMIBqojGKdO/dvkW0= HTTP/1.1" 200 26
186.154.34.159 - - [14/Jul/2024:12:45:51 -0500] "GET /kwssiamovil/sm/acme/a?s=U2FsdGVkX18Py1aKhbveYHwdorZgkvLef2wwC+mZwf19liMIHXmGbLFpm4mTb35J3owgipPMtISnUmx1GkBejZqr1etF5RIry0ojMLT2UPh0ErZ76mhT6eyBpyaI/so+JGpIOGh7YOuBQdkANkmMbd9sZUUpw43CtIJddsmLJKE=&u=U2FsdGVkX19G6jlmBD/giOzfZAShg3nqb9y8bTZC77Y=&y=U2FsdGVkX1/rmEPQN+C2Xdc7XRDMIBqojGKdO/dvkW0= HTTP/1.1" 200 26
186.154.34.159 - - [14/Jul/2024:12:45:52 -0500] "GET /kwssiamovil/sm/acme/a?s=U2FsdGVkX1+paRcREaF8Ktn/OsBjQSLKW7oB/RWzneuFQChfxJ7b9oRK6brUR2nidyX1cLDgvu5P1MojmQj6mYaCYfLAaanZaZvM3W9wlXhLOn+jIMNhGvAVZaOobhBO94rA0kClUZ7pm2uKMR7RtLkasERIbIu8iQ1AaFUEuoE=&u=U2FsdGVkX19G6jlmBD/giOzfZAShg3nqb9y8bTZC77Y=&y=U2FsdGVkX1/rmEPQN+C2Xdc7XRDMIBqojGKdO/dvkW0= HTTP/1.1" 200 26
186.154.34.159 - - [14/Jul/2024:12:45:52 -0500] "GET /kwssiamovil/sm/acme/a?s=U2FsdGVkX19PuvTGn3Z04ueAnQDLEOngxcxlAMaDdBZb4VHh89bg/XzRWWOqR/eYyoNCKZA6p/tY6k1atQpGyivkD/e7WAPa+2l6g/DfzOmQ+JrJE2KsitdzssxuoQtkwvhXc/XTskaJe6JiZVAvx2kadgVVJY/DxrbxZKVgT6MHfW8H8HB6tMrTbGNDUwGu&u=U2FsdGVkX19G6jlmBD/giOzfZAShg3nqb9y8bTZC77Y=&y=U2FsdGVkX1/rmEPQN+C2Xdc7XRDMIBqojGKdO/dvkW0= HTTP/1.1" 200 26
201.245.192.253 - - [14/Jul/2024:12:46:04 -0500] "GET /kwsrmcab/Wsrmcab?wsdl HTTP/1.1" 200 6948
201.245.192.253 - - [14/Jul/2024:12:46:16 -0500] "POST /kwsrmcab/Wsrmcab  HTTP/1.1" 200 38712
172.22.2.4 - - [14/Jul/2024:12:45:14 -0500] "HEAD /BLA/boletinlegal/ HTTP/1.1" 200 -
201.245.192.253 - - [14/Jul/2024:12:47:04 -0500] "GET /kwsrmcab/Wsrmcab?wsdl HTTP/1.1" 200 6948
66.249.66.19 - - [14/Jul/2024:12:47:08 -0500] "GET /BLA/resoluciones/AUTOS%202020/0049.pdf HTTP/1.1" 200 425481
66.249.66.19 - - [14/Jul/2024:12:47:30 -0500] "GET /BLA/resoluciones/RESOLUCIONES%202021/5679.pdf HTTP/1.1" 200 455476
172.22.2.4 - - [14/Jul/2024:12:47:45 -0500] "GET /BLA/boletinlegal/robots.txt HTTP/1.1" 404 1038
172.22.2.4 - - [14/Jul/2024:12:46:06 -0500] "GET /BLA/boletinlegal/ HTTP/1.1" 200 59967
201.245.192.253 - - [14/Jul/2024:12:48:04 -0500] "GET /kwsrmcab/Wsrmcab?wsdl HTTP/1.1" 200 6948
52.230.152.196 - - [14/Jul/2024:12:48:40 -0500] "GET /robots.txt HTTP/1.1" 404 1034
201.245.192.253 - - [14/Jul/2024:12:49:04 -0500] "GET /kwsrmcab/Wsrmcab?wsdl HTTP/1.1" 200 6948
216.245.221.92 - - [14/Jul/2024:12:49:39 -0500] "HEAD / HTTP/1.1" 200 -
201.245.192.253 - - [14/Jul/2024:12:50:04 -0500] "GET /kwsrmcab/Wsrmcab?wsdl HTTP/1.1" 200 6948
186.154.34.159 - - [14/Jul/2024:12:50:46 -0500] "GET /kwssiamovil/sm/acme/a?s=U2FsdGVkX1/hMdB2N2YbY2aBACgH9X8T/j9FoQv2V2TuGx6NOK+D5RLuH24Ufn9wKX5bJNq1C4WvQdvG8L71PjW7fU2Q91ZbMXol52YKLeIrZKEbDLp672kH/8ncJcDeXioK3gIomZmoSnr82gFKdVUwc7lIAuu57+5f9I1j/IJoVRMABZU5WPz/kkoMYYfsjFVhc8+GhtRSRk5pdCbM89Ail8W1c0lW2x9E93cBSO3lnVL+ghxUcX8eUW9d/RJFIOwegKz4PoZllsc7FWfn8Q==&u=U2FsdGVkX19G6jlmBD/giOzfZAShg3nqb9y8bTZC77Y=&y=U2FsdGVkX1/rmEPQN+C2Xdc7XRDMIBqojGKdO/dvkW0= HTTP/1.1" 200 26
186.154.34.159 - - [14/Jul/2024:12:50:46 -0500] "GET /kwssiamovil/sm/acme/a?s=U2FsdGVkX1/Gj3CvBqZfYK0JEpzqpnSpYuft/3FeRrXVDrVEijtPtMOiGS1qRWggF56/gaMSpw6tiXpIGbRPr9dMhOEhrokaE6qFWtmfic3Jmt06n/TaHYr8Ew0s6RUnUtnTIv9FIru+CFLHVEwS+JNyUAqh8Ft8e6BhDPH532eUT5VVMSavdlWlPD6ix1gDgQs2s+Q+NkiSnO+nyBLFWs8A5/6CuYOMcUicHUQgbZ8+Gg402bn7K8eQmi9Ox/8kIqqsxd05HFrhFPb0H9XYsm6yKAcXSvgqVOcoUYToRh8d1CTmg5A+vdA5S3DlCx7AZDm7BSCwV8XYTJGMgF2lAsOeiAxDmnh6HjFVB0SUpgDYMBRVwguOysjTKT9m1yo8ntxtWjwVutk0udOyAl+JfOnS9MAfSOo0oNayMpfYf0Jqy5a8LYPACkp5+On78jy6QPtmHcAgnNn09Kd1kY6AEMHgLc6Q+rGXrSFP2mKMpD0Bjg506TO2yK6MUBcZMz+PLXrKFI/9ol8idtSS2jmAGg/xpAg0itlHEXyeGpSoSqjYaLuKPtWCHNXVHe2Cx9p0VHdcvDmUsDC/UL/nDLQg2NAz+Vzv5s0IX5BbRldjbmtii40u6+a5b/Apb7BaebzwI8xunYYp3hNbh9l85faDDw9iGltODz6fvDJU5Pl7A5TKIA/FvYudoeKGJL9bN511g7xzopiSkUi9SM1kn5uHsodRFi03Gb9tNSz+MVciuxVNj9GZcfU3WxdCljb8haLfmMp403ed98kyD76YEE/cimSa+HiYOpSXMDK/bTNehkPj2gXJW6egrWK+Dvh5kptKhHXvPiki1t5v/FOjpcOj1z6IFU1SLHnMTUpEQv9SWdh8SBP+OzQ8ZadHwQezhp+UddkfXuf/BMEYIfIxjopika69jmpSzVzzw+FY6kZI33KLyCQPDN1JIGNtR2ZsMmqFoyWqSVYPZmo7YjsVkeaj6hiUPruaPhTW/ULhC+EkyHYy5sbLPy4s5M0pxCUcbPpiX7u6pvmv50EXs6xSMs18K8XtZzCh1Cq6a4R64aZrmfFCeew0zLMPmNf7+7xndQqEljY4RGTPkHgHMAgqilzwAW1xCMthhtvbIYb6Tr5biSBn+2z3Gh2HI0ClMuTK2F+eDJZ6n7zn1YXTcjGnq4MoMa51Zcm+ylEOh3KhcHz5Oab4OL60mLMIPzw9VAJ5MhI1ddOkga0qdanQwfTcYCKfsGnqQctosAfYpSNwYs8QLlRUR4tGcyjvHkqlF1uWJBe9/x4fWFBwiSzVsx4op0qXl2mqzenZNgo7NDmryOuoiG1qIBjbnntGnQt+XiJaWoWUgf1/jKQb9QVoikkgXFx2vraHxBDxY+cLqXDlWuDAdS2YoyYBNs/lXbqO+Mg0bwIuCnjhw3pNUj4HPfjrXHcBPr/RpDNu82yGVEjgWhMJUKztC2SVcqhkd52TkJzPAuwDzr8hmcmXYaAHPPf0lqVzwWkani49WYAl6n9ziv7Rj6N0saiRS0U2edKFMfOqHrSOkKoVpYXAmYifFK57yhGufmvFKmt+61GYwlDSe/U7ZmsVE43guWl4icPT++aKfSZ8Xq3rLhHixzCvlXA4pD35jdpYWUsSpYdAQByp/1liFTkHX4CLtG3DJlylAbx0Xxbjdkc2MInufCTs5zLBhr2Y/rQ0s1i1hLUrBCd9e/zq6l78bHBH3eJR67+9PUmtlGBk+YFZ8OJlFJZU57gleIJXQskUDSo6kfhkH8T8GFJKUNO1iK8b9RHsPdWYyvEOrZeLYkDfcMOVNN6wGuya6fTiHS5ZsrNeR0f/hW4WEVFhP4Q=&u=U2FsdGVkX19G6jlmBD/giOzfZAShg3nqb9y8bTZC77Y=&y=U2FsdGVkX1/rmEPQN+C2Xdc7XRDMIBqojGKdO/dvkW0= HTTP/1.1" 200 26
186.154.34.159 - - [14/Jul/2024:12:50:46 -0500] "GET /kwssiamovil/sm/acme/a?s=U2FsdGVkX19BIxonn7yL1WGmPB5TR1YwNFch68CfI2SackeiuiHXjOCoTbW+ePLcHfbwjg58GsnwSpwA3JkTaBJIAb+EucajDt7U7oCC3bac86C0+VWyxhl/oLp5tY3PkcI8Y2PARC8CDm0jWvBm1fkBYpDOnW7d1bVdeI3Km9o=&u=U2FsdGVkX19G6jlmBD/giOzfZAShg3nqb9y8bTZC77Y=&y=U2FsdGVkX1/rmEPQN+C2Xdc7XRDMIBqojGKdO/dvkW0= HTTP/1.1" 200 26
186.154.34.159 - - [14/Jul/2024:12:50:46 -0500] "GET /kwssiamovil/sm/acme/a?s=U2FsdGVkX1+QRFK/l0XmM1xSxQWT7PcGnpXfaYDrTML+VxgMsDb4orVN3M1mnErAbDIrW8vZqXxp2jEzqtxh65Ls6b4P0BxQaCFlBFuaYo5XyKSh43tVPvy5HuEqUgP7E3w6Phj09AZooUvIbQRwDqSBqsQMcSsoxAnOaPCCxqI=&u=U2FsdGVkX19G6jlmBD/giOzfZAShg3nqb9y8bTZC77Y=&y=U2FsdGVkX1/rmEPQN+C2Xdc7XRDMIBqojGKdO/dvkW0= HTTP/1.1" 200 26
186.154.34.159 - - [14/Jul/2024:12:50:46 -0500] "GET /kwssiamovil/sm/acme/a?s=U2FsdGVkX1/JPfU4O3l8YHdf6QnXz9/NcLAukXnwHwH3xy7bl/R8R8551tz0LUVuUFfwlViJ4+Cdq38w8HM+Vc/jFTyWT0xKqBWG7G3R44ZITB0/Bb+/7iJVl8d4diJ1xfnVrVlTq8EiuC2vEAfTvkuWd/Tp0naOrls2325a7zk=&u=U2FsdGVkX19G6jlmBD/giOzfZAShg3nqb9y8bTZC77Y=&y=U2FsdGVkX1/rmEPQN+C2Xdc7XRDMIBqojGKdO/dvkW0= HTTP/1.1" 200 26
186.154.34.159 - - [14/Jul/2024:12:50:47 -0500] "GET /kwssiamovil/sm/acme/a?s=U2FsdGVkX1+Jigrj5A/WKIJSICPrkCJrUuYR3Bq6iEFDK369AUHBPftg3rAbWZmuNsBPE/RTpEAWR+pNpsf2KwdJa8VuRhk6DzAVBBFS1vrVfnrWBKexvMmW/bXtNXlLq0G2AWhyCbrOck1WLQRWVZm9369lSdM+JQdS3SkVRNNGvBRXo01laRYDq1BxjujA&u=U2FsdGVkX19G6jlmBD/giOzfZAShg3nqb9y8bTZC77Y=&y=U2FsdGVkX1/rmEPQN+C2Xdc7XRDMIBqojGKdO/dvkW0= HTTP/1.1" 200 26
201.245.192.253 - - [14/Jul/2024:12:51:04 -0500] "GET /kwsrmcab/Wsrmcab?wsdl HTTP/1.1" 200 6948
201.245.192.253 - - [14/Jul/2024:12:51:15 -0500] "POST /kwsrmcab/Wsrmcab  HTTP/1.1" 200 38712
114.119.135.143 - - [14/Jul/2024:12:51:47 -0500] "GET /BLA/resoluciones/index.php?dir=RESOLUCIONES%2B1998/&sort=date&order=asc HTTP/1.1" 200 14312
201.245.192.253 - - [14/Jul/2024:12:52:04 -0500] "GET /kwsrmcab/Wsrmcab?wsdl HTTP/1.1" 200 6948
172.22.2.4 - - [14/Jul/2024:12:51:04 -0500] "HEAD /BLA/boletinlegal/ HTTP/1.1" 200 -
201.245.192.253 - - [14/Jul/2024:12:53:04 -0500] "GET /kwsrmcab/Wsrmcab?wsdl HTTP/1.1" 200 6948
216.244.66.195 - - [14/Jul/2024:12:53:15 -0500] "GET /BLA/resoluciones/RESOLUCIONES%202016/2186.pdf HTTP/1.1" 200 1120858
172.22.2.4 - - [14/Jul/2024:12:51:55 -0500] "GET /BLA/boletinlegal/ HTTP/1.1" 200 46859
216.244.66.195 - - [14/Jul/2024:12:53:45 -0500] "GET /BLA/resoluciones/RESOLUCIONES%202016/2223.pdf HTTP/1.1" 200 564948
216.244.66.195 - - [14/Jul/2024:12:53:59 -0500] "GET /BLA/resoluciones/RESOLUCIONES%202016/2298.pdf HTTP/1.1" 200 364755
201.245.192.253 - - [14/Jul/2024:12:54:04 -0500] "GET /kwsrmcab/Wsrmcab?wsdl HTTP/1.1" 200 6948
172.22.2.4 - - [14/Jul/2024:12:52:34 -0500] "GET /BLA/boletinlegal/ HTTP/1.1" 200 55823
172.22.2.4 - - [14/Jul/2024:12:54:18 -0500] "GET /BLA/boletinlegal/style.css HTTP/1.1" 200 9406
185.224.128.43 - - [14/Jul/2024:12:54:37 -0500] "GET / HTTP/1.1" 200 319
216.245.221.92 - - [14/Jul/2024:12:54:39 -0500] "HEAD / HTTP/1.1" 200 -
216.244.66.195 - - [14/Jul/2024:12:54:39 -0500] "GET /BLA/resoluciones/RESOLUCIONES%202017/0651.pdf HTTP/1.1" 200 517269
201.245.192.253 - - [14/Jul/2024:12:55:04 -0500] "GET /kwsrmcab/Wsrmcab?wsdl HTTP/1.1" 200 6948
216.244.66.195 - - [14/Jul/2024:12:55:12 -0500] "GET /BLA/resoluciones/RESOLUCIONES%202017/2913.pdf HTTP/1.1" 200 272315
216.244.66.195 - - [14/Jul/2024:12:55:46 -0500] "GET /BLA/resoluciones/RESOLUCIONES%202017/2927.pdf HTTP/1.1" 200 338437
201.245.192.253 - - [14/Jul/2024:12:56:04 -0500] "GET /kwsrmcab/Wsrmcab?wsdl HTTP/1.1" 200 6948
201.245.192.253 - - [14/Jul/2024:12:56:14 -0500] "POST /kwsrmcab/Wsrmcab  HTTP/1.1" 200 38712
216.244.66.195 - - [14/Jul/2024:12:56:23 -0500] "GET /BLA/resoluciones/RESOLUCIONES%202017/3369.pdf HTTP/1.1" 200 283580
66.249.66.21 - - [14/Jul/2024:12:56:27 -0500] "GET /BLA/resoluciones/AUTOS%202023/07667.pdf HTTP/1.1" 200 398198
66.249.66.21 - - [14/Jul/2024:12:56:28 -0500] "GET /BLA/resoluciones/AUTOS%202023/4213.pdf HTTP/1.1" 200 663308
216.244.66.195 - - [14/Jul/2024:12:56:53 -0500] "GET /BLA/resoluciones/RESOLUCIONES%202017/3575.pdf HTTP/1.1" 200 298616
201.245.192.253 - - [14/Jul/2024:12:57:04 -0500] "GET /kwsrmcab/Wsrmcab?wsdl HTTP/1.1" 200 6948
201.245.192.253 - - [14/Jul/2024:12:58:04 -0500] "GET /kwsrmcab/Wsrmcab?wsdl HTTP/1.1" 200 6948
172.22.2.4 - - [14/Jul/2024:12:56:54 -0500] "HEAD /BLA/boletinlegal/ HTTP/1.1" 200 -
201.245.192.253 - - [14/Jul/2024:12:59:04 -0500] "GET /kwsrmcab/Wsrmcab?wsdl HTTP/1.1" 200 6948
172.22.2.4 - - [14/Jul/2024:12:57:45 -0500] "GET /BLA/boletinlegal/ HTTP/1.1" 200 59967
216.245.221.92 - - [14/Jul/2024:12:59:39 -0500] "HEAD / HTTP/1.1" 200 -
201.245.192.253 - - [14/Jul/2024:13:00:04 -0500] "GET /kwsrmcab/Wsrmcab?wsdl HTTP/1.1" 200 6948
216.244.66.195 - - [14/Jul/2024:13:00:23 -0500] "GET /BLA/resoluciones/AUTOS%202007/0098.pdf HTTP/1.1" 200 115678
216.244.66.195 - - [14/Jul/2024:13:00:51 -0500] "GET /BLA/resoluciones/AUTOS%202007/0139.pdf HTTP/1.1" 200 292991
186.28.115.181 - - [14/Jul/2024:13:00:55 -0500] "GET /appsia/controlador HTTP/1.1" 200 4799
201.245.192.253 - - [14/Jul/2024:13:01:04 -0500] "GET /kwsrmcab/Wsrmcab?wsdl HTTP/1.1" 200 6948
186.28.115.181 - - [14/Jul/2024:13:01:05 -0500] "POST /appsia/controlador HTTP/1.1" 200 5437
186.28.115.181 - - [14/Jul/2024:13:01:07 -0500] "POST /appsia/controlador HTTP/1.1" 200 7771
186.28.115.181 - - [14/Jul/2024:13:01:12 -0500] "POST /appsia/controlador HTTP/1.1" 200 6644
186.28.115.181 - - [14/Jul/2024:13:01:14 -0500] "POST /appsia/controlador HTTP/1.1" 200 11287
201.245.192.253 - - [14/Jul/2024:13:01:13 -0500] "POST /kwsrmcab/Wsrmcab  HTTP/1.1" 200 38712
216.244.66.195 - - [14/Jul/2024:13:01:18 -0500] "GET /BLA/resoluciones/AUTOS%202007/0240.pdf HTTP/1.1" 200 33611
186.28.115.181 - - [14/Jul/2024:13:01:33 -0500] "POST /appsia/controlador HTTP/1.1" 200 7771
186.28.115.181 - - [14/Jul/2024:13:01:37 -0500] "POST /appsia/controlador HTTP/1.1" 200 6644
186.28.115.181 - - [14/Jul/2024:13:01:38 -0500] "POST /appsia/controlador HTTP/1.1" 200 10942
216.244.66.195 - - [14/Jul/2024:13:01:44 -0500] "GET /BLA/resoluciones/AUTOS%202007/0260.pdf HTTP/1.1" 200 239509
186.28.115.181 - - [14/Jul/2024:13:01:44 -0500] "POST /appsia/controlador HTTP/1.1" 200 7771
186.28.115.181 - - [14/Jul/2024:13:01:49 -0500] "POST /appsia/controlador HTTP/1.1" 200 6644
186.28.115.181 - - [14/Jul/2024:13:01:50 -0500] "POST /appsia/controlador HTTP/1.1" 200 12089
186.28.115.181 - - [14/Jul/2024:13:01:54 -0500] "POST /appsia/controlador HTTP/1.1" 200 7771
201.245.192.253 - - [14/Jul/2024:13:02:04 -0500] "GET /kwsrmcab/Wsrmcab?wsdl HTTP/1.1" 200 6948
66.249.66.19 - - [14/Jul/2024:13:02:10 -0500] "GET /Publicaciones/2024EE95483.pdf HTTP/1.1" 404 227
216.244.66.195 - - [14/Jul/2024:13:02:11 -0500] "GET /BLA/resoluciones/AUTOS%202007/0284.pdf HTTP/1.1" 200 358066
66.249.66.19 - - [14/Jul/2024:13:02:24 -0500] "GET /BLA/resoluciones/AUTOS%202023/1898.pdf HTTP/1.1" 200 394854
216.244.66.195 - - [14/Jul/2024:13:02:35 -0500] "GET /BLA/resoluciones/AUTOS%202007/0304.pdf HTTP/1.1" 200 118091
40.77.167.59 - - [14/Jul/2024:13:02:49 -0500] "GET /BLA/resoluciones/index.php?dir=RESOLUCIONES+2009%2F HTTP/1.1" 200 1694101
216.244.66.195 - - [14/Jul/2024:13:02:59 -0500] "GET /BLA/resoluciones/AUTOS%202007/0383.pdf HTTP/1.1" 200 26186
47.128.20.227 - - [14/Jul/2024:13:02:59 -0500] "GET /BLA/resoluciones/AUTOS%202021/0245.php?act=f&c=1&f=02579.pdf HTTP/1.1" 200 2740
201.245.192.253 - - [14/Jul/2024:13:03:04 -0500] "GET /kwsrmcab/Wsrmcab?wsdl HTTP/1.1" 200 6948
47.128.56.252 - - [14/Jul/2024:13:03:15 -0500] "GET /BLA/resoluciones/AUTOS%202021/0245.php?act=f&c=1&f=7341.pdf HTTP/1.1" 200 2739
216.244.66.195 - - [14/Jul/2024:13:03:21 -0500] "GET /BLA/resoluciones/AUTOS%202007/0390.pdf HTTP/1.1" 200 98909
47.128.27.91 - - [14/Jul/2024:13:03:32 -0500] "GET /BLA/resoluciones/AUTOS%202021/0245.php?act=f&c=1&f=10270.pdf HTTP/1.1" 200 2741
216.244.66.195 - - [14/Jul/2024:13:03:42 -0500] "GET /BLA/resoluciones/AUTOS%202007/0399.pdf HTTP/1.1" 200 63773
47.128.56.56 - - [14/Jul/2024:13:03:48 -0500] "GET /BLA/resoluciones/AUTOS%202021/0245.php?act=f&c=1&f=05841.pdf HTTP/1.1" 200 2740
216.244.66.195 - - [14/Jul/2024:13:04:02 -0500] "GET /BLA/resoluciones/AUTOS%202007/0567.pdf HTTP/1.1" 200 378836
201.245.192.253 - - [14/Jul/2024:13:04:04 -0500] "GET /kwsrmcab/Wsrmcab?wsdl HTTP/1.1" 200 6948
47.128.28.162 - - [14/Jul/2024:13:04:04 -0500] "GET /BLA/resoluciones/AUTOS%202021/0245.php?act=f&c=1&f=6893.pdf HTTP/1.1" 200 2740
66.249.66.20 - - [14/Jul/2024:13:04:10 -0500] "GET /BLA/resoluciones/AUTOS%202008/0013.pdf HTTP/1.1" 200 154698
47.128.59.195 - - [14/Jul/2024:13:04:20 -0500] "GET /BLA/resoluciones/AUTOS%202021/0245.php?act=f&c=1&f=08907.pdf HTTP/1.1" 200 2741
216.244.66.195 - - [14/Jul/2024:13:04:21 -0500] "GET /BLA/resoluciones/AUTOS%202007/0596.pdf HTTP/1.1" 200 135869
172.22.2.4 - - [14/Jul/2024:13:02:44 -0500] "HEAD /BLA/boletinlegal/ HTTP/1.1" 200 -
47.128.48.26 - - [14/Jul/2024:13:04:37 -0500] "GET /BLA/resoluciones/AUTOS%202021/0245.php?act=f&c=1&f=4986.pdf HTTP/1.1" 200 2740
216.245.221.92 - - [14/Jul/2024:13:04:39 -0500] "HEAD / HTTP/1.1" 200 -
216.244.66.195 - - [14/Jul/2024:13:04:40 -0500] "GET /BLA/resoluciones/AUTOS%202007/0635.pdf HTTP/1.1" 200 67657
47.128.48.113 - - [14/Jul/2024:13:04:53 -0500] "GET /BLA/resoluciones/AUTOS%202021/0245.php?act=f&c=1&f=07869.pdf HTTP/1.1" 200 2741
216.244.66.195 - - [14/Jul/2024:13:04:57 -0500] "GET /BLA/resoluciones/AUTOS%202007/0754.pdf HTTP/1.1" 200 99413
201.245.192.253 - - [14/Jul/2024:13:05:04 -0500] "GET /kwsrmcab/Wsrmcab?wsdl HTTP/1.1" 200 6948
47.128.114.34 - - [14/Jul/2024:13:05:09 -0500] "GET /BLA/resoluciones/AUTOS%202021/0245.php?act=f&c=1&f=6086.pdf HTTP/1.1" 200 2740
216.244.66.195 - - [14/Jul/2024:13:05:13 -0500] "GET /BLA/resoluciones/AUTOS%202007/0818.pdf HTTP/1.1" 200 79593
172.22.2.4 - - [14/Jul/2024:13:03:35 -0500] "GET /BLA/boletinlegal/ HTTP/1.1" 200 40264
172.22.2.4 - - [14/Jul/2024:13:03:37 -0500] "GET /BLA/boletinlegal/ HTTP/1.1" 200 40264
47.128.48.112 - - [14/Jul/2024:13:05:25 -0500] "GET /BLA/resoluciones/AUTOS%202021/0245.php?act=f&c=1&f=7775.pdf HTTP/1.1" 200 2739
216.244.66.195 - - [14/Jul/2024:13:05:28 -0500] "GET /BLA/resoluciones/AUTOS%202007/0820.pdf HTTP/1.1" 200 67463
47.128.118.246 - - [14/Jul/2024:13:05:41 -0500] "GET /BLA/resoluciones/AUTOS%202021/0245.php?act=f&c=1&f=07863.pdf HTTP/1.1" 200 2741
216.244.66.195 - - [14/Jul/2024:13:05:42 -0500] "GET /BLA/resoluciones/AUTOS%202007/0842.pdf HTTP/1.1" 200 50371
216.244.66.195 - - [14/Jul/2024:13:05:54 -0500] "GET /BLA/resoluciones/AUTOS%202007/0905.pdf HTTP/1.1" 200 178263
47.128.118.210 - - [14/Jul/2024:13:05:58 -0500] "GET /BLA/resoluciones/AUTOS%202021/0245.php?act=f&c=1&f=7805.pdf HTTP/1.1" 200 2740
201.245.192.253 - - [14/Jul/2024:13:06:04 -0500] "GET /kwsrmcab/Wsrmcab?wsdl HTTP/1.1" 200 6948
216.244.66.195 - - [14/Jul/2024:13:06:07 -0500] "GET /BLA/resoluciones/AUTOS%202007/1085.pdf HTTP/1.1" 200 27849
47.128.118.205 - - [14/Jul/2024:13:06:14 -0500] "GET /BLA/resoluciones/AUTOS%202021/0245.php?act=f&c=1&f=03411.pdf HTTP/1.1" 200 2740
201.245.192.253 - - [14/Jul/2024:13:06:11 -0500] "POST /kwsrmcab/Wsrmcab  HTTP/1.1" 200 38712
216.244.66.195 - - [14/Jul/2024:13:06:17 -0500] "GET /BLA/resoluciones/AUTOS%202007/1203.pdf HTTP/1.1" 200 41762
47.128.112.66 - - [14/Jul/2024:13:06:30 -0500] "GET /BLA/resoluciones/AUTOS%202021/0245.php?act=f&c=1&f=7738.pdf HTTP/1.1" 200 2740
47.128.56.64 - - [14/Jul/2024:13:06:46 -0500] "GET /BLA/resoluciones/AUTOS%202021/0245.php?act=f&c=1&f=7541.pdf HTTP/1.1" 200 2739
47.128.60.252 - - [14/Jul/2024:13:07:02 -0500] "GET /BLA/resoluciones/AUTOS%202021/0245.php?act=f&c=1&f=04750.pdf HTTP/1.1" 200 2741
201.245.192.253 - - [14/Jul/2024:13:07:04 -0500] "GET /kwsrmcab/Wsrmcab?wsdl HTTP/1.1" 200 6948
47.128.97.186 - - [14/Jul/2024:13:07:19 -0500] "GET /BLA/resoluciones/AUTOS%202021/0245.php?act=f&c=1&f=05823.pdf HTTP/1.1" 200 2741
47.128.124.8 - - [14/Jul/2024:13:07:35 -0500] "GET /BLA/resoluciones/AUTOS%202021/0245.php?act=f&c=1&f=05205.pdf HTTP/1.1" 200 2740
47.128.51.160 - - [14/Jul/2024:13:07:51 -0500] "GET /BLA/resoluciones/AUTOS%202021/0245.php?act=f&c=1&f=6778.pdf HTTP/1.1" 200 2740
201.245.192.253 - - [14/Jul/2024:13:08:04 -0500] "GET /kwsrmcab/Wsrmcab?wsdl HTTP/1.1" 200 6948
172.22.2.4 - - [14/Jul/2024:13:06:24 -0500] "HEAD /BLA/boletinlegal/ HTTP/1.1" 200 -
47.128.49.143 - - [14/Jul/2024:13:08:08 -0500] "GET /BLA/resoluciones/AUTOS%202021/0245.php?act=f&c=1&f=03235.pdf HTTP/1.1" 200 2740
47.128.55.148 - - [14/Jul/2024:13:08:24 -0500] "GET /robots.txt HTTP/1.1" 404 1018
66.249.66.21 - - [14/Jul/2024:13:08:24 -0500] "GET /BLA/resoluciones/Notificaciones/AUTOS%202023/6073.pdf HTTP/1.1" 304 -
47.128.21.61 - - [14/Jul/2024:13:08:40 -0500] "GET /BLA/resoluciones/AUTOS%202021/0245.php?act=f&c=1&f=05877.pdf HTTP/1.1" 200 2741
47.128.47.197 - - [14/Jul/2024:13:08:56 -0500] "GET /BLA/resoluciones/AUTOS%202021/0245.php?act=f&c=1&f=7643.pdf HTTP/1.1" 200 2740
181.32.168.168 - - [14/Jul/2024:13:08:56 -0500] "GET /kwssiamovil/sm/acme/a?s=U2FsdGVkX1+1oaxq+kGi41IBpBCWHy1UxOr6d1BnRB9+norftBWBknIihXZ37cuaqCkX1uPwcles+DG4FlnPKvvAYFNK9qLBu+L2FYLpqt863TvRkesGzY9lEVnyt1ikGjs3PllplWI28OwRdNBP+HLlFXO2n1wlG3NSbu7Pbom1D3MufC5a4YI/VSb1/uNwoNkuzdgFWhCvKSddGbFH7b8qxVo6era9dQmQdP97IfwNJ8JWGFyKyhFc2vHaL3KTyWmomiXEPV7M6gUAz9gXKv893Iy+VYr2WtlEXzGM3wU=&u=U2FsdGVkX18LhHxhmFDv99WQ2MgOGCiUMYywBWi+6juHHDXf80t1gPstKHL0JOjn&y=U2FsdGVkX18prpBmnRvbVQb2ZnMlDyU2mtirYPAQ9vLf6sRNPs0r4VoSr5sqYnk2 HTTP/1.1" 200 26
181.32.168.168 - - [14/Jul/2024:13:08:57 -0500] "GET /kwssiamovil/sm/acme/a?s=U2FsdGVkX1/hbj8IQZzWnupeylxC297ZlzYpmBnqKjxjrIJ0nhuDJXBEkww+SIhYoj9ECYOFxB8qbZ2HSZbL4G+iQ+UTpojWlqNl4eUUXtSnIOcxmRF/3UrDEtyRkU30veRkfxDssuz+JhkLszDFwI85ZEJjHikyCuDCrUHV0C/9ZOYdjPAIM55ilqY5qlohb7MoWGzWlajpalInXFJ7XBtv1UZm6QXHZkDJREfm1GLKkfkItOtixYGB9D1VR3v4pYsv/bF4LLIJxtnNe9eTNCgBy2g5NkGQkZuI6Pygn+rI4JEp0rEhK5X2ivkcW4jBGb/OV4qY0pw4thcKDwt+tAnF01G205XNFFNsW5xKaencOjkq6FJOcI7EBNpYCE28GbAfad/QjuNfaIdsdQJ+MEoXPGMtnrWhBl92Iiqzna3gpi8bNFK23l1KWlbNBBCJueKCsb+8N4CctsdlKro39WmgvUULzBlB36/lNT5OOspYjKStHrOSm1Y5oJFMNKJudGAJ3c9AbDc9TJNuWyFkm97VyLcwsBj4OZ961qUra70qNj+gLnoVyGTGNgX4MOZKwfXyvwXJls625VnLCGTyPtPDYlScRQLPQuNkfaXZ285+4tD62XNTamm9KMQQu/N3M1o4TszdehcQ+otVO7ceQaHcrl/HeWt370VSQBPdxGQ22S28bg0hFWhQ4Q2WFLwlsEF8To9G+qv4aQZXuoOEep0UywdFox8G7XxqlrrrLV2uhbis17ZNMck1F5K9z4R+KosOYRzjLNmfxiquayxMrL8ymFYybbLrRUOiEOoD1NWMuFivZw43GKq5nFN4p2Q91kDVL3i/RKh9nVRI4iUQOvWiRYtjBQ4nuyS9OMVsZ5Eg9QsDVECGXcNJTPFbH+7GJlnL9CERQR1/AeHdZNtdKiN/L0fKO8OUbNL/Ctk4dQAmROrnYVPR1Ywj2sUIgDqX8AcLNfTz9PNFP1GlLXFkM4f+G+ArdAwwJRQ/xc0QlqubDTdaUdWsStO5w864RRID69uvwoapmEw8e6t2iO2zDrbhjUrpdDnc+Wy/evgVclxqZYKMo4ux4zceYHQc/JBAOZJoEBGj5R53lDBdoInG0jLBGU3Ostn7aNXRQUzOr3aKCifBiP1JnKrdl1GOkCRaFNXY/8WE4cJlHrmMcGmylruhe06Q0K0D6788jt5S2xBbYKmx6GObNXIf2G+BTjCeW0/B28oR4gzZm8GDKEPq8xifBHa9Q/T/oF0XEs/p4progUMY6LOBWoUOPSxQMWBJ4FWbj4Q7DMYfNcuIIgfsZBjC96lYSP8AMAJRvPHVGnHdhItk9dPQLChJBQu8WQ1UcK8ckyQBu6WijR2X/eSpOj2K971iaeH3bXGtkusFIApDSVDOaumPZQEULsvfr1TpcNFh3BLtA+KwFGqdpDHJLU+WRnHnlLUuFEzQlBwgcyuVX5vnnTPVGK4hChEgrpab1XCdaLQE4B6Q5eVKzA94nvRMnGyej/1ty2Bw7Y/Ft4fQM072Gwaw4cgvHoAWUlchlxZNPRLoLq+LelqqoDQ7xYsW4h5EG3k9ef8nHDBOlX7tRgBDH9Tkjf7JqgGvRpZlVjDTj+pyKKFoilfDleydTIFv0SUDPHSSZdBG8eKD2WcQl01LeuJF8MerEqj7jRKNHEtmoG8Vw5H3qe5L8kfRLC7zF8QdEfqMuLu+6pFPJWuk6deQ7+yI8sg2Rf2AldSDJqHbJ/qT+hNu9Ci2oDGFVSW4p69136PVOJxSU0agqfY=&u=U2FsdGVkX18LhHxhmFDv99WQ2MgOGCiUMYywBWi+6juHHDXf80t1gPstKHL0JOjn&y=U2FsdGVkX18prpBmnRvbVQb2ZnMlDyU2mtirYPAQ9vLf6sRNPs0r4VoSr5sqYnk2 HTTP/1.1" 200 26
181.32.168.168 - - [14/Jul/2024:13:08:57 -0500] "GET /kwssiamovil/sm/acme/a?s=U2FsdGVkX1+PuFWuS6iwFNCCkeQobkFqYaOP5gszU6Twq5awP+QvsJMkhu4aNRX3/YMVJYkM7fY7ollcaRRvWxO8UtEVs9xbts+1eBTPpAt6WpQV7fyQjNUOSiULGSkyNPSkIXHOu/8LwJMOmwM/kxSLO3R2h1GNaTan6yUqWaw=&u=U2FsdGVkX18LhHxhmFDv99WQ2MgOGCiUMYywBWi+6juHHDXf80t1gPstKHL0JOjn&y=U2FsdGVkX18prpBmnRvbVQb2ZnMlDyU2mtirYPAQ9vLf6sRNPs0r4VoSr5sqYnk2 HTTP/1.1" 200 26
181.32.168.168 - - [14/Jul/2024:13:08:57 -0500] "GET /kwssiamovil/sm/acme/a?s=U2FsdGVkX1/WUlrD/DWmqbZ2KQdIczMbiCHITXRfxlFRb9qCIPy/jifKQzKVVHHlPolWPunbVSGlNNnPeAsvpa2Ym7DsmnK1a4dkA1+cRJb+L7KoVt4PYDqBwo2U7/1zI7OZ0KbjHeJwdFGTEIbxWE6+xLc/UQn/h8WJob63KfY=&u=U2FsdGVkX18LhHxhmFDv99WQ2MgOGCiUMYywBWi+6juHHDXf80t1gPstKHL0JOjn&y=U2FsdGVkX18prpBmnRvbVQb2ZnMlDyU2mtirYPAQ9vLf6sRNPs0r4VoSr5sqYnk2 HTTP/1.1" 200 26
181.32.168.168 - - [14/Jul/2024:13:08:57 -0500] "GET /kwssiamovil/sm/acme/a?s=U2FsdGVkX19zaUTd5jl3HcHOTmBs3Li0xdcMZ35SF7E6RI/ASls/8JlD8l8yzKcSAUtYRnRyOVhxLVANIABUTO1qG6o88ZXTe/Kvrn4X6suyRKAopy33bf+/UBIAPb4VuQHOxlx1sS2BQZmjsNkLnRrQkOK/ROQWOi9HKGcu1ZE=&u=U2FsdGVkX18LhHxhmFDv99WQ2MgOGCiUMYywBWi+6juHHDXf80t1gPstKHL0JOjn&y=U2FsdGVkX18prpBmnRvbVQb2ZnMlDyU2mtirYPAQ9vLf6sRNPs0r4VoSr5sqYnk2 HTTP/1.1" 200 26
181.32.168.168 - - [14/Jul/2024:13:08:57 -0500] "GET /kwssiamovil/sm/acme/a?s=U2FsdGVkX186th0+Rm39iM2h91PPf3zOoMcNA+uZDbJOf04lEG/Kb6iSXhottkOLC6yYmJZoKCzWi1XNAKQB8SB4y8/eB3jd993nfwx1S0nbmOjLPTXTFlnAoXBLDO36VfeUn1z+AHozCESFt9M5vh1Fk61eyd8ZZ3nw3go6QCM9YT0NTzWJLMfnGCNMSQSqo//ifzwhwUOc+jyXRq+uEw==&u=U2FsdGVkX18LhHxhmFDv99WQ2MgOGCiUMYywBWi+6juHHDXf80t1gPstKHL0JOjn&y=U2FsdGVkX18prpBmnRvbVQb2ZnMlDyU2mtirYPAQ9vLf6sRNPs0r4VoSr5sqYnk2 HTTP/1.1" 200 26
201.245.192.253 - - [14/Jul/2024:13:09:04 -0500] "GET /kwsrmcab/Wsrmcab?wsdl HTTP/1.1" 200 6948
47.128.60.252 - - [14/Jul/2024:13:09:06 -0500] "GET /BLA/resoluciones/AUTOS%202021/0245.php?act=f&c=1&f=06443.pdf HTTP/1.1" 200 2740
47.128.125.215 - - [14/Jul/2024:13:09:16 -0500] "GET /BLA/resoluciones/AUTOS%202021/0245.php?act=f&c=1&f=4318.pdf HTTP/1.1" 200 2740
47.128.17.222 - - [14/Jul/2024:13:09:26 -0500] "GET /BLA/resoluciones/AUTOS%202021/0245.php?act=f&c=1&f=02546.pdf HTTP/1.1" 200 2740
47.128.18.158 - - [14/Jul/2024:13:09:36 -0500] "GET /BLA/resoluciones/AUTOS%202021/0245.php?act=f&c=1&f=10347.pdf HTTP/1.1" 200 2740
216.245.221.92 - - [14/Jul/2024:13:09:39 -0500] "HEAD / HTTP/1.1" 200 -
47.128.18.101 - - [14/Jul/2024:13:09:46 -0500] "GET /BLA/resoluciones/AUTOS%202021/0245.php?act=f&c=1&f=05483.pdf HTTP/1.1" 200 2740
47.128.18.148 - - [14/Jul/2024:13:09:56 -0500] "GET /BLA/resoluciones/AUTOS%202021/0245.php?act=f&c=1&f=10340.pdf HTTP/1.1" 200 2741
201.245.192.253 - - [14/Jul/2024:13:10:04 -0500] "GET /kwsrmcab/Wsrmcab?wsdl HTTP/1.1" 200 6948
45.32.118.115 - - [14/Jul/2024:13:10:12 -0500] "GET /robots.txt HTTP/1.1" 404 1018
172.22.2.4 - - [14/Jul/2024:13:08:34 -0500] "HEAD /BLA/boletinlegal/ HTTP/1.1" 200 -
47.128.127.79 - - [14/Jul/2024:13:10:16 -0500] "GET /BLA/resoluciones/AUTOS%202021/0245.php?act=f&c=1&f=01893.pdf HTTP/1.1" 200 2741
47.128.126.211 - - [14/Jul/2024:13:10:26 -0500] "GET /BLA/resoluciones/AUTOS%202021/0245.php?act=f&c=1&f=10354.pdf HTTP/1.1" 200 2740
47.128.30.0 - - [14/Jul/2024:13:10:36 -0500] "GET /robots.txt HTTP/1.1" 404 1018
159.89.203.120 - - [14/Jul/2024:13:10:46 -0500] "GET /robots.txt HTTP/1.1" 404 1018
47.128.120.124 - - [14/Jul/2024:13:10:56 -0500] "GET /BLA/resoluciones/AUTOS%202021/0245.php?act=f&c=1&f=05032.pdf HTTP/1.1" 200 2741
201.245.192.253 - - [14/Jul/2024:13:11:04 -0500] "GET /kwsrmcab/Wsrmcab?wsdl HTTP/1.1" 200 6948
172.22.2.4 - - [14/Jul/2024:13:09:25 -0500] "GET /BLA/boletinlegal/ HTTP/1.1" 200 57889
201.245.192.253 - - [14/Jul/2024:13:11:09 -0500] "POST /kwsrmcab/Wsrmcab  HTTP/1.1" 200 38712
66.249.66.21 - - [14/Jul/2024:13:11:24 -0500] "GET /BLA/resoluciones/AUTOS%202023/0783.pdf HTTP/1.1" 200 406305
66.249.66.20 - - [14/Jul/2024:13:11:25 -0500] "GET /BLA/resoluciones/AUTOS%202008/1319.pdf HTTP/1.1" 200 193948
201.245.192.253 - - [14/Jul/2024:13:12:04 -0500] "GET /kwsrmcab/Wsrmcab?wsdl HTTP/1.1" 200 6948
66.249.66.19 - - [14/Jul/2024:13:12:11 -0500] "GET /BLA/resoluciones/AUTOS%202023/5134.pdf HTTP/1.1" 200 431443
181.53.13.222 - - [14/Jul/2024:13:12:13 -0500] "GET /sipse/faces/faces/autenticacion.xhtml HTTP/1.1" 200 12411
181.53.13.222 - - [14/Jul/2024:13:12:14 -0500] "GET /sipse/js/disable_browser_buttons.js HTTP/1.1" 200 3230
181.53.13.222 - - [14/Jul/2024:13:12:14 -0500] "GET /sipse/js/funciones.js HTTP/1.1" 200 12592
181.53.13.222 - - [14/Jul/2024:13:12:14 -0500] "GET /sipse/css/custom_css_sg.css HTTP/1.1" 200 9694
181.53.13.222 - - [14/Jul/2024:13:12:14 -0500] "GET /sipse/css/custom_css_sg_prime_login.css HTTP/1.1" 200 443
181.53.13.222 - - [14/Jul/2024:13:12:14 -0500] "GET /sipse/faces/javax.faces.resource/layout/layout.css?ln=primefaces&v=4.0 HTTP/1.1" 200 542
181.53.13.222 - - [14/Jul/2024:13:12:14 -0500] "GET /sipse/faces/javax.faces.resource/primefaces.css?ln=primefaces&v=4.0 HTTP/1.1" 200 53295
181.53.13.222 - - [14/Jul/2024:13:12:15 -0500] "GET /sipse/faces/javax.faces.resource/jquery/jquery.js?ln=primefaces&v=4.0 HTTP/1.1" 200 105384
181.53.13.222 - - [14/Jul/2024:13:12:14 -0500] "GET /sipse/faces/javax.faces.resource/theme.css?ln=primefaces-sipse HTTP/1.1" 200 50058
181.53.13.222 - - [14/Jul/2024:13:12:15 -0500] "GET /sipse/faces/javax.faces.resource/layout/layout.js?ln=primefaces&v=4.0 HTTP/1.1" 200 87560
181.53.13.222 - - [14/Jul/2024:13:12:15 -0500] "GET /sipse/faces/javax.faces.resource/jquery/jquery-plugins.js?ln=primefaces&v=4.0 HTTP/1.1" 200 220526
181.53.13.222 - - [14/Jul/2024:13:12:15 -0500] "GET /sipse/faces/javax.faces.resource/primefaces.js?ln=primefaces&v=4.0 HTTP/1.1" 200 276924
181.53.13.222 - - [14/Jul/2024:13:12:15 -0500] "GET /sipse/css/imagen/logoSDG.png HTTP/1.1" 200 53064
181.53.13.222 - - [14/Jul/2024:13:12:15 -0500] "GET /sipse/css/imagen/loginimg.png HTTP/1.1" 200 71635
181.53.13.222 - - [14/Jul/2024:13:12:15 -0500] "GET /sipse/faces/javax.faces.resource/images/ui-icons_898989_256x240.png?ln=primefaces-aristo HTTP/1.1" 200 5355
181.53.13.222 - - [14/Jul/2024:13:12:16 -0500] "GET /sipse/faces/faces/index.xhtml HTTP/1.1" 200 677
181.53.13.222 - - [14/Jul/2024:13:12:16 -0500] "GET /sipse/faces/javax.faces.resource/theme.css?ln=primefaces-sipse HTTP/1.1" 304 -
181.53.13.222 - - [14/Jul/2024:13:12:16 -0500] "GET /sipse/faces/faces/faces/autenticacion.xhtml HTTP/1.1" 200 12411
181.53.13.222 - - [14/Jul/2024:13:12:16 -0500] "GET /favicon.ico HTTP/1.1" 200 7782
181.53.13.222 - - [14/Jul/2024:13:12:16 -0500] "GET /sipse/faces/javax.faces.resource/theme.css?ln=primefaces-sipse HTTP/1.1" 304 -
181.53.13.222 - - [14/Jul/2024:13:12:16 -0500] "GET /sipse/faces/javax.faces.resource/primefaces.css?ln=primefaces&v=4.0 HTTP/1.1" 304 -
181.53.13.222 - - [14/Jul/2024:13:12:16 -0500] "GET /sipse/faces/javax.faces.resource/layout/layout.css?ln=primefaces&v=4.0 HTTP/1.1" 304 -
181.53.13.222 - - [14/Jul/2024:13:12:16 -0500] "GET /sipse/faces/javax.faces.resource/jquery/jquery.js?ln=primefaces&v=4.0 HTTP/1.1" 304 -
181.53.13.222 - - [14/Jul/2024:13:12:16 -0500] "GET /sipse/faces/javax.faces.resource/jquery/jquery-plugins.js?ln=primefaces&v=4.0 HTTP/1.1" 304 -
181.53.13.222 - - [14/Jul/2024:13:12:16 -0500] "GET /sipse/faces/javax.faces.resource/layout/layout.js?ln=primefaces&v=4.0 HTTP/1.1" 304 -
181.53.13.222 - - [14/Jul/2024:13:12:16 -0500] "GET /sipse/faces/javax.faces.resource/primefaces.js?ln=primefaces&v=4.0 HTTP/1.1" 304 -
181.53.13.222 - - [14/Jul/2024:13:12:25 -0500] "GET /sipse/faces/index.xhtml HTTP/1.1" 200 677
181.53.13.222 - - [14/Jul/2024:13:12:26 -0500] "GET /sipse/faces/javax.faces.resource/theme.css?ln=primefaces-sipse HTTP/1.1" 304 -
181.53.13.222 - - [14/Jul/2024:13:12:27 -0500] "GET /sipse/faces/faces/autenticacion.xhtml HTTP/1.1" 200 12411
181.53.13.222 - - [14/Jul/2024:13:12:27 -0500] "GET /sipse/faces/javax.faces.resource/theme.css?ln=primefaces-sipse HTTP/1.1" 304 -
181.53.13.222 - - [14/Jul/2024:13:12:27 -0500] "GET /sipse/faces/javax.faces.resource/primefaces.css?ln=primefaces&v=4.0 HTTP/1.1" 304 -
181.53.13.222 - - [14/Jul/2024:13:12:27 -0500] "GET /sipse/faces/javax.faces.resource/layout/layout.css?ln=primefaces&v=4.0 HTTP/1.1" 304 -
181.53.13.222 - - [14/Jul/2024:13:12:27 -0500] "GET /sipse/faces/javax.faces.resource/jquery/jquery.js?ln=primefaces&v=4.0 HTTP/1.1" 304 -
181.53.13.222 - - [14/Jul/2024:13:12:27 -0500] "GET /sipse/faces/javax.faces.resource/primefaces.js?ln=primefaces&v=4.0 HTTP/1.1" 304 -
181.53.13.222 - - [14/Jul/2024:13:12:27 -0500] "GET /sipse/faces/javax.faces.resource/jquery/jquery-plugins.js?ln=primefaces&v=4.0 HTTP/1.1" 304 -
181.53.13.222 - - [14/Jul/2024:13:12:27 -0500] "GET /sipse/faces/javax.faces.resource/layout/layout.js?ln=primefaces&v=4.0 HTTP/1.1" 304 -
181.53.13.222 - - [14/Jul/2024:13:12:27 -0500] "GET /sipse/faces/javax.faces.resource/images/ui-icons_898989_256x240.png?ln=primefaces-aristo HTTP/1.1" 304 -
201.245.192.253 - - [14/Jul/2024:13:13:04 -0500] "GET /kwsrmcab/Wsrmcab?wsdl HTTP/1.1" 200 6948
201.245.192.253 - - [14/Jul/2024:13:14:04 -0500] "GET /kwsrmcab/Wsrmcab?wsdl HTTP/1.1" 200 6948
216.245.221.92 - - [14/Jul/2024:13:14:39 -0500] "HEAD / HTTP/1.1" 200 -
201.245.192.253 - - [14/Jul/2024:13:15:04 -0500] "GET /kwsrmcab/Wsrmcab?wsdl HTTP/1.1" 200 6948
191.156.228.52 - - [14/Jul/2024:13:15:25 -0500] "GET /sipse/faces/javax.faces.resource/jquery/jquery.js?ln=primefaces&v=4.0 HTTP/1.1" 200 105384
191.156.228.52 - - [14/Jul/2024:13:15:25 -0500] "GET /sipse/faces/javax.faces.resource/primefaces.js?ln=primefaces&v=4.0 HTTP/1.1" 200 276924
191.156.228.52 - - [14/Jul/2024:13:15:25 -0500] "GET /sipse/faces/javax.faces.resource/jquery/jquery-plugins.js?ln=primefaces&v=4.0 HTTP/1.1" 200 220526
191.156.228.52 - - [14/Jul/2024:13:15:26 -0500] "GET /sipse/faces/javax.faces.resource/layout/layout.js?ln=primefaces&v=4.0 HTTP/1.1" 200 87560
191.156.228.52 - - [14/Jul/2024:13:15:28 -0500] "GET /sipse/faces/faces/index.xhtml HTTP/1.1" 200 677
191.156.228.52 - - [14/Jul/2024:13:15:29 -0500] "GET /sipse/faces/javax.faces.resource/theme.css?ln=primefaces-sipse HTTP/1.1" 200 50058
191.156.228.52 - - [14/Jul/2024:13:15:30 -0500] "GET /sipse/faces/faces/faces/autenticacion.xhtml HTTP/1.1" 200 12411
191.156.228.52 - - [14/Jul/2024:13:15:30 -0500] "GET /sipse/faces/javax.faces.resource/layout/layout.css?ln=primefaces&v=4.0 HTTP/1.1" 200 542
191.156.228.52 - - [14/Jul/2024:13:15:30 -0500] "GET /sipse/faces/javax.faces.resource/jquery/jquery.js?ln=primefaces&v=4.0 HTTP/1.1" 304 -
191.156.228.52 - - [14/Jul/2024:13:15:30 -0500] "GET /sipse/faces/javax.faces.resource/theme.css?ln=primefaces-sipse HTTP/1.1" 304 -
191.156.228.52 - - [14/Jul/2024:13:15:30 -0500] "GET /sipse/faces/javax.faces.resource/jquery/jquery-plugins.js?ln=primefaces&v=4.0 HTTP/1.1" 304 -
191.156.228.52 - - [14/Jul/2024:13:15:30 -0500] "GET /sipse/faces/javax.faces.resource/primefaces.js?ln=primefaces&v=4.0 HTTP/1.1" 304 -
191.156.228.52 - - [14/Jul/2024:13:15:30 -0500] "GET /sipse/faces/javax.faces.resource/layout/layout.js?ln=primefaces&v=4.0 HTTP/1.1" 304 -
191.156.228.52 - - [14/Jul/2024:13:15:30 -0500] "GET /sipse/faces/javax.faces.resource/primefaces.css?ln=primefaces&v=4.0 HTTP/1.1" 200 53295
201.245.192.253 - - [14/Jul/2024:13:16:04 -0500] "GET /kwsrmcab/Wsrmcab?wsdl HTTP/1.1" 200 6948
172.22.2.4 - - [14/Jul/2024:13:14:24 -0500] "HEAD /BLA/boletinlegal/ HTTP/1.1" 200 -
201.245.192.253 - - [14/Jul/2024:13:16:07 -0500] "POST /kwsrmcab/Wsrmcab  HTTP/1.1" 200 38712
172.22.2.4 - - [14/Jul/2024:13:15:15 -0500] "GET /BLA/boletinlegal/ HTTP/1.1" 200 52783
201.245.192.253 - - [14/Jul/2024:13:17:04 -0500] "GET /kwsrmcab/Wsrmcab?wsdl HTTP/1.1" 200 6948
201.245.192.253 - - [14/Jul/2024:13:18:04 -0500] "GET /kwsrmcab/Wsrmcab?wsdl HTTP/1.1" 200 6948
66.249.66.20 - - [14/Jul/2024:13:18:26 -0500] "GET /BLA/resoluciones/RESOLUCIONES%202023/02840.pdf HTTP/1.1" 200 9491886
201.245.192.253 - - [14/Jul/2024:13:19:04 -0500] "GET /kwsrmcab/Wsrmcab?wsdl HTTP/1.1" 200 6948
66.249.66.19 - - [14/Jul/2024:13:19:12 -0500] "GET /BLA/resoluciones/AUTOS%202008/3122.pdf HTTP/1.1" 200 54331
66.249.66.23 - - [14/Jul/2024:13:19:29 -0500] "GET /BLA/resoluciones/AUTOS%202023/5067.pdf HTTP/1.1" 200 404174
66.249.66.1 - - [14/Jul/2024:13:19:30 -0500] "GET /BLA/resoluciones/AUTOS%202023/2875.pdf HTTP/1.1" 200 398170
216.245.221.92 - - [14/Jul/2024:13:19:39 -0500] "HEAD / HTTP/1.1" 200 -
201.245.192.253 - - [14/Jul/2024:13:20:04 -0500] "GET /kwsrmcab/Wsrmcab?wsdl HTTP/1.1" 200 6948
201.245.192.253 - - [14/Jul/2024:13:20:15 -0500] "POST /kwsrmcab/Wsrmcab HTTP/1.1" 200 29382
201.245.192.253 - - [14/Jul/2024:13:20:08 -0500] "POST /kwsrmcab/Wsrmcab HTTP/1.1" 200 31324
201.245.192.253 - - [14/Jul/2024:13:20:18 -0500] "POST /kwsrmcab/Wsrmcab HTTP/1.1" 200 29217
66.249.66.19 - - [14/Jul/2024:13:20:31 -0500] "GET /BLA/resoluciones/AUTOS%202023/1156.pdf HTTP/1.1" 200 2178403
201.245.192.253 - - [14/Jul/2024:13:21:04 -0500] "GET /kwsrmcab/Wsrmcab?wsdl HTTP/1.1" 200 6948
201.245.192.253 - - [14/Jul/2024:13:21:05 -0500] "POST /kwsrmcab/Wsrmcab  HTTP/1.1" 200 38712
47.128.61.74 - - [14/Jul/2024:13:21:48 -0500] "GET /BLA/resoluciones/AUTOS%202021/0245.php?act=f&c=1&f=08025.pdf HTTP/1.1" 200 2741
172.22.2.4 - - [14/Jul/2024:13:20:14 -0500] "HEAD /BLA/boletinlegal/ HTTP/1.1" 200 -
47.128.61.98 - - [14/Jul/2024:13:21:58 -0500] "GET /BLA/resoluciones/AUTOS%202021/0245.php?act=f&c=1&f=06743.pdf HTTP/1.1" 200 2740
201.245.192.253 - - [14/Jul/2024:13:22:04 -0500] "GET /kwsrmcab/Wsrmcab?wsdl HTTP/1.1" 200 6948
47.128.20.225 - - [14/Jul/2024:13:22:08 -0500] "GET /BLA/resoluciones/AUTOS%202021/0245.php?act=f&c=1&f=10289.pdf HTTP/1.1" 200 2740
47.128.20.189 - - [14/Jul/2024:13:22:18 -0500] "GET /BLA/resoluciones/AUTOS%202021/0245.php?act=f&c=1&f=08931.pdf HTTP/1.1" 200 2741
47.128.99.222 - - [14/Jul/2024:13:22:28 -0500] "GET /BLA/resoluciones/AUTOS%202021/0245.php?act=f&c=1&f=05827.pdf HTTP/1.1" 200 2741
47.128.47.175 - - [14/Jul/2024:13:22:38 -0500] "GET /BLA/resoluciones/AUTOS%202021/0245.php?act=f&c=1&f=05853.pdf HTTP/1.1" 200 2741
172.22.2.4 - - [14/Jul/2024:13:21:05 -0500] "GET /BLA/boletinlegal/ HTTP/1.1" 200 57889
47.128.23.86 - - [14/Jul/2024:13:22:48 -0500] "GET /BLA/resoluciones/AUTOS%202021/0245.php?act=f&c=1&f=7732.pdf HTTP/1.1" 200 2740
47.128.23.69 - - [14/Jul/2024:13:22:59 -0500] "GET /BLA/resoluciones/AUTOS%202021/0245.php?act=f&c=1&f=06522.pdf HTTP/1.1" 200 2740
201.245.192.253 - - [14/Jul/2024:13:23:04 -0500] "GET /kwsrmcab/Wsrmcab?wsdl HTTP/1.1" 200 6948
47.128.23.87 - - [14/Jul/2024:13:23:08 -0500] "GET /BLA/resoluciones/AUTOS%202021/0245.php?act=f&c=1&f=02677.pdf HTTP/1.1" 200 2741
201.245.192.253 - - [14/Jul/2024:13:21:50 -0500] "POST /kwsrmcab/Wsrmcab HTTP/1.1" 200 24576
47.128.44.123 - - [14/Jul/2024:13:23:18 -0500] "GET /BLA/resoluciones/AUTOS%202021/0245.php?act=f&c=1&f=09733.pdf HTTP/1.1" 200 2741
201.245.192.253 - - [14/Jul/2024:13:24:04 -0500] "GET /kwsrmcab/Wsrmcab?wsdl HTTP/1.1" 200 6948
216.245.221.92 - - [14/Jul/2024:13:24:39 -0500] "HEAD / HTTP/1.1" 200 -
201.245.192.253 - - [14/Jul/2024:13:25:04 -0500] "GET /kwsrmcab/Wsrmcab?wsdl HTTP/1.1" 200 6948
201.245.192.253 - - [14/Jul/2024:13:26:04 -0500] "GET /kwsrmcab/Wsrmcab?wsdl HTTP/1.1" 200 6948
201.245.192.253 - - [14/Jul/2024:13:26:03 -0500] "POST /kwsrmcab/Wsrmcab  HTTP/1.1" 200 38712
66.249.66.19 - - [14/Jul/2024:13:26:20 -0500] "GET /BLA/resoluciones/AUTOS%202020/3718.pdf HTTP/1.1" 200 390945
66.249.66.20 - - [14/Jul/2024:13:26:21 -0500] "GET /BLA/resoluciones/AUTOS%202020/4473.pdf HTTP/1.1" 200 477533
66.249.66.19 - - [14/Jul/2024:13:27:03 -0500] "GET /BLA/resoluciones/RESOLUCIONES%202016/2380.pdf HTTP/1.1" 200 525606
201.245.192.253 - - [14/Jul/2024:13:27:04 -0500] "GET /kwsrmcab/Wsrmcab?wsdl HTTP/1.1" 200 6948
172.22.2.4 - - [14/Jul/2024:13:26:04 -0500] "HEAD /BLA/boletinlegal/ HTTP/1.1" 200 -
201.245.192.253 - - [14/Jul/2024:13:28:04 -0500] "GET /kwsrmcab/Wsrmcab?wsdl HTTP/1.1" 200 6948
172.22.2.4 - - [14/Jul/2024:13:26:55 -0500] "GET /BLA/boletinlegal/ HTTP/1.1" 200 57889
201.245.192.253 - - [14/Jul/2024:13:29:04 -0500] "GET /kwsrmcab/Wsrmcab?wsdl HTTP/1.1" 200 6948
216.245.221.92 - - [14/Jul/2024:13:29:39 -0500] "HEAD / HTTP/1.1" 200 -
201.245.192.253 - - [14/Jul/2024:13:30:04 -0500] "GET /kwsrmcab/Wsrmcab?wsdl HTTP/1.1" 200 6948
201.245.192.253 - - [14/Jul/2024:13:30:15 -0500] "POST /kwsrmcab/Wsrmcab HTTP/1.1" 200 29382
201.245.192.253 - - [14/Jul/2024:13:30:08 -0500] "POST /kwsrmcab/Wsrmcab HTTP/1.1" 200 31324
201.245.192.253 - - [14/Jul/2024:13:30:15 -0500] "POST /kwsrmcab/Wsrmcab HTTP/1.1" 200 29217
201.245.192.253 - - [14/Jul/2024:13:31:04 -0500] "GET /kwsrmcab/Wsrmcab?wsdl HTTP/1.1" 200 6948
201.245.192.253 - - [14/Jul/2024:13:31:02 -0500] "POST /kwsrmcab/Wsrmcab  HTTP/1.1" 200 38712
216.244.66.195 - - [14/Jul/2024:13:31:40 -0500] "GET /robots.txt HTTP/1.1" 404 1018
201.245.192.253 - - [14/Jul/2024:13:32:04 -0500] "GET /kwsrmcab/Wsrmcab?wsdl HTTP/1.1" 200 6948
201.245.192.253 - - [14/Jul/2024:13:33:04 -0500] "GET /kwsrmcab/Wsrmcab?wsdl HTTP/1.1" 200 6948
201.245.192.253 - - [14/Jul/2024:13:31:46 -0500] "POST /kwsrmcab/Wsrmcab HTTP/1.1" 200 29217
172.22.2.4 - - [14/Jul/2024:13:31:54 -0500] "HEAD /BLA/boletinlegal/ HTTP/1.1" 200 -
201.245.192.253 - - [14/Jul/2024:13:34:04 -0500] "GET /kwsrmcab/Wsrmcab?wsdl HTTP/1.1" 200 6948
172.22.2.4 - - [14/Jul/2024:13:32:45 -0500] "GET /BLA/boletinlegal/ HTTP/1.1" 200 58273
216.245.221.92 - - [14/Jul/2024:13:34:39 -0500] "HEAD / HTTP/1.1" 200 -
47.128.116.23 - - [14/Jul/2024:13:34:41 -0500] "GET /BLA/resoluciones/AUTOS%202021/0245.php?act=f&c=1&f=09576.pdf HTTP/1.1" 200 2740
47.128.52.146 - - [14/Jul/2024:13:34:51 -0500] "GET /BLA/resoluciones/AUTOS%202021/0245.php?act=f&c=1&f=7647.pdf HTTP/1.1" 200 2740
47.128.62.102 - - [14/Jul/2024:13:35:01 -0500] "GET /BLA/resoluciones/AUTOS%202021/0245.php?act=f&c=1&f=05744.pdf HTTP/1.1" 200 2740
201.245.192.253 - - [14/Jul/2024:13:35:04 -0500] "GET /kwsrmcab/Wsrmcab?wsdl HTTP/1.1" 200 6948
47.128.110.33 - - [14/Jul/2024:13:35:11 -0500] "GET /BLA/resoluciones/AUTOS%202021/0245.php?act=f&c=1&f=05525.pdf HTTP/1.1" 200 2740
47.128.59.223 - - [14/Jul/2024:13:35:21 -0500] "GET /BLA/resoluciones/AUTOS%202021/0245.php?act=f&c=1&f=03317.pdf HTTP/1.1" 200 2741
66.249.66.21 - - [14/Jul/2024:13:35:21 -0500] "GET /BLA/resoluciones/AUTOS%202008/0246.pdf HTTP/1.1" 200 265331
47.128.23.34 - - [14/Jul/2024:13:35:31 -0500] "GET /BLA/resoluciones/AUTOS%202021/0245.php?act=f&c=1&f=RESOLUCION+4707+DE+2010.PDF HTTP/1.1" 200 2766
47.128.97.87 - - [14/Jul/2024:13:35:41 -0500] "GET /BLA/resoluciones/AUTOS%202021/0245.php?act=f&c=1&f=00810.pdf HTTP/1.1" 200 2740
47.128.109.53 - - [14/Jul/2024:13:35:51 -0500] "GET /BLA/resoluciones/AUTOS%202021/0245.php?act=f&c=1&f=7489.pdf HTTP/1.1" 200 2740
47.128.47.86 - - [14/Jul/2024:13:36:02 -0500] "GET /BLA/resoluciones/AUTOS%202021/0245.php?act=f&c=1&f=05616.pdf HTTP/1.1" 200 2740
201.245.192.253 - - [14/Jul/2024:13:36:04 -0500] "GET /kwsrmcab/Wsrmcab?wsdl HTTP/1.1" 200 6948
201.245.192.253 - - [14/Jul/2024:13:36:00 -0500] "POST /kwsrmcab/Wsrmcab  HTTP/1.1" 200 38712
47.128.30.27 - - [14/Jul/2024:13:36:11 -0500] "GET /BLA/resoluciones/AUTOS%202021/0245.php?act=f&c=1&f=6154.pdf HTTP/1.1" 200 2739
47.128.118.44 - - [14/Jul/2024:13:36:21 -0500] "GET /BLA/resoluciones/AUTOS%202021/0245.php?act=f&c=1&f=02726.pdf HTTP/1.1" 200 2740
47.128.42.197 - - [14/Jul/2024:13:36:31 -0500] "GET /BLA/resoluciones/AUTOS%202021/0245.php?act=f&c=1&f=09572.pdf HTTP/1.1" 200 2740
47.128.55.140 - - [14/Jul/2024:13:36:41 -0500] "GET /BLA/resoluciones/AUTOS%202021/0245.php?act=f&c=1&f=10310.pdf HTTP/1.1" 200 2741
47.128.42.137 - - [14/Jul/2024:13:36:51 -0500] "GET /BLA/resoluciones/AUTOS%202021/0245.php?act=f&c=1&f=02540.pdf HTTP/1.1" 200 2741
47.128.115.21 - - [14/Jul/2024:13:37:01 -0500] "GET /BLA/resoluciones/AUTOS%202021/0245.php?act=f&c=1&f=07364.pdf HTTP/1.1" 200 2740
201.245.192.253 - - [14/Jul/2024:13:37:04 -0500] "GET /kwsrmcab/Wsrmcab?wsdl HTTP/1.1" 200 6948
47.128.122.208 - - [14/Jul/2024:13:37:11 -0500] "GET /BLA/resoluciones/AUTOS%202021/0245.php?act=f&c=1&f=04210.pdf HTTP/1.1" 200 2741
47.128.41.203 - - [14/Jul/2024:13:37:21 -0500] "GET /BLA/resoluciones/AUTOS%202021/0245.php?act=f&c=1&f=fzs-2024-07-09.log HTTP/1.1" 200 2748
52.167.144.208 - - [14/Jul/2024:13:37:23 -0500] "GET /images/tigrillo.jpeg HTTP/1.1" 200 64088
47.128.122.179 - - [14/Jul/2024:13:37:31 -0500] "GET /BLA/resoluciones/AUTOS%202021/0245.php?act=f&c=1&f=05484.pdf HTTP/1.1" 200 2740
47.128.28.70 - - [14/Jul/2024:13:37:41 -0500] "GET /BLA/resoluciones/AUTOS%202021/0245.php?act=f&c=1&f=10338.pdf HTTP/1.1" 200 2741
47.128.61.214 - - [14/Jul/2024:13:37:51 -0500] "GET /BLA/resoluciones/AUTOS%202021/0245.php?act=f&c=1&f=7825.pdf HTTP/1.1" 200 2740
47.128.114.135 - - [14/Jul/2024:13:38:01 -0500] "GET /BLA/resoluciones/AUTOS%202021/0245.php?act=f&c=1&f=06747.pdf HTTP/1.1" 200 2740
201.245.192.253 - - [14/Jul/2024:13:38:04 -0500] "GET /kwsrmcab/Wsrmcab?wsdl HTTP/1.1" 200 6948
47.128.27.172 - - [14/Jul/2024:13:38:11 -0500] "GET /BLA/resoluciones/AUTOS%202021/0245.php?act=f&c=1&f=10331.pdf HTTP/1.1" 200 2740
47.128.40.250 - - [14/Jul/2024:13:38:21 -0500] "GET /BLA/resoluciones/AUTOS%202021/0245.php?act=f&c=1&f=11297.pdf HTTP/1.1" 200 2740
66.249.66.19 - - [14/Jul/2024:13:38:22 -0500] "GET /BLA/resoluciones/AUTOS%202008/1883.pdf HTTP/1.1" 200 78904
47.128.121.152 - - [14/Jul/2024:13:38:31 -0500] "GET /BLA/resoluciones/AUTOS%202021/0245.php?act=f&c=1&f=8656.pdf HTTP/1.1" 200 2740
201.245.192.253 - - [14/Jul/2024:13:39:04 -0500] "GET /kwsrmcab/Wsrmcab?wsdl HTTP/1.1" 200 6948
66.249.66.20 - - [14/Jul/2024:13:39:22 -0500] "GET /BLA/resoluciones/AUTOS%202008/0705.pdf HTTP/1.1" 200 83274
172.22.2.4 - - [14/Jul/2024:13:37:44 -0500] "HEAD /BLA/boletinlegal/ HTTP/1.1" 200 -
216.245.221.92 - - [14/Jul/2024:13:39:39 -0500] "HEAD / HTTP/1.1" 200 -
66.249.66.20 - - [14/Jul/2024:13:39:54 -0500] "GET /Publicaciones/2024EE97432.pdf HTTP/1.1" 404 227
201.245.192.253 - - [14/Jul/2024:13:40:04 -0500] "GET /kwsrmcab/Wsrmcab?wsdl HTTP/1.1" 200 6948
172.22.2.4 - - [14/Jul/2024:13:38:35 -0500] "GET /BLA/boletinlegal/ HTTP/1.1" 200 57889
201.245.192.253 - - [14/Jul/2024:13:40:08 -0500] "POST /kwsrmcab/Wsrmcab HTTP/1.1" 200 31324
201.245.192.253 - - [14/Jul/2024:13:40:14 -0500] "POST /kwsrmcab/Wsrmcab HTTP/1.1" 200 29382
201.245.192.253 - - [14/Jul/2024:13:40:16 -0500] "POST /kwsrmcab/Wsrmcab HTTP/1.1" 200 29217
201.245.192.253 - - [14/Jul/2024:13:41:04 -0500] "GET /kwsrmcab/Wsrmcab?wsdl HTTP/1.1" 200 6948
201.245.192.253 - - [14/Jul/2024:13:40:59 -0500] "POST /kwsrmcab/Wsrmcab  HTTP/1.1" 200 38712
47.128.96.48 - - [14/Jul/2024:13:41:10 -0500] "GET /BLA/resoluciones/AUTOS%202021/0245.php?act=f&c=1&f=09581.pdf HTTP/1.1" 200 2740
47.128.54.88 - - [14/Jul/2024:13:41:20 -0500] "GET /BLA/resoluciones/AUTOS%202021/0245.php?act=f&c=1&f=09158.pdf HTTP/1.1" 200 2740
47.128.28.183 - - [14/Jul/2024:13:41:30 -0500] "GET /BLA/resoluciones/AUTOS%202021/0245.php?act=f&c=1&f=5827.pdf HTTP/1.1" 200 2740
47.128.38.212 - - [14/Jul/2024:13:41:40 -0500] "GET /BLA/resoluciones/AUTOS%202021/0245.php?act=f&c=1&f=03316.pdf HTTP/1.1" 200 2741
47.128.20.116 - - [14/Jul/2024:13:41:50 -0500] "GET /BLA/resoluciones/AUTOS%202021/0245.php?act=f&c=1&f=RESOLUCION+6710+DE+2010.PDF HTTP/1.1" 200 2766
