181.32.173.18 - - [14/Jul/2024:20:06:34 -0500] "GET /sipse/faces/javax.faces.resource/jquery/jquery-plugins.js?ln=primefaces&v=4.0 HTTP/1.1" 304 -
181.32.173.18 - - [14/Jul/2024:20:06:34 -0500] "GET /sipse/faces/javax.faces.resource/primefaces.js?ln=primefaces&v=4.0 HTTP/1.1" 304 -
181.32.173.18 - - [14/Jul/2024:20:06:34 -0500] "GET /sipse/faces/javax.faces.resource/layout/layout.js?ln=primefaces&v=4.0 HTTP/1.1" 304 -
181.32.173.18 - - [14/Jul/2024:20:06:34 -0500] "GET /sipse/faces/javax.faces.resource/messages/messages.png?ln=primefaces&v=4.0 HTTP/1.1" 304 -
181.32.173.18 - - [14/Jul/2024:20:06:34 -0500] "POST /sipse/faces/presentacion/financiero/solicitudProceso/listarSolicitudProceso.xhtml HTTP/1.1" 200 1404
181.32.173.18 - - [14/Jul/2024:20:06:38 -0500] "POST /sipse/faces/presentacion/financiero/solicitudProceso/listarSolicitudProceso.xhtml HTTP/1.1" 200 132533
181.32.173.18 - - [14/Jul/2024:20:06:39 -0500] "GET /sipse/faces/javax.faces.resource/theme.css?ln=primefaces-sipse HTTP/1.1" 304 -
181.32.173.18 - - [14/Jul/2024:20:06:39 -0500] "GET /sipse/faces/javax.faces.resource/primefaces.css?ln=primefaces&v=4.0 HTTP/1.1" 304 -
181.32.173.18 - - [14/Jul/2024:20:06:39 -0500] "GET /sipse/faces/javax.faces.resource/layout/layout.css?ln=primefaces&v=4.0 HTTP/1.1" 304 -
181.32.173.18 - - [14/Jul/2024:20:06:39 -0500] "GET /sipse/faces/javax.faces.resource/jquery/jquery.js?ln=primefaces&v=4.0 HTTP/1.1" 304 -
181.32.173.18 - - [14/Jul/2024:20:06:39 -0500] "GET /sipse/faces/javax.faces.resource/jquery/jquery-plugins.js?ln=primefaces&v=4.0 HTTP/1.1" 304 -
181.32.173.18 - - [14/Jul/2024:20:06:39 -0500] "GET /sipse/faces/javax.faces.resource/primefaces.js?ln=primefaces&v=4.0 HTTP/1.1" 304 -
181.32.173.18 - - [14/Jul/2024:20:06:39 -0500] "GET /sipse/faces/javax.faces.resource/layout/layout.js?ln=primefaces&v=4.0 HTTP/1.1" 304 -
47.128.116.75 - - [14/Jul/2024:20:06:53 -0500] "GET /BLA/resoluciones/AUTOS%202021/0245.php?act=f&c=1&f=11276.pdf HTTP/1.1" 200 2740
172.22.2.4 - - [14/Jul/2024:20:05:16 -0500] "GET /BLA/boletinlegal/ HTTP/1.1" 200 57889
201.245.192.253 - - [14/Jul/2024:20:07:03 -0500] "GET /kwsrmcab/Wsrmcab?wsdl HTTP/1.1" 200 6948
216.244.66.195 - - [14/Jul/2024:20:07:09 -0500] "GET /BLA/resoluciones/RESOLUCIONES%202020/2729.pdf HTTP/1.1" 200 1083263
66.249.66.21 - - [14/Jul/2024:20:07:15 -0500] "GET /BLA/resoluciones/AUTOS%202020/4582.pdf HTTP/1.1" 200 389586
216.245.221.92 - - [14/Jul/2024:20:07:56 -0500] "HEAD / HTTP/1.1" 200 -
216.244.66.195 - - [14/Jul/2024:20:07:59 -0500] "GET /BLA/resoluciones/RESOLUCIONES%202022/0009.pdf HTTP/1.1" 200 885676
201.245.192.253 - - [14/Jul/2024:20:08:03 -0500] "GET /kwsrmcab/Wsrmcab?wsdl HTTP/1.1" 200 6948
216.244.66.195 - - [14/Jul/2024:20:08:49 -0500] "GET /BLA/resoluciones/RESOLUCIONES%202022/0185.pdf HTTP/1.1" 200 451553
201.245.192.253 - - [14/Jul/2024:20:09:03 -0500] "GET /kwsrmcab/Wsrmcab?wsdl HTTP/1.1" 200 6948
201.245.192.253 - - [14/Jul/2024:20:09:06 -0500] "POST /kwsrmcab/Wsrmcab  HTTP/1.1" 200 38712
216.244.66.195 - - [14/Jul/2024:20:09:35 -0500] "GET /BLA/resoluciones/RESOLUCIONES%202022/0314.pdf HTTP/1.1" 200 478644
201.245.192.253 - - [14/Jul/2024:20:10:03 -0500] "GET /kwsrmcab/Wsrmcab?wsdl HTTP/1.1" 200 6948
181.32.173.18 - - [14/Jul/2024:20:10:16 -0500] "POST /sipse/faces/presentacion/financiero/solicitudProceso/consultarSolicitudProceso.xhtml HTTP/1.1" 200 6844
216.244.66.195 - - [14/Jul/2024:20:10:17 -0500] "GET /BLA/resoluciones/RESOLUCIONES%202022/0410.pdf HTTP/1.1" 200 378110
181.32.173.18 - - [14/Jul/2024:20:10:18 -0500] "POST /sipse/faces/presentacion/financiero/solicitudProceso/consultarSolicitudProceso.xhtml HTTP/1.1" 200 38605
181.32.173.18 - - [14/Jul/2024:20:10:21 -0500] "GET /sipse/faces/javax.faces.resource/theme.css?ln=primefaces-sipse HTTP/1.1" 304 -
181.32.173.18 - - [14/Jul/2024:20:10:21 -0500] "GET /sipse/faces/javax.faces.resource/primefaces.css?ln=primefaces&v=4.0 HTTP/1.1" 304 -
181.32.173.18 - - [14/Jul/2024:20:10:21 -0500] "GET /sipse/faces/javax.faces.resource/layout/layout.css?ln=primefaces&v=4.0 HTTP/1.1" 304 -
181.32.173.18 - - [14/Jul/2024:20:10:21 -0500] "GET /sipse/faces/javax.faces.resource/jquery/jquery.js?ln=primefaces&v=4.0 HTTP/1.1" 304 -
181.32.173.18 - - [14/Jul/2024:20:10:21 -0500] "GET /sipse/faces/javax.faces.resource/jquery/jquery-plugins.js?ln=primefaces&v=4.0 HTTP/1.1" 304 -
181.32.173.18 - - [14/Jul/2024:20:10:22 -0500] "GET /sipse/faces/javax.faces.resource/primefaces.js?ln=primefaces&v=4.0 HTTP/1.1" 304 -
181.32.173.18 - - [14/Jul/2024:20:10:22 -0500] "GET /sipse/faces/javax.faces.resource/layout/layout.js?ln=primefaces&v=4.0 HTTP/1.1" 304 -
181.32.173.18 - - [14/Jul/2024:20:10:22 -0500] "POST /sipse/faces/presentacion/financiero/solicitudProceso/listarSolicitudProceso.xhtml HTTP/1.1" 200 1404
181.32.173.18 - - [14/Jul/2024:20:10:26 -0500] "POST /sipse/faces/presentacion/financiero/solicitudProceso/listarSolicitudProceso.xhtml HTTP/1.1" 200 124861
181.32.173.18 - - [14/Jul/2024:20:10:26 -0500] "GET /sipse/faces/javax.faces.resource/theme.css?ln=primefaces-sipse HTTP/1.1" 304 -
181.32.173.18 - - [14/Jul/2024:20:10:26 -0500] "GET /sipse/faces/javax.faces.resource/layout/layout.css?ln=primefaces&v=4.0 HTTP/1.1" 304 -
181.32.173.18 - - [14/Jul/2024:20:10:26 -0500] "GET /sipse/faces/javax.faces.resource/primefaces.css?ln=primefaces&v=4.0 HTTP/1.1" 304 -
181.32.173.18 - - [14/Jul/2024:20:10:26 -0500] "GET /sipse/faces/javax.faces.resource/jquery/jquery.js?ln=primefaces&v=4.0 HTTP/1.1" 304 -
181.32.173.18 - - [14/Jul/2024:20:10:26 -0500] "GET /sipse/faces/javax.faces.resource/jquery/jquery-plugins.js?ln=primefaces&v=4.0 HTTP/1.1" 304 -
181.32.173.18 - - [14/Jul/2024:20:10:26 -0500] "GET /sipse/faces/javax.faces.resource/primefaces.js?ln=primefaces&v=4.0 HTTP/1.1" 304 -
181.32.173.18 - - [14/Jul/2024:20:10:26 -0500] "GET /sipse/faces/javax.faces.resource/layout/layout.js?ln=primefaces&v=4.0 HTTP/1.1" 304 -
216.244.66.195 - - [14/Jul/2024:20:10:58 -0500] "GET /BLA/resoluciones/RESOLUCIONES%202022/1292.pdf HTTP/1.1" 200 341099
66.249.66.35 - - [14/Jul/2024:20:10:58 -0500] "GET /secretaria-de-ambiente-y-universidad-de-la-salle-firman-acuerdo-de-conservacion-en-17-hectareas.html HTTP/1.1" 200 990
201.245.192.253 - - [14/Jul/2024:20:11:03 -0500] "GET /kwsrmcab/Wsrmcab?wsdl HTTP/1.1" 200 6948
114.119.135.172 - - [14/Jul/2024:20:11:12 -0500] "GET /BLA/resoluciones/index.php?dir=Notificaciones/AUTOS%2B2018/&sort=name&order=asc HTTP/1.1" 200 14353
216.244.66.195 - - [14/Jul/2024:20:11:39 -0500] "GET /BLA/resoluciones/RESOLUCIONES%202022/1380.pdf HTTP/1.1" 200 431918
172.22.2.4 - - [14/Jul/2024:20:10:15 -0500] "HEAD /BLA/boletinlegal/ HTTP/1.1" 200 -
201.245.192.253 - - [14/Jul/2024:20:12:03 -0500] "GET /kwsrmcab/Wsrmcab?wsdl HTTP/1.1" 200 6948
216.244.66.195 - - [14/Jul/2024:20:12:18 -0500] "GET /BLA/resoluciones/RESOLUCIONES%202022/1406.pdf HTTP/1.1" 200 1443167
181.32.173.18 - - [14/Jul/2024:20:12:19 -0500] "POST /sipse/faces/presentacion/financiero/solicitudProceso/consultarSolicitudProceso.xhtml HTTP/1.1" 200 114783
172.22.2.4 - - [14/Jul/2024:20:11:06 -0500] "GET /BLA/boletinlegal/ HTTP/1.1" 200 52358
216.245.221.92 - - [14/Jul/2024:20:12:55 -0500] "HEAD / HTTP/1.1" 200 -
201.245.192.253 - - [14/Jul/2024:20:13:03 -0500] "GET /kwsrmcab/Wsrmcab?wsdl HTTP/1.1" 200 6948
216.244.66.195 - - [14/Jul/2024:20:13:11 -0500] "GET /BLA/resoluciones/RESOLUCIONES%202022/2251.pdf HTTP/1.1" 200 340800
47.128.97.89 - - [14/Jul/2024:20:13:19 -0500] "GET /BLA/resoluciones/AUTOS%202021/0245.php?act=f&c=1&f=6906.pdf HTTP/1.1" 200 2740
216.244.66.195 - - [14/Jul/2024:20:13:51 -0500] "GET /BLA/resoluciones/RESOLUCIONES%202022/3235.pdf HTTP/1.1" 200 429042
47.128.119.234 - - [14/Jul/2024:20:13:54 -0500] "GET /BLA/resoluciones/AUTOS%202021/0245.php?act=f&c=1&f=10094.pdf HTTP/1.1" 200 2739
201.245.192.253 - - [14/Jul/2024:20:14:03 -0500] "GET /kwsrmcab/Wsrmcab?wsdl HTTP/1.1" 200 6948
201.245.192.253 - - [14/Jul/2024:20:14:05 -0500] "POST /kwsrmcab/Wsrmcab  HTTP/1.1" 200 38712
181.32.173.18 - - [14/Jul/2024:20:14:08 -0500] "POST /sipse/faces/presentacion/financiero/solicitudProceso/consultarSolicitudProceso.xhtml HTTP/1.1" 200 38104
181.32.173.18 - - [14/Jul/2024:20:14:08 -0500] "GET /sipse/faces/javax.faces.resource/theme.css?ln=primefaces-sipse HTTP/1.1" 304 -
181.32.173.18 - - [14/Jul/2024:20:14:08 -0500] "GET /sipse/faces/javax.faces.resource/layout/layout.css?ln=primefaces&v=4.0 HTTP/1.1" 304 -
181.32.173.18 - - [14/Jul/2024:20:14:08 -0500] "GET /sipse/faces/javax.faces.resource/primefaces.css?ln=primefaces&v=4.0 HTTP/1.1" 304 -
181.32.173.18 - - [14/Jul/2024:20:14:08 -0500] "GET /sipse/faces/javax.faces.resource/jquery/jquery.js?ln=primefaces&v=4.0 HTTP/1.1" 304 -
181.32.173.18 - - [14/Jul/2024:20:14:08 -0500] "GET /sipse/faces/javax.faces.resource/jquery/jquery-plugins.js?ln=primefaces&v=4.0 HTTP/1.1" 304 -
181.32.173.18 - - [14/Jul/2024:20:14:08 -0500] "GET /sipse/faces/javax.faces.resource/primefaces.js?ln=primefaces&v=4.0 HTTP/1.1" 304 -
181.32.173.18 - - [14/Jul/2024:20:14:08 -0500] "GET /sipse/faces/javax.faces.resource/layout/layout.js?ln=primefaces&v=4.0 HTTP/1.1" 304 -
181.32.173.18 - - [14/Jul/2024:20:14:09 -0500] "POST /sipse/faces/presentacion/financiero/solicitudProceso/listarSolicitudProceso.xhtml HTTP/1.1" 200 31477
181.32.173.18 - - [14/Jul/2024:20:14:09 -0500] "POST /sipse/faces/presentacion/financiero/solicitudProceso/listarSolicitudProceso.xhtml HTTP/1.1" 200 31477
181.32.173.18 - - [14/Jul/2024:20:14:10 -0500] "POST /sipse/faces/presentacion/financiero/solicitudProceso/listarSolicitudProceso.xhtml HTTP/1.1" 200 31477
181.32.173.18 - - [14/Jul/2024:20:14:11 -0500] "POST /sipse/faces/presentacion/financiero/solicitudProceso/listarSolicitudProceso.xhtml HTTP/1.1" 200 31477
181.32.173.18 - - [14/Jul/2024:20:14:12 -0500] "POST /sipse/faces/presentacion/financiero/solicitudProceso/listarSolicitudProceso.xhtml HTTP/1.1" 200 1404
181.32.173.18 - - [14/Jul/2024:20:14:12 -0500] "POST /sipse/faces/presentacion/financiero/solicitudProceso/listarSolicitudProceso.xhtml HTTP/1.1" 200 1400
181.32.173.18 - - [14/Jul/2024:20:14:13 -0500] "POST /sipse/faces/presentacion/financiero/solicitudProceso/listarSolicitudProceso.xhtml HTTP/1.1" 200 1400
181.32.173.18 - - [14/Jul/2024:20:14:14 -0500] "POST /sipse/faces/presentacion/financiero/solicitudProceso/listarSolicitudProceso.xhtml HTTP/1.1" 200 1396
181.32.173.18 - - [14/Jul/2024:20:14:14 -0500] "POST /sipse/faces/presentacion/financiero/solicitudProceso/listarSolicitudProceso.xhtml HTTP/1.1" 200 1396
47.128.56.55 - - [14/Jul/2024:20:14:29 -0500] "GET /BLA/resoluciones/AUTOS%202021/0245.php?act=f&c=1&f=08802.pdf HTTP/1.1" 200 2741
216.244.66.195 - - [14/Jul/2024:20:14:33 -0500] "GET /BLA/resoluciones/RESOLUCIONES%202022/4432.pdf HTTP/1.1" 200 481158
47.128.21.131 - - [14/Jul/2024:20:15:03 -0500] "GET /BLA/resoluciones/AUTOS%202021/0245.php?act=f&c=1&f=06444.pdf HTTP/1.1" 200 2740
201.245.192.253 - - [14/Jul/2024:20:15:03 -0500] "GET /kwsrmcab/Wsrmcab?wsdl HTTP/1.1" 200 6948
66.249.66.20 - - [14/Jul/2024:20:15:16 -0500] "GET /BLA/resoluciones/AUTOS%202023/4762.pdf HTTP/1.1" 200 579129
216.244.66.195 - - [14/Jul/2024:20:15:17 -0500] "GET /BLA/resoluciones/RESOLUCIONES%202022/4444.pdf HTTP/1.1" 200 474421
47.128.119.206 - - [14/Jul/2024:20:15:40 -0500] "GET /BLA/resoluciones/AUTOS%202021/0245.php?act=f&c=1&f=5898.pdf HTTP/1.1" 200 2739
216.244.66.195 - - [14/Jul/2024:20:15:48 -0500] "GET /BLA/resoluciones/RESOLUCIONES%202022/5267.pdf HTTP/1.1" 200 542544
201.245.192.253 - - [14/Jul/2024:20:16:03 -0500] "GET /kwsrmcab/Wsrmcab?wsdl HTTP/1.1" 200 6948
47.128.49.141 - - [14/Jul/2024:20:16:12 -0500] "GET /BLA/resoluciones/AUTOS%202021/0245.php?act=f&c=1&f=10829.pdf HTTP/1.1" 200 2740
216.244.66.195 - - [14/Jul/2024:20:16:27 -0500] "GET /BLA/resoluciones/RESOLUCIONES%202022/5666.pdf HTTP/1.1" 200 1009036
47.128.50.153 - - [14/Jul/2024:20:16:46 -0500] "GET /BLA/resoluciones/AUTOS%202021/0245.php?act=f&c=1&f=06843.pdf HTTP/1.1" 200 2741
201.245.192.253 - - [14/Jul/2024:20:17:03 -0500] "GET /kwsrmcab/Wsrmcab?wsdl HTTP/1.1" 200 6948
216.244.66.195 - - [14/Jul/2024:20:17:11 -0500] "GET /BLA/resoluciones/index.php?dir=AUTOS+2006%2FAUTOS+2006+2801+-+2900%2F HTTP/1.1" 200 22229
66.249.66.21 - - [14/Jul/2024:20:17:12 -0500] "GET /BLA/resoluciones/RESOLUCIONES%202009/7990.pdf HTTP/1.1" 200 530531
47.128.49.195 - - [14/Jul/2024:20:17:22 -0500] "GET /BLA/resoluciones/AUTOS%202021/0245.php?act=f&c=1&f=05415.pdf HTTP/1.1" 200 2740
66.249.66.21 - - [14/Jul/2024:20:17:23 -0500] "GET /BLA/resoluciones/RESOLUCIONES%202009/4085.pdf HTTP/1.1" 200 678938
216.244.66.195 - - [14/Jul/2024:20:17:41 -0500] "GET /BLA/resoluciones/index.php?dir=RESOLUCIONES+2002%2FRES+2002+1701-1750%2F HTTP/1.1" 200 12141
66.249.66.19 - - [14/Jul/2024:20:17:43 -0500] "GET /BLA/resoluciones/AUTOS%202014/5792.pdf HTTP/1.1" 200 199883
172.22.2.4 - - [14/Jul/2024:20:16:05 -0500] "HEAD /BLA/boletinlegal/ HTTP/1.1" 200 -
216.245.221.92 - - [14/Jul/2024:20:17:55 -0500] "HEAD / HTTP/1.1" 200 -
47.128.49.19 - - [14/Jul/2024:20:17:56 -0500] "GET /BLA/resoluciones/AUTOS%202021/0245.php?act=f&c=1&f=03366.pdf HTTP/1.1" 200 2741
201.245.192.253 - - [14/Jul/2024:20:18:03 -0500] "GET /kwsrmcab/Wsrmcab?wsdl HTTP/1.1" 200 6948
216.244.66.195 - - [14/Jul/2024:20:18:10 -0500] "GET /BLA/resoluciones/index.php?dir=RESOLUCIONES+2004%2FRES+2004+701-750%2F HTTP/1.1" 200 12059
66.249.66.21 - - [14/Jul/2024:20:18:16 -0500] "GET /BLA/resoluciones/AUTOS%202008/0560.pdf HTTP/1.1" 200 109495
47.128.23.97 - - [14/Jul/2024:20:18:30 -0500] "GET /BLA/resoluciones/AUTOS%202021/0245.php?act=f&c=1&f=07376.pdf HTTP/1.1" 200 2741
172.22.2.4 - - [14/Jul/2024:20:16:56 -0500] "GET /BLA/boletinlegal/ HTTP/1.1" 200 51561
66.249.66.20 - - [14/Jul/2024:20:18:36 -0500] "GET /resoluciones/RESOLUCIONES%202009/0228.pdf HTTP/1.1" 404 1018
52.167.144.192 - - [14/Jul/2024:20:19:03 -0500] "GET /Publicaciones/2024EE120623.pdf HTTP/1.1" 404 228
201.245.192.253 - - [14/Jul/2024:20:19:03 -0500] "GET /kwsrmcab/Wsrmcab?wsdl HTTP/1.1" 200 6948
201.245.192.253 - - [14/Jul/2024:20:19:04 -0500] "POST /kwsrmcab/Wsrmcab  HTTP/1.1" 200 38712
181.32.173.18 - - [14/Jul/2024:20:19:15 -0500] "POST /sipse/faces/presentacion/financiero/solicitudProceso/listarSolicitudProceso.xhtml HTTP/1.1" 200 124861
181.32.173.18 - - [14/Jul/2024:20:19:16 -0500] "GET /sipse/faces/javax.faces.resource/theme.css?ln=primefaces-sipse HTTP/1.1" 304 -
181.32.173.18 - - [14/Jul/2024:20:19:16 -0500] "GET /sipse/faces/javax.faces.resource/primefaces.css?ln=primefaces&v=4.0 HTTP/1.1" 304 -
181.32.173.18 - - [14/Jul/2024:20:19:16 -0500] "GET /sipse/faces/javax.faces.resource/layout/layout.css?ln=primefaces&v=4.0 HTTP/1.1" 304 -
181.32.173.18 - - [14/Jul/2024:20:19:16 -0500] "GET /sipse/faces/javax.faces.resource/jquery/jquery.js?ln=primefaces&v=4.0 HTTP/1.1" 304 -
181.32.173.18 - - [14/Jul/2024:20:19:16 -0500] "GET /sipse/faces/javax.faces.resource/jquery/jquery-plugins.js?ln=primefaces&v=4.0 HTTP/1.1" 304 -
181.32.173.18 - - [14/Jul/2024:20:19:16 -0500] "GET /sipse/faces/javax.faces.resource/primefaces.js?ln=primefaces&v=4.0 HTTP/1.1" 304 -
181.32.173.18 - - [14/Jul/2024:20:19:16 -0500] "GET /sipse/faces/javax.faces.resource/layout/layout.js?ln=primefaces&v=4.0 HTTP/1.1" 304 -
181.32.173.18 - - [14/Jul/2024:20:19:47 -0500] "POST /sipse/faces/presentacion/financiero/solicitudProceso/consultarSolicitudProceso.xhtml HTTP/1.1" 200 38104
181.32.173.18 - - [14/Jul/2024:20:19:48 -0500] "GET /sipse/faces/javax.faces.resource/theme.css?ln=primefaces-sipse HTTP/1.1" 304 -
181.32.173.18 - - [14/Jul/2024:20:19:48 -0500] "GET /sipse/faces/javax.faces.resource/primefaces.css?ln=primefaces&v=4.0 HTTP/1.1" 304 -
181.32.173.18 - - [14/Jul/2024:20:19:48 -0500] "GET /sipse/faces/javax.faces.resource/layout/layout.css?ln=primefaces&v=4.0 HTTP/1.1" 304 -
181.32.173.18 - - [14/Jul/2024:20:19:48 -0500] "GET /sipse/faces/javax.faces.resource/jquery/jquery.js?ln=primefaces&v=4.0 HTTP/1.1" 304 -
181.32.173.18 - - [14/Jul/2024:20:19:48 -0500] "GET /sipse/faces/javax.faces.resource/jquery/jquery-plugins.js?ln=primefaces&v=4.0 HTTP/1.1" 304 -
181.32.173.18 - - [14/Jul/2024:20:19:48 -0500] "GET /sipse/faces/javax.faces.resource/primefaces.js?ln=primefaces&v=4.0 HTTP/1.1" 304 -
181.32.173.18 - - [14/Jul/2024:20:19:48 -0500] "GET /sipse/faces/javax.faces.resource/layout/layout.js?ln=primefaces&v=4.0 HTTP/1.1" 304 -
181.32.173.18 - - [14/Jul/2024:20:19:48 -0500] "POST /sipse/faces/presentacion/financiero/solicitudProceso/listarSolicitudProceso.xhtml HTTP/1.1" 200 31477
181.32.173.18 - - [14/Jul/2024:20:19:49 -0500] "POST /sipse/faces/presentacion/financiero/solicitudProceso/listarSolicitudProceso.xhtml HTTP/1.1" 200 31477
181.32.173.18 - - [14/Jul/2024:20:19:50 -0500] "POST /sipse/faces/presentacion/financiero/solicitudProceso/listarSolicitudProceso.xhtml HTTP/1.1" 200 31477
181.32.173.18 - - [14/Jul/2024:20:19:50 -0500] "POST /sipse/faces/presentacion/financiero/solicitudProceso/listarSolicitudProceso.xhtml HTTP/1.1" 200 31477
181.32.173.18 - - [14/Jul/2024:20:19:51 -0500] "POST /sipse/faces/presentacion/financiero/solicitudProceso/listarSolicitudProceso.xhtml HTTP/1.1" 200 31477
181.32.173.18 - - [14/Jul/2024:20:19:51 -0500] "POST /sipse/faces/presentacion/financiero/solicitudProceso/listarSolicitudProceso.xhtml HTTP/1.1" 200 31477
181.32.173.18 - - [14/Jul/2024:20:19:52 -0500] "POST /sipse/faces/presentacion/financiero/solicitudProceso/listarSolicitudProceso.xhtml HTTP/1.1" 200 1404
181.32.173.18 - - [14/Jul/2024:20:19:53 -0500] "POST /sipse/faces/presentacion/financiero/solicitudProceso/listarSolicitudProceso.xhtml HTTP/1.1" 200 1400
181.32.173.18 - - [14/Jul/2024:20:19:53 -0500] "POST /sipse/faces/presentacion/financiero/solicitudProceso/listarSolicitudProceso.xhtml HTTP/1.1" 200 1400
181.32.173.18 - - [14/Jul/2024:20:19:54 -0500] "POST /sipse/faces/presentacion/financiero/solicitudProceso/listarSolicitudProceso.xhtml HTTP/1.1" 200 1396
181.32.173.18 - - [14/Jul/2024:20:19:54 -0500] "POST /sipse/faces/presentacion/financiero/solicitudProceso/listarSolicitudProceso.xhtml HTTP/1.1" 200 1396
181.32.173.18 - - [14/Jul/2024:20:19:56 -0500] "POST /sipse/faces/presentacion/financiero/solicitudProceso/listarSolicitudProceso.xhtml HTTP/1.1" 200 1400
181.32.173.18 - - [14/Jul/2024:20:19:56 -0500] "POST /sipse/faces/presentacion/financiero/solicitudProceso/listarSolicitudProceso.xhtml HTTP/1.1" 200 1404
201.245.192.253 - - [14/Jul/2024:20:20:03 -0500] "GET /kwsrmcab/Wsrmcab?wsdl HTTP/1.1" 200 6948
181.32.173.18 - - [14/Jul/2024:20:20:10 -0500] "POST /sipse/faces/presentacion/financiero/solicitudProceso/listarSolicitudProceso.xhtml HTTP/1.1" 200 25033
181.32.173.18 - - [14/Jul/2024:20:20:13 -0500] "POST /sipse/faces/presentacion/financiero/solicitudProceso/listarSolicitudProceso.xhtml HTTP/1.1" 200 121723
181.32.173.18 - - [14/Jul/2024:20:20:13 -0500] "GET /sipse/faces/javax.faces.resource/theme.css?ln=primefaces-sipse HTTP/1.1" 304 -
181.32.173.18 - - [14/Jul/2024:20:20:13 -0500] "GET /sipse/faces/javax.faces.resource/primefaces.css?ln=primefaces&v=4.0 HTTP/1.1" 304 -
181.32.173.18 - - [14/Jul/2024:20:20:13 -0500] "GET /sipse/faces/javax.faces.resource/layout/layout.css?ln=primefaces&v=4.0 HTTP/1.1" 304 -
181.32.173.18 - - [14/Jul/2024:20:20:14 -0500] "GET /sipse/faces/javax.faces.resource/jquery/jquery.js?ln=primefaces&v=4.0 HTTP/1.1" 304 -
181.32.173.18 - - [14/Jul/2024:20:20:14 -0500] "GET /sipse/faces/javax.faces.resource/jquery/jquery-plugins.js?ln=primefaces&v=4.0 HTTP/1.1" 304 -
181.32.173.18 - - [14/Jul/2024:20:20:14 -0500] "GET /sipse/faces/javax.faces.resource/primefaces.js?ln=primefaces&v=4.0 HTTP/1.1" 304 -
181.32.173.18 - - [14/Jul/2024:20:20:14 -0500] "GET /sipse/faces/javax.faces.resource/layout/layout.js?ln=primefaces&v=4.0 HTTP/1.1" 304 -
201.245.192.253 - - [14/Jul/2024:20:20:14 -0500] "POST /kwsrmcab/Wsrmcab HTTP/1.1" 200 29362
201.245.192.253 - - [14/Jul/2024:20:20:06 -0500] "POST /kwsrmcab/Wsrmcab HTTP/1.1" 200 29037
201.245.192.253 - - [14/Jul/2024:20:20:15 -0500] "POST /kwsrmcab/Wsrmcab HTTP/1.1" 200 29208
181.32.173.18 - - [14/Jul/2024:20:20:20 -0500] "POST /sipse/faces/presentacion/financiero/solicitudProceso/consultarSolicitudProceso.xhtml HTTP/1.1" 200 22304
181.32.173.18 - - [14/Jul/2024:20:20:20 -0500] "GET /sipse/faces/javax.faces.resource/theme.css?ln=primefaces-sipse HTTP/1.1" 304 -
181.32.173.18 - - [14/Jul/2024:20:20:20 -0500] "GET /sipse/faces/javax.faces.resource/primefaces.css?ln=primefaces&v=4.0 HTTP/1.1" 304 -
181.32.173.18 - - [14/Jul/2024:20:20:20 -0500] "GET /sipse/faces/javax.faces.resource/layout/layout.css?ln=primefaces&v=4.0 HTTP/1.1" 304 -
181.32.173.18 - - [14/Jul/2024:20:20:20 -0500] "GET /sipse/faces/javax.faces.resource/fileupload/fileupload.css?ln=primefaces&v=4.0 HTTP/1.1" 304 -
181.32.173.18 - - [14/Jul/2024:20:20:20 -0500] "GET /sipse/faces/javax.faces.resource/jquery/jquery.js?ln=primefaces&v=4.0 HTTP/1.1" 304 -
181.32.173.18 - - [14/Jul/2024:20:20:20 -0500] "GET /sipse/faces/javax.faces.resource/jquery/jquery-plugins.js?ln=primefaces&v=4.0 HTTP/1.1" 304 -
181.32.173.18 - - [14/Jul/2024:20:20:20 -0500] "GET /sipse/faces/javax.faces.resource/primefaces.js?ln=primefaces&v=4.0 HTTP/1.1" 304 -
181.32.173.18 - - [14/Jul/2024:20:20:20 -0500] "GET /sipse/faces/javax.faces.resource/layout/layout.js?ln=primefaces&v=4.0 HTTP/1.1" 304 -
181.32.173.18 - - [14/Jul/2024:20:20:20 -0500] "GET /sipse/faces/javax.faces.resource/fileupload/fileupload.js?ln=primefaces&v=4.0 HTTP/1.1" 304 -
66.249.66.20 - - [14/Jul/2024:20:20:52 -0500] "GET /BLA/resoluciones/RESOLUCIONES%202009/5748.pdf HTTP/1.1" 200 509847
181.32.173.18 - - [14/Jul/2024:20:20:56 -0500] "GET /sipse/faces/javax.faces.resource/theme.css?ln=primefaces-sipse HTTP/1.1" 304 -
181.32.173.18 - - [14/Jul/2024:20:20:57 -0500] "GET /sipse/faces/javax.faces.resource/jquery/jquery-plugins.js?ln=primefaces&v=4.0 HTTP/1.1" 304 -
181.32.173.18 - - [14/Jul/2024:20:20:57 -0500] "GET /sipse/faces/javax.faces.resource/primefaces.css?ln=primefaces&v=4.0 HTTP/1.1" 304 -
181.32.173.18 - - [14/Jul/2024:20:20:57 -0500] "GET /sipse/faces/javax.faces.resource/jquery/jquery.js?ln=primefaces&v=4.0 HTTP/1.1" 304 -
181.32.173.18 - - [14/Jul/2024:20:20:57 -0500] "GET /sipse/faces/javax.faces.resource/primefaces.js?ln=primefaces&v=4.0 HTTP/1.1" 304 -
181.32.173.18 - - [14/Jul/2024:20:20:57 -0500] "GET /sipse/faces/javax.faces.resource/layout/layout.css?ln=primefaces&v=4.0 HTTP/1.1" 304 -
181.32.173.18 - - [14/Jul/2024:20:20:56 -0500] "POST /sipse/faces/presentacion/sistema/anexos/cargarAnexoSolicitudProceso.xhtml HTTP/1.1" 200 169198
181.32.173.18 - - [14/Jul/2024:20:20:57 -0500] "GET /sipse/faces/javax.faces.resource/layout/layout.js?ln=primefaces&v=4.0 HTTP/1.1" 304 -
66.249.66.20 - - [14/Jul/2024:20:21:02 -0500] "GET /BLA/resoluciones/RESOLUCIONES%202008/3702.pdf HTTP/1.1" 200 155722
201.245.192.253 - - [14/Jul/2024:20:21:03 -0500] "GET /kwsrmcab/Wsrmcab?wsdl HTTP/1.1" 200 6948
66.249.66.19 - - [14/Jul/2024:20:21:36 -0500] "GET /BLA/resoluciones/RESOLUCIONES%202012/0718.pdf HTTP/1.1" 200 171332
201.245.192.253 - - [14/Jul/2024:20:22:03 -0500] "GET /kwsrmcab/Wsrmcab?wsdl HTTP/1.1" 200 6948
66.249.66.19 - - [14/Jul/2024:20:22:10 -0500] "GET /Publicaciones/2024EE30084.pdf HTTP/1.1" 404 227
66.249.66.20 - - [14/Jul/2024:20:22:17 -0500] "GET /BLA/resoluciones/AUTOS%202008/0936.pdf HTTP/1.1" 200 91390
66.249.66.20 - - [14/Jul/2024:20:22:51 -0500] "GET /BLA/resoluciones/RESOLUCIONES%202009/8666.pdf HTTP/1.1" 200 582726
216.245.221.92 - - [14/Jul/2024:20:22:55 -0500] "HEAD / HTTP/1.1" 200 -
201.245.192.253 - - [14/Jul/2024:20:23:03 -0500] "GET /kwsrmcab/Wsrmcab?wsdl HTTP/1.1" 200 6948
201.245.192.253 - - [14/Jul/2024:20:21:54 -0500] "POST /kwsrmcab/Wsrmcab HTTP/1.1" 200 14506
66.249.66.20 - - [14/Jul/2024:20:23:17 -0500] "GET /BLA/resoluciones/RESOLUCIONES%202018/1677.pdf HTTP/1.1" 200 301091
66.249.66.21 - - [14/Jul/2024:20:23:18 -0500] "GET /BLA/boletinlegal/jurisprudencia/analisis/AnalisisC-746-12.docx HTTP/1.1" 304 -
172.22.2.4 - - [14/Jul/2024:20:21:55 -0500] "HEAD /BLA/boletinlegal/ HTTP/1.1" 200 -
66.249.66.20 - - [14/Jul/2024:20:23:45 -0500] "GET /BLA/resoluciones/RESOLUCIONES%202009/0555.pdf HTTP/1.1" 200 711875
201.245.192.253 - - [14/Jul/2024:20:24:02 -0500] "POST /kwsrmcab/Wsrmcab  HTTP/1.1" 200 38712
201.245.192.253 - - [14/Jul/2024:20:24:03 -0500] "GET /kwsrmcab/Wsrmcab?wsdl HTTP/1.1" 200 6948
172.22.2.4 - - [14/Jul/2024:20:22:46 -0500] "GET /BLA/boletinlegal/ HTTP/1.1" 200 59583
66.249.66.21 - - [14/Jul/2024:20:24:29 -0500] "GET /BLA/resoluciones/RESOLUCIONES%202007/RES%202007%201801%20AL%201900/RESOLUCION%201834%20DE%202007.pdf HTTP/1.1" 304 -
66.249.66.21 - - [14/Jul/2024:20:24:31 -0500] "GET /Publicaciones/2024EE143308.pdf HTTP/1.1" 200 241765
66.249.66.21 - - [14/Jul/2024:20:24:31 -0500] "GET /BLA/resoluciones/RESOLUCIONES%202007/0002.pdf HTTP/1.1" 200 267806
66.249.66.20 - - [14/Jul/2024:20:24:32 -0500] "GET /BLA/resoluciones/RESOLUCIONES%202007/RES%202007%20801%20AL%20900/RESOLUCION%200892%20DE%202007.pdf HTTP/1.1" 200 260355
66.249.66.21 - - [14/Jul/2024:20:24:32 -0500] "GET /BLA/resoluciones/AUTOS%202020/0103.pdf HTTP/1.1" 200 293978
66.249.66.19 - - [14/Jul/2024:20:24:33 -0500] "GET /BLA/resoluciones/RESOLUCIONES%202007/RES%202007%201201%20AL%201300/RESOLUCION%201293%20DE%202007.pdf HTTP/1.1" 200 916458
66.249.66.20 - - [14/Jul/2024:20:24:33 -0500] "GET /BLA/resoluciones/RESOLUCIONES%202007/RES%202007%20801%20AL%20900/RESOLUCION%200818%20DE%202007.pdf HTTP/1.1" 200 184247
66.249.66.19 - - [14/Jul/2024:20:24:34 -0500] "GET /BLA/boletinlegal/Directivas/2011/Directiva%20No.%2011%20del%2027%20de%20Diciembre%20de%202011.pdf HTTP/1.1" 200 303527
66.249.66.19 - - [14/Jul/2024:20:24:34 -0500] "GET /BLA/resoluciones/RESOLUCIONES%202007/RES%202007%203701%20AL%203800/RESOLUCION%203773%20DE%202007.pdf HTTP/1.1" 200 28468
66.249.66.20 - - [14/Jul/2024:20:24:34 -0500] "GET /BLA/resoluciones/AUTOS%202020/0509.pdf HTTP/1.1" 200 809759
66.249.66.20 - - [14/Jul/2024:20:24:35 -0500] "GET /BLA/resoluciones/RESOLUCIONES%202007/RES%202007%20901%20AL%201000/RESOLUCION%200953%20DE%202007.pdf HTTP/1.1" 200 221039
66.249.66.19 - - [14/Jul/2024:20:24:36 -0500] "GET /BLA/resoluciones/RESOLUCIONES%202007/RES%202007%20901%20AL%201000/RESOLUCION%200954%20DE%202007.pdf HTTP/1.1" 200 222949
66.249.66.20 - - [14/Jul/2024:20:24:36 -0500] "GET /BLA/resoluciones/RESOLUCIONES%202007/RES%202007%20101%20AL%20200/RESOLUCION%200192%20DE%202007.pdf HTTP/1.1" 200 72010
66.249.66.20 - - [14/Jul/2024:20:24:37 -0500] "GET /BLA/resoluciones/RESOLUCIONES%202007/RES%202007%20101%20AL%20200/RESOLUCION%200165%20DE%202007.pdf HTTP/1.1" 200 343458
66.249.66.19 - - [14/Jul/2024:20:24:37 -0500] "GET /BLA/resoluciones/RESOLUCIONES%202007/RES%202007%203401%20AL%203500/RESOLUCION%203460%20DE%202007.pdf HTTP/1.1" 200 293444
66.249.66.20 - - [14/Jul/2024:20:24:38 -0500] "GET /BLA/resoluciones/RESOLUCIONES%202007/RES%202007%203401%20AL%203500/RESOLUCION%203480%20DE%202007.pdf HTTP/1.1" 200 542920
66.249.66.19 - - [14/Jul/2024:20:24:38 -0500] "GET /BLA/resoluciones/RESOLUCIONES%202007/RES%202007%20101%20AL%20200/RESOLUCION%200124%20%20DE%202007.pdf HTTP/1.1" 200 392554
66.249.66.20 - - [14/Jul/2024:20:24:39 -0500] "GET /BLA/resoluciones/RESOLUCIONES%202007/RES%202007%20501%20AL%20600/RESOLUCION%200561%20DE%202007.pdf HTTP/1.1" 200 1377171
66.249.66.19 - - [14/Jul/2024:20:24:39 -0500] "GET /BLA/resoluciones/RESOLUCIONES%202007/RES%202007%20901%20AL%201000/RESOLUCION%200996%20DE%202007.pdf HTTP/1.1" 200 200963
66.249.66.21 - - [14/Jul/2024:20:24:40 -0500] "GET /BLA/resoluciones/RESOLUCIONES%202007/RES%202007%20501%20AL%20600/RESOLUCION%200591%20DE%202007.pdf HTTP/1.1" 200 869646
66.249.66.21 - - [14/Jul/2024:20:24:40 -0500] "GET /BLA/resoluciones/RESOLUCIONES%202007/RES%202007%20501%20AL%20600/RESOLUCION%200546%20DE%202007.pdf HTTP/1.1" 200 434322
66.249.66.20 - - [14/Jul/2024:20:24:41 -0500] "GET /BLA/resoluciones/RESOLUCIONES%202007/RES%202007%20501%20AL%20600/RESOLUCION%200509%20DE%202007.pdf HTTP/1.1" 200 260752
66.249.66.19 - - [14/Jul/2024:20:24:41 -0500] "GET /BLA/resoluciones/RESOLUCIONES%202007/RES%202007%201501%20AL%201600/RESOLUCION%201584%20DE%202007.pdf HTTP/1.1" 200 780453
66.249.66.19 - - [14/Jul/2024:20:24:41 -0500] "GET /BLA/resoluciones/RESOLUCIONES%202007/RES%202007%20801%20AL%20900/RESOLUCION%200890%20DE%202007.pdf HTTP/1.1" 200 243444
66.249.66.19 - - [14/Jul/2024:20:24:42 -0500] "GET /BLA/resoluciones/RESOLUCIONES%202007/RES%202007%203701%20AL%203800/RESOLUCION%203765%20DE%202007.pdf HTTP/1.1" 200 27951
66.249.66.1 - - [14/Jul/2024:20:24:42 -0500] "GET /BLA/resoluciones/RESOLUCIONES%202007/RES%202007%203701%20AL%203800/RESOLUCION%203730%20DE%202007.pdf HTTP/1.1" 200 401651
66.249.66.1 - - [14/Jul/2024:20:24:43 -0500] "GET /BLA/resoluciones/RESOLUCIONES%202007/RES%202007%201201%20AL%201300/RESOLUCION%201296%20DE%202007.pdf HTTP/1.1" 200 395040
66.249.66.1 - - [14/Jul/2024:20:24:43 -0500] "GET /BLA/resoluciones/RESOLUCIONES%202007/RES%202007%203701%20AL%203800/RESOLUCION%203709%20DE%202007.pdf HTTP/1.1" 200 663168
66.249.66.20 - - [14/Jul/2024:20:24:44 -0500] "GET /BLA/resoluciones/RESOLUCIONES%202007/RES%202007%203701%20AL%203800/RESOLUCION%203720%20DE%202007.pdf HTTP/1.1" 200 630117
66.249.66.21 - - [14/Jul/2024:20:24:44 -0500] "GET /BLA/resoluciones/RESOLUCIONES%202007/RES%202007%204301%20AL%204352/RESOLUCION%204334%20DE%202007.pdf HTTP/1.1" 200 435413
66.249.66.22 - - [14/Jul/2024:20:24:45 -0500] "GET /BLA/resoluciones/AUTOS%202020/3705.pdf HTTP/1.1" 200 417969
66.249.66.21 - - [14/Jul/2024:20:24:45 -0500] "GET /BLA/resoluciones/RESOLUCIONES%202007/RES%202007%20501%20AL%20600/RESOLUCION%200521%20DE%202007.pdf HTTP/1.1" 200 330938
66.249.66.1 - - [14/Jul/2024:20:24:46 -0500] "GET /BLA/resoluciones/RESOLUCIONES%202007/RES%202007%201201%20AL%201300/RESOLUCION%201287%20DE%202007.pdf HTTP/1.1" 200 53908
66.249.66.23 - - [14/Jul/2024:20:24:46 -0500] "GET /BLA/resoluciones/RESOLUCIONES%202007/RES%202007%20901%20AL%201000/RESOLUCION%200901%20DE%202007.pdf HTTP/1.1" 200 289779
66.249.66.20 - - [14/Jul/2024:20:24:47 -0500] "GET /BLA/resoluciones/RESOLUCIONES%202007/RES%202007%20701%20AL%20800/RESOLUCION%200738%20DE%202007.pdf HTTP/1.1" 200 224385
66.249.66.22 - - [14/Jul/2024:20:24:47 -0500] "GET /BLA/resoluciones/RESOLUCIONES%202007/RES%202007%20901%20AL%201000/RESOLUCION%200973%20DE%202007.pdf HTTP/1.1" 200 288778
66.249.66.4 - - [14/Jul/2024:20:24:48 -0500] "GET /BLA/resoluciones/RESOLUCIONES%202007/RES%202007%203701%20AL%203800/RESOLUCION%203798%20DE%202007.pdf HTTP/1.1" 200 1060241
66.249.66.2 - - [14/Jul/2024:20:24:48 -0500] "GET /BLA/resoluciones/RESOLUCIONES%202007/RES%202007%20101%20AL%20200/RESOLUCION%200182%20DE%202007.pdf HTTP/1.1" 200 610528
66.249.66.22 - - [14/Jul/2024:20:24:49 -0500] "GET /BLA/resoluciones/RESOLUCIONES%202007/RES%202007%201201%20AL%201300/RESOLUCION%201210%20DE%202007.pdf HTTP/1.1" 200 188559
66.249.66.2 - - [14/Jul/2024:20:24:49 -0500] "GET /BLA/resoluciones/RESOLUCIONES%202007/RES%202007%201501%20AL%201600/RESOLUCION%201538%20DE%202007.pdf HTTP/1.1" 200 424837
66.249.66.3 - - [14/Jul/2024:20:24:50 -0500] "GET /BLA/resoluciones/RESOLUCIONES%202007/RES%202007%201501%20AL%201600/RESOLUCION%201550%20DE%202007.pdf HTTP/1.1" 200 914739
66.249.66.19 - - [14/Jul/2024:20:24:50 -0500] "GET /BLA/resoluciones/RESOLUCIONES%202007/RES%202007%20501%20AL%20600/RESOLUCION%200533%20DE%202007.pdf HTTP/1.1" 200 294590
66.249.66.4 - - [14/Jul/2024:20:24:51 -0500] "GET /BLA/resoluciones/RESOLUCIONES%202007/RES%202007%201201%20AL%201300/RESOLUCION%201230%20DE%202007.pdf HTTP/1.1" 200 325873
66.249.66.4 - - [14/Jul/2024:20:24:51 -0500] "GET /BLA/resoluciones/RESOLUCIONES%202007/RES%202007%20901%20AL%201000/RESOLUCION%200924%20DE%202007.pdf HTTP/1.1" 200 192370
66.249.66.4 - - [14/Jul/2024:20:24:52 -0500] "GET /BLA/resoluciones/RESOLUCIONES%202007/RES%202007%201501%20AL%201600/RESOLUCION%201569%20DE%202007.pdf HTTP/1.1" 200 1319569
66.249.66.1 - - [14/Jul/2024:20:24:52 -0500] "GET /BLA/resoluciones/RESOLUCIONES%202007/RES%202007%20801%20AL%20900/RESOLUCION%200854%20DE%202007.pdf HTTP/1.1" 200 1245085
66.249.66.6 - - [14/Jul/2024:20:24:53 -0500] "GET /BLA/resoluciones/RESOLUCIONES%202007/RES%202007%204301%20AL%204352/RESOLUCION%204340%20%20DE%202007.pdf HTTP/1.1" 200 706806
66.249.66.2 - - [14/Jul/2024:20:24:53 -0500] "GET /BLA/resoluciones/RESOLUCIONES%202007/RES%202007%20101%20AL%20200/RESOLUCION%200173%20DE%202007.pdf HTTP/1.1" 200 389166
66.249.66.4 - - [14/Jul/2024:20:24:54 -0500] "GET /BLA/resoluciones/RESOLUCIONES%202007/RES%202007%201801%20AL%201900/RESOLUCION%201895%20DE%202007.pdf HTTP/1.1" 200 428971
66.249.66.19 - - [14/Jul/2024:20:24:54 -0500] "GET /BLA/resoluciones/RESOLUCIONES%202007/RES%202007%201501%20AL%201600/RESOLUCION%201561%20DE%202007.pdf HTTP/1.1" 200 527693
66.249.66.23 - - [14/Jul/2024:20:24:55 -0500] "GET /BLA/resoluciones/RESOLUCIONES%202007/RES%202007%203401%20AL%203500/RESOLUCION%203470%20DE%202007.pdf HTTP/1.1" 200 829030
66.249.66.22 - - [14/Jul/2024:20:24:56 -0500] "GET /BLA/resoluciones/RESOLUCIONES%202007/RES%202007%20701%20AL%20800/RESOLUCION%200728%20DE%202007.pdf HTTP/1.1" 200 232281
66.249.66.19 - - [14/Jul/2024:20:24:56 -0500] "GET /BLA/resoluciones/RESOLUCIONES%202007/RES%202007%20901%20AL%201000/RESOLUCION%200980%20DE%202007.pdf HTTP/1.1" 200 189619
66.249.66.10 - - [14/Jul/2024:20:24:57 -0500] "GET /BLA/resoluciones/RESOLUCIONES%202007/RES%202007%20901%20AL%201000/RESOLUCION%200944%20DE%202007.pdf HTTP/1.1" 200 656084
66.249.66.23 - - [14/Jul/2024:20:24:57 -0500] "GET /BLA/resoluciones/RESOLUCIONES%202007/RES%202007%20901%20AL%201000/RESOLUCION%200981%20DE%202007.pdf HTTP/1.1" 200 135942
66.249.66.7 - - [14/Jul/2024:20:24:58 -0500] "GET /BLA/resoluciones/AUTOS%202020/4547.pdf HTTP/1.1" 200 527697
66.249.66.8 - - [14/Jul/2024:20:24:58 -0500] "GET /BLA/resoluciones/RESOLUCIONES%202007/RES%202007%201501%20AL%201600/RESOLUCION%201515%20DE%202007.pdf HTTP/1.1" 200 158602
66.249.66.4 - - [14/Jul/2024:20:24:59 -0500] "GET /BLA/resoluciones/RESOLUCIONES%202007/RES%202007%201801%20AL%201900/RESOLUCION%201836%20DE%202007.pdf HTTP/1.1" 200 65088
66.249.66.19 - - [14/Jul/2024:20:24:59 -0500] "GET /BLA/resoluciones/RESOLUCIONES%202007/4102.pdf HTTP/1.1" 200 567773
66.249.66.21 - - [14/Jul/2024:20:25:00 -0500] "GET /BLA/resoluciones/RESOLUCIONES%202007/RES%202007%201501%20AL%201600/RESOLUCION%201532%20DE%202007.pdf HTTP/1.1" 200 661655
66.249.66.6 - - [14/Jul/2024:20:25:00 -0500] "GET /BLA/resoluciones/RESOLUCIONES%202007/RES%202007%201201%20AL%201300/RESOLUCION%201249%20DE%202007.pdf HTTP/1.1" 200 1961533
66.249.66.22 - - [14/Jul/2024:20:25:01 -0500] "GET /BLA/resoluciones/RESOLUCIONES%202007/RES%202007%201501%20AL%201600/RESOLUCION%201533%20DE%202007.pdf HTTP/1.1" 200 379720
66.249.66.19 - - [14/Jul/2024:20:25:01 -0500] "GET /BLA/resoluciones/RESOLUCIONES%202007/RES%202007%203701%20AL%203800/RESOLUCION%203777%20DE%202007.pdf HTTP/1.1" 200 28115
66.249.66.23 - - [14/Jul/2024:20:25:01 -0500] "GET /BLA/resoluciones/RESOLUCIONES%202007/RES%202007%20501%20AL%20600/RESOLUCION%200539%20DE%202007.pdf HTTP/1.1" 200 440884
66.249.66.21 - - [14/Jul/2024:20:25:02 -0500] "GET /BLA/resoluciones/AUTOS%202020/1832.pdf HTTP/1.1" 200 753241
66.249.66.23 - - [14/Jul/2024:20:25:02 -0500] "GET /BLA/resoluciones/RESOLUCIONES%202007/RES%202007%20101%20AL%20200/RESOLUCION%200108%20%20DE%202007.pdf HTTP/1.1" 200 588845
66.249.66.10 - - [14/Jul/2024:20:25:03 -0500] "GET /BLA/resoluciones/RESOLUCIONES%202007/RES%202007%20901%20AL%201000/RESOLUCION%200939%20DE%202007.pdf HTTP/1.1" 200 268253
201.245.192.253 - - [14/Jul/2024:20:25:03 -0500] "GET /kwsrmcab/Wsrmcab?wsdl HTTP/1.1" 200 6948
66.249.66.21 - - [14/Jul/2024:20:25:03 -0500] "GET /BLA/resoluciones/RESOLUCIONES%202007/RES%202007%201726%20AL%201800/RESOLUCION%201728%20DE%202007.pdf HTTP/1.1" 200 123806
66.249.66.1 - - [14/Jul/2024:20:25:04 -0500] "GET /BLA/resoluciones/RESOLUCIONES%202007/RES%202007%20801%20AL%20900/RESOLUCION%200897%20DE%202007.pdf HTTP/1.1" 200 166934
66.249.66.21 - - [14/Jul/2024:20:25:04 -0500] "GET /BLA/resoluciones/RESOLUCIONES%202007/RES%202007%203401%20AL%203500/RESOLUCION%203444%20DE%202007.pdf HTTP/1.1" 200 555275
66.249.66.10 - - [14/Jul/2024:20:25:05 -0500] "GET /BLA/resoluciones/RESOLUCIONES%202007/RES%202007%204301%20AL%204352/RESOLUCION%204321%20DE%202007.pdf HTTP/1.1" 200 355719
66.249.66.4 - - [14/Jul/2024:20:25:05 -0500] "GET /BLA/resoluciones/RESOLUCIONES%202007/RES%202007%203401%20AL%203500/RESOLUCION%203401%20DE%202007.pdf HTTP/1.1" 200 569344
66.249.66.5 - - [14/Jul/2024:20:25:06 -0500] "GET /BLA/resoluciones/RESOLUCIONES%202007/RES%202007%20801%20AL%20900/RESOLUCION%200813%20DE%202007.pdf HTTP/1.1" 200 270978
66.249.66.9 - - [14/Jul/2024:20:25:06 -0500] "GET /BLA/resoluciones/RESOLUCIONES%202007/RES%202007%20901%20AL%201000/RESOLUCION%200905%20DE%202007.pdf HTTP/1.1" 200 243791
66.249.66.20 - - [14/Jul/2024:20:25:07 -0500] "GET /BLA/resoluciones/RESOLUCIONES%202007/RES%202007%201201%20AL%201300/RESOLUCION%201239%20DE%202007.pdf HTTP/1.1" 200 866909
66.249.66.11 - - [14/Jul/2024:20:25:07 -0500] "GET /BLA/resoluciones/RESOLUCIONES%202007/RES%202007%20901%20AL%201000/RESOLUCION%200940%20DE%202007.pdf HTTP/1.1" 200 221093
66.249.66.10 - - [14/Jul/2024:20:25:08 -0500] "GET /BLA/resoluciones/RESOLUCIONES%202007/RES%202007%20801%20AL%20900/RESOLUCION%200893%20DE%202007.pdf HTTP/1.1" 200 318472
66.249.66.21 - - [14/Jul/2024:20:25:08 -0500] "GET /BLA/resoluciones/RESOLUCIONES%202007/RES%202007%201201%20AL%201300/RESOLUCION%201279%20DE%202007.pdf HTTP/1.1" 200 352925
66.249.66.12 - - [14/Jul/2024:20:25:09 -0500] "GET /BLA/resoluciones/RESOLUCIONES%202007/RES%202007%20901%20AL%201000/RESOLUCION%201000%20DE%202007.pdf HTTP/1.1" 200 193282
66.249.66.19 - - [14/Jul/2024:20:25:09 -0500] "GET /BLA/resoluciones/RESOLUCIONES%202007/RES%202007%20801%20AL%20900/RESOLUCION%200837%20DE%202007.pdf HTTP/1.1" 200 167649
66.249.66.9 - - [14/Jul/2024:20:25:10 -0500] "GET /BLA/resoluciones/RESOLUCIONES%202007/RES%202007%20501%20AL%20600/RESOLUCION%200508%20DE%202007.pdf HTTP/1.1" 200 439494
66.249.66.6 - - [14/Jul/2024:20:25:10 -0500] "GET /BLA/resoluciones/RESOLUCIONES%202007/RES%202007%201726%20AL%201800/RESOLUCION%201741%20DE%202007.pdf HTTP/1.1" 200 125475
66.249.66.8 - - [14/Jul/2024:20:25:11 -0500] "GET /BLA/resoluciones/RESOLUCIONES%202007/RES%202007%203701%20AL%203800/RESOLUCION%203784%20DE%202007.pdf HTTP/1.1" 200 27599
66.249.66.15 - - [14/Jul/2024:20:25:11 -0500] "GET /BLA/resoluciones/RESOLUCIONES%202007/RES%202007%201801%20AL%201900/RESOLUCION%201835%20DE%202007.pdf HTTP/1.1" 200 63452
66.249.66.11 - - [14/Jul/2024:20:25:11 -0500] "GET /BLA/resoluciones/RESOLUCIONES%202007/RES%202007%20901%20AL%201000/RESOLUCION%200903%20DE%202007.pdf HTTP/1.1" 200 374747
66.249.66.21 - - [14/Jul/2024:20:25:12 -0500] "GET /BLA/resoluciones/RESOLUCIONES%202007/RES%202007%20801%20AL%20900/RESOLUCION%200834%20DE%202007.pdf HTTP/1.1" 200 486126
66.249.66.19 - - [14/Jul/2024:20:25:12 -0500] "GET /BLA/resoluciones/RESOLUCIONES%202007/RES%202007%203701%20AL%203800/RESOLUCION%203719%20DE%202007.pdf HTTP/1.1" 200 755226
66.249.66.4 - - [14/Jul/2024:20:25:13 -0500] "GET /BLA/resoluciones/RESOLUCIONES%202007/RES%202007%20101%20AL%20200/RESOLUCION%200115%20%20DE%202007.pdf HTTP/1.1" 200 430546
66.249.66.15 - - [14/Jul/2024:20:25:13 -0500] "GET /BLA/resoluciones/RESOLUCIONES%202007/RES%202007%20501%20AL%20600/RESOLUCION%200578%20DE%202007.pdf HTTP/1.1" 200 407635
66.249.66.11 - - [14/Jul/2024:20:25:14 -0500] "GET /BLA/resoluciones/RESOLUCIONES%202007/RES%202007%203401%20AL%203500/RESOLUCION%203497%20DE%202007.pdf HTTP/1.1" 200 421317
66.249.66.2 - - [14/Jul/2024:20:25:15 -0500] "GET /BLA/resoluciones/RESOLUCIONES%202007/RES%202007%201201%20AL%201300/RESOLUCION%201206%20DE%202007.pdf HTTP/1.1" 200 141288
66.249.66.3 - - [14/Jul/2024:20:25:15 -0500] "GET /BLA/resoluciones/RESOLUCIONES%202007/RES%202007%201201%20AL%201300/RESOLUCION%201292%20DE%202007.pdf HTTP/1.1" 200 879548
66.249.66.12 - - [14/Jul/2024:20:25:16 -0500] "GET /BLA/resoluciones/RESOLUCIONES%202007/RES%202007%203701%20AL%203800/RESOLUCION%203775%20DE%202007.pdf HTTP/1.1" 200 28016
66.249.66.6 - - [14/Jul/2024:20:25:16 -0500] "GET /BLA/resoluciones/RESOLUCIONES%202007/RES%202007%201726%20AL%201800/RESOLUCION%201738%20DE%202007.pdf HTTP/1.1" 200 1108955
66.249.66.5 - - [14/Jul/2024:20:25:17 -0500] "GET /BLA/resoluciones/RESOLUCIONES%202007/RES%202007%201726%20AL%201800/RESOLUCION%201799%20DE%202007.pdf HTTP/1.1" 200 321038
66.249.66.20 - - [14/Jul/2024:20:25:17 -0500] "GET /BLA/resoluciones/RESOLUCIONES%202007/RES%202007%204301%20AL%204352/RESOLUCION%204302%20DE%202007.pdf HTTP/1.1" 200 297392
66.249.66.1 - - [14/Jul/2024:20:25:18 -0500] "GET /BLA/resoluciones/RESOLUCIONES%202007/RES%202007%20101%20AL%20200/RESOLUCION%200162%20DE%202007.pdf HTTP/1.1" 200 755722
66.249.66.6 - - [14/Jul/2024:20:25:18 -0500] "GET /BLA/resoluciones/RESOLUCIONES%202007/RES%202007%201501%20AL%201600/RESOLUCION%201586%20DE%202007.pdf HTTP/1.1" 200 1039632
66.249.66.7 - - [14/Jul/2024:20:25:19 -0500] "GET /BLA/resoluciones/RESOLUCIONES%202007/RES%202007%201201%20AL%201300/RESOLUCION%201297%20DE%202007.pdf HTTP/1.1" 200 947944
66.249.66.20 - - [14/Jul/2024:20:25:19 -0500] "GET /BLA/resoluciones/RESOLUCIONES%202007/RES%202007%201201%20AL%201300/RESOLUCION%201274%20DE%202007.pdf HTTP/1.1" 200 887193
66.249.66.8 - - [14/Jul/2024:20:25:20 -0500] "GET /BLA/resoluciones/RESOLUCIONES%202007/4088.pdf HTTP/1.1" 200 61677
66.249.66.21 - - [14/Jul/2024:20:25:20 -0500] "GET /BLA/resoluciones/RESOLUCIONES%202007/RES%202007%203701%20AL%203800/RESOLUCION%203754%20DE%202007.pdf HTTP/1.1" 200 128098
66.249.66.4 - - [14/Jul/2024:20:25:21 -0500] "GET /BLA/resoluciones/RESOLUCIONES%202007/RES%202007%201501%20AL%201600/RESOLUCION%201530%20DE%202007.pdf HTTP/1.1" 200 784962
66.249.66.9 - - [14/Jul/2024:20:25:21 -0500] "GET /BLA/resoluciones/RESOLUCIONES%202007/0334.pdf HTTP/1.1" 200 974433
66.249.66.20 - - [14/Jul/2024:20:25:22 -0500] "GET /BLA/resoluciones/RESOLUCIONES%202007/RES%202007%201501%20AL%201600/RESOLUCION%201549%20DE%202007.pdf HTTP/1.1" 200 1077382
66.249.66.5 - - [14/Jul/2024:20:25:22 -0500] "GET /BLA/resoluciones/RESOLUCIONES%202007/RES%202007%20801%20AL%20900/RESOLUCION%200855%20DE%202007.pdf HTTP/1.1" 200 1547919
66.249.66.2 - - [14/Jul/2024:20:25:22 -0500] "GET /BLA/resoluciones/RESOLUCIONES%202007/RES%202007%203701%20AL%203800/RESOLUCION%203712%20%20DE%202007.pdf HTTP/1.1" 200 562792
66.249.66.19 - - [14/Jul/2024:20:25:23 -0500] "GET /BLA/resoluciones/RESOLUCIONES%202007/RES%202007%20701%20AL%20800/RESOLUCION%200758%20DE%202007.pdf HTTP/1.1" 200 351173
66.249.66.6 - - [14/Jul/2024:20:25:23 -0500] "GET /BLA/resoluciones/RESOLUCIONES%202007/RES%202007%203701%20AL%203800/RESOLUCION%203714%20DE%202007.pdf HTTP/1.1" 200 542550
66.249.66.4 - - [14/Jul/2024:20:25:24 -0500] "GET /BLA/resoluciones/RESOLUCIONES%202007/RES%202007%20901%20AL%201000/RESOLUCION%200921%20DE%202007.pdf HTTP/1.1" 200 213792
66.249.66.1 - - [14/Jul/2024:20:25:24 -0500] "GET /BLA/resoluciones/RESOLUCIONES%202007/RES%202007%20901%20AL%201000/RESOLUCION%200986%20DE%202007.pdf HTTP/1.1" 200 481443
66.249.66.23 - - [14/Jul/2024:20:25:25 -0500] "GET /BLA/resoluciones/RESOLUCIONES%202007/RES%202007%20501%20AL%20600/RESOLUCION%200564%20DE%202007.pdf HTTP/1.1" 200 669443
66.249.66.3 - - [14/Jul/2024:20:25:25 -0500] "GET /BLA/resoluciones/RESOLUCIONES%202007/RES%202007%201726%20AL%201800/RESOLUCION%201773%20DE%202007.pdf HTTP/1.1" 200 191347
66.249.66.21 - - [14/Jul/2024:20:25:26 -0500] "GET /BLA/resoluciones/RESOLUCIONES%202007/RES%202007%20801%20AL%20900/RESOLUCION%200861%20DE%202007.pdf HTTP/1.1" 200 1215303
66.249.66.5 - - [14/Jul/2024:20:25:26 -0500] "GET /BLA/resoluciones/RESOLUCIONES%202007/2839.pdf HTTP/1.1" 200 57616
66.249.66.2 - - [14/Jul/2024:20:25:27 -0500] "GET /BLA/resoluciones/RESOLUCIONES%202007/RES%202007%203401%20AL%203500/RESOLUCION%203425%20DE%202007.pdf HTTP/1.1" 200 54879
66.249.66.1 - - [14/Jul/2024:20:25:27 -0500] "GET /BLA/resoluciones/RESOLUCIONES%202007/RES%202007%20101%20AL%20200/RESOLUCION%200156%20DE%202007.pdf HTTP/1.1" 200 199416
66.249.66.1 - - [14/Jul/2024:20:25:28 -0500] "GET /BLA/resoluciones/RESOLUCIONES%202007/RES%202007%20501%20AL%20600/RESOLUCION%200506%20DE%202007.pdf HTTP/1.1" 200 457679
66.249.66.8 - - [14/Jul/2024:20:25:28 -0500] "GET /BLA/resoluciones/RESOLUCIONES%202007/RES%202007%201201%20AL%201300/RESOLUCION%201252%20DE%202007.pdf HTTP/1.1" 200 724519
66.249.66.6 - - [14/Jul/2024:20:25:28 -0500] "GET /BLA/resoluciones/RESOLUCIONES%202007/RES%202007%201201%20AL%201300/RESOLUCION%201268%20DE%202007.pdf HTTP/1.1" 200 77394
66.249.66.6 - - [14/Jul/2024:20:25:29 -0500] "GET /BLA/resoluciones/RESOLUCIONES%202007/RES%202007%201501%20AL%201600/RESOLUCION%201541%20DE%202007.pdf HTTP/1.1" 200 528274
66.249.66.21 - - [14/Jul/2024:20:25:29 -0500] "GET /BLA/resoluciones/RESOLUCIONES%202007/RES%202007%201501%20AL%201600/RESOLUCION%201516%20DE%202007.pdf HTTP/1.1" 200 387084
66.249.66.19 - - [14/Jul/2024:20:25:30 -0500] "GET /BLA/resoluciones/RESOLUCIONES%202007/RES%202007%201726%20AL%201800/RESOLUCION%201774%20%20DE%202007.pdf HTTP/1.1" 200 484898
66.249.66.5 - - [14/Jul/2024:20:25:30 -0500] "GET /BLA/resoluciones/RESOLUCIONES%202007/RES%202007%201201%20AL%201300/RESOLUCION%201250%20DE%202007.pdf HTTP/1.1" 200 1216156
66.249.66.1 - - [14/Jul/2024:20:25:31 -0500] "GET /BLA/resoluciones/RESOLUCIONES%202007/RES%202007%201726%20AL%201800/RESOLUCION%201784%20DE%202007.pdf HTTP/1.1" 200 106309
66.249.66.6 - - [14/Jul/2024:20:25:31 -0500] "GET /BLA/resoluciones/RESOLUCIONES%202007/RES%202007%201501%20AL%201600/RESOLUCION%201526%20DE%202007.pdf HTTP/1.1" 200 620028
66.249.66.20 - - [14/Jul/2024:20:25:32 -0500] "GET /BLA/resoluciones/RESOLUCIONES%202007/RES%202007%203401%20AL%203500/RESOLUCION%203424%20DE%202007.pdf HTTP/1.1" 200 58049
66.249.66.20 - - [14/Jul/2024:20:25:32 -0500] "GET /BLA/resoluciones/RESOLUCIONES%202007/RES%202007%20701%20AL%20800/RESOLUCION%200794%20DE%202007.pdf HTTP/1.1" 200 94272
66.249.66.9 - - [14/Jul/2024:20:25:33 -0500] "GET /BLA/resoluciones/RESOLUCIONES%202007/0623.pdf HTTP/1.1" 200 541812
66.249.66.8 - - [14/Jul/2024:20:25:33 -0500] "GET /BLA/resoluciones/RESOLUCIONES%202007/RES%202007%20501%20AL%20600/RESOLUCION%200518%20DE%202007.pdf HTTP/1.1" 200 285599
66.249.66.8 - - [14/Jul/2024:20:25:33 -0500] "GET /BLA/resoluciones/RESOLUCIONES%202007/RES%202007%201726%20AL%201800/RESOLUCION%201798%20DE%202007.pdf HTTP/1.1" 200 1184916
66.249.66.1 - - [14/Jul/2024:20:25:34 -0500] "GET /BLA/resoluciones/RESOLUCIONES%202007/RES%202007%20101%20AL%20200/RESOLUCION%200129%20%20DE%202007.pdf HTTP/1.1" 200 345673
66.249.66.8 - - [14/Jul/2024:20:25:34 -0500] "GET /BLA/resoluciones/RESOLUCIONES%202007/RES%202007%20501%20AL%20600/RESOLUCION%200577%20DE%202007.pdf HTTP/1.1" 200 318720
66.249.66.22 - - [14/Jul/2024:20:25:35 -0500] "GET /BLA/resoluciones/RESOLUCIONES%202007/RES%202007%20901%20AL%201000/RESOLUCION%200966%20DE%202007.pdf HTTP/1.1" 200 172209
66.249.66.5 - - [14/Jul/2024:20:25:35 -0500] "GET /BLA/resoluciones/RESOLUCIONES%202007/RES%202007%201726%20AL%201800/RESOLUCION%201788%20DE%202007.pdf HTTP/1.1" 200 1089988
66.249.66.20 - - [14/Jul/2024:20:25:36 -0500] "GET /BLA/resoluciones/RESOLUCIONES%202007/RES%202007%201501%20AL%201600/RESOLUCION%201543%20DE%202007.pdf HTTP/1.1" 200 656318
66.249.66.4 - - [14/Jul/2024:20:25:36 -0500] "GET /BLA/resoluciones/RESOLUCIONES%202007/RES%202007%20101%20AL%20200/RESOLUCION%200175%20DE%202007.pdf HTTP/1.1" 200 384903
66.249.66.3 - - [14/Jul/2024:20:25:37 -0500] "GET /BLA/resoluciones/RESOLUCIONES%202007/RES%202007%201501%20AL%201600/RESOLUCION%201573%20DE%202007.pdf HTTP/1.1" 200 744004
66.249.66.19 - - [14/Jul/2024:20:25:37 -0500] "GET /BLA/resoluciones/RESOLUCIONES%202007/RES%202007%20701%20AL%20800/RESOLUCION%200727%20DE%202007.pdf HTTP/1.1" 200 234922
66.249.66.22 - - [14/Jul/2024:20:25:38 -0500] "GET /BLA/resoluciones/RESOLUCIONES%202007/RES%202007%201201%20AL%201300/RESOLUCION%201235%20%20DE%202007.pdf HTTP/1.1" 200 191916
66.249.66.1 - - [14/Jul/2024:20:25:38 -0500] "GET /BLA/resoluciones/RESOLUCIONES%202007/RES%202007%201801%20AL%201900/RESOLUCION%201899%20DE%202007.pdf HTTP/1.1" 200 537867
66.249.66.21 - - [14/Jul/2024:20:25:38 -0500] "GET /BLA/resoluciones/RESOLUCIONES%202007/RES%202007%203701%20AL%203800/RESOLUCION%203734%20DE%202007.pdf HTTP/1.1" 200 517372
66.249.66.5 - - [14/Jul/2024:20:25:39 -0500] "GET /BLA/resoluciones/RESOLUCIONES%202007/RES%202007%201801%20AL%201900/RESOLUCION%201805%20DE%202007.pdf HTTP/1.1" 200 553065
66.249.66.1 - - [14/Jul/2024:20:25:39 -0500] "GET /BLA/resoluciones/RESOLUCIONES%202007/RES%202007%204301%20AL%204352/RESOLUCION%204316%20DE%202007.pdf HTTP/1.1" 200 162418
66.249.66.10 - - [14/Jul/2024:20:25:40 -0500] "GET /BLA/resoluciones/RESOLUCIONES%202007/RES%202007%201201%20AL%201300/RESOLUCION%201291%20DE%202007.pdf HTTP/1.1" 200 961550
66.249.66.20 - - [14/Jul/2024:20:25:41 -0500] "GET /BLA/resoluciones/RESOLUCIONES%202007/RES%202007%203401%20AL%203500/RESOLUCION%203433%20DE%202007.pdf HTTP/1.1" 200 672687
66.249.66.6 - - [14/Jul/2024:20:25:41 -0500] "GET /BLA/resoluciones/RESOLUCIONES%202007/RES%202007%20501%20AL%20600/RESOLUCION%200579%20DE%202007.pdf HTTP/1.1" 200 550669
66.249.66.15 - - [14/Jul/2024:20:25:41 -0500] "GET /BLA/resoluciones/RESOLUCIONES%202007/RES%202007%201726%20AL%201800/RESOLUCION%201796%20DE%202007.pdf HTTP/1.1" 200 1347535
66.249.66.15 - - [14/Jul/2024:20:25:42 -0500] "GET /BLA/resoluciones/RESOLUCIONES%202007/RES%202007%201201%20AL%201300/RESOLUCION%201243%20DE%202007.pdf HTTP/1.1" 200 533280
66.249.66.20 - - [14/Jul/2024:20:25:42 -0500] "GET /BLA/resoluciones/RESOLUCIONES%202007/RES%202007%20901%20AL%201000/RESOLUCION%200946%20DE%202007.pdf HTTP/1.1" 200 227121
66.249.66.3 - - [14/Jul/2024:20:25:43 -0500] "GET /BLA/resoluciones/RESOLUCIONES%202007/RES%202007%20801%20AL%20900/RESOLUCION%200867%20DE%202007.pdf HTTP/1.1" 200 697972
