191.156.177.213 - - [14/Jul/2024:14:49:57 -0500] "POST /sipse/faces/autenticacion.xhtml HTTP/1.1" 200 16385
191.156.187.250 - - [14/Jul/2024:14:49:58 -0500] "GET /sipse/faces/javax.faces.resource/primefaces.css?ln=primefaces&v=4.0 HTTP/1.1" 304 -
191.156.177.213 - - [14/Jul/2024:14:49:58 -0500] "GET /sipse/faces/javax.faces.resource/theme.css?ln=primefaces-sipse HTTP/1.1" 304 -
191.156.190.111 - - [14/Jul/2024:14:49:58 -0500] "GET /sipse/faces/javax.faces.resource/layout/layout.css?ln=primefaces&v=4.0 HTTP/1.1" 304 -
191.156.184.64 - - [14/Jul/2024:14:49:58 -0500] "GET /sipse/faces/javax.faces.resource/jquery/jquery.js?ln=primefaces&v=4.0 HTTP/1.1" 304 -
191.156.184.64 - - [14/Jul/2024:14:49:58 -0500] "GET /sipse/faces/javax.faces.resource/jquery/jquery-plugins.js?ln=primefaces&v=4.0 HTTP/1.1" 304 -
191.156.184.64 - - [14/Jul/2024:14:49:59 -0500] "GET /sipse/faces/javax.faces.resource/primefaces.js?ln=primefaces&v=4.0 HTTP/1.1" 304 -
191.156.184.64 - - [14/Jul/2024:14:49:59 -0500] "GET /sipse/faces/javax.faces.resource/layout/layout.js?ln=primefaces&v=4.0 HTTP/1.1" 304 -
191.156.184.64 - - [14/Jul/2024:14:50:02 -0500] "GET /sipse/css/imagen/contrasena.png HTTP/1.1" 404 383
201.245.192.253 - - [14/Jul/2024:14:50:03 -0500] "GET /kwsrmcab/Wsrmcab?wsdl HTTP/1.1" 200 6948
191.156.190.111 - - [14/Jul/2024:14:50:06 -0500] "GET /sipse/faces/javax.faces.resource/images/ui-bg_flat_0_2d5972_40x100.png?ln=primefaces-aristo HTTP/1.1" 304 -
191.156.187.250 - - [14/Jul/2024:14:50:06 -0500] "POST /sipse/faces/bienvenido.xhtml HTTP/1.1" 200 2658
172.22.2.4 - - [14/Jul/2024:14:48:35 -0500] "GET /BLA/boletinlegal/ HTTP/1.1" 200 57889
191.156.187.250 - - [14/Jul/2024:14:50:08 -0500] "POST /sipse/faces/bienvenido.xhtml HTTP/1.1" 200 65134
191.156.187.250 - - [14/Jul/2024:14:50:17 -0500] "GET /sipse/faces/javax.faces.resource/theme.css?ln=primefaces-sipse HTTP/1.1" 304 -
191.156.190.75 - - [14/Jul/2024:14:50:17 -0500] "GET /sipse/faces/javax.faces.resource/layout/layout.css?ln=primefaces&v=4.0 HTTP/1.1" 304 -
191.156.190.111 - - [14/Jul/2024:14:50:17 -0500] "GET /sipse/faces/javax.faces.resource/primefaces.css?ln=primefaces&v=4.0 HTTP/1.1" 304 -
191.156.187.250 - - [14/Jul/2024:14:50:17 -0500] "GET /sipse/faces/javax.faces.resource/jquery/jquery.js?ln=primefaces&v=4.0 HTTP/1.1" 304 -
191.156.187.250 - - [14/Jul/2024:14:50:17 -0500] "GET /sipse/faces/javax.faces.resource/jquery/jquery-plugins.js?ln=primefaces&v=4.0 HTTP/1.1" 304 -
191.156.187.250 - - [14/Jul/2024:14:50:18 -0500] "GET /sipse/faces/javax.faces.resource/primefaces.js?ln=primefaces&v=4.0 HTTP/1.1" 304 -
191.156.187.250 - - [14/Jul/2024:14:50:18 -0500] "GET /sipse/faces/javax.faces.resource/layout/layout.js?ln=primefaces&v=4.0 HTTP/1.1" 304 -
191.156.187.250 - - [14/Jul/2024:14:50:18 -0500] "POST /sipse/faces/presentacion/financiero/solicitudProceso/listarSolicitudProceso.xhtml HTTP/1.1" 200 1556
191.156.187.250 - - [14/Jul/2024:14:50:28 -0500] "POST /sipse/faces/presentacion/financiero/solicitudProceso/listarSolicitudProceso.xhtml HTTP/1.1" 200 59044
191.156.187.250 - - [14/Jul/2024:14:50:34 -0500] "GET /sipse/faces/javax.faces.resource/theme.css?ln=primefaces-sipse HTTP/1.1" 304 -
191.156.187.250 - - [14/Jul/2024:14:50:34 -0500] "GET /sipse/faces/javax.faces.resource/layout/layout.css?ln=primefaces&v=4.0 HTTP/1.1" 304 -
191.156.188.184 - - [14/Jul/2024:14:50:34 -0500] "GET /sipse/faces/javax.faces.resource/primefaces.css?ln=primefaces&v=4.0 HTTP/1.1" 304 -
191.156.181.255 - - [14/Jul/2024:14:50:34 -0500] "GET /sipse/faces/javax.faces.resource/jquery/jquery.js?ln=primefaces&v=4.0 HTTP/1.1" 304 -
191.156.187.250 - - [14/Jul/2024:14:50:34 -0500] "GET /sipse/faces/javax.faces.resource/jquery/jquery-plugins.js?ln=primefaces&v=4.0 HTTP/1.1" 304 -
191.156.187.250 - - [14/Jul/2024:14:50:34 -0500] "GET /sipse/faces/javax.faces.resource/primefaces.js?ln=primefaces&v=4.0 HTTP/1.1" 304 -
191.156.187.250 - - [14/Jul/2024:14:50:34 -0500] "GET /sipse/faces/javax.faces.resource/layout/layout.js?ln=primefaces&v=4.0 HTTP/1.1" 304 -
201.245.192.253 - - [14/Jul/2024:14:50:39 -0500] "POST /kwsrmcab/Wsrmcab  HTTP/1.1" 200 38712
201.245.192.253 - - [14/Jul/2024:14:51:03 -0500] "GET /kwsrmcab/Wsrmcab?wsdl HTTP/1.1" 200 6948
191.156.184.64 - - [14/Jul/2024:14:51:03 -0500] "POST /sipse/faces/presentacion/financiero/solicitudProceso/crearModificarSolicitudProceso.xhtml HTTP/1.1" 200 51784
191.156.184.64 - - [14/Jul/2024:14:51:15 -0500] "POST /sipse/faces/presentacion/financiero/solicitudProceso/crearModificarSolicitudProceso.xhtml HTTP/1.1" 200 25141
191.156.184.64 - - [14/Jul/2024:14:51:25 -0500] "POST /sipse/faces/presentacion/financiero/solicitudProceso/crearModificarSolicitudProceso.xhtml HTTP/1.1" 200 6295
66.249.66.21 - - [14/Jul/2024:14:51:28 -0500] "GET /BLA/boletinlegal/Circulares/2024/CIRCULAR%20No.%2000001%20DEL%2011%20DE%20ENERO%20DEL%202024.pdf HTTP/1.1" 200 298890
66.249.66.21 - - [14/Jul/2024:14:51:29 -0500] "GET /BLA/boletinlegal/Directivas/2018/Directiva%20No.%2027%20del%2028%20de%20diciembre%20de%202018.pdf HTTP/1.1" 200 2831879
66.249.66.21 - - [14/Jul/2024:14:51:29 -0500] "GET /BLA/resoluciones/AUTOS%202020/3208.pdf HTTP/1.1" 200 379445
66.249.66.19 - - [14/Jul/2024:14:51:30 -0500] "GET /BLA/boletinlegal/jurisprudencia/analisis/AnalisisT-146-16.docx HTTP/1.1" 200 23021
191.156.184.64 - - [14/Jul/2024:14:51:33 -0500] "POST /sipse/faces/presentacion/financiero/solicitudProceso/crearModificarSolicitudProceso.xhtml HTTP/1.1" 200 9544
47.128.61.23 - - [14/Jul/2024:14:51:31 -0500] "GET /BLA/resoluciones/AUTOS%202021/0245.php?act=f&base64=1&d=E%3A%5Cnuevo%5Chtdocs%5CBLA%5Cresoluciones%5CAUTOS+2021%5C&f=1780.pdf&ft=info HTTP/1.1" 200 339526
201.245.192.253 - - [14/Jul/2024:14:52:03 -0500] "GET /kwsrmcab/Wsrmcab?wsdl HTTP/1.1" 200 6948
191.156.190.111 - - [14/Jul/2024:14:52:19 -0500] "POST /sipse/faces/presentacion/financiero/solicitudProceso/crearModificarSolicitudProceso.xhtml HTTP/1.1" 200 7342
66.249.66.20 - - [14/Jul/2024:14:52:30 -0500] "GET /BLA/resoluciones/AUTOS%202008/0831.pdf HTTP/1.1" 200 284318
149.50.103.48 - - [14/Jul/2024:14:52:58 -0500] "GET / HTTP/1.1" 200 319
201.245.192.253 - - [14/Jul/2024:14:53:03 -0500] "GET /kwsrmcab/Wsrmcab?wsdl HTTP/1.1" 200 6948
156.59.198.136 - - [14/Jul/2024:14:53:57 -0500] "GET /BLA/resoluciones/AUTOS%202021/%3C?php%20echo%20esc_url(%20$url%20);%20?%3E HTTP/1.0" 403 1006
201.245.192.253 - - [14/Jul/2024:14:54:03 -0500] "GET /kwsrmcab/Wsrmcab?wsdl HTTP/1.1" 200 6948
156.59.198.136 - - [14/Jul/2024:14:54:07 -0500] "GET /BLA/resoluciones/AUTOS%202021/img/blank.gif HTTP/1.0" 404 1018
156.59.198.136 - - [14/Jul/2024:14:54:17 -0500] "GET /BLA/resoluciones/AUTOS%202021/Image6 HTTP/1.0" 404 1018
156.59.198.135 - - [14/Jul/2024:14:54:28 -0500] "GET /BLA/resoluciones/AUTOS%202021/0245.php?act=f&f=3380.pdf&ft=img&white=1&d=E%3A%5Cnuevo%5Chtdocs%5CBLA%5Cresoluciones%5CAUTOS+2021%5C HTTP/1.0" 200 393953
216.245.221.92 - - [14/Jul/2024:14:54:39 -0500] "HEAD / HTTP/1.1" 200 -
156.59.198.135 - - [14/Jul/2024:14:54:42 -0500] "GET /BLA/resoluciones/AUTOS%202021/0245.php?act=f&f=0848.pdf&ft=img&white=1&d=E%3A%5Cnuevo%5Chtdocs%5CBLA%5Cresoluciones%5CAUTOS+2021%5C HTTP/1.0" 200 342740
156.59.198.136 - - [14/Jul/2024:14:54:52 -0500] "GET /BLA/resoluciones/AUTOS%202021/%3C?act=img&img=ext_html HTTP/1.0" 403 1006
156.59.198.136 - - [14/Jul/2024:14:55:02 -0500] "GET /BLA/resoluciones/AUTOS%202021/%3C?php%20echo%20$theme[%27screenshot%27][0];%20?%3E HTTP/1.0" 403 1006
201.245.192.253 - - [14/Jul/2024:14:55:03 -0500] "GET /kwsrmcab/Wsrmcab?wsdl HTTP/1.1" 200 6948
191.156.188.184 - - [14/Jul/2024:14:55:06 -0500] "GET /sipse/faces/javax.faces.resource/theme.css?ln=primefaces-sipse HTTP/1.1" 304 -
191.156.183.165 - - [14/Jul/2024:14:55:06 -0500] "GET /sipse/faces/javax.faces.resource/layout/layout.css?ln=primefaces&v=4.0 HTTP/1.1" 304 -
191.156.190.111 - - [14/Jul/2024:14:55:06 -0500] "GET /sipse/faces/javax.faces.resource/primefaces.css?ln=primefaces&v=4.0 HTTP/1.1" 304 -
191.156.183.165 - - [14/Jul/2024:14:55:06 -0500] "GET /sipse/faces/javax.faces.resource/jquery/jquery-plugins.js?ln=primefaces&v=4.0 HTTP/1.1" 304 -
191.156.190.111 - - [14/Jul/2024:14:55:06 -0500] "GET /sipse/faces/javax.faces.resource/jquery/jquery.js?ln=primefaces&v=4.0 HTTP/1.1" 304 -
191.156.188.184 - - [14/Jul/2024:14:55:06 -0500] "GET /sipse/faces/javax.faces.resource/primefaces.js?ln=primefaces&v=4.0 HTTP/1.1" 304 -
191.156.187.250 - - [14/Jul/2024:14:55:06 -0500] "GET /sipse/faces/javax.faces.resource/layout/layout.js?ln=primefaces&v=4.0 HTTP/1.1" 304 -
191.156.190.75 - - [14/Jul/2024:14:55:06 -0500] "POST /sipse/faces/presentacion/financiero/solicitudProceso/crearModificarSolicitudProceso.xhtml HTTP/1.1" 200 81815
156.59.198.135 - - [14/Jul/2024:14:55:13 -0500] "GET /BLA/resoluciones/AUTOS%202021/%3C?php%20echo%20$includeurl;%20?%3Edlf/%3C?php%20echo%20$icon;?%3E HTTP/1.0" 403 1006
172.22.2.4 - - [14/Jul/2024:14:53:34 -0500] "HEAD /BLA/boletinlegal/ HTTP/1.1" 200 -
156.59.198.136 - - [14/Jul/2024:14:55:24 -0500] "GET /BLA/resoluciones/AUTOS%202021/%3C?act=img&img=ext_gif HTTP/1.0" 403 1006
191.156.187.250 - - [14/Jul/2024:14:55:30 -0500] "GET /sipse/faces/javax.faces.resource/theme.css?ln=primefaces-sipse HTTP/1.1" 304 -
191.156.187.250 - - [14/Jul/2024:14:55:30 -0500] "GET /sipse/faces/javax.faces.resource/primefaces.css?ln=primefaces&v=4.0 HTTP/1.1" 304 -
191.156.184.64 - - [14/Jul/2024:14:55:30 -0500] "GET /sipse/faces/javax.faces.resource/jquery/jquery.js?ln=primefaces&v=4.0 HTTP/1.1" 304 -
191.156.190.75 - - [14/Jul/2024:14:55:30 -0500] "GET /sipse/faces/javax.faces.resource/layout/layout.css?ln=primefaces&v=4.0 HTTP/1.1" 304 -
191.156.187.250 - - [14/Jul/2024:14:55:30 -0500] "GET /sipse/faces/javax.faces.resource/jquery/jquery-plugins.js?ln=primefaces&v=4.0 HTTP/1.1" 304 -
191.156.187.250 - - [14/Jul/2024:14:55:30 -0500] "GET /sipse/faces/javax.faces.resource/primefaces.js?ln=primefaces&v=4.0 HTTP/1.1" 304 -
191.156.190.75 - - [14/Jul/2024:14:55:30 -0500] "GET /sipse/faces/javax.faces.resource/layout/layout.js?ln=primefaces&v=4.0 HTTP/1.1" 304 -
191.156.190.75 - - [14/Jul/2024:14:55:30 -0500] "POST /sipse/faces/presentacion/financiero/solicitudProceso/crearModificarSolicitudProceso.xhtml HTTP/1.1" 200 24616
156.59.198.135 - - [14/Jul/2024:14:55:34 -0500] "GET /BLA/resoluciones/AUTOS%202021/default.bmp HTTP/1.0" 404 1018
201.245.192.253 - - [14/Jul/2024:14:55:39 -0500] "POST /kwsrmcab/Wsrmcab  HTTP/1.1" 200 38712
156.59.198.136 - - [14/Jul/2024:14:55:44 -0500] "GET /BLA/resoluciones/AUTOS%202021/'%20.%20esc_url(%20$thumb_url[0]%20)%20.%20' HTTP/1.0" 404 1018
156.59.198.136 - - [14/Jul/2024:14:55:54 -0500] "GET /BLA/resoluciones/AUTOS%202021/images/serv_07.jpg HTTP/1.0" 404 1018
201.245.192.253 - - [14/Jul/2024:14:56:03 -0500] "GET /kwsrmcab/Wsrmcab?wsdl HTTP/1.1" 200 6948
156.59.198.135 - - [14/Jul/2024:14:56:05 -0500] "GET /%22$row- HTTP/1.0" 403 1006
172.22.2.4 - - [14/Jul/2024:14:54:25 -0500] "GET /BLA/boletinlegal/ HTTP/1.1" 200 52358
156.59.198.136 - - [14/Jul/2024:14:56:15 -0500] "GET /BLA/resoluciones/AUTOS%202021/0245.php?act=f&f=1446.pdf&ft=img&white=1&d=E%3A%5Cnuevo%5Chtdocs%5CBLA%5Cresoluciones%5CAUTOS+2021%5C HTTP/1.0" 200 778477
156.59.198.136 - - [14/Jul/2024:14:56:25 -0500] "GET /BLA/resoluciones/AUTOS%202021/Imagenes/imagen_03.jpg HTTP/1.0" 404 1018
191.156.182.86 - - [14/Jul/2024:14:56:30 -0500] "POST /sipse/faces/presentacion/financiero/solicitudProyectoActividad/asociarProyectoSolicitud.xhtml HTTP/1.1" 200 6631
191.156.182.86 - - [14/Jul/2024:14:56:36 -0500] "POST /sipse/faces/presentacion/financiero/solicitudProyectoActividad/asociarProyectoSolicitud.xhtml HTTP/1.1" 200 1704
156.59.198.136 - - [14/Jul/2024:14:56:37 -0500] "GET /BLA/resoluciones/AUTOS%202021/$src HTTP/1.0" 404 1018
191.156.182.86 - - [14/Jul/2024:14:56:38 -0500] "POST /sipse/faces/presentacion/financiero/solicitudProyectoActividad/asociarProyectoSolicitud.xhtml HTTP/1.1" 200 74153
191.156.182.86 - - [14/Jul/2024:14:56:41 -0500] "GET /sipse/faces/javax.faces.resource/theme.css?ln=primefaces-sipse HTTP/1.1" 304 -
191.156.182.86 - - [14/Jul/2024:14:56:41 -0500] "GET /sipse/faces/javax.faces.resource/jquery/jquery.js?ln=primefaces&v=4.0 HTTP/1.1" 304 -
191.156.186.141 - - [14/Jul/2024:14:56:42 -0500] "GET /sipse/faces/javax.faces.resource/primefaces.css?ln=primefaces&v=4.0 HTTP/1.1" 304 -
191.156.182.86 - - [14/Jul/2024:14:56:42 -0500] "GET /sipse/faces/javax.faces.resource/layout/layout.css?ln=primefaces&v=4.0 HTTP/1.1" 304 -
191.156.182.86 - - [14/Jul/2024:14:56:42 -0500] "GET /sipse/faces/javax.faces.resource/jquery/jquery-plugins.js?ln=primefaces&v=4.0 HTTP/1.1" 304 -
191.156.182.86 - - [14/Jul/2024:14:56:42 -0500] "GET /sipse/faces/javax.faces.resource/primefaces.js?ln=primefaces&v=4.0 HTTP/1.1" 304 -
191.156.182.86 - - [14/Jul/2024:14:56:42 -0500] "GET /sipse/faces/javax.faces.resource/layout/layout.js?ln=primefaces&v=4.0 HTTP/1.1" 304 -
156.59.198.135 - - [14/Jul/2024:14:56:48 -0500] "GET /BLA/resoluciones/AUTOS%202021/0245.php?act=f&f=6402.pdf&ft=img&white=1&d=E%3A%5Cnuevo%5Chtdocs%5CBLA%5Cresoluciones%5CAUTOS+2021%5C HTTP/1.0" 200 357123
191.156.182.86 - - [14/Jul/2024:14:56:51 -0500] "POST /sipse/faces/presentacion/financiero/solicitudProyectoActividad/asociarActividadSolicitud.xhtml HTTP/1.1" 200 59816
156.59.198.135 - - [14/Jul/2024:14:56:58 -0500] "GET /BLA/resoluciones/AUTOS%202021/0245.php?act=f&f=0868.pdf&ft=img&white=1&d=E%3A%5Cnuevo%5Chtdocs%5CBLA%5Cresoluciones%5CRESOLUCIONES+2000%5C HTTP/1.0" 200 58032
191.156.182.86 - - [14/Jul/2024:14:56:59 -0500] "GET /sipse/faces/javax.faces.resource/images/ui-icons_898989_256x240.png?ln=primefaces-aristo HTTP/1.1" 304 -
201.245.192.253 - - [14/Jul/2024:14:57:03 -0500] "GET /kwsrmcab/Wsrmcab?wsdl HTTP/1.1" 200 6948
191.156.182.86 - - [14/Jul/2024:14:57:02 -0500] "POST /sipse/faces/presentacion/financiero/solicitudProyectoActividad/asociarActividadSolicitud.xhtml HTTP/1.1" 200 20033
191.156.182.86 - - [14/Jul/2024:14:57:05 -0500] "GET /sipse/faces/javax.faces.resource/theme.css?ln=primefaces-sipse HTTP/1.1" 304 -
191.156.184.64 - - [14/Jul/2024:14:57:05 -0500] "GET /sipse/faces/javax.faces.resource/primefaces.css?ln=primefaces&v=4.0 HTTP/1.1" 304 -
191.156.182.86 - - [14/Jul/2024:14:57:05 -0500] "GET /sipse/faces/javax.faces.resource/jquery/jquery.js?ln=primefaces&v=4.0 HTTP/1.1" 304 -
191.156.182.86 - - [14/Jul/2024:14:57:05 -0500] "GET /sipse/faces/javax.faces.resource/layout/layout.css?ln=primefaces&v=4.0 HTTP/1.1" 304 -
191.156.182.86 - - [14/Jul/2024:14:57:05 -0500] "GET /sipse/faces/javax.faces.resource/jquery/jquery-plugins.js?ln=primefaces&v=4.0 HTTP/1.1" 304 -
191.156.182.86 - - [14/Jul/2024:14:57:05 -0500] "GET /sipse/faces/javax.faces.resource/primefaces.js?ln=primefaces&v=4.0 HTTP/1.1" 304 -
191.156.182.86 - - [14/Jul/2024:14:57:05 -0500] "GET /sipse/faces/javax.faces.resource/layout/layout.js?ln=primefaces&v=4.0 HTTP/1.1" 304 -
156.59.198.135 - - [14/Jul/2024:14:57:09 -0500] "GET /BLA/resoluciones/AUTOS%202021/0245.php?act=f&f=2448.pdf&ft=img&white=1&d=E%3A%5Cnuevo%5Chtdocs%5CBLA%5Cresoluciones%5CAUTOS+2021%5C HTTP/1.0" 200 393688
156.59.198.136 - - [14/Jul/2024:14:57:20 -0500] "GET /BLA/resoluciones/AUTOS%202021/0245.php?act=f&f=5821.pdf&ft=img&white=1&d=E%3A%5Cnuevo%5Chtdocs%5CBLA%5Cresoluciones%5CAUTOS+2021%5C HTTP/1.0" 200 604275
191.156.182.86 - - [14/Jul/2024:14:57:26 -0500] "GET /sipse/faces/javax.faces.resource/theme.css?ln=primefaces-sipse HTTP/1.1" 304 -
191.156.190.75 - - [14/Jul/2024:14:57:26 -0500] "GET /sipse/faces/javax.faces.resource/jquery/jquery.js?ln=primefaces&v=4.0 HTTP/1.1" 304 -
191.156.183.165 - - [14/Jul/2024:14:57:26 -0500] "GET /sipse/faces/javax.faces.resource/layout/layout.css?ln=primefaces&v=4.0 HTTP/1.1" 304 -
191.156.182.86 - - [14/Jul/2024:14:57:26 -0500] "GET /sipse/faces/javax.faces.resource/primefaces.css?ln=primefaces&v=4.0 HTTP/1.1" 304 -
191.156.190.111 - - [14/Jul/2024:14:57:26 -0500] "GET /sipse/faces/javax.faces.resource/jquery/jquery-plugins.js?ln=primefaces&v=4.0 HTTP/1.1" 304 -
191.156.182.86 - - [14/Jul/2024:14:57:26 -0500] "GET /sipse/faces/javax.faces.resource/layout/layout.js?ln=primefaces&v=4.0 HTTP/1.1" 304 -
191.156.183.165 - - [14/Jul/2024:14:57:26 -0500] "GET /sipse/faces/javax.faces.resource/primefaces.js?ln=primefaces&v=4.0 HTTP/1.1" 304 -
191.156.177.213 - - [14/Jul/2024:14:57:25 -0500] "POST /sipse/faces/presentacion/financiero/solicitudProyectoActividad/asociarFuentesSolicitud.xhtml HTTP/1.1" 200 82184
66.249.66.19 - - [14/Jul/2024:14:57:31 -0500] "GET /BLA/resoluciones/RESOLUCIONES%202010/7772.pdf HTTP/1.1" 304 -
156.59.198.135 - - [14/Jul/2024:14:57:31 -0500] "GET /BLA/resoluciones/AUTOS%202021/%3C?php%20echo%20$includeurl;%20?%3Edlf/dirup.png HTTP/1.0" 403 1006
191.156.182.86 - - [14/Jul/2024:14:57:34 -0500] "GET /sipse/faces/javax.faces.resource/theme.css?ln=primefaces-sipse HTTP/1.1" 304 -
191.156.183.165 - - [14/Jul/2024:14:57:34 -0500] "GET /sipse/faces/javax.faces.resource/primefaces.css?ln=primefaces&v=4.0 HTTP/1.1" 304 -
191.156.182.86 - - [14/Jul/2024:14:57:34 -0500] "GET /sipse/faces/javax.faces.resource/layout/layout.css?ln=primefaces&v=4.0 HTTP/1.1" 304 -
191.156.182.86 - - [14/Jul/2024:14:57:34 -0500] "GET /sipse/faces/javax.faces.resource/jquery/jquery-plugins.js?ln=primefaces&v=4.0 HTTP/1.1" 304 -
191.156.182.86 - - [14/Jul/2024:14:57:34 -0500] "GET /sipse/faces/javax.faces.resource/primefaces.js?ln=primefaces&v=4.0 HTTP/1.1" 304 -
191.156.183.165 - - [14/Jul/2024:14:57:34 -0500] "GET /sipse/faces/javax.faces.resource/jquery/jquery.js?ln=primefaces&v=4.0 HTTP/1.1" 304 -
191.156.183.165 - - [14/Jul/2024:14:57:34 -0500] "GET /sipse/faces/javax.faces.resource/layout/layout.js?ln=primefaces&v=4.0 HTTP/1.1" 304 -
191.156.177.213 - - [14/Jul/2024:14:57:32 -0500] "POST /sipse/faces/presentacion/financiero/solicitudProceso/crearModificarSolicitudProceso.xhtml HTTP/1.1" 200 45553
156.59.198.136 - - [14/Jul/2024:14:57:42 -0500] "GET /BLA/resoluciones/AUTOS%202021/0245.php?act=f&f=1542.pdf&ft=img&white=1&d=E%3A%5Cnuevo%5Chtdocs%5CBLA%5Cresoluciones%5CAUTOS+2021%5C HTTP/1.0" 200 770880
191.156.177.213 - - [14/Jul/2024:14:57:45 -0500] "POST /sipse/faces/presentacion/financiero/solicitudBienServicio/asociarBienServicioSolicitud.xhtml HTTP/1.1" 200 2720
156.59.198.136 - - [14/Jul/2024:14:57:52 -0500] "GET /BLA/resoluciones/AUTOS%202021/0245.php?act=f&f=2147.pdf&ft=img&white=1&d=E%3A%5Cnuevo%5Chtdocs%5CBLA%5Cresoluciones%5CAUTOS+2021%5C HTTP/1.0" 200 393274
191.156.177.213 - - [14/Jul/2024:14:57:53 -0500] "POST /sipse/faces/presentacion/financiero/solicitudBienServicio/asociarBienServicioSolicitud.xhtml HTTP/1.1" 200 77948
191.156.177.213 - - [14/Jul/2024:14:57:57 -0500] "GET /sipse/faces/javax.faces.resource/theme.css?ln=primefaces-sipse HTTP/1.1" 304 -
191.156.177.213 - - [14/Jul/2024:14:57:57 -0500] "GET /sipse/faces/javax.faces.resource/primefaces.css?ln=primefaces&v=4.0 HTTP/1.1" 304 -
191.156.186.141 - - [14/Jul/2024:14:57:57 -0500] "GET /sipse/faces/javax.faces.resource/jquery/jquery.js?ln=primefaces&v=4.0 HTTP/1.1" 304 -
191.156.186.141 - - [14/Jul/2024:14:57:57 -0500] "GET /sipse/faces/javax.faces.resource/layout/layout.css?ln=primefaces&v=4.0 HTTP/1.1" 304 -
191.156.177.213 - - [14/Jul/2024:14:57:57 -0500] "GET /sipse/faces/javax.faces.resource/jquery/jquery-plugins.js?ln=primefaces&v=4.0 HTTP/1.1" 304 -
191.156.177.213 - - [14/Jul/2024:14:57:58 -0500] "GET /sipse/faces/javax.faces.resource/primefaces.js?ln=primefaces&v=4.0 HTTP/1.1" 304 -
191.156.177.213 - - [14/Jul/2024:14:57:59 -0500] "GET /sipse/faces/javax.faces.resource/layout/layout.js?ln=primefaces&v=4.0 HTTP/1.1" 304 -
156.59.198.136 - - [14/Jul/2024:14:58:03 -0500] "GET /BLA/resoluciones/AUTOS%202021/'%20.%20$GLOBALS['pmaThemeImage']%20.%20'spacer.png HTTP/1.0" 404 1018
201.245.192.253 - - [14/Jul/2024:14:58:03 -0500] "GET /kwsrmcab/Wsrmcab?wsdl HTTP/1.1" 200 6948
191.156.177.213 - - [14/Jul/2024:14:58:02 -0500] "POST /sipse/faces/presentacion/financiero/solicitudProceso/crearModificarSolicitudProceso.xhtml HTTP/1.1" 200 65589
191.156.186.141 - - [14/Jul/2024:14:58:09 -0500] "GET /sipse/faces/javax.faces.resource/primefaces.css?ln=primefaces&v=4.0 HTTP/1.1" 304 -
191.156.177.213 - - [14/Jul/2024:14:58:09 -0500] "GET /sipse/faces/javax.faces.resource/theme.css?ln=primefaces-sipse HTTP/1.1" 304 -
191.156.183.165 - - [14/Jul/2024:14:58:09 -0500] "GET /sipse/faces/javax.faces.resource/jquery/jquery.js?ln=primefaces&v=4.0 HTTP/1.1" 304 -
191.156.177.137 - - [14/Jul/2024:14:58:09 -0500] "GET /sipse/faces/javax.faces.resource/layout/layout.css?ln=primefaces&v=4.0 HTTP/1.1" 304 -
191.156.183.165 - - [14/Jul/2024:14:58:09 -0500] "GET /sipse/faces/javax.faces.resource/jquery/jquery-plugins.js?ln=primefaces&v=4.0 HTTP/1.1" 304 -
191.156.183.165 - - [14/Jul/2024:14:58:10 -0500] "GET /sipse/faces/javax.faces.resource/primefaces.js?ln=primefaces&v=4.0 HTTP/1.1" 304 -
191.156.183.165 - - [14/Jul/2024:14:58:10 -0500] "GET /sipse/faces/javax.faces.resource/layout/layout.js?ln=primefaces&v=4.0 HTTP/1.1" 304 -
191.156.183.165 - - [14/Jul/2024:14:58:10 -0500] "POST /sipse/faces/presentacion/financiero/solicitudProceso/listarSolicitudProceso.xhtml HTTP/1.1" 200 1556
156.59.198.135 - - [14/Jul/2024:14:58:14 -0500] "GET /BLA/resoluciones/AUTOS%202021/'%20.%20$item[6]%20.%20' HTTP/1.0" 404 1018
191.156.186.141 - - [14/Jul/2024:14:58:16 -0500] "GET /sipse/faces/javax.faces.resource/layout/layout.css?ln=primefaces&v=4.0 HTTP/1.1" 304 -
191.156.177.213 - - [14/Jul/2024:14:58:16 -0500] "GET /sipse/faces/javax.faces.resource/theme.css?ln=primefaces-sipse HTTP/1.1" 304 -
191.156.177.137 - - [14/Jul/2024:14:58:16 -0500] "GET /sipse/faces/javax.faces.resource/primefaces.css?ln=primefaces&v=4.0 HTTP/1.1" 304 -
191.156.186.141 - - [14/Jul/2024:14:58:16 -0500] "GET /sipse/faces/javax.faces.resource/primefaces.js?ln=primefaces&v=4.0 HTTP/1.1" 304 -
191.156.178.191 - - [14/Jul/2024:14:58:16 -0500] "GET /sipse/faces/javax.faces.resource/jquery/jquery.js?ln=primefaces&v=4.0 HTTP/1.1" 304 -
191.156.177.213 - - [14/Jul/2024:14:58:16 -0500] "GET /sipse/faces/javax.faces.resource/jquery/jquery-plugins.js?ln=primefaces&v=4.0 HTTP/1.1" 304 -
191.156.177.137 - - [14/Jul/2024:14:58:16 -0500] "GET /sipse/faces/javax.faces.resource/layout/layout.js?ln=primefaces&v=4.0 HTTP/1.1" 304 -
191.156.183.165 - - [14/Jul/2024:14:58:15 -0500] "GET /sipse/faces/presentacion/financiero/solicitudProceso/crearModificarSolicitudProceso.xhtml HTTP/1.1" 200 83462
114.119.132.238 - - [14/Jul/2024:14:58:20 -0500] "GET /BLA/resoluciones/index.php?dir=AUTOS%2B1997/&sort=size&order=desc HTTP/1.1" 200 14290
156.59.198.135 - - [14/Jul/2024:14:58:25 -0500] "GET /BLA/resoluciones/AUTOS%202021/0245.php?act=f&f=4492.pdf&ft=img&white=1&d=E%3A%5Cnuevo%5Chtdocs%5CBLA%5Cresoluciones%5CAUTOS+2021%5C HTTP/1.0" 200 566311
181.176.43.250 - - [14/Jul/2024:14:58:29 -0500] "GET /BLA/resoluciones/AUTOS%202018/0633.pdf HTTP/1.1" 200 313962
156.59.198.135 - - [14/Jul/2024:14:58:35 -0500] "GET /BLA/resoluciones/AUTOS%202021/%3C?act=img&img=ext_ini HTTP/1.0" 403 1006
156.59.198.135 - - [14/Jul/2024:14:58:46 -0500] "GET /BLA/resoluciones/AUTOS%202021/0245.php?act=f&f=0266.pdf&ft=img&white=1&d=E%3A%5Cnuevo%5Chtdocs%5CBLA%5Cresoluciones%5CAUTOS+2021%5C HTTP/1.0" 200 331150
201.245.192.253 - - [14/Jul/2024:14:59:03 -0500] "GET /kwsrmcab/Wsrmcab?wsdl HTTP/1.1" 200 6948
156.59.198.136 - - [14/Jul/2024:14:59:06 -0500] "GET /BLA/resoluciones/AUTOS%202021/dlf/trans.gif HTTP/1.0" 404 1018
156.59.198.136 - - [14/Jul/2024:14:59:18 -0500] "GET /BLA/resoluciones/AUTOS%202021/'%20.%20set_url_scheme(%20$header_thumbnail%20)%20.%20' HTTP/1.0" 404 1018
156.59.198.136 - - [14/Jul/2024:14:59:28 -0500] "GET /BLA/resoluciones/AUTOS%202021/images/serv_03.jpg HTTP/1.0" 404 1018
216.245.221.92 - - [14/Jul/2024:14:59:39 -0500] "HEAD / HTTP/1.1" 200 -
156.59.198.136 - - [14/Jul/2024:14:59:40 -0500] "GET /BLA/resoluciones/AUTOS%202021/0245.php?act=f&f=2057.pdf&ft=img&white=1&d=E%3A%5Cnuevo%5Chtdocs%5CBLA%5Cresoluciones%5CAUTOS+2021%5C HTTP/1.0" 200 352639
191.156.177.137 - - [14/Jul/2024:14:59:42 -0500] "POST /sipse/faces/presentacion/financiero/solicitudProceso/crearModificarSolicitudProceso.xhtml HTTP/1.1" 200 65134
191.156.177.137 - - [14/Jul/2024:14:59:49 -0500] "GET /sipse/faces/javax.faces.resource/primefaces.css?ln=primefaces&v=4.0 HTTP/1.1" 304 -
191.156.177.137 - - [14/Jul/2024:14:59:49 -0500] "GET /sipse/faces/javax.faces.resource/theme.css?ln=primefaces-sipse HTTP/1.1" 304 -
191.156.181.255 - - [14/Jul/2024:14:59:49 -0500] "GET /sipse/faces/javax.faces.resource/jquery/jquery.js?ln=primefaces&v=4.0 HTTP/1.1" 304 -
191.156.184.64 - - [14/Jul/2024:14:59:49 -0500] "GET /sipse/faces/javax.faces.resource/layout/layout.css?ln=primefaces&v=4.0 HTTP/1.1" 304 -
191.156.181.255 - - [14/Jul/2024:14:59:50 -0500] "GET /sipse/faces/javax.faces.resource/jquery/jquery-plugins.js?ln=primefaces&v=4.0 HTTP/1.1" 304 -
191.156.181.255 - - [14/Jul/2024:14:59:50 -0500] "GET /sipse/faces/javax.faces.resource/primefaces.js?ln=primefaces&v=4.0 HTTP/1.1" 304 -
191.156.181.255 - - [14/Jul/2024:14:59:50 -0500] "GET /sipse/faces/javax.faces.resource/layout/layout.js?ln=primefaces&v=4.0 HTTP/1.1" 304 -
156.59.198.135 - - [14/Jul/2024:14:59:50 -0500] "GET /BLA/resoluciones/AUTOS%202021/images/read.jpg HTTP/1.0" 404 1018
191.156.177.137 - - [14/Jul/2024:14:59:50 -0500] "POST /sipse/faces/presentacion/financiero/solicitudProceso/listarSolicitudProceso.xhtml HTTP/1.1" 200 1556
191.156.177.137 - - [14/Jul/2024:14:59:54 -0500] "POST /sipse/faces/presentacion/financiero/solicitudProceso/listarSolicitudProceso.xhtml HTTP/1.1" 200 59044
191.156.177.137 - - [14/Jul/2024:14:59:59 -0500] "GET /sipse/faces/javax.faces.resource/theme.css?ln=primefaces-sipse HTTP/1.1" 304 -
191.156.181.255 - - [14/Jul/2024:14:59:59 -0500] "GET /sipse/faces/javax.faces.resource/primefaces.css?ln=primefaces&v=4.0 HTTP/1.1" 304 -
191.156.184.64 - - [14/Jul/2024:14:59:59 -0500] "GET /sipse/faces/javax.faces.resource/layout/layout.css?ln=primefaces&v=4.0 HTTP/1.1" 304 -
191.156.177.137 - - [14/Jul/2024:14:59:59 -0500] "GET /sipse/faces/javax.faces.resource/jquery/jquery.js?ln=primefaces&v=4.0 HTTP/1.1" 304 -
191.156.177.137 - - [14/Jul/2024:14:59:59 -0500] "GET /sipse/faces/javax.faces.resource/jquery/jquery-plugins.js?ln=primefaces&v=4.0 HTTP/1.1" 304 -
191.156.177.137 - - [14/Jul/2024:14:59:59 -0500] "GET /sipse/faces/javax.faces.resource/primefaces.js?ln=primefaces&v=4.0 HTTP/1.1" 304 -
191.156.177.137 - - [14/Jul/2024:14:59:59 -0500] "GET /sipse/faces/javax.faces.resource/layout/layout.js?ln=primefaces&v=4.0 HTTP/1.1" 304 -
156.59.198.135 - - [14/Jul/2024:15:00:01 -0500] "GET /BLA/resoluciones/AUTOS%202021/img/bitnami-xampp.png HTTP/1.0" 404 1018
201.245.192.253 - - [14/Jul/2024:15:00:03 -0500] "GET /kwsrmcab/Wsrmcab?wsdl HTTP/1.1" 200 6948
156.59.198.135 - - [14/Jul/2024:15:00:11 -0500] "GET /BLA/resoluciones/AUTOS%202021/%3C?php%20echo%20$includeurl;%20?%3Edlf/folder.png HTTP/1.0" 403 1006
191.156.177.137 - - [14/Jul/2024:15:00:05 -0500] "POST /sipse/faces/presentacion/financiero/solicitudProceso/crearModificarSolicitudProceso.xhtml HTTP/1.1" 200 51784
191.156.177.137 - - [14/Jul/2024:15:00:17 -0500] "POST /sipse/faces/presentacion/financiero/solicitudProceso/crearModificarSolicitudProceso.xhtml HTTP/1.1" 200 25141
156.59.198.135 - - [14/Jul/2024:15:00:22 -0500] "GET /BLA/resoluciones/AUTOS%202021/bearRmt.png HTTP/1.0" 404 1018
191.156.177.137 - - [14/Jul/2024:15:00:31 -0500] "POST /sipse/faces/presentacion/financiero/solicitudProceso/crearModificarSolicitudProceso.xhtml HTTP/1.1" 200 6295
156.59.198.135 - - [14/Jul/2024:15:00:32 -0500] "GET /BLA/resoluciones/AUTOS%202021/'%20.%20esc_url(%20$data-%3Eurl%20)%20.%20' HTTP/1.0" 403 1006
191.156.177.137 - - [14/Jul/2024:15:00:38 -0500] "POST /sipse/faces/presentacion/financiero/solicitudProceso/crearModificarSolicitudProceso.xhtml HTTP/1.1" 200 9544
66.249.66.19 - - [14/Jul/2024:15:00:41 -0500] "GET /BLA/resoluciones/RESOLUCIONES%202022/2378.pdf HTTP/1.1" 200 864413
156.59.198.136 - - [14/Jul/2024:15:00:42 -0500] "GET /BLA/resoluciones/AUTOS%202021/%7B%7B%20data.theme.screenshot[0]%20%7D%7D HTTP/1.0" 404 1018
201.245.192.253 - - [14/Jul/2024:15:00:37 -0500] "POST /kwsrmcab/Wsrmcab  HTTP/1.1" 200 38712
191.156.177.213 - - [14/Jul/2024:15:00:55 -0500] "POST /sipse/faces/presentacion/financiero/solicitudProceso/crearModificarSolicitudProceso.xhtml HTTP/1.1" 200 7342
156.59.198.136 - - [14/Jul/2024:15:00:53 -0500] "GET /BLA/resoluciones/AUTOS%202021/0245.php?act=f&f=6163.pdf&ft=img&white=1&d=E%3A%5Cnuevo%5Chtdocs%5CBLA%5Cresoluciones%5CAUTOS+2021%5C HTTP/1.0" 200 935581
156.59.198.135 - - [14/Jul/2024:15:01:03 -0500] "GET /BLA/resoluciones/AUTOS%202021/0245.php?act=f&d=E%3A%5Cnuevo%5Chtdocs%5Ccumbreclima%5C&f=wp-mail.php&ft=html HTTP/1.0" 200 5887
201.245.192.253 - - [14/Jul/2024:15:01:03 -0500] "GET /kwsrmcab/Wsrmcab?wsdl HTTP/1.1" 200 6948
172.22.2.4 - - [14/Jul/2024:14:59:24 -0500] "HEAD /BLA/boletinlegal/ HTTP/1.1" 200 -
156.59.198.136 - - [14/Jul/2024:15:01:14 -0500] "GET /BLA/resoluciones/AUTOS%202021/%3C?act=img&img=ext_txt HTTP/1.0" 403 1006
191.156.181.255 - - [14/Jul/2024:15:01:15 -0500] "GET /sipse/faces/javax.faces.resource/theme.css?ln=primefaces-sipse HTTP/1.1" 304 -
191.156.186.141 - - [14/Jul/2024:15:01:15 -0500] "GET /sipse/faces/javax.faces.resource/primefaces.css?ln=primefaces&v=4.0 HTTP/1.1" 304 -
191.156.188.184 - - [14/Jul/2024:15:01:15 -0500] "GET /sipse/faces/javax.faces.resource/layout/layout.css?ln=primefaces&v=4.0 HTTP/1.1" 304 -
191.156.177.213 - - [14/Jul/2024:15:01:15 -0500] "GET /sipse/faces/javax.faces.resource/jquery/jquery-plugins.js?ln=primefaces&v=4.0 HTTP/1.1" 304 -
191.156.181.255 - - [14/Jul/2024:15:01:15 -0500] "GET /sipse/faces/javax.faces.resource/primefaces.js?ln=primefaces&v=4.0 HTTP/1.1" 304 -
191.156.177.213 - - [14/Jul/2024:15:01:15 -0500] "GET /sipse/faces/javax.faces.resource/jquery/jquery.js?ln=primefaces&v=4.0 HTTP/1.1" 304 -
191.156.186.141 - - [14/Jul/2024:15:01:15 -0500] "GET /sipse/faces/javax.faces.resource/layout/layout.js?ln=primefaces&v=4.0 HTTP/1.1" 304 -
191.156.188.184 - - [14/Jul/2024:15:01:14 -0500] "POST /sipse/faces/presentacion/financiero/solicitudProceso/crearModificarSolicitudProceso.xhtml HTTP/1.1" 200 24616
191.156.188.184 - - [14/Jul/2024:15:01:21 -0500] "POST /sipse/faces/presentacion/financiero/solicitudProyectoActividad/asociarProyectoSolicitud.xhtml HTTP/1.1" 200 6631
162.55.37.148 - - [14/Jul/2024:15:01:25 -0500] "GET / HTTP/1.1" 200 4720
191.156.188.184 - - [14/Jul/2024:15:01:25 -0500] "POST /sipse/faces/presentacion/financiero/solicitudProyectoActividad/asociarProyectoSolicitud.xhtml HTTP/1.1" 200 1704
156.59.198.135 - - [14/Jul/2024:15:01:24 -0500] "GET /BLA/resoluciones/AUTOS%202021/0245.php?act=f&f=2687.pdf&ft=img&white=1&d=E%3A%5Cnuevo%5Chtdocs%5CBLA%5Cresoluciones%5CAUTOS+2021%5C HTTP/1.0" 200 365016
191.156.188.184 - - [14/Jul/2024:15:01:27 -0500] "POST /sipse/faces/presentacion/financiero/solicitudProyectoActividad/asociarProyectoSolicitud.xhtml HTTP/1.1" 200 74153
191.156.188.184 - - [14/Jul/2024:15:01:32 -0500] "GET /sipse/faces/javax.faces.resource/theme.css?ln=primefaces-sipse HTTP/1.1" 304 -
191.156.178.191 - - [14/Jul/2024:15:01:32 -0500] "GET /sipse/faces/javax.faces.resource/jquery/jquery.js?ln=primefaces&v=4.0 HTTP/1.1" 304 -
191.156.182.86 - - [14/Jul/2024:15:01:32 -0500] "GET /sipse/faces/javax.faces.resource/layout/layout.css?ln=primefaces&v=4.0 HTTP/1.1" 304 -
191.156.181.255 - - [14/Jul/2024:15:01:32 -0500] "GET /sipse/faces/javax.faces.resource/primefaces.css?ln=primefaces&v=4.0 HTTP/1.1" 304 -
191.156.182.86 - - [14/Jul/2024:15:01:32 -0500] "GET /sipse/faces/javax.faces.resource/jquery/jquery-plugins.js?ln=primefaces&v=4.0 HTTP/1.1" 304 -
191.156.182.86 - - [14/Jul/2024:15:01:32 -0500] "GET /sipse/faces/javax.faces.resource/primefaces.js?ln=primefaces&v=4.0 HTTP/1.1" 304 -
191.156.182.86 - - [14/Jul/2024:15:01:33 -0500] "GET /sipse/faces/javax.faces.resource/layout/layout.js?ln=primefaces&v=4.0 HTTP/1.1" 304 -
156.59.198.135 - - [14/Jul/2024:15:01:34 -0500] "GET /BLA/resoluciones/AUTOS%202021/0245.php?act=f&d=E%3A%5Cnuevo%5Chtdocs%5Ccumbredelclima%5C&f=wp-mail.php&ft=html HTTP/1.0" 200 5891
156.59.198.136 - - [14/Jul/2024:15:01:45 -0500] "GET /BLA/resoluciones/AUTOS%202021/images/serv_11.jpg HTTP/1.0" 404 1018
172.22.2.4 - - [14/Jul/2024:15:00:15 -0500] "GET /BLA/boletinlegal/ HTTP/1.1" 200 51561
191.156.182.86 - - [14/Jul/2024:15:01:57 -0500] "POST /sipse/faces/presentacion/financiero/solicitudProyectoActividad/asociarActividadSolicitud.xhtml HTTP/1.1" 200 59005
156.59.198.135 - - [14/Jul/2024:15:01:56 -0500] "GET /BLA/resoluciones/AUTOS%202021/0245.php?act=f&f=1696.pdf&ft=img&white=1&d=E%3A%5Cnuevo%5Chtdocs%5CBLA%5Cresoluciones%5CAUTOS+2021%5C HTTP/1.0" 200 1181590
201.245.192.253 - - [14/Jul/2024:15:02:03 -0500] "GET /kwsrmcab/Wsrmcab?wsdl HTTP/1.1" 200 6948
191.156.182.86 - - [14/Jul/2024:15:02:07 -0500] "POST /sipse/faces/presentacion/financiero/solicitudProyectoActividad/asociarActividadSolicitud.xhtml HTTP/1.1" 200 60024
156.59.198.136 - - [14/Jul/2024:15:02:07 -0500] "GET /BLA/resoluciones/AUTOS%202021/0245.php?act=f&f=1709.pdf&ft=img&white=1&d=E%3A%5Cnuevo%5Chtdocs%5CBLA%5Cresoluciones%5CAUTOS+2021%5C HTTP/1.0" 200 646340
191.156.182.86 - - [14/Jul/2024:15:02:17 -0500] "POST /sipse/faces/presentacion/financiero/solicitudProyectoActividad/asociarActividadSolicitud.xhtml HTTP/1.1" 200 20033
156.59.198.135 - - [14/Jul/2024:15:02:17 -0500] "GET /BLA/resoluciones/AUTOS%202021/beargrfn.png HTTP/1.0" 404 1018
191.156.182.86 - - [14/Jul/2024:15:02:18 -0500] "GET /sipse/faces/javax.faces.resource/theme.css?ln=primefaces-sipse HTTP/1.1" 304 -
191.156.182.86 - - [14/Jul/2024:15:02:18 -0500] "GET /sipse/faces/javax.faces.resource/jquery/jquery.js?ln=primefaces&v=4.0 HTTP/1.1" 304 -
191.156.177.137 - - [14/Jul/2024:15:02:18 -0500] "GET /sipse/faces/javax.faces.resource/primefaces.css?ln=primefaces&v=4.0 HTTP/1.1" 304 -
191.156.178.191 - - [14/Jul/2024:15:02:18 -0500] "GET /sipse/faces/javax.faces.resource/layout/layout.css?ln=primefaces&v=4.0 HTTP/1.1" 304 -
191.156.178.191 - - [14/Jul/2024:15:02:18 -0500] "GET /sipse/faces/javax.faces.resource/jquery/jquery-plugins.js?ln=primefaces&v=4.0 HTTP/1.1" 304 -
191.156.178.191 - - [14/Jul/2024:15:02:18 -0500] "GET /sipse/faces/javax.faces.resource/primefaces.js?ln=primefaces&v=4.0 HTTP/1.1" 304 -
191.156.178.191 - - [14/Jul/2024:15:02:18 -0500] "GET /sipse/faces/javax.faces.resource/layout/layout.js?ln=primefaces&v=4.0 HTTP/1.1" 304 -
156.59.198.136 - - [14/Jul/2024:15:02:28 -0500] "GET /BLA/resoluciones/AUTOS%202021/images/serv_14.gif HTTP/1.0" 404 1018
156.59.198.136 - - [14/Jul/2024:15:02:38 -0500] "GET /BLA/resoluciones/AUTOS%202021/%3C?act=img&img=download HTTP/1.0" 403 1006
191.156.184.64 - - [14/Jul/2024:15:02:46 -0500] "GET /sipse/faces/javax.faces.resource/primefaces.css?ln=primefaces&v=4.0 HTTP/1.1" 304 -
191.156.182.86 - - [14/Jul/2024:15:02:46 -0500] "GET /sipse/faces/javax.faces.resource/layout/layout.css?ln=primefaces&v=4.0 HTTP/1.1" 304 -
191.156.186.141 - - [14/Jul/2024:15:02:46 -0500] "GET /sipse/faces/javax.faces.resource/theme.css?ln=primefaces-sipse HTTP/1.1" 304 -
191.156.186.141 - - [14/Jul/2024:15:02:47 -0500] "GET /sipse/faces/javax.faces.resource/jquery/jquery.js?ln=primefaces&v=4.0 HTTP/1.1" 304 -
191.156.182.86 - - [14/Jul/2024:15:02:47 -0500] "GET /sipse/faces/javax.faces.resource/jquery/jquery-plugins.js?ln=primefaces&v=4.0 HTTP/1.1" 304 -
191.156.182.86 - - [14/Jul/2024:15:02:47 -0500] "GET /sipse/faces/javax.faces.resource/primefaces.js?ln=primefaces&v=4.0 HTTP/1.1" 304 -
191.156.182.86 - - [14/Jul/2024:15:02:47 -0500] "GET /sipse/faces/javax.faces.resource/layout/layout.js?ln=primefaces&v=4.0 HTTP/1.1" 304 -
191.156.181.255 - - [14/Jul/2024:15:02:46 -0500] "POST /sipse/faces/presentacion/financiero/solicitudProyectoActividad/asociarFuentesSolicitud.xhtml HTTP/1.1" 200 82207
156.59.198.136 - - [14/Jul/2024:15:02:49 -0500] "GET /BLA/resoluciones/AUTOS%202021/%3C?act=img&img=change HTTP/1.0" 403 1006
156.59.198.135 - - [14/Jul/2024:15:02:59 -0500] "GET /BLA/resoluciones/AUTOS%202021/0245.php?act=f&f=3637.pdf&ft=img&white=1&d=E%3A%5Cnuevo%5Chtdocs%5CBLA%5Cresoluciones%5CAUTOS+2021%5C HTTP/1.0" 200 406413
201.245.192.253 - - [14/Jul/2024:15:03:03 -0500] "GET /kwsrmcab/Wsrmcab?wsdl HTTP/1.1" 200 6948
156.59.198.136 - - [14/Jul/2024:15:03:09 -0500] "GET /BLA/resoluciones/AUTOS%202021/%22%20.%20esc_url(%20$theme-%3Eget_screenshot()%20)%20.%20%22 HTTP/1.0" 403 1006
156.59.198.136 - - [14/Jul/2024:15:03:19 -0500] "GET /BLA/resoluciones/AUTOS%202021/images/serv_09.jpg HTTP/1.0" 404 1018
191.156.178.191 - - [14/Jul/2024:15:03:22 -0500] "GET /sipse/faces/javax.faces.resource/theme.css?ln=primefaces-sipse HTTP/1.1" 304 -
191.156.178.191 - - [14/Jul/2024:15:03:22 -0500] "GET /sipse/faces/javax.faces.resource/layout/layout.css?ln=primefaces&v=4.0 HTTP/1.1" 304 -
191.156.186.141 - - [14/Jul/2024:15:03:22 -0500] "GET /sipse/faces/javax.faces.resource/primefaces.css?ln=primefaces&v=4.0 HTTP/1.1" 304 -
191.156.178.191 - - [14/Jul/2024:15:03:22 -0500] "GET /sipse/faces/javax.faces.resource/jquery/jquery.js?ln=primefaces&v=4.0 HTTP/1.1" 304 -
191.156.181.255 - - [14/Jul/2024:15:03:19 -0500] "POST /sipse/faces/presentacion/financiero/solicitudProceso/crearModificarSolicitudProceso.xhtml HTTP/1.1" 200 45553
191.156.178.191 - - [14/Jul/2024:15:03:23 -0500] "GET /sipse/faces/javax.faces.resource/jquery/jquery-plugins.js?ln=primefaces&v=4.0 HTTP/1.1" 304 -
191.156.178.191 - - [14/Jul/2024:15:03:23 -0500] "GET /sipse/faces/javax.faces.resource/primefaces.js?ln=primefaces&v=4.0 HTTP/1.1" 304 -
191.156.178.191 - - [14/Jul/2024:15:03:23 -0500] "GET /sipse/faces/javax.faces.resource/layout/layout.js?ln=primefaces&v=4.0 HTTP/1.1" 304 -
156.59.198.135 - - [14/Jul/2024:15:03:30 -0500] "GET /BLA/resoluciones/AUTOS%202021/images/pdf.gif HTTP/1.0" 404 1018
156.59.198.136 - - [14/Jul/2024:15:03:40 -0500] "GET /BLA/resoluciones/AUTOS%202021/Image10 HTTP/1.0" 404 1018
191.156.181.255 - - [14/Jul/2024:15:03:41 -0500] "GET /sipse/faces/javax.faces.resource/theme.css?ln=primefaces-sipse HTTP/1.1" 304 -
201.245.192.253 - - [14/Jul/2024:15:04:03 -0500] "GET /kwsrmcab/Wsrmcab?wsdl HTTP/1.1" 200 6948
191.156.178.191 - - [14/Jul/2024:15:04:16 -0500] "POST /sipse/faces/presentacion/financiero/solicitudBienServicio/asociarBienServicioSolicitud.xhtml HTTP/1.1" 200 2720
191.156.178.191 - - [14/Jul/2024:15:04:28 -0500] "POST /sipse/faces/presentacion/financiero/solicitudBienServicio/asociarBienServicioSolicitud.xhtml HTTP/1.1" 200 77971
191.156.178.191 - - [14/Jul/2024:15:04:34 -0500] "GET /sipse/faces/javax.faces.resource/theme.css?ln=primefaces-sipse HTTP/1.1" 304 -
191.156.178.191 - - [14/Jul/2024:15:04:34 -0500] "GET /sipse/faces/javax.faces.resource/jquery/jquery.js?ln=primefaces&v=4.0 HTTP/1.1" 304 -
191.156.178.191 - - [14/Jul/2024:15:04:34 -0500] "GET /sipse/faces/javax.faces.resource/primefaces.css?ln=primefaces&v=4.0 HTTP/1.1" 304 -
191.156.178.191 - - [14/Jul/2024:15:04:34 -0500] "GET /sipse/faces/javax.faces.resource/layout/layout.css?ln=primefaces&v=4.0 HTTP/1.1" 304 -
191.156.190.111 - - [14/Jul/2024:15:04:34 -0500] "GET /sipse/faces/javax.faces.resource/jquery/jquery-plugins.js?ln=primefaces&v=4.0 HTTP/1.1" 304 -
191.156.190.111 - - [14/Jul/2024:15:04:34 -0500] "GET /sipse/faces/javax.faces.resource/primefaces.js?ln=primefaces&v=4.0 HTTP/1.1" 304 -
191.156.190.111 - - [14/Jul/2024:15:04:35 -0500] "GET /sipse/faces/javax.faces.resource/layout/layout.js?ln=primefaces&v=4.0 HTTP/1.1" 304 -
40.77.167.38 - - [14/Jul/2024:15:04:38 -0500] "GET /BLA/resoluciones/AUTOS%202018/2769.pdf HTTP/1.1" 200 679684
216.245.221.92 - - [14/Jul/2024:15:04:39 -0500] "HEAD / HTTP/1.1" 200 -
66.249.66.20 - - [14/Jul/2024:15:04:42 -0500] "GET /BLA/resoluciones/AUTOS%202008/0077.pdf HTTP/1.1" 304 -
191.156.190.111 - - [14/Jul/2024:15:04:38 -0500] "POST /sipse/faces/presentacion/financiero/solicitudProceso/crearModificarSolicitudProceso.xhtml HTTP/1.1" 200 65589
191.156.178.191 - - [14/Jul/2024:15:04:48 -0500] "GET /sipse/faces/javax.faces.resource/primefaces.css?ln=primefaces&v=4.0 HTTP/1.1" 304 -
191.156.190.111 - - [14/Jul/2024:15:04:48 -0500] "GET /sipse/faces/javax.faces.resource/theme.css?ln=primefaces-sipse HTTP/1.1" 304 -
191.156.178.191 - - [14/Jul/2024:15:04:48 -0500] "GET /sipse/faces/javax.faces.resource/layout/layout.css?ln=primefaces&v=4.0 HTTP/1.1" 304 -
191.156.177.137 - - [14/Jul/2024:15:04:48 -0500] "GET /sipse/faces/javax.faces.resource/jquery/jquery.js?ln=primefaces&v=4.0 HTTP/1.1" 304 -
191.156.178.191 - - [14/Jul/2024:15:04:48 -0500] "GET /sipse/faces/javax.faces.resource/jquery/jquery-plugins.js?ln=primefaces&v=4.0 HTTP/1.1" 304 -
191.156.178.191 - - [14/Jul/2024:15:04:48 -0500] "GET /sipse/faces/javax.faces.resource/primefaces.js?ln=primefaces&v=4.0 HTTP/1.1" 304 -
191.156.178.191 - - [14/Jul/2024:15:04:49 -0500] "GET /sipse/faces/javax.faces.resource/layout/layout.js?ln=primefaces&v=4.0 HTTP/1.1" 304 -
191.156.178.191 - - [14/Jul/2024:15:04:49 -0500] "POST /sipse/faces/presentacion/financiero/solicitudProceso/listarSolicitudProceso.xhtml HTTP/1.1" 200 1556
191.156.190.111 - - [14/Jul/2024:15:04:54 -0500] "GET /sipse/faces/javax.faces.resource/primefaces.css?ln=primefaces&v=4.0 HTTP/1.1" 304 -
191.156.178.191 - - [14/Jul/2024:15:04:54 -0500] "GET /sipse/faces/javax.faces.resource/theme.css?ln=primefaces-sipse HTTP/1.1" 304 -
191.156.177.137 - - [14/Jul/2024:15:04:54 -0500] "GET /sipse/faces/javax.faces.resource/layout/layout.css?ln=primefaces&v=4.0 HTTP/1.1" 304 -
191.156.177.137 - - [14/Jul/2024:15:04:55 -0500] "GET /sipse/faces/javax.faces.resource/jquery/jquery.js?ln=primefaces&v=4.0 HTTP/1.1" 304 -
191.156.183.165 - - [14/Jul/2024:15:04:55 -0500] "GET /sipse/faces/javax.faces.resource/jquery/jquery-plugins.js?ln=primefaces&v=4.0 HTTP/1.1" 304 -
191.156.184.64 - - [14/Jul/2024:15:04:55 -0500] "GET /sipse/faces/javax.faces.resource/primefaces.js?ln=primefaces&v=4.0 HTTP/1.1" 304 -
191.156.183.165 - - [14/Jul/2024:15:04:55 -0500] "GET /sipse/faces/javax.faces.resource/layout/layout.js?ln=primefaces&v=4.0 HTTP/1.1" 304 -
191.156.178.191 - - [14/Jul/2024:15:04:54 -0500] "GET /sipse/faces/presentacion/financiero/solicitudProceso/crearModificarSolicitudProceso.xhtml HTTP/1.1" 200 83485
201.245.192.253 - - [14/Jul/2024:15:05:03 -0500] "GET /kwsrmcab/Wsrmcab?wsdl HTTP/1.1" 200 6948
201.245.192.253 - - [14/Jul/2024:15:05:35 -0500] "POST /kwsrmcab/Wsrmcab  HTTP/1.1" 200 38712
47.128.99.165 - - [14/Jul/2024:15:05:58 -0500] "GET /BLA/resoluciones/AUTOS%202021/0245.php?act=f&c=1&f=07278.pdf HTTP/1.1" 200 2741
201.245.192.253 - - [14/Jul/2024:15:06:03 -0500] "GET /kwsrmcab/Wsrmcab?wsdl HTTP/1.1" 200 6948
47.128.18.253 - - [14/Jul/2024:15:06:08 -0500] "GET /BLA/resoluciones/AUTOS%202021/0245.php?act=f&c=1&f=9267.pdf HTTP/1.1" 200 2740
172.22.2.4 - - [14/Jul/2024:15:04:37 -0500] "GET /BLA/boletinlegal/ HTTP/1.1" 200 51133
47.128.33.25 - - [14/Jul/2024:15:06:18 -0500] "GET /BLA/resoluciones/AUTOS%202021/0245.php?act=f&c=1&f=10566.pdf HTTP/1.1" 200 2740
47.128.112.249 - - [14/Jul/2024:15:06:28 -0500] "GET /BLA/resoluciones/AUTOS%202021/0245.php?act=f&c=1&f=7198.pdf HTTP/1.1" 200 2740
47.128.112.43 - - [14/Jul/2024:15:06:38 -0500] "GET /BLA/resoluciones/AUTOS%202021/0245.php?act=f&c=1&f=7215.pdf HTTP/1.1" 200 2739
47.128.115.25 - - [14/Jul/2024:15:06:48 -0500] "GET /BLA/resoluciones/AUTOS%202021/0245.php?act=f&c=1&f=05432.pdf HTTP/1.1" 200 2740
172.22.2.4 - - [14/Jul/2024:15:05:14 -0500] "HEAD /BLA/boletinlegal/ HTTP/1.1" 200 -
47.128.109.93 - - [14/Jul/2024:15:06:58 -0500] "GET /BLA/resoluciones/AUTOS%202021/0245.php?act=f&c=1&f=08911.pdf HTTP/1.1" 200 2740
201.245.192.253 - - [14/Jul/2024:15:07:03 -0500] "GET /kwsrmcab/Wsrmcab?wsdl HTTP/1.1" 200 6948
47.128.25.249 - - [14/Jul/2024:15:07:08 -0500] "GET /BLA/resoluciones/AUTOS%202021/0245.php?act=f&c=1&f=03276.pdf HTTP/1.1" 200 2741
47.128.115.29 - - [14/Jul/2024:15:07:18 -0500] "GET /BLA/resoluciones/AUTOS%202021/0245.php?act=f&c=1&f=10187.pdf HTTP/1.1" 200 2741
47.128.116.54 - - [14/Jul/2024:15:07:28 -0500] "GET /BLA/resoluciones/AUTOS%202021/0245.php?act=f&c=1&f=7475.pdf HTTP/1.1" 200 2739
172.22.2.4 - - [14/Jul/2024:15:06:05 -0500] "GET /BLA/boletinlegal/ HTTP/1.1" 200 51986
201.245.192.253 - - [14/Jul/2024:15:08:03 -0500] "GET /kwsrmcab/Wsrmcab?wsdl HTTP/1.1" 200 6948
47.128.125.220 - - [14/Jul/2024:15:08:18 -0500] "GET /BLA/resoluciones/AUTOS%202021/0245.php?act=f&c=1&f=6180.pdf HTTP/1.1" 200 2740
47.128.34.4 - - [14/Jul/2024:15:08:29 -0500] "GET /BLA/resoluciones/AUTOS%202021/0245.php?act=f&c=1&f=09907.pdf HTTP/1.1" 200 2741
47.128.96.16 - - [14/Jul/2024:15:08:38 -0500] "GET /BLA/resoluciones/AUTOS%202021/0245.php?act=f&c=1&f=08771.pdf HTTP/1.1" 200 2741
47.128.29.1 - - [14/Jul/2024:15:08:48 -0500] "GET /BLA/resoluciones/AUTOS%202021/0245.php?act=f&c=1&f=05591.pdf HTTP/1.1" 200 2740
47.128.125.221 - - [14/Jul/2024:15:08:58 -0500] "GET /BLA/resoluciones/AUTOS%202021/0245.php?act=f&c=1&f=7414.pdf HTTP/1.1" 200 2739
201.245.192.253 - - [14/Jul/2024:15:09:03 -0500] "GET /kwsrmcab/Wsrmcab?wsdl HTTP/1.1" 200 6948
47.128.42.189 - - [14/Jul/2024:15:09:08 -0500] "GET /BLA/resoluciones/AUTOS%202021/0245.php?act=f&c=1&f=11209.pdf HTTP/1.1" 200 2740
47.128.22.85 - - [14/Jul/2024:15:09:18 -0500] "GET /BLA/resoluciones/AUTOS%202021/0245.php?act=f&c=1&f=09743.pdf HTTP/1.1" 200 2740
47.128.32.171 - - [14/Jul/2024:15:09:28 -0500] "GET /BLA/resoluciones/AUTOS%202021/0245.php?act=f&c=1&f=7550.pdf HTTP/1.1" 200 2739
47.128.52.151 - - [14/Jul/2024:15:09:38 -0500] "GET /BLA/resoluciones/AUTOS%202021/0245.php?act=f&c=1&f=7551.pdf HTTP/1.1" 200 2739
216.245.221.92 - - [14/Jul/2024:15:09:39 -0500] "HEAD / HTTP/1.1" 200 -
47.128.44.219 - - [14/Jul/2024:15:09:48 -0500] "GET /BLA/resoluciones/AUTOS%202021/0245.php?act=f&c=1&f=7746.pdf HTTP/1.1" 200 2740
47.128.116.3 - - [14/Jul/2024:15:09:58 -0500] "GET /BLA/resoluciones/AUTOS%202021/0245.php?act=f&c=1&f=7659.pdf HTTP/1.1" 200 2740
201.245.192.253 - - [14/Jul/2024:15:10:03 -0500] "GET /kwsrmcab/Wsrmcab?wsdl HTTP/1.1" 200 6948
47.128.33.58 - - [14/Jul/2024:15:10:08 -0500] "GET /BLA/resoluciones/AUTOS%202021/0245.php?act=f&c=1&f=03240.pdf HTTP/1.1" 200 2741
47.128.114.86 - - [14/Jul/2024:15:10:18 -0500] "GET /BLA/resoluciones/AUTOS%202021/0245.php?act=f&c=1&f=7007.pdf HTTP/1.1" 200 2740
47.128.35.52 - - [14/Jul/2024:15:10:28 -0500] "GET /BLA/resoluciones/AUTOS%202021/0245.php?act=f&c=1&f=6316.pdf HTTP/1.1" 200 2740
47.128.116.224 - - [14/Jul/2024:15:10:38 -0500] "GET /BLA/resoluciones/AUTOS%202021/0245.php?act=f&c=1&f=7148.pdf HTTP/1.1" 200 2740
201.245.192.253 - - [14/Jul/2024:15:10:33 -0500] "POST /kwsrmcab/Wsrmcab  HTTP/1.1" 200 38712
66.249.66.20 - - [14/Jul/2024:15:10:42 -0500] "GET /BLA/resoluciones/RESOLUCIONES%202021/04025.pdf HTTP/1.1" 304 -
47.128.32.79 - - [14/Jul/2024:15:10:48 -0500] "GET /BLA/resoluciones/AUTOS%202021/0245.php?act=f&c=1&f=%C2%A1vuelve-la-atencion-presencial-la-sede-principal-de-la-secretaria-de-ambiente-reabre-sus-puertas-al-publico.html HTTP/1.1" 200 2817
191.156.188.184 - - [14/Jul/2024:15:10:49 -0500] "POST /sipse/faces/presentacion/financiero/solicitudProceso/crearModificarSolicitudProceso.xhtml HTTP/1.1" 200 65134
52.167.144.145 - - [14/Jul/2024:15:10:52 -0500] "GET /BLA/resoluciones/RESOLUCIONES%202023/1294.pdf HTTP/1.1" 200 373977
191.156.188.184 - - [14/Jul/2024:15:10:55 -0500] "GET /sipse/faces/javax.faces.resource/theme.css?ln=primefaces-sipse HTTP/1.1" 304 -
191.156.190.111 - - [14/Jul/2024:15:10:55 -0500] "GET /sipse/faces/javax.faces.resource/primefaces.css?ln=primefaces&v=4.0 HTTP/1.1" 304 -
191.156.187.250 - - [14/Jul/2024:15:10:55 -0500] "GET /sipse/faces/javax.faces.resource/jquery/jquery.js?ln=primefaces&v=4.0 HTTP/1.1" 304 -
191.156.190.111 - - [14/Jul/2024:15:10:55 -0500] "GET /sipse/faces/javax.faces.resource/layout/layout.css?ln=primefaces&v=4.0 HTTP/1.1" 304 -
191.156.187.250 - - [14/Jul/2024:15:10:55 -0500] "GET /sipse/faces/javax.faces.resource/jquery/jquery-plugins.js?ln=primefaces&v=4.0 HTTP/1.1" 304 -
191.156.187.250 - - [14/Jul/2024:15:10:55 -0500] "GET /sipse/faces/javax.faces.resource/primefaces.js?ln=primefaces&v=4.0 HTTP/1.1" 304 -
191.156.187.250 - - [14/Jul/2024:15:10:57 -0500] "GET /sipse/faces/javax.faces.resource/layout/layout.js?ln=primefaces&v=4.0 HTTP/1.1" 304 -
47.128.114.78 - - [14/Jul/2024:15:10:58 -0500] "GET /BLA/resoluciones/AUTOS%202021/0245.php?act=f&c=1&f=06524.pdf HTTP/1.1" 200 2740
201.245.192.253 - - [14/Jul/2024:15:11:03 -0500] "GET /kwsrmcab/Wsrmcab?wsdl HTTP/1.1" 200 6948
47.128.46.201 - - [14/Jul/2024:15:11:08 -0500] "GET /BLA/resoluciones/AUTOS%202021/0245.php?act=f&c=1&f=7052.pdf HTTP/1.1" 200 2739
191.156.187.250 - - [14/Jul/2024:15:11:07 -0500] "POST /sipse/faces/presentacion/financiero/solicitudProceso/listarSolicitudProceso.xhtml HTTP/1.1" 200 1556
66.249.66.20 - - [14/Jul/2024:15:11:12 -0500] "GET /BLA/resoluciones/AUTOS%202023/05591.pdf HTTP/1.1" 200 507338
47.128.33.180 - - [14/Jul/2024:15:11:18 -0500] "GET /BLA/resoluciones/AUTOS%202021/0245.php?act=f&c=1&f=09346.pdf HTTP/1.1" 200 2740
191.156.187.250 - - [14/Jul/2024:15:11:16 -0500] "POST /sipse/faces/presentacion/financiero/solicitudProceso/listarSolicitudProceso.xhtml HTTP/1.1" 200 59044
191.156.187.250 - - [14/Jul/2024:15:11:21 -0500] "GET /sipse/faces/javax.faces.resource/theme.css?ln=primefaces-sipse HTTP/1.1" 304 -
191.156.184.64 - - [14/Jul/2024:15:11:21 -0500] "GET /sipse/faces/javax.faces.resource/primefaces.css?ln=primefaces&v=4.0 HTTP/1.1" 304 -
191.156.188.184 - - [14/Jul/2024:15:11:21 -0500] "GET /sipse/faces/javax.faces.resource/jquery/jquery.js?ln=primefaces&v=4.0 HTTP/1.1" 304 -
191.156.186.141 - - [14/Jul/2024:15:11:21 -0500] "GET /sipse/faces/javax.faces.resource/layout/layout.css?ln=primefaces&v=4.0 HTTP/1.1" 304 -
191.156.188.184 - - [14/Jul/2024:15:11:22 -0500] "GET /sipse/faces/javax.faces.resource/jquery/jquery-plugins.js?ln=primefaces&v=4.0 HTTP/1.1" 304 -
