186.80.108.8 - - [14/Jul/2024:17:01:00 -0500] "GET /sipse/faces/javax.faces.resource/primefaces.css?ln=primefaces&v=4.0 HTTP/1.1" 304 -
186.80.108.8 - - [14/Jul/2024:17:01:00 -0500] "GET /sipse/faces/javax.faces.resource/jquery/jquery.js?ln=primefaces&v=4.0 HTTP/1.1" 304 -
186.80.108.8 - - [14/Jul/2024:17:01:00 -0500] "GET /sipse/faces/javax.faces.resource/layout/layout.js?ln=primefaces&v=4.0 HTTP/1.1" 304 -
186.80.108.8 - - [14/Jul/2024:17:01:00 -0500] "GET /sipse/faces/javax.faces.resource/primefaces.js?ln=primefaces&v=4.0 HTTP/1.1" 304 -
186.80.108.8 - - [14/Jul/2024:17:01:00 -0500] "GET /sipse/faces/javax.faces.resource/jquery/jquery-plugins.js?ln=primefaces&v=4.0 HTTP/1.1" 304 -
186.80.108.8 - - [14/Jul/2024:17:00:57 -0500] "POST /sipse/faces/presentacion/financiero/solicitudProceso/consultarSolicitudProceso.xhtml HTTP/1.1" 200 23584
186.80.108.8 - - [14/Jul/2024:17:01:01 -0500] "GET /sipse/faces/javax.faces.resource/spacer/dot_clear.gif?ln=primefaces&v=4.0 HTTP/1.1" 200 42
201.245.192.253 - - [14/Jul/2024:17:01:03 -0500] "GET /kwsrmcab/Wsrmcab?wsdl HTTP/1.1" 200 6948
216.244.66.195 - - [14/Jul/2024:17:01:14 -0500] "GET /BLA/resoluciones/AUTOS%202019/4510.pdf HTTP/1.1" 200 339319
216.244.66.195 - - [14/Jul/2024:17:01:44 -0500] "GET /BLA/resoluciones/index.php?dir=RESOLUCIONES%201994/&sort=name&order=asc HTTP/1.1" 200 2479
201.245.192.253 - - [14/Jul/2024:17:02:03 -0500] "GET /kwsrmcab/Wsrmcab?wsdl HTTP/1.1" 200 6948
186.80.108.8 - - [14/Jul/2024:17:00:36 -0500] "POST /sipse/faces/presentacion/financiero/solicitudProceso/consultarSolicitudProceso.xhtml HTTP/1.1" 200 2107575
201.245.192.253 - - [14/Jul/2024:17:03:03 -0500] "GET /kwsrmcab/Wsrmcab?wsdl HTTP/1.1" 200 6948
66.249.66.21 - - [14/Jul/2024:17:03:16 -0500] "GET /BLA/resoluciones/RESOLUCIONES%202009/3168.pdf HTTP/1.1" 200 475029
186.80.108.8 - - [14/Jul/2024:17:03:31 -0500] "GET /sipse/faces/javax.faces.resource/theme.css?ln=primefaces-sipse HTTP/1.1" 304 -
186.80.108.8 - - [14/Jul/2024:17:03:31 -0500] "GET /sipse/faces/javax.faces.resource/jquery/jquery.js?ln=primefaces&v=4.0 HTTP/1.1" 304 -
186.80.108.8 - - [14/Jul/2024:17:03:31 -0500] "GET /sipse/faces/javax.faces.resource/primefaces.css?ln=primefaces&v=4.0 HTTP/1.1" 304 -
186.80.108.8 - - [14/Jul/2024:17:03:31 -0500] "GET /sipse/faces/javax.faces.resource/layout/layout.css?ln=primefaces&v=4.0 HTTP/1.1" 304 -
186.80.108.8 - - [14/Jul/2024:17:03:31 -0500] "GET /sipse/faces/javax.faces.resource/jquery/jquery-plugins.js?ln=primefaces&v=4.0 HTTP/1.1" 304 -
186.80.108.8 - - [14/Jul/2024:17:03:31 -0500] "GET /sipse/faces/javax.faces.resource/primefaces.js?ln=primefaces&v=4.0 HTTP/1.1" 304 -
186.80.108.8 - - [14/Jul/2024:17:03:31 -0500] "GET /sipse/faces/javax.faces.resource/layout/layout.js?ln=primefaces&v=4.0 HTTP/1.1" 304 -
172.22.2.4 - - [14/Jul/2024:17:01:55 -0500] "HEAD /BLA/boletinlegal/ HTTP/1.1" 200 -
66.249.66.20 - - [14/Jul/2024:17:03:36 -0500] "GET /BLA/resoluciones/RESOLUCIONES%202022/3157.pdf HTTP/1.1" 200 711594
186.80.108.8 - - [14/Jul/2024:17:03:30 -0500] "POST /sipse/faces/presentacion/proyectos/proyecto/actividad/consultarActividadSolicitud.xhtml HTTP/1.1" 200 175336
201.245.192.253 - - [14/Jul/2024:17:04:03 -0500] "GET /kwsrmcab/Wsrmcab?wsdl HTTP/1.1" 200 6948
172.22.2.4 - - [14/Jul/2024:17:02:46 -0500] "GET /BLA/boletinlegal/ HTTP/1.1" 200 51561
47.128.113.6 - - [14/Jul/2024:17:04:31 -0500] "GET /BLA/resoluciones/AUTOS%202021/0245.php?act=f&c=1&f=08970.pdf HTTP/1.1" 200 2741
216.245.221.92 - - [14/Jul/2024:17:04:39 -0500] "HEAD / HTTP/1.1" 200 -
47.128.36.70 - - [14/Jul/2024:17:04:41 -0500] "GET /BLA/resoluciones/AUTOS%202021/0245.php?act=f&c=1&f=09293.pdf HTTP/1.1" 200 2740
47.128.44.100 - - [14/Jul/2024:17:04:51 -0500] "GET /BLA/resoluciones/AUTOS%202021/0245.php?act=f&c=1&f=09275.pdf HTTP/1.1" 200 2740
47.128.29.9 - - [14/Jul/2024:17:05:01 -0500] "GET /BLA/resoluciones/AUTOS%202021/0245.php?act=f&c=1&f=05825.pdf HTTP/1.1" 200 2740
201.245.192.253 - - [14/Jul/2024:17:05:03 -0500] "GET /kwsrmcab/Wsrmcab?wsdl HTTP/1.1" 200 6948
201.245.192.253 - - [14/Jul/2024:17:04:58 -0500] "POST /kwsrmcab/Wsrmcab  HTTP/1.1" 200 38712
47.128.28.233 - - [14/Jul/2024:17:05:11 -0500] "GET /BLA/resoluciones/AUTOS%202021/0245.php?act=f&c=1&f=06328.pdf HTTP/1.1" 200 2741
47.128.21.195 - - [14/Jul/2024:17:05:21 -0500] "GET /BLA/resoluciones/AUTOS%202021/0245.php?act=f&c=1&f=7813.pdf HTTP/1.1" 200 2740
47.128.29.196 - - [14/Jul/2024:17:05:31 -0500] "GET /BLA/resoluciones/AUTOS%202021/0245.php?act=f&c=1&f=6315.pdf HTTP/1.1" 200 2740
47.128.52.233 - - [14/Jul/2024:17:05:41 -0500] "GET /BLA/resoluciones/AUTOS%202021/0245.php?act=f&c=1&f=5935.pdf HTTP/1.1" 200 2739
47.128.55.84 - - [14/Jul/2024:17:05:51 -0500] "GET /BLA/resoluciones/AUTOS%202021/0245.php?act=f&c=1&f=6259.pdf HTTP/1.1" 200 2739
47.128.21.153 - - [14/Jul/2024:17:06:01 -0500] "GET /BLA/resoluciones/AUTOS%202021/0245.php?act=f&c=1&f=04512.pdf HTTP/1.1" 200 2740
201.245.192.253 - - [14/Jul/2024:17:06:03 -0500] "GET /kwsrmcab/Wsrmcab?wsdl HTTP/1.1" 200 6948
66.249.66.20 - - [14/Jul/2024:17:06:10 -0500] "GET /BLA/resoluciones/RESOLUCIONES%202008/1547.pdf HTTP/1.1" 200 240912
66.249.66.19 - - [14/Jul/2024:17:06:52 -0500] "GET /BLA/resoluciones/RESOLUCIONES%202009/7251.pdf HTTP/1.1" 200 117132
201.245.192.253 - - [14/Jul/2024:17:07:03 -0500] "GET /kwsrmcab/Wsrmcab?wsdl HTTP/1.1" 200 6948
172.22.2.4 - - [14/Jul/2024:17:05:47 -0500] "GET /BLA/boletinlegal/ HTTP/1.1" 200 61913
66.249.66.20 - - [14/Jul/2024:17:07:48 -0500] "GET /BLA/resoluciones/AUTOS%202023/06410.pdf HTTP/1.1" 200 952395
47.128.38.227 - - [14/Jul/2024:17:07:58 -0500] "GET /BLA/resoluciones/AUTOS%202021/0245.php?act=f&c=1&f=5705.pdf HTTP/1.1" 200 2739
201.245.192.253 - - [14/Jul/2024:17:08:03 -0500] "GET /kwsrmcab/Wsrmcab?wsdl HTTP/1.1" 200 6948
47.128.36.24 - - [14/Jul/2024:17:08:09 -0500] "GET /BLA/resoluciones/AUTOS%202021/0245.php?act=f&c=1&f=05931.pdf HTTP/1.1" 200 2740
47.128.38.181 - - [14/Jul/2024:17:08:18 -0500] "GET /BLA/resoluciones/AUTOS%202021/0245.php?act=f&c=1&f=10834.pdf HTTP/1.1" 200 2740
47.128.38.165 - - [14/Jul/2024:17:08:29 -0500] "GET /BLA/resoluciones/AUTOS%202021/0245.php?act=f&c=1&f=05516.pdf HTTP/1.1" 200 2740
47.128.36.62 - - [14/Jul/2024:17:08:38 -0500] "GET /BLA/resoluciones/AUTOS%202021/0245.php?act=f&c=1&f=7722.pdf HTTP/1.1" 200 2740
47.128.121.248 - - [14/Jul/2024:17:08:48 -0500] "GET /BLA/resoluciones/AUTOS%202021/0245.php?act=f&c=1&f=10327.pdf HTTP/1.1" 200 2740
47.128.48.198 - - [14/Jul/2024:17:09:00 -0500] "GET /BLA/resoluciones/AUTOS%202021/0245.php?act=f&c=1&f=7651.pdf HTTP/1.1" 200 2740
201.245.192.253 - - [14/Jul/2024:17:09:03 -0500] "GET /kwsrmcab/Wsrmcab?wsdl HTTP/1.1" 200 6948
47.128.126.18 - - [14/Jul/2024:17:09:08 -0500] "GET /BLA/resoluciones/AUTOS%202021/0245.php?act=f&c=1&f=09723.pdf HTTP/1.1" 200 2740
47.128.126.152 - - [14/Jul/2024:17:09:18 -0500] "GET /BLA/resoluciones/AUTOS%202021/0245.php?act=f&c=1&f=06860.pdf HTTP/1.1" 200 2741
172.22.2.4 - - [14/Jul/2024:17:07:45 -0500] "HEAD /BLA/boletinlegal/ HTTP/1.1" 200 -
47.128.126.218 - - [14/Jul/2024:17:09:28 -0500] "GET /BLA/resoluciones/AUTOS%202021/0245.php?act=f&c=1&f=6173.pdf HTTP/1.1" 200 2740
216.245.221.92 - - [14/Jul/2024:17:09:39 -0500] "HEAD / HTTP/1.1" 200 -
201.245.192.253 - - [14/Jul/2024:17:10:03 -0500] "GET /kwsrmcab/Wsrmcab?wsdl HTTP/1.1" 200 6948
201.245.192.253 - - [14/Jul/2024:17:09:57 -0500] "POST /kwsrmcab/Wsrmcab  HTTP/1.1" 200 38712
173.252.95.16 - - [14/Jul/2024:17:10:14 -0500] "GET /raton-de-campo-o-arrocero-nuevo-registro-en-el-humedal-torca-guaymaral.html HTTP/1.1" 200 727
173.252.95.5 - - [14/Jul/2024:17:10:14 -0500] "GET /raton-de-campo-o-arrocero-nuevo-registro-en-el-humedal-torca-guaymaral.html HTTP/1.1" 200 727
172.22.2.4 - - [14/Jul/2024:17:08:36 -0500] "GET /BLA/boletinlegal/ HTTP/1.1" 200 58273
201.245.192.253 - - [14/Jul/2024:17:11:03 -0500] "GET /kwsrmcab/Wsrmcab?wsdl HTTP/1.1" 200 6948
201.245.192.253 - - [14/Jul/2024:17:12:03 -0500] "GET /kwsrmcab/Wsrmcab?wsdl HTTP/1.1" 200 6948
66.249.66.19 - - [14/Jul/2024:17:12:19 -0500] "GET /BLA/resoluciones/RESOLUCIONES%202004/RESOLUCION%20346%20DE%202004.PDF HTTP/1.1" 200 129454
66.249.66.19 - - [14/Jul/2024:17:12:20 -0500] "GET /Publicaciones/2024EE137897.pdf HTTP/1.1" 200 241707
201.245.192.253 - - [14/Jul/2024:17:13:03 -0500] "GET /kwsrmcab/Wsrmcab?wsdl HTTP/1.1" 200 6948
66.249.66.19 - - [14/Jul/2024:17:13:18 -0500] "GET /BLA/resoluciones/Autos%202008/2002.pdf HTTP/1.1" 200 180049
47.128.44.21 - - [14/Jul/2024:17:13:23 -0500] "GET /BLA/resoluciones/AUTOS%202021/0245.php?act=f&c=1&f=6926.pdf HTTP/1.1" 200 2740
47.128.54.182 - - [14/Jul/2024:17:13:33 -0500] "GET /BLA/resoluciones/AUTOS%202021/0245.php?act=f&c=1&f=02396.pdf HTTP/1.1" 200 2740
47.128.52.183 - - [14/Jul/2024:17:13:43 -0500] "GET /BLA/resoluciones/AUTOS%202021/0245.php?act=f&c=1&f=09765.pdf HTTP/1.1" 200 2740
47.128.54.203 - - [14/Jul/2024:17:13:53 -0500] "GET /BLA/resoluciones/AUTOS%202021/0245.php?act=f&c=1&f=05512.pdf HTTP/1.1" 200 2740
66.249.66.19 - - [14/Jul/2024:17:13:56 -0500] "GET /BLA/resoluciones/AUTOS%202008/1657.pdf HTTP/1.1" 200 320589
47.128.52.73 - - [14/Jul/2024:17:14:03 -0500] "GET /BLA/resoluciones/AUTOS%202021/0245.php?act=f&c=1&f=7054.pdf HTTP/1.1" 200 2739
201.245.192.253 - - [14/Jul/2024:17:14:03 -0500] "GET /kwsrmcab/Wsrmcab?wsdl HTTP/1.1" 200 6948
47.128.116.99 - - [14/Jul/2024:17:14:13 -0500] "GET /BLA/resoluciones/AUTOS%202021/0245.php?act=f&c=1&f=7228.pdf HTTP/1.1" 200 2740
47.128.126.246 - - [14/Jul/2024:17:14:23 -0500] "GET /BLA/resoluciones/AUTOS%202021/0245.php?act=f&c=1&f=08740.pdf HTTP/1.1" 200 2741
47.128.126.227 - - [14/Jul/2024:17:14:33 -0500] "GET /BLA/resoluciones/AUTOS%202021/0245.php?act=f&c=1&f=7057.pdf HTTP/1.1" 200 2740
216.245.221.92 - - [14/Jul/2024:17:14:39 -0500] "HEAD / HTTP/1.1" 200 -
47.128.42.210 - - [14/Jul/2024:17:14:43 -0500] "GET /BLA/resoluciones/AUTOS%202021/0245.php?act=f&c=1&f=05801.pdf HTTP/1.1" 200 2741
47.128.118.195 - - [14/Jul/2024:17:14:53 -0500] "GET /BLA/resoluciones/AUTOS%202021/0245.php?act=f&c=1&f=6116.pdf HTTP/1.1" 200 2740
201.245.192.253 - - [14/Jul/2024:17:14:56 -0500] "POST /kwsrmcab/Wsrmcab  HTTP/1.1" 200 38712
201.245.192.253 - - [14/Jul/2024:17:15:03 -0500] "GET /kwsrmcab/Wsrmcab?wsdl HTTP/1.1" 200 6948
172.22.2.4 - - [14/Jul/2024:17:13:35 -0500] "HEAD /BLA/boletinlegal/ HTTP/1.1" 200 -
201.245.192.253 - - [14/Jul/2024:17:16:03 -0500] "GET /kwsrmcab/Wsrmcab?wsdl HTTP/1.1" 200 6948
172.22.2.4 - - [14/Jul/2024:17:14:25 -0500] "GET /BLA/boletinlegal/ HTTP/1.1" 200 54913
172.22.2.4 - - [14/Jul/2024:17:16:00 -0500] "GET /BLA/boletinlegal/ HTTP/1.1" 200 40907
201.245.192.253 - - [14/Jul/2024:17:17:03 -0500] "GET /kwsrmcab/Wsrmcab?wsdl HTTP/1.1" 200 6948
47.128.127.76 - - [14/Jul/2024:17:17:13 -0500] "GET /BLA/resoluciones/AUTOS%202021/0245.php?act=f&c=1&f=7639.pdf HTTP/1.1" 200 2739
47.128.53.184 - - [14/Jul/2024:17:17:23 -0500] "GET /BLA/resoluciones/AUTOS%202021/0245.php?act=f&c=1&f=5949.pdf HTTP/1.1" 200 2739
47.128.117.203 - - [14/Jul/2024:17:17:36 -0500] "GET /BLA/resoluciones/AUTOS%202021/0245.php?act=f&c=1&f=27_Estructura_Sociespacial_2013.pdf HTTP/1.1" 200 2761
201.245.192.253 - - [14/Jul/2024:17:18:03 -0500] "GET /kwsrmcab/Wsrmcab?wsdl HTTP/1.1" 200 6948
66.249.66.21 - - [14/Jul/2024:17:18:30 -0500] "GET /BLA/resoluciones/AUTOS%202023/1683.pdf HTTP/1.1" 200 434835
201.245.192.253 - - [14/Jul/2024:17:19:03 -0500] "GET /kwsrmcab/Wsrmcab?wsdl HTTP/1.1" 200 6948
216.245.221.92 - - [14/Jul/2024:17:19:39 -0500] "HEAD / HTTP/1.1" 200 -
201.245.192.253 - - [14/Jul/2024:17:19:54 -0500] "POST /kwsrmcab/Wsrmcab  HTTP/1.1" 200 38712
201.245.192.253 - - [14/Jul/2024:17:20:03 -0500] "GET /kwsrmcab/Wsrmcab?wsdl HTTP/1.1" 200 6948
201.245.192.253 - - [14/Jul/2024:17:20:08 -0500] "POST /kwsrmcab/Wsrmcab HTTP/1.1" 200 29058
201.245.192.253 - - [14/Jul/2024:17:20:11 -0500] "POST /kwsrmcab/Wsrmcab HTTP/1.1" 200 29227
201.245.192.253 - - [14/Jul/2024:17:20:14 -0500] "POST /kwsrmcab/Wsrmcab HTTP/1.1" 200 29380
172.22.2.4 - - [14/Jul/2024:17:20:15 -0500] "GET /BLA/boletinlegal/actos.php HTTP/1.1" 200 9738
172.22.2.4 - - [14/Jul/2024:17:20:16 -0500] "GET /BLA/boletinlegal/styles2.css HTTP/1.1" 200 1838
172.22.2.4 - - [14/Jul/2024:17:20:16 -0500] "GET /BLA/boletinlegal/js/ajax_actos.js HTTP/1.1" 200 1322
172.22.2.4 - - [14/Jul/2024:17:20:16 -0500] "GET /BLA/boletinlegal/niceforms.js HTTP/1.1" 200 22876
172.22.2.4 - - [14/Jul/2024:17:20:16 -0500] "GET /BLA/boletinlegal/niceforms-default.css HTTP/1.1" 200 6694
172.22.2.4 - - [14/Jul/2024:17:20:16 -0500] "GET /BLA/boletinlegal/style.css HTTP/1.1" 200 9406
172.22.2.4 - - [14/Jul/2024:17:20:16 -0500] "GET /BLA/boletinlegal/js/lib.js HTTP/1.1" 200 6474
172.22.2.4 - - [14/Jul/2024:17:20:16 -0500] "GET /BLA/boletinlegal/js/popup.js HTTP/1.1" 200 1270
172.22.2.4 - - [14/Jul/2024:17:20:16 -0500] "GET /BLA/boletinlegal/js/jquery1.js HTTP/1.1" 200 29846
172.22.2.4 - - [14/Jul/2024:17:20:16 -0500] "GET /BLA/boletinlegal/images/cabezote%20BLEGAL.jpg HTTP/1.1" 200 118164
172.22.2.4 - - [14/Jul/2024:17:20:16 -0500] "GET /BLA/boletinlegal/images/subscribe-icon-big.png HTTP/1.1" 200 47702
172.22.2.4 - - [14/Jul/2024:17:20:16 -0500] "GET /BLA/boletinlegal/images/historia.png HTTP/1.1" 200 52775
172.22.2.4 - - [14/Jul/2024:17:20:16 -0500] "GET /BLA/boletinlegal/images/body_bg.jpg HTTP/1.1" 200 1601
172.22.2.4 - - [14/Jul/2024:17:20:16 -0500] "GET /BLA/boletinlegal/images/footer_bg.jpg HTTP/1.1" 200 586
172.22.2.4 - - [14/Jul/2024:17:20:16 -0500] "GET /BLA/boletinlegal/images/menu_lft.gif HTTP/1.1" 200 1713
172.22.2.4 - - [14/Jul/2024:17:20:16 -0500] "GET /BLA/boletinlegal/images/menu_rght.gif HTTP/1.1" 200 1627
172.22.2.4 - - [14/Jul/2024:17:20:16 -0500] "GET /BLA/boletinlegal/images/bg_top.jpg HTTP/1.1" 200 522
172.22.2.4 - - [14/Jul/2024:17:20:16 -0500] "GET /BLA/boletinlegal/images/menu_bg.jpg HTTP/1.1" 200 620
172.22.2.4 - - [14/Jul/2024:17:20:16 -0500] "GET /BLA/boletinlegal/images/text.jpg HTTP/1.1" 200 568
172.22.2.4 - - [14/Jul/2024:17:20:16 -0500] "GET /BLA/boletinlegal/images/hover.jpg HTTP/1.1" 200 640
172.22.2.4 - - [14/Jul/2024:17:20:16 -0500] "GET /BLA/boletinlegal/images/green-yellow-blue-pink-th.png HTTP/1.1" 200 7394
172.22.2.4 - - [14/Jul/2024:17:20:16 -0500] "GET /BLA/boletinlegal/images/registro-usuarios.png HTTP/1.1" 200 8106
172.22.2.4 - - [14/Jul/2024:17:20:16 -0500] "GET /BLA/boletinlegal/images/icono-email.png HTTP/1.1" 200 5544
172.22.2.4 - - [14/Jul/2024:17:20:16 -0500] "GET /BLA/boletinlegal/images/tel.png HTTP/1.1" 200 14477
172.22.2.4 - - [14/Jul/2024:17:20:16 -0500] "GET /BLA/boletinlegal/images/footer_bg_l.jpg HTTP/1.1" 200 776
172.22.2.4 - - [14/Jul/2024:17:20:17 -0500] "GET /BLA/boletinlegal/img/0.png HTTP/1.1" 200 110
172.22.2.4 - - [14/Jul/2024:17:20:17 -0500] "GET /BLA/boletinlegal/img/select-right.png HTTP/1.1" 200 44019
172.22.2.4 - - [14/Jul/2024:17:20:17 -0500] "GET /BLA/boletinlegal/img/select-left.png HTTP/1.1" 200 263
172.22.2.4 - - [14/Jul/2024:17:20:17 -0500] "GET /BLA/boletinlegal/img/button-right.png HTTP/1.1" 200 57878
172.22.2.4 - - [14/Jul/2024:17:20:17 -0500] "GET /BLA/boletinlegal/img/button-left.png HTTP/1.1" 200 57071
172.22.2.4 - - [14/Jul/2024:17:20:17 -0500] "GET /BLA/boletinlegal/img/button.png HTTP/1.1" 200 43241
172.22.2.4 - - [14/Jul/2024:17:20:17 -0500] "GET /BLA/boletinlegal/favicon.ico HTTP/1.1" 404 1326
216.244.66.195 - - [14/Jul/2024:17:20:24 -0500] "GET /robots.txt HTTP/1.1" 404 1018
40.77.167.54 - - [14/Jul/2024:17:20:33 -0500] "GET /BLA/resoluciones/AUTOS%202024/01666.pdf HTTP/1.1" 304 -
201.245.192.253 - - [14/Jul/2024:17:21:03 -0500] "GET /kwsrmcab/Wsrmcab?wsdl HTTP/1.1" 200 6948
172.22.2.4 - - [14/Jul/2024:17:19:25 -0500] "HEAD /BLA/boletinlegal/ HTTP/1.1" 200 -
172.22.2.4 - - [14/Jul/2024:17:20:16 -0500] "GET /BLA/boletinlegal/ HTTP/1.1" 200 57889
201.245.192.253 - - [14/Jul/2024:17:22:03 -0500] "GET /kwsrmcab/Wsrmcab?wsdl HTTP/1.1" 200 6948
201.245.192.253 - - [14/Jul/2024:17:23:03 -0500] "GET /kwsrmcab/Wsrmcab?wsdl HTTP/1.1" 200 6948
201.245.192.253 - - [14/Jul/2024:17:22:07 -0500] "POST /kwsrmcab/Wsrmcab HTTP/1.1" 200 29227
66.249.66.21 - - [14/Jul/2024:17:23:33 -0500] "HEAD /catalogoisis HTTP/1.1" 404 -
66.249.66.20 - - [14/Jul/2024:17:23:37 -0500] "GET /BLA/resoluciones/RESOLUCIONES%202010/1710.pdf HTTP/1.1" 200 413304
201.245.192.253 - - [14/Jul/2024:17:24:03 -0500] "GET /kwsrmcab/Wsrmcab?wsdl HTTP/1.1" 200 6948
216.245.221.92 - - [14/Jul/2024:17:24:39 -0500] "HEAD / HTTP/1.1" 200 -
201.245.192.253 - - [14/Jul/2024:17:24:52 -0500] "POST /kwsrmcab/Wsrmcab  HTTP/1.1" 200 38712
66.249.66.21 - - [14/Jul/2024:17:25:00 -0500] "GET /BLA/resoluciones/RESOLUCIONES%202007/RES%202007%20901%20AL%201000/RESOLUCION%200964%20DE%202007.pdf HTTP/1.1" 200 341372
66.249.66.19 - - [14/Jul/2024:17:25:00 -0500] "GET /BLA/boletinlegal/jurisprudencia/analisis/SENTENCIA%20C-703%20DE%202010.xls HTTP/1.1" 304 -
66.249.66.20 - - [14/Jul/2024:17:25:01 -0500] "GET /BLA/resoluciones/RESOLUCIONES%202007/RES%202007%201801%20AL%201900/RESOLUCION%201891%20DE%202007.pdf HTTP/1.1" 200 477720
66.249.66.20 - - [14/Jul/2024:17:25:01 -0500] "GET /BLA/resoluciones/RESOLUCIONES%202007/RES%202007%201726%20AL%201800/RESOLUCION%201730%20DE%202007.pdf HTTP/1.1" 200 1197478
66.249.66.19 - - [14/Jul/2024:17:25:02 -0500] "GET /BLA/resoluciones/RESOLUCIONES%202007/RES%202007%201501%20AL%201600/RESOLUCION%201514%20DE%202007.pdf HTTP/1.1" 200 276249
66.249.66.19 - - [14/Jul/2024:17:25:02 -0500] "GET /BLA/resoluciones/RESOLUCIONES%202007/RES%202007%20901%20AL%201000/RESOLUCION%200963%20DE%202007.pdf HTTP/1.1" 200 58564
66.249.66.19 - - [14/Jul/2024:17:25:03 -0500] "GET /BLA/resoluciones/RESOLUCIONES%202007/RES%202007%201501%20AL%201600/RESOLUCION%201554%20DE%202007.pdf HTTP/1.1" 200 814708
201.245.192.253 - - [14/Jul/2024:17:25:03 -0500] "GET /kwsrmcab/Wsrmcab?wsdl HTTP/1.1" 200 6948
66.249.66.20 - - [14/Jul/2024:17:25:03 -0500] "GET /BLA/resoluciones/RESOLUCIONES%202007/RES%202007%20901%20AL%201000/RESOLUCION%200947%20DE%202007.pdf HTTP/1.1" 200 230236
47.128.118.58 - - [14/Jul/2024:17:25:29 -0500] "GET /BLA/resoluciones/AUTOS%202021/0245.php?act=f&c=1&f=06488.pdf HTTP/1.1" 200 2741
47.128.36.161 - - [14/Jul/2024:17:25:39 -0500] "GET /BLA/resoluciones/AUTOS%202021/0245.php?act=f&c=1&f=5916.pdf HTTP/1.1" 200 2739
47.128.45.50 - - [14/Jul/2024:17:25:49 -0500] "GET /BLA/resoluciones/AUTOS%202021/0245.php?act=f&c=1&f=09625.pdf HTTP/1.1" 200 2740
47.128.118.75 - - [14/Jul/2024:17:25:59 -0500] "GET /BLA/resoluciones/AUTOS%202021/0245.php?act=f&c=1&f=09872.pdf HTTP/1.1" 200 2741
66.249.66.19 - - [14/Jul/2024:17:26:01 -0500] "GET /BLA/resoluciones/AUTOS%202020/3151.pdf HTTP/1.1" 200 355113
201.245.192.253 - - [14/Jul/2024:17:26:03 -0500] "GET /kwsrmcab/Wsrmcab?wsdl HTTP/1.1" 200 6948
47.128.118.52 - - [14/Jul/2024:17:26:09 -0500] "GET /BLA/resoluciones/AUTOS%202021/0245.php?act=f&c=1&f=05842.pdf HTTP/1.1" 200 2740
47.128.26.47 - - [14/Jul/2024:17:26:19 -0500] "GET /BLA/resoluciones/AUTOS%202021/0245.php?act=f&c=1&f=7745.pdf HTTP/1.1" 200 2739
47.128.39.110 - - [14/Jul/2024:17:26:29 -0500] "GET /BLA/resoluciones/AUTOS%202021/0245.php?act=f&c=1&f=7491.pdf HTTP/1.1" 200 2739
47.128.97.234 - - [14/Jul/2024:17:26:39 -0500] "GET /BLA/resoluciones/AUTOS%202021/0245.php?act=f&c=1&f=09574.pdf HTTP/1.1" 200 2740
168.119.52.80 - - [14/Jul/2024:17:26:43 -0500] "GET / HTTP/1.1" 200 4720
47.128.97.175 - - [14/Jul/2024:17:26:49 -0500] "GET /BLA/resoluciones/AUTOS%202021/0245.php?act=f&c=1&f=08276.pdf HTTP/1.1" 200 2741
172.22.2.4 - - [14/Jul/2024:17:25:15 -0500] "HEAD /BLA/boletinlegal/ HTTP/1.1" 200 -
47.128.120.56 - - [14/Jul/2024:17:26:59 -0500] "GET /BLA/resoluciones/AUTOS%202021/0245.php?act=f&c=1&f=7780.pdf HTTP/1.1" 200 2740
201.245.192.253 - - [14/Jul/2024:17:27:03 -0500] "GET /kwsrmcab/Wsrmcab?wsdl HTTP/1.1" 200 6948
66.249.66.19 - - [14/Jul/2024:17:27:33 -0500] "GET /BLA/resoluciones/AUTOS%202012/1619.pdf HTTP/1.1" 200 392969
172.22.2.4 - - [14/Jul/2024:17:26:06 -0500] "GET /BLA/boletinlegal/ HTTP/1.1" 200 59967
66.249.66.19 - - [14/Jul/2024:17:28:01 -0500] "GET /BLA/resoluciones/AUTOS%202023/2916.pdf HTTP/1.1" 200 422670
201.245.192.253 - - [14/Jul/2024:17:28:03 -0500] "GET /kwsrmcab/Wsrmcab?wsdl HTTP/1.1" 200 6948
47.128.56.56 - - [14/Jul/2024:17:28:09 -0500] "GET /BLA/resoluciones/AUTOS%202021/0245.php?act=f&c=1&f=6954.pdf HTTP/1.1" 200 2739
40.77.167.60 - - [14/Jul/2024:17:28:18 -0500] "GET /BLA/resoluciones/RESOLUCIONES%202004/RESOLUCION%201561%20DE%202004.PDF HTTP/1.1" 304 -
47.128.31.199 - - [14/Jul/2024:17:28:19 -0500] "GET /BLA/resoluciones/AUTOS%202021/0245.php?act=f&f=5142.PDF&white=1 HTTP/1.1" 200 3032
47.128.47.178 - - [14/Jul/2024:17:28:29 -0500] "GET /BLA/resoluciones/AUTOS%202021/0245.php?act=f&c=1&f=09755.pdf HTTP/1.1" 200 2740
47.128.116.148 - - [14/Jul/2024:17:28:39 -0500] "GET /BLA/resoluciones/AUTOS%202021/0245.php?act=f&c=1&f=11440.pdf HTTP/1.1" 200 2740
47.128.122.29 - - [14/Jul/2024:17:28:49 -0500] "GET /BLA/resoluciones/AUTOS%202021/0245.php?act=f&c=1&f=10623.pdf HTTP/1.1" 200 2740
47.128.22.215 - - [14/Jul/2024:17:28:59 -0500] "GET /BLA/resoluciones/AUTOS%202021/0245.php?act=f&c=1&f=09637.pdf HTTP/1.1" 200 2741
201.245.192.253 - - [14/Jul/2024:17:29:03 -0500] "GET /kwsrmcab/Wsrmcab?wsdl HTTP/1.1" 200 6948
47.128.18.116 - - [14/Jul/2024:17:29:09 -0500] "GET /BLA/resoluciones/AUTOS%202021/0245.php?act=f&c=1&f=09340.pdf HTTP/1.1" 200 2741
47.128.17.155 - - [14/Jul/2024:17:29:19 -0500] "GET /BLA/resoluciones/AUTOS%202021/0245.php?act=f&c=1&f=01956.pdf HTTP/1.1" 200 2740
47.128.48.250 - - [14/Jul/2024:17:29:29 -0500] "GET /BLA/resoluciones/AUTOS%202021/0245.php?act=f&c=1&f=04398.pdf HTTP/1.1" 200 2740
47.128.28.40 - - [14/Jul/2024:17:29:39 -0500] "GET /BLA/resoluciones/AUTOS%202021/0245.php?act=f&c=1&f=06410.pdf HTTP/1.1" 200 2741
216.245.221.92 - - [14/Jul/2024:17:29:39 -0500] "HEAD / HTTP/1.1" 200 -
201.245.192.253 - - [14/Jul/2024:17:29:51 -0500] "POST /kwsrmcab/Wsrmcab  HTTP/1.1" 200 38712
201.245.192.253 - - [14/Jul/2024:17:30:03 -0500] "GET /kwsrmcab/Wsrmcab?wsdl HTTP/1.1" 200 6948
201.245.192.253 - - [14/Jul/2024:17:30:08 -0500] "POST /kwsrmcab/Wsrmcab HTTP/1.1" 200 29058
201.245.192.253 - - [14/Jul/2024:17:30:09 -0500] "POST /kwsrmcab/Wsrmcab HTTP/1.1" 200 29227
201.245.192.253 - - [14/Jul/2024:17:30:14 -0500] "POST /kwsrmcab/Wsrmcab HTTP/1.1" 200 29380
201.245.192.253 - - [14/Jul/2024:17:31:03 -0500] "GET /kwsrmcab/Wsrmcab?wsdl HTTP/1.1" 200 6948
40.77.167.60 - - [14/Jul/2024:17:31:30 -0500] "GET /BLA/resoluciones/RESOLUCIONES%202009/0015.pdf HTTP/1.1" 200 119741
186.116.214.150 - - [14/Jul/2024:17:31:47 -0500] "POST /sipse/faces/presentacion/financiero/solicitudProceso/consultarSolicitudProceso.xhtml HTTP/1.1" 200 32882
186.116.214.150 - - [14/Jul/2024:17:31:50 -0500] "GET /sipse/faces/javax.faces.resource/jquery/jquery.js?ln=primefaces&v=4.0 HTTP/1.1" 304 -
186.116.214.150 - - [14/Jul/2024:17:31:50 -0500] "GET /sipse/faces/javax.faces.resource/jquery/jquery-plugins.js?ln=primefaces&v=4.0 HTTP/1.1" 304 -
186.116.214.150 - - [14/Jul/2024:17:31:50 -0500] "GET /sipse/faces/javax.faces.resource/primefaces.js?ln=primefaces&v=4.0 HTTP/1.1" 304 -
186.116.214.150 - - [14/Jul/2024:17:31:50 -0500] "GET /sipse/faces/javax.faces.resource/layout/layout.js?ln=primefaces&v=4.0 HTTP/1.1" 304 -
186.116.214.150 - - [14/Jul/2024:17:31:50 -0500] "POST /sipse/faces/presentacion/financiero/solicitudProceso/listarSolicitudProceso.xhtml HTTP/1.1" 200 1372
201.245.192.253 - - [14/Jul/2024:17:32:03 -0500] "GET /kwsrmcab/Wsrmcab?wsdl HTTP/1.1" 200 6948
66.249.66.19 - - [14/Jul/2024:17:32:05 -0500] "GET /BLA/resoluciones/RESOLUCIONES%201998/RESOLUCION%201039%20DE%201998.pdf HTTP/1.1" 200 41785
66.249.66.19 - - [14/Jul/2024:17:32:06 -0500] "GET /BLA/resoluciones/AUTOS%202023/1488.pdf HTTP/1.1" 200 507150
66.249.66.20 - - [14/Jul/2024:17:32:07 -0500] "GET /BLA/resoluciones/AUTOS%202020/4934.pdf HTTP/1.1" 304 -
186.116.214.150 - - [14/Jul/2024:17:32:08 -0500] "POST /sipse/faces/presentacion/financiero/solicitudProceso/listarSolicitudProceso.xhtml HTTP/1.1" 200 25819
186.116.214.150 - - [14/Jul/2024:17:32:08 -0500] "POST /sipse/faces/presentacion/financiero/solicitudProceso/listarSolicitudProceso.xhtml HTTP/1.1" 200 25819
186.116.214.150 - - [14/Jul/2024:17:32:08 -0500] "POST /sipse/faces/presentacion/financiero/solicitudProceso/listarSolicitudProceso.xhtml HTTP/1.1" 200 25819
186.116.214.150 - - [14/Jul/2024:17:32:08 -0500] "POST /sipse/faces/presentacion/financiero/solicitudProceso/listarSolicitudProceso.xhtml HTTP/1.1" 200 25819
186.116.214.150 - - [14/Jul/2024:17:32:09 -0500] "POST /sipse/faces/presentacion/financiero/solicitudProceso/listarSolicitudProceso.xhtml HTTP/1.1" 200 1372
186.116.214.150 - - [14/Jul/2024:17:32:09 -0500] "POST /sipse/faces/presentacion/financiero/solicitudProceso/listarSolicitudProceso.xhtml HTTP/1.1" 200 1376
186.116.214.150 - - [14/Jul/2024:17:32:09 -0500] "POST /sipse/faces/presentacion/financiero/solicitudProceso/listarSolicitudProceso.xhtml HTTP/1.1" 200 1376
186.116.214.150 - - [14/Jul/2024:17:32:09 -0500] "POST /sipse/faces/presentacion/financiero/solicitudProceso/listarSolicitudProceso.xhtml HTTP/1.1" 200 1376
172.22.2.4 - - [14/Jul/2024:17:31:05 -0500] "HEAD /BLA/boletinlegal/ HTTP/1.1" 200 -
201.245.192.253 - - [14/Jul/2024:17:33:03 -0500] "GET /kwsrmcab/Wsrmcab?wsdl HTTP/1.1" 200 6948
172.22.2.4 - - [14/Jul/2024:17:31:56 -0500] "GET /BLA/boletinlegal/ HTTP/1.1" 200 56779
47.128.56.227 - - [14/Jul/2024:17:33:49 -0500] "GET /BLA/resoluciones/AUTOS%202021/0245.php?act=f&c=1&f=10304.pdf HTTP/1.1" 200 2741
47.128.53.230 - - [14/Jul/2024:17:33:59 -0500] "GET /BLA/resoluciones/AUTOS%202021/0245.php?act=f&c=1&f=09757.pdf HTTP/1.1" 200 2740
201.245.192.253 - - [14/Jul/2024:17:34:03 -0500] "GET /kwsrmcab/Wsrmcab?wsdl HTTP/1.1" 200 6948
47.128.113.1 - - [14/Jul/2024:17:34:09 -0500] "GET /BLA/resoluciones/AUTOS%202021/0245.php?act=f&c=1&f=05633.pdf HTTP/1.1" 200 2741
201.245.192.253 - - [14/Jul/2024:17:32:05 -0500] "POST /kwsrmcab/Wsrmcab HTTP/1.1" 200 14506
47.128.53.216 - - [14/Jul/2024:17:34:19 -0500] "GET /BLA/resoluciones/AUTOS%202021/0245.php?act=f&c=1&f=08778.pdf HTTP/1.1" 200 2741
47.128.18.187 - - [14/Jul/2024:17:34:29 -0500] "GET /BLA/resoluciones/AUTOS%202021/0245.php?act=f&c=1&f=7492.pdf HTTP/1.1" 200 2739
66.249.66.21 - - [14/Jul/2024:17:34:32 -0500] "GET /resoluciones/RESOLUCIONES%202008/2955.pdf HTTP/1.1" 404 1018
216.245.221.92 - - [14/Jul/2024:17:34:39 -0500] "HEAD / HTTP/1.1" 200 -
47.128.97.114 - - [14/Jul/2024:17:34:39 -0500] "GET /BLA/resoluciones/AUTOS%202021/0245.php?act=f&c=1&f=8120.pdf HTTP/1.1" 200 2740
172.22.2.4 - - [14/Jul/2024:17:33:04 -0500] "GET /BLA/boletinlegal/ HTTP/1.1" 200 58720
47.128.21.133 - - [14/Jul/2024:17:34:49 -0500] "GET /BLA/resoluciones/AUTOS%202021/0245.php?act=f&c=1&f=7759.pdf HTTP/1.1" 200 2740
201.245.192.253 - - [14/Jul/2024:17:34:50 -0500] "POST /kwsrmcab/Wsrmcab  HTTP/1.1" 200 38712
47.128.122.67 - - [14/Jul/2024:17:34:59 -0500] "GET /BLA/resoluciones/AUTOS%202021/0245.php?act=f&c=1&f=04964.pdf HTTP/1.1" 200 2740
216.244.66.195 - - [14/Jul/2024:17:35:01 -0500] "GET /BLA/resoluciones/index.php?dir=RESOLUCIONES%201997/&sort=date&order=asc HTTP/1.1" 200 17831
201.245.192.253 - - [14/Jul/2024:17:35:03 -0500] "GET /kwsrmcab/Wsrmcab?wsdl HTTP/1.1" 200 6948
47.128.113.89 - - [14/Jul/2024:17:35:09 -0500] "GET /BLA/resoluciones/AUTOS%202021/0245.php?act=f&c=1&f=5174.pdf HTTP/1.1" 200 2739
47.128.113.94 - - [14/Jul/2024:17:35:19 -0500] "GET /BLA/resoluciones/AUTOS%202021/0245.php?act=f&c=1&f=05462.pdf HTTP/1.1" 200 2740
201.245.192.253 - - [14/Jul/2024:17:36:03 -0500] "GET /kwsrmcab/Wsrmcab?wsdl HTTP/1.1" 200 6948
201.245.192.253 - - [14/Jul/2024:17:37:03 -0500] "GET /kwsrmcab/Wsrmcab?wsdl HTTP/1.1" 200 6948
201.245.192.253 - - [14/Jul/2024:17:38:03 -0500] "GET /kwsrmcab/Wsrmcab?wsdl HTTP/1.1" 200 6948
172.22.2.4 - - [14/Jul/2024:17:36:55 -0500] "HEAD /BLA/boletinlegal/ HTTP/1.1" 200 -
66.249.66.20 - - [14/Jul/2024:17:38:39 -0500] "GET /BLA/resoluciones/RESOLUCIONES%202004/1001.pdf HTTP/1.1" 200 401977
66.249.66.20 - - [14/Jul/2024:17:38:55 -0500] "GET /BLA/resoluciones/RESOLUCIONES%202011/0831.pdf HTTP/1.1" 200 717857
201.245.192.253 - - [14/Jul/2024:17:39:03 -0500] "GET /kwsrmcab/Wsrmcab?wsdl HTTP/1.1" 200 6948
66.249.66.19 - - [14/Jul/2024:17:39:08 -0500] "GET /BLA/resoluciones/AUTOS%202023/1323.pdf HTTP/1.1" 200 467313
172.22.2.4 - - [14/Jul/2024:17:37:44 -0500] "GET /BLA/boletinlegal/ HTTP/1.1" 200 40647
172.22.2.4 - - [14/Jul/2024:17:37:46 -0500] "GET /BLA/boletinlegal/ HTTP/1.1" 200 40647
216.245.221.92 - - [14/Jul/2024:17:39:39 -0500] "HEAD / HTTP/1.1" 200 -
201.245.192.253 - - [14/Jul/2024:17:39:49 -0500] "POST /kwsrmcab/Wsrmcab  HTTP/1.1" 200 38712
201.245.192.253 - - [14/Jul/2024:17:40:03 -0500] "GET /kwsrmcab/Wsrmcab?wsdl HTTP/1.1" 200 6948
201.245.192.253 - - [14/Jul/2024:17:40:07 -0500] "POST /kwsrmcab/Wsrmcab HTTP/1.1" 200 29058
201.245.192.253 - - [14/Jul/2024:17:40:13 -0500] "POST /kwsrmcab/Wsrmcab HTTP/1.1" 200 29380
201.245.192.253 - - [14/Jul/2024:17:40:15 -0500] "POST /kwsrmcab/Wsrmcab HTTP/1.1" 200 29227
66.249.66.39 - - [14/Jul/2024:17:40:59 -0500] "GET /robots.txt HTTP/1.1" 404 1034
66.249.66.38 - - [14/Jul/2024:17:40:59 -0500] "GET /semana-ambiental-2022-del-31-de-mayo-al-5-de-junio-se-celebrara-en-bogota.html HTTP/1.1" 304 -
47.128.52.30 - - [14/Jul/2024:17:41:02 -0500] "GET /BLA/resoluciones/AUTOS%202021/0245.php?act=f&c=1&f=01906.pdf HTTP/1.1" 200 2741
201.245.192.253 - - [14/Jul/2024:17:41:03 -0500] "GET /kwsrmcab/Wsrmcab?wsdl HTTP/1.1" 200 6948
47.128.123.197 - - [14/Jul/2024:17:41:12 -0500] "GET /BLA/resoluciones/AUTOS%202021/0245.php?act=f&c=1&f=06897.pdf HTTP/1.1" 200 2741
47.128.99.226 - - [14/Jul/2024:17:41:22 -0500] "GET /BLA/resoluciones/AUTOS%202021/0245.php?act=f&c=1&f=10965.pdf HTTP/1.1" 200 2740
47.128.22.113 - - [14/Jul/2024:17:41:32 -0500] "GET /BLA/resoluciones/AUTOS%202021/0245.php?act=f&c=1&f=7495.pdf HTTP/1.1" 200 2739
47.128.63.199 - - [14/Jul/2024:17:41:42 -0500] "GET /BLA/resoluciones/AUTOS%202021/0245.php?act=f&c=1&f=10567.pdf HTTP/1.1" 200 2740
47.128.97.9 - - [14/Jul/2024:17:41:52 -0500] "GET /BLA/resoluciones/AUTOS%202021/0245.php?act=f&c=1&f=09632.pdf HTTP/1.1" 200 2740
47.128.35.231 - - [14/Jul/2024:17:42:02 -0500] "GET /BLA/resoluciones/AUTOS%202021/0245.php?act=f&c=1&f=7733.pdf HTTP/1.1" 200 2740
201.245.192.253 - - [14/Jul/2024:17:42:03 -0500] "GET /kwsrmcab/Wsrmcab?wsdl HTTP/1.1" 200 6948
201.245.192.253 - - [14/Jul/2024:17:42:05 -0500] "POST /kwsrmcab/Wsrmcab HTTP/1.1" 200 29227
47.128.110.71 - - [14/Jul/2024:17:42:14 -0500] "GET /BLA/resoluciones/AUTOS%202021/0245.php?act=f&c=1&f=05020.pdf HTTP/1.1" 200 2740
172.22.2.4 - - [14/Jul/2024:17:42:20 -0500] "GET /BLA/boletinlegal/Circulares/2021/CIRCULAR%20No.%2000006%20DEL%2005%20DE%20AGOSTO%20DEL%202021.pdf HTTP/1.1" 304 -
47.128.48.134 - - [14/Jul/2024:17:42:22 -0500] "GET /BLA/resoluciones/AUTOS%202021/0245.php?act=f&c=1&f=05028.pdf HTTP/1.1" 200 2741
47.128.97.11 - - [14/Jul/2024:17:42:32 -0500] "GET /BLA/resoluciones/AUTOS%202021/0245.php?act=f&c=1&f=5796.pdf HTTP/1.1" 200 2740
20.15.133.173 - - [14/Jul/2024:17:42:35 -0500] "GET /robots.txt HTTP/1.1" 404 1018
20.15.133.186 - - [14/Jul/2024:17:42:46 -0500] "GET /BLA/resoluciones/RESOLUCIONES%202021/5479.pdf HTTP/1.1" 200 2315705
201.245.192.253 - - [14/Jul/2024:17:43:03 -0500] "GET /kwsrmcab/Wsrmcab?wsdl HTTP/1.1" 200 6948
52.167.144.186 - - [14/Jul/2024:17:43:39 -0500] "GET /images/chulo-o-gallinazo-optimized.jpg HTTP/1.1" 200 60427
66.249.66.20 - - [14/Jul/2024:17:43:47 -0500] "GET /resoluciones/RESOLUCIONES%202009/0916.pdf HTTP/1.1" 404 1018
201.245.192.253 - - [14/Jul/2024:17:44:03 -0500] "GET /kwsrmcab/Wsrmcab?wsdl HTTP/1.1" 200 6948
172.22.2.4 - - [14/Jul/2024:17:42:26 -0500] "GET /BLA/boletinlegal/ HTTP/1.1" 200 52783
172.22.2.4 - - [14/Jul/2024:17:42:45 -0500] "HEAD /BLA/boletinlegal/ HTTP/1.1" 200 -
216.245.221.92 - - [14/Jul/2024:17:44:39 -0500] "HEAD / HTTP/1.1" 200 -
201.245.192.253 - - [14/Jul/2024:17:44:47 -0500] "POST /kwsrmcab/Wsrmcab  HTTP/1.1" 200 38712
47.128.57.81 - - [14/Jul/2024:17:45:02 -0500] "GET /BLA/resoluciones/AUTOS%202021/0245.php?act=f&c=1&f=11304.pdf HTTP/1.1" 200 2740
201.245.192.253 - - [14/Jul/2024:17:45:03 -0500] "GET /kwsrmcab/Wsrmcab?wsdl HTTP/1.1" 200 6948
47.128.62.236 - - [14/Jul/2024:17:45:12 -0500] "GET /BLA/resoluciones/AUTOS%202021/0245.php?act=f&c=1&f=08765.pdf HTTP/1.1" 200 2741
172.22.2.4 - - [14/Jul/2024:17:43:35 -0500] "GET /BLA/boletinlegal/ HTTP/1.1" 200 53419
66.249.66.20 - - [14/Jul/2024:17:45:18 -0500] "GET /BLA/resoluciones/AUTOS%202008/2573.pdf HTTP/1.1" 200 99682
47.128.56.97 - - [14/Jul/2024:17:45:22 -0500] "GET /BLA/resoluciones/AUTOS%202021/0245.php?act=f&c=1&f=05537.pdf HTTP/1.1" 200 2740
66.249.66.20 - - [14/Jul/2024:17:45:27 -0500] "GET /BLA/resoluciones/AUTOS%202009/3399.pdf HTTP/1.1" 200 98068
47.128.58.125 - - [14/Jul/2024:17:45:32 -0500] "GET /BLA/resoluciones/AUTOS%202021/0245.php?act=f&c=1&f=04843.pdf HTTP/1.1" 200 2741
47.128.54.27 - - [14/Jul/2024:17:45:42 -0500] "GET /BLA/resoluciones/AUTOS%202021/0245.php?act=f&c=1&f=03264.pdf HTTP/1.1" 200 2740
47.128.59.116 - - [14/Jul/2024:17:45:52 -0500] "GET /BLA/resoluciones/AUTOS%202021/0245.php?act=f&c=1&f=7143.pdf HTTP/1.1" 200 2739
149.50.103.48 - - [14/Jul/2024:17:45:55 -0500] "GET / HTTP/1.1" 200 319
47.128.122.152 - - [14/Jul/2024:17:46:02 -0500] "GET /BLA/resoluciones/AUTOS%202021/0245.php?act=f&c=1&f=10766.pdf HTTP/1.1" 200 2741
201.245.192.253 - - [14/Jul/2024:17:46:03 -0500] "GET /kwsrmcab/Wsrmcab?wsdl HTTP/1.1" 200 6948
47.128.59.162 - - [14/Jul/2024:17:46:12 -0500] "GET /BLA/resoluciones/AUTOS%202021/0245.php?act=f&c=1&f=10417.pdf HTTP/1.1" 200 2740
47.128.53.26 - - [14/Jul/2024:17:46:22 -0500] "GET /BLA/resoluciones/AUTOS%202021/0245.php?act=f&c=1&f=09772.pdf HTTP/1.1" 200 2740
47.128.122.164 - - [14/Jul/2024:17:46:32 -0500] "GET /BLA/resoluciones/AUTOS%202021/0245.php?act=f&c=1&f=09347.pdf HTTP/1.1" 200 2740
146.199.255.24 - - [14/Jul/2024:17:46:52 -0500] "GET / HTTP/1.0" 200 319
201.245.192.253 - - [14/Jul/2024:17:47:03 -0500] "GET /kwsrmcab/Wsrmcab?wsdl HTTP/1.1" 200 6948
47.128.63.228 - - [14/Jul/2024:17:47:28 -0500] "GET /BLA/resoluciones/AUTOS%202021/0245.php?act=f&c=1&f=09648.pdf HTTP/1.1" 200 2740
47.128.51.162 - - [14/Jul/2024:17:47:38 -0500] "GET /BLA/resoluciones/AUTOS%202021/0245.php?act=f&c=1&f=11286.pdf HTTP/1.1" 200 2741
47.128.122.24 - - [14/Jul/2024:17:47:48 -0500] "GET /BLA/resoluciones/AUTOS%202021/0245.php?act=f&c=1&f=04968.pdf HTTP/1.1" 200 2740
47.128.122.255 - - [14/Jul/2024:17:47:58 -0500] "GET /BLA/resoluciones/AUTOS%202021/0245.php?act=f&c=1&f=07199.pdf HTTP/1.1" 200 2740
185.224.128.43 - - [14/Jul/2024:17:47:59 -0500] "GET / HTTP/1.1" 200 319
201.245.192.253 - - [14/Jul/2024:17:48:03 -0500] "GET /kwsrmcab/Wsrmcab?wsdl HTTP/1.1" 200 6948
47.128.122.46 - - [14/Jul/2024:17:48:08 -0500] "GET /BLA/resoluciones/AUTOS%202021/0245.php?act=f&c=1&f=11185.pdf HTTP/1.1" 200 2741
66.249.66.19 - - [14/Jul/2024:17:48:09 -0500] "GET /BLA/resoluciones/AUTOS%202020/4276.pdf HTTP/1.1" 200 492013
66.249.66.19 - - [14/Jul/2024:17:48:10 -0500] "GET /Publicaciones/2024EE116208.pdf HTTP/1.1" 404 228
47.128.18.95 - - [14/Jul/2024:17:48:18 -0500] "GET /BLA/resoluciones/AUTOS%202021/0245.php?act=f&c=1&f=RESOLUCION+6904+DE+2010.PDF HTTP/1.1" 200 2766
66.249.66.19 - - [14/Jul/2024:17:48:26 -0500] "GET /BLA/resoluciones/RESOLUCIONES%202004/0448.pdf HTTP/1.1" 200 69690
47.128.114.50 - - [14/Jul/2024:17:48:28 -0500] "GET /BLA/resoluciones/AUTOS%202021/0245.php?act=f&c=1&f=7698.pdf HTTP/1.1" 200 2740
47.128.48.185 - - [14/Jul/2024:17:48:38 -0500] "GET /BLA/resoluciones/AUTOS%202021/0245.php?act=f&c=1&f=03887.pdf HTTP/1.1" 200 2741
66.249.66.20 - - [14/Jul/2024:17:48:41 -0500] "GET /resoluciones/RESOLUCIONES%202010/1998.pdf HTTP/1.1" 404 1018
47.128.118.231 - - [14/Jul/2024:17:48:48 -0500] "GET /BLA/resoluciones/AUTOS%202021/0245.php?act=f&c=1&f=6087.pdf HTTP/1.1" 200 2740
172.22.2.4 - - [14/Jul/2024:17:47:10 -0500] "GET /BLA/boletinlegal/ HTTP/1.1" 200 60730
47.128.38.194 - - [14/Jul/2024:17:48:58 -0500] "GET /BLA/resoluciones/AUTOS%202021/0245.php?act=f&c=1&f=7413.pdf HTTP/1.1" 200 2739
201.245.192.253 - - [14/Jul/2024:17:49:03 -0500] "GET /kwsrmcab/Wsrmcab?wsdl HTTP/1.1" 200 6948
47.128.40.117 - - [14/Jul/2024:17:49:08 -0500] "GET /BLA/resoluciones/AUTOS%202021/0245.php?act=f&c=1&f=10847.pdf HTTP/1.1" 200 2740
66.249.66.19 - - [14/Jul/2024:17:49:14 -0500] "GET /BLA/resoluciones/AUTOS%202018/6785.pdf HTTP/1.1" 200 249091
47.128.39.82 - - [14/Jul/2024:17:49:18 -0500] "GET /BLA/resoluciones/AUTOS%202021/0245.php?act=f&c=1&f=05476.pdf HTTP/1.1" 200 2740
47.128.40.109 - - [14/Jul/2024:17:49:28 -0500] "GET /BLA/resoluciones/AUTOS%202021/0245.php?act=f&c=1&f=9230.pdf HTTP/1.1" 200 2739
66.249.66.19 - - [14/Jul/2024:17:49:31 -0500] "GET /BLA/resoluciones/AUTOS%202023/0123.pdf HTTP/1.1" 200 1429429
47.128.113.99 - - [14/Jul/2024:17:49:38 -0500] "GET /BLA/resoluciones/AUTOS%202021/0245.php?act=f&c=1&f=01055.pdf HTTP/1.1" 200 2740
216.245.221.92 - - [14/Jul/2024:17:49:39 -0500] "HEAD / HTTP/1.1" 200 -
172.22.2.4 - - [14/Jul/2024:17:49:39 -0500] "GET /BLA/boletinlegal/consulta_actos.php?tipo=resoluciones&no=0369&usuario=&sector=&fecha=2019&resuelve= HTTP/1.1" 200 1477
172.22.2.4 - - [14/Jul/2024:17:49:39 -0500] "GET /BLA/boletinlegal/images/pdf.gif HTTP/1.1" 200 567
186.145.174.22 - - [14/Jul/2024:17:49:42 -0500] "GET /BLA/resoluciones/RESOLUCIONES%202019/0369.pdf HTTP/1.1" 200 4885066
186.145.174.22 - - [14/Jul/2024:17:49:43 -0500] "GET /favicon.ico HTTP/1.1" 200 7782
66.249.66.20 - - [14/Jul/2024:17:49:46 -0500] "GET /BLA/resoluciones/RESOLUCIONES%202009/8035.pdf HTTP/1.1" 200 419672
47.128.99.16 - - [14/Jul/2024:17:49:48 -0500] "GET /BLA/resoluciones/AUTOS%202021/0245.php?act=f&c=1&f=05822.pdf HTTP/1.1" 200 2740
201.245.192.253 - - [14/Jul/2024:17:49:46 -0500] "POST /kwsrmcab/Wsrmcab  HTTP/1.1" 200 38712
47.128.127.28 - - [14/Jul/2024:17:49:58 -0500] "GET /BLA/resoluciones/AUTOS%202021/0245.php?act=f&c=1&f=06540.pdf HTTP/1.1" 200 2741
201.245.192.253 - - [14/Jul/2024:17:50:03 -0500] "GET /kwsrmcab/Wsrmcab?wsdl HTTP/1.1" 200 6948
47.128.59.149 - - [14/Jul/2024:17:50:08 -0500] "GET /BLA/resoluciones/AUTOS%202021/0245.php?act=f&c=1&f=09134.pdf HTTP/1.1" 200 2740
66.249.66.19 - - [14/Jul/2024:17:50:11 -0500] "GET /BLA/resoluciones/AUTOS%202023/10321.pdf HTTP/1.1" 200 388698
172.22.2.4 - - [14/Jul/2024:17:48:35 -0500] "HEAD /BLA/boletinlegal/ HTTP/1.1" 200 -
47.128.127.52 - - [14/Jul/2024:17:50:18 -0500] "GET /BLA/resoluciones/AUTOS%202021/0245.php?act=f&c=1&f=6955.pdf HTTP/1.1" 200 2739
66.249.66.21 - - [14/Jul/2024:17:50:26 -0500] "GET /BLA/resoluciones/AUTOS%202008/0518.pdf HTTP/1.1" 200 226931
47.128.127.72 - - [14/Jul/2024:17:50:28 -0500] "GET /BLA/resoluciones/AUTOS%202021/0245.php?act=f&c=1&f=05834.pdf HTTP/1.1" 200 2740
47.128.127.59 - - [14/Jul/2024:17:50:38 -0500] "GET /BLA/resoluciones/AUTOS%202021/0245.php?act=f&c=1&f=07363.pdf HTTP/1.1" 200 2741
47.128.36.90 - - [14/Jul/2024:17:50:48 -0500] "GET /BLA/resoluciones/AUTOS%202021/0245.php?act=f&c=1&f=7464.pdf HTTP/1.1" 200 2740
216.244.66.195 - - [14/Jul/2024:17:50:55 -0500] "GET /BLA/resoluciones/AUTOS%202007/0955.pdf HTTP/1.1" 200 43429
47.128.126.43 - - [14/Jul/2024:17:50:58 -0500] "GET /BLA/resoluciones/AUTOS%202021/0245.php?act=f&c=1&f=11294.pdf HTTP/1.1" 200 2740
216.244.66.195 - - [14/Jul/2024:17:51:00 -0500] "GET /BLA/resoluciones/AUTOS%202008/0334.pdf HTTP/1.1" 200 44769
201.245.192.253 - - [14/Jul/2024:17:51:03 -0500] "GET /kwsrmcab/Wsrmcab?wsdl HTTP/1.1" 200 6948
216.244.66.195 - - [14/Jul/2024:17:51:04 -0500] "GET /BLA/resoluciones/AUTOS%202008/0438.pdf HTTP/1.1" 200 105783
172.22.2.4 - - [14/Jul/2024:17:49:25 -0500] "GET /BLA/boletinlegal/ HTTP/1.1" 200 57889
216.244.66.195 - - [14/Jul/2024:17:51:08 -0500] "GET /BLA/resoluciones/AUTOS%202008/0713.pdf HTTP/1.1" 200 69292
47.128.61.42 - - [14/Jul/2024:17:51:08 -0500] "GET /BLA/resoluciones/AUTOS%202021/0245.php?act=f&c=1&f=6141.pdf HTTP/1.1" 200 2739
216.244.66.195 - - [14/Jul/2024:17:51:11 -0500] "GET /BLA/resoluciones/AUTOS%202008/0789.pdf HTTP/1.1" 200 83254
216.244.66.195 - - [14/Jul/2024:17:51:14 -0500] "GET /BLA/resoluciones/AUTOS%202008/1052.pdf HTTP/1.1" 200 107508
216.244.66.195 - - [14/Jul/2024:17:51:17 -0500] "GET /BLA/resoluciones/AUTOS%202008/1353.pdf HTTP/1.1" 200 70001
216.244.66.195 - - [14/Jul/2024:17:51:20 -0500] "GET /BLA/resoluciones/AUTOS%202008/1584.pdf HTTP/1.1" 200 77267
216.244.66.195 - - [14/Jul/2024:17:51:23 -0500] "GET /BLA/resoluciones/AUTOS%202008/1660.pdf HTTP/1.1" 200 91900
216.244.66.195 - - [14/Jul/2024:17:51:26 -0500] "GET /BLA/resoluciones/AUTOS%202008/1978.pdf HTTP/1.1" 200 100635
216.244.66.195 - - [14/Jul/2024:17:51:29 -0500] "GET /BLA/resoluciones/AUTOS%202009/0626.pdf HTTP/1.1" 200 74534
216.244.66.195 - - [14/Jul/2024:17:51:31 -0500] "GET /BLA/resoluciones/AUTOS%202009/0658.pdf HTTP/1.1" 200 112145
216.244.66.195 - - [14/Jul/2024:17:51:33 -0500] "GET /BLA/resoluciones/AUTOS%202013/0189.pdf HTTP/1.1" 200 2839560
52.167.144.236 - - [14/Jul/2024:17:51:38 -0500] "GET /BLA/resoluciones/AUTOS%202019/5406.pdf HTTP/1.1" 200 279520
216.244.66.195 - - [14/Jul/2024:17:51:40 -0500] "GET /BLA/resoluciones/AUTOS%202013/0816.pdf HTTP/1.1" 200 349720
216.244.66.195 - - [14/Jul/2024:17:51:43 -0500] "GET /BLA/resoluciones/AUTOS%202014/0649.pdf HTTP/1.1" 200 493454
216.244.66.195 - - [14/Jul/2024:17:51:46 -0500] "GET /BLA/resoluciones/AUTOS%202014/0878.pdf HTTP/1.1" 200 566451
216.244.66.195 - - [14/Jul/2024:17:51:50 -0500] "GET /BLA/resoluciones/AUTOS%202014/1779.pdf HTTP/1.1" 200 545518
216.244.66.195 - - [14/Jul/2024:17:51:54 -0500] "GET /BLA/resoluciones/AUTOS%202015/0446.pdf HTTP/1.1" 200 605379
216.244.66.195 - - [14/Jul/2024:17:52:00 -0500] "GET /BLA/resoluciones/AUTOS%202015/0468.pdf HTTP/1.1" 200 939328
201.245.192.253 - - [14/Jul/2024:17:52:03 -0500] "GET /kwsrmcab/Wsrmcab?wsdl HTTP/1.1" 200 6948
216.244.66.195 - - [14/Jul/2024:17:52:06 -0500] "GET /BLA/resoluciones/AUTOS%202015/0486.pdf HTTP/1.1" 200 1147593
66.249.66.21 - - [14/Jul/2024:17:52:10 -0500] "GET /BLA/resoluciones/AUTOS%202008/2237.pdf HTTP/1.1" 200 181610
66.249.66.20 - - [14/Jul/2024:17:52:11 -0500] "GET /BLA/resoluciones/AUTOS%202023/2317.pdf HTTP/1.1" 200 429638
216.244.66.195 - - [14/Jul/2024:17:52:15 -0500] "GET /BLA/resoluciones/AUTOS%202015/1011.pdf HTTP/1.1" 200 592201
216.244.66.195 - - [14/Jul/2024:17:52:22 -0500] "GET /BLA/resoluciones/AUTOS%202015/1256.pdf HTTP/1.1" 200 622077
216.244.66.195 - - [14/Jul/2024:17:52:35 -0500] "GET /BLA/resoluciones/AUTOS%202015/1269.pdf HTTP/1.1" 200 704749
216.244.66.195 - - [14/Jul/2024:17:52:45 -0500] "GET /BLA/resoluciones/AUTOS%202015/1712.pdf HTTP/1.1" 200 719230
216.244.66.195 - - [14/Jul/2024:17:52:54 -0500] "GET /BLA/resoluciones/AUTOS%202015/2877.pdf HTTP/1.1" 200 798299
216.244.66.195 - - [14/Jul/2024:17:53:02 -0500] "GET /BLA/resoluciones/AUTOS%202015/3100.pdf HTTP/1.1" 200 742390
201.245.192.253 - - [14/Jul/2024:17:53:03 -0500] "GET /kwsrmcab/Wsrmcab?wsdl HTTP/1.1" 200 6948
216.244.66.195 - - [14/Jul/2024:17:53:09 -0500] "GET /BLA/resoluciones/AUTOS%202015/3766.pdf HTTP/1.1" 200 670599
199.16.157.182 - - [14/Jul/2024:17:53:12 -0500] "GET /images/pl%C3%A1sticos%20foto%201..jpg HTTP/1.1" 404 1034
216.244.66.195 - - [14/Jul/2024:17:53:34 -0500] "GET /BLA/resoluciones/AUTOS%202017/1734.pdf HTTP/1.1" 200 290858
172.22.2.4 - - [14/Jul/2024:17:51:56 -0500] "GET /BLA/boletinlegal/ HTTP/1.1" 200 61913
216.244.66.195 - - [14/Jul/2024:17:53:53 -0500] "GET /BLA/resoluciones/AUTOS%202017/2045.pdf HTTP/1.1" 200 378250
201.245.192.253 - - [14/Jul/2024:17:54:03 -0500] "GET /kwsrmcab/Wsrmcab?wsdl HTTP/1.1" 200 6948
216.244.66.195 - - [14/Jul/2024:17:54:11 -0500] "GET /BLA/resoluciones/AUTOS%202017/2267.pdf HTTP/1.1" 200 366465
66.249.66.21 - - [14/Jul/2024:17:54:25 -0500] "GET /resoluciones/RESOLUCIONES%202009/2749.pdf HTTP/1.1" 404 1018
66.249.66.20 - - [14/Jul/2024:17:54:28 -0500] "GET /BLA/resoluciones/RESOLUCIONES%202007/RES%202007%204301%20AL%204352/RESOLUCION%204339%20DE%202007.pdf HTTP/1.1" 200 895090
66.249.66.19 - - [14/Jul/2024:17:54:28 -0500] "GET /BLA/resoluciones/RESOLUCIONES%202007/RES%202007%20501%20AL%20600/RESOLUCION%200582%20DE%202007.pdf HTTP/1.1" 200 442518
216.244.66.195 - - [14/Jul/2024:17:54:29 -0500] "GET /BLA/resoluciones/AUTOS%202017/2594.pdf HTTP/1.1" 200 287470
66.249.66.20 - - [14/Jul/2024:17:54:29 -0500] "GET /BLA/resoluciones/RESOLUCIONES%202007/3535.pdf HTTP/1.1" 200 311310
66.249.66.19 - - [14/Jul/2024:17:54:29 -0500] "GET /BLA/resoluciones/RESOLUCIONES%202007/RES%202007%201801%20AL%201900/RESOLUCION%201812%20DE%202007.pdf HTTP/1.1" 200 472274
66.249.66.20 - - [14/Jul/2024:17:54:30 -0500] "GET /BLA/resoluciones/RESOLUCIONES%202007/RES%202007%201201%20AL%201300/RESOLUCION%201254%20DE%202007.pdf HTTP/1.1" 200 442078
66.249.66.20 - - [14/Jul/2024:17:54:30 -0500] "GET /BLA/resoluciones/RESOLUCIONES%202007/RES%202007%201726%20AL%201800/RESOLUCION%201755%20DE%202007.pdf HTTP/1.1" 200 132778
66.249.66.20 - - [14/Jul/2024:17:54:31 -0500] "GET /BLA/resoluciones/RESOLUCIONES%202007/0073.pdf HTTP/1.1" 200 320265
66.249.66.19 - - [14/Jul/2024:17:54:31 -0500] "GET /BLA/resoluciones/RESOLUCIONES%202007/RES%202007%203701%20AL%203800/RESOLUCION%203779%20DE%202007.pdf HTTP/1.1" 200 28462
66.249.66.20 - - [14/Jul/2024:17:54:32 -0500] "GET /BLA/resoluciones/RESOLUCIONES%202007/RES%202007%20701%20AL%20800/RESOLUCION%200724%20DE%202007.pdf HTTP/1.1" 200 250111
66.249.66.19 - - [14/Jul/2024:17:54:32 -0500] "GET /BLA/resoluciones/RESOLUCIONES%202007/RES%202007%20801%20AL%20900/RESOLUCION%200874%20DE%202007.pdf HTTP/1.1" 200 286932
66.249.66.19 - - [14/Jul/2024:17:54:33 -0500] "GET /BLA/resoluciones/RESOLUCIONES%202007/RES%202007%201801%20AL%201900/RESOLUCION%201839%20DE%202007.pdf HTTP/1.1" 200 181789
66.249.66.19 - - [14/Jul/2024:17:54:33 -0500] "GET /BLA/resoluciones/RESOLUCIONES%202007/RES%202007%20901%20AL%201000/RESOLUCION%200983%20DE%202007.pdf HTTP/1.1" 200 165227
66.249.66.20 - - [14/Jul/2024:17:54:34 -0500] "GET /BLA/resoluciones/RESOLUCIONES%202007/RES%202007%201801%20AL%201900/RESOLUCION%201880%20DE%202007.pdf HTTP/1.1" 200 696020
66.249.66.19 - - [14/Jul/2024:17:54:34 -0500] "GET /BLA/resoluciones/RESOLUCIONES%202007/RES%202007%20801%20AL%20900/RESOLUCION%200896%20DE%202007.pdf HTTP/1.1" 200 222045
66.249.66.21 - - [14/Jul/2024:17:54:34 -0500] "GET /BLA/resoluciones/RESOLUCIONES%202007/RES%202007%20501%20AL%20600/RESOLUCION%200526%20DE%202007.pdf HTTP/1.1" 200 346546
66.249.66.19 - - [14/Jul/2024:17:54:35 -0500] "GET /BLA/resoluciones/RESOLUCIONES%202007/RES%202007%20801%20AL%20900/RESOLUCION%200872%20DE%202007.pdf HTTP/1.1" 200 624652
66.249.66.20 - - [14/Jul/2024:17:54:35 -0500] "GET /BLA/resoluciones/RESOLUCIONES%202007/RES%202007%20901%20AL%201000/RESOLUCION%200993%20DE%202007.pdf HTTP/1.1" 200 663833
66.249.66.19 - - [14/Jul/2024:17:54:36 -0500] "GET /BLA/resoluciones/RESOLUCIONES%202007/RES%202007%20101%20AL%20200/RESOLUCION%200147%20DE%202007.pdf HTTP/1.1" 200 326283
66.249.66.19 - - [14/Jul/2024:17:54:36 -0500] "GET /BLA/resoluciones/RESOLUCIONES%202007/RES%202007%201201%20AL%201300/RESOLUCION%201240%20DE%202007.pdf HTTP/1.1" 200 657860
52.167.144.219 - - [14/Jul/2024:17:54:37 -0500] "GET /BLA/resoluciones/RESOLUCIONES%202008/3894.pdf HTTP/1.1" 304 -
216.245.221.92 - - [14/Jul/2024:17:54:39 -0500] "HEAD / HTTP/1.1" 200 -
201.245.192.253 - - [14/Jul/2024:17:54:44 -0500] "POST /kwsrmcab/Wsrmcab  HTTP/1.1" 200 38712
216.244.66.195 - - [14/Jul/2024:17:54:45 -0500] "GET /BLA/resoluciones/AUTOS%202017/2669.pdf HTTP/1.1" 200 2326174
201.245.192.253 - - [14/Jul/2024:17:55:03 -0500] "GET /kwsrmcab/Wsrmcab?wsdl HTTP/1.1" 200 6948
216.244.66.195 - - [14/Jul/2024:17:55:19 -0500] "GET /BLA/resoluciones/AUTOS%202017/2733.pdf HTTP/1.1" 200 266681
216.244.66.195 - - [14/Jul/2024:17:55:50 -0500] "GET /BLA/resoluciones/AUTOS%202017/2746.pdf HTTP/1.1" 200 347016
201.245.192.253 - - [14/Jul/2024:17:56:03 -0500] "GET /kwsrmcab/Wsrmcab?wsdl HTTP/1.1" 200 6948
172.22.2.4 - - [14/Jul/2024:17:54:25 -0500] "HEAD /BLA/boletinlegal/ HTTP/1.1" 200 -
216.244.66.195 - - [14/Jul/2024:17:56:19 -0500] "GET /BLA/resoluciones/AUTOS%202017/2911.pdf HTTP/1.1" 200 2017255
172.22.2.4 - - [14/Jul/2024:17:56:25 -0500] "GET /BLA/boletinlegal/robots.txt HTTP/1.1" 404 1038
172.22.2.4 - - [14/Jul/2024:17:55:15 -0500] "GET /BLA/boletinlegal/ HTTP/1.1" 200 51133
216.244.66.195 - - [14/Jul/2024:17:57:00 -0500] "GET /BLA/resoluciones/AUTOS%202017/3032.pdf HTTP/1.1" 200 301955
201.245.192.253 - - [14/Jul/2024:17:57:03 -0500] "GET /kwsrmcab/Wsrmcab?wsdl HTTP/1.1" 200 6948
216.244.66.195 - - [14/Jul/2024:17:57:31 -0500] "GET /BLA/resoluciones/AUTOS%202018/0628.pdf HTTP/1.1" 200 275061
216.244.66.195 - - [14/Jul/2024:17:58:01 -0500] "GET /BLA/resoluciones/AUTOS%202018/2375.pdf HTTP/1.1" 200 600456
201.245.192.253 - - [14/Jul/2024:17:58:03 -0500] "GET /kwsrmcab/Wsrmcab?wsdl HTTP/1.1" 200 6948
172.22.2.4 - - [14/Jul/2024:17:56:41 -0500] "GET /BLA/boletinlegal/ HTTP/1.1" 200 61446
216.244.66.195 - - [14/Jul/2024:17:58:34 -0500] "GET /BLA/resoluciones/AUTOS%202018/2583.pdf HTTP/1.1" 200 591390
201.245.192.253 - - [14/Jul/2024:17:59:03 -0500] "GET /kwsrmcab/Wsrmcab?wsdl HTTP/1.1" 200 6948
216.244.66.195 - - [14/Jul/2024:17:59:13 -0500] "GET /BLA/resoluciones/AUTOS%202019/2018.pdf HTTP/1.1" 200 307954
216.245.221.92 - - [14/Jul/2024:17:59:39 -0500] "HEAD / HTTP/1.1" 200 -
201.245.192.253 - - [14/Jul/2024:17:59:44 -0500] "POST /kwsrmcab/Wsrmcab  HTTP/1.1" 200 38712
216.244.66.195 - - [14/Jul/2024:17:59:49 -0500] "GET /BLA/resoluciones/AUTOS%202019/2487.pdf HTTP/1.1" 200 803912
5.255.231.198 - - [14/Jul/2024:17:59:59 -0500] "GET /robots.txt HTTP/1.1" 404 1034
213.180.203.204 - - [14/Jul/2024:18:00:00 -0500] "GET /lluvias-y-vientos-aumentan-la-probabilidad-de-caida-de-arboles-en-bogota.html HTTP/1.1" 200 730
201.245.192.253 - - [14/Jul/2024:18:00:03 -0500] "GET /kwsrmcab/Wsrmcab?wsdl HTTP/1.1" 200 6948
