201.245.192.253 - - [14/Jul/2024:13:41:55 -0500] "POST /kwsrmcab/Wsrmcab HTTP/1.1" 200 29217
47.128.48.232 - - [14/Jul/2024:13:42:01 -0500] "GET /BLA/resoluciones/AUTOS%202021/0245.php?act=f&c=1&f=7091.pdf HTTP/1.1" 200 2739
201.245.192.253 - - [14/Jul/2024:13:42:04 -0500] "GET /kwsrmcab/Wsrmcab?wsdl HTTP/1.1" 200 6948
47.128.38.161 - - [14/Jul/2024:13:42:10 -0500] "GET /BLA/resoluciones/AUTOS%202021/0245.php?act=f&c=1&f=09339.pdf HTTP/1.1" 200 2740
47.128.97.192 - - [14/Jul/2024:13:42:20 -0500] "GET /BLA/resoluciones/AUTOS%202021/0245.php?act=f&c=1&f=10367.pdf HTTP/1.1" 200 2741
47.128.18.13 - - [14/Jul/2024:13:42:30 -0500] "GET /BLA/resoluciones/AUTOS%202021/0245.php?act=f&c=1&f=05475.pdf HTTP/1.1" 200 2740
47.128.97.178 - - [14/Jul/2024:13:42:40 -0500] "GET /BLA/resoluciones/AUTOS%202021/0245.php?act=f&c=1&f=7365.pdf HTTP/1.1" 200 2740
66.249.66.21 - - [14/Jul/2024:13:42:54 -0500] "GET /BLA/resoluciones/AUTOS%202023/0370.pdf HTTP/1.1" 200 404225
201.245.192.253 - - [14/Jul/2024:13:43:04 -0500] "GET /kwsrmcab/Wsrmcab?wsdl HTTP/1.1" 200 6948
40.77.167.143 - - [14/Jul/2024:13:43:11 -0500] "GET /Publicaciones/2023EE211164.pdf HTTP/1.1" 404 228
52.167.144.200 - - [14/Jul/2024:13:43:17 -0500] "GET /Publicaciones/2024EE25550.pdf HTTP/1.1" 404 227
201.245.192.253 - - [14/Jul/2024:13:44:04 -0500] "GET /kwsrmcab/Wsrmcab?wsdl HTTP/1.1" 200 6948
47.128.46.219 - - [14/Jul/2024:13:44:30 -0500] "GET /BLA/resoluciones/AUTOS%202021/0245.php?act=f&c=1&f=6723.pdf HTTP/1.1" 200 2740
216.245.221.92 - - [14/Jul/2024:13:44:39 -0500] "HEAD / HTTP/1.1" 200 -
47.128.52.165 - - [14/Jul/2024:13:44:40 -0500] "GET /BLA/resoluciones/AUTOS%202021/0245.php?act=f&c=1&f=6959.pdf HTTP/1.1" 200 2739
216.244.66.195 - - [14/Jul/2024:13:44:49 -0500] "GET /BLA/resoluciones/AUTOS%202010/1482.pdf HTTP/1.1" 200 261145
47.128.34.234 - - [14/Jul/2024:13:44:50 -0500] "GET /BLA/resoluciones/AUTOS%202021/0245.php?act=f&c=1&f=03870.pdf HTTP/1.1" 200 2741
216.244.66.195 - - [14/Jul/2024:13:44:58 -0500] "GET /BLA/resoluciones/AUTOS%202010/4582.pdf HTTP/1.1" 200 177409
47.128.46.34 - - [14/Jul/2024:13:45:00 -0500] "GET /BLA/resoluciones/AUTOS%202021/0245.php?act=f&c=1&f=sess_ik1509uasp78qvmbar6tljso70 HTTP/1.1" 200 2760
201.245.192.253 - - [14/Jul/2024:13:45:04 -0500] "GET /kwsrmcab/Wsrmcab?wsdl HTTP/1.1" 200 6948
47.128.122.175 - - [14/Jul/2024:13:45:10 -0500] "GET /BLA/resoluciones/AUTOS%202021/0245.php?act=f&c=1&f=04431.pdf HTTP/1.1" 200 2740
172.22.2.4 - - [14/Jul/2024:13:43:34 -0500] "HEAD /BLA/boletinlegal/ HTTP/1.1" 200 -
47.128.99.32 - - [14/Jul/2024:13:45:20 -0500] "GET /BLA/resoluciones/AUTOS%202021/0245.php?act=f&c=1&f=07509.pdf HTTP/1.1" 200 2741
216.244.66.195 - - [14/Jul/2024:13:45:23 -0500] "GET /BLA/resoluciones/RESOLUCIONES%202019/1358.pdf HTTP/1.1" 200 243907
47.128.127.223 - - [14/Jul/2024:13:45:30 -0500] "GET /BLA/resoluciones/AUTOS%202021/0245.php?act=f&c=1&f=7407.pdf HTTP/1.1" 200 2739
37.114.33.6 - - [14/Jul/2024:13:45:37 -0500] "GET /IsolucionSDA/bancoconocimiento/T/TomaFisicaoInventario_v2/TomaFisicaoInventario_v2.asp?IdArticulo=524 HTTP/1.1" 404 4999
47.128.17.159 - - [14/Jul/2024:13:45:40 -0500] "GET /BLA/resoluciones/AUTOS%202021/0245.php?act=f&c=1&f=10851.pdf HTTP/1.1" 200 2740
216.244.66.195 - - [14/Jul/2024:13:45:45 -0500] "GET /BLA/resoluciones/RESOLUCIONES%202019/1386.pdf HTTP/1.1" 200 720548
54.36.232.187 - - [14/Jul/2024:13:45:47 -0500] "GET /IsolucionSDA/bancoconocimiento/T/TransferenciasDocumentalesPrimarias_v5/TransferenciasDocumentalesPrimarias_v5.asp HTTP/1.1" 404 5040
47.128.33.228 - - [14/Jul/2024:13:45:50 -0500] "GET /BLA/resoluciones/AUTOS%202021/0245.php?act=f&c=1&f=09317.pdf HTTP/1.1" 200 2740
201.245.192.253 - - [14/Jul/2024:13:45:58 -0500] "POST /kwsrmcab/Wsrmcab  HTTP/1.1" 200 38712
47.128.119.171 - - [14/Jul/2024:13:46:00 -0500] "GET /BLA/resoluciones/AUTOS%202021/0245.php?act=f&c=1&f=10544.pdf HTTP/1.1" 200 2740
201.245.192.253 - - [14/Jul/2024:13:46:04 -0500] "GET /kwsrmcab/Wsrmcab?wsdl HTTP/1.1" 200 6948
172.22.2.4 - - [14/Jul/2024:13:44:26 -0500] "GET /BLA/boletinlegal/ HTTP/1.1" 200 59967
47.128.98.40 - - [14/Jul/2024:13:46:10 -0500] "GET /BLA/resoluciones/AUTOS%202021/0245.php?act=f&c=1&f=05474.pdf HTTP/1.1" 200 2740
45.13.105.162 - - [14/Jul/2024:13:46:17 -0500] "GET /IsolucionSDA/bancoconocimiento/T/TransferenciasDocumentalesPrimarias_v5/TransferenciasDocumentalesPrimarias_v5.asp?IdArticulo=7738 HTTP/1.1" 404 5056
47.128.98.37 - - [14/Jul/2024:13:46:20 -0500] "GET /BLA/resoluciones/AUTOS%202021/0245.php?act=f&c=1&f=7750.pdf HTTP/1.1" 200 2740
216.244.66.195 - - [14/Jul/2024:13:46:29 -0500] "GET /BLA/resoluciones/RESOLUCIONES%201996/RESOLUCION%2040%20DE%201996.pdf HTTP/1.1" 200 131823
47.128.49.88 - - [14/Jul/2024:13:46:30 -0500] "GET /BLA/resoluciones/AUTOS%202021/0245.php?act=f&c=1&f=8655.pdf HTTP/1.1" 200 2740
47.128.55.25 - - [14/Jul/2024:13:46:40 -0500] "GET /BLA/resoluciones/AUTOS%202021/0245.php?act=f&c=1&f=03973.pdf HTTP/1.1" 200 2741
47.128.34.126 - - [14/Jul/2024:13:46:50 -0500] "GET /BLA/resoluciones/AUTOS%202021/0245.php?act=f&c=1&f=05856.pdf HTTP/1.1" 200 2741
47.128.35.175 - - [14/Jul/2024:13:47:00 -0500] "GET /BLA/resoluciones/AUTOS%202021/0245.php?act=f&c=1&f=09330.pdf HTTP/1.1" 200 2741
201.245.192.253 - - [14/Jul/2024:13:47:04 -0500] "GET /kwsrmcab/Wsrmcab?wsdl HTTP/1.1" 200 6948
47.128.45.222 - - [14/Jul/2024:13:47:10 -0500] "GET /BLA/resoluciones/AUTOS%202021/0245.php?act=f&c=1&f=10032.pdf HTTP/1.1" 200 2739
216.244.66.195 - - [14/Jul/2024:13:47:11 -0500] "GET /BLA/resoluciones/AUTOS%202007/0027.pdf HTTP/1.1" 200 117079
172.22.2.4 - - [14/Jul/2024:13:47:19 -0500] "GET /BLA/boletinlegal/Circulares/2012/Circular%20No.%2013%20del%2006%20de%20Septiembre%20de%202012.pdf HTTP/1.1" 304 -
47.128.120.6 - - [14/Jul/2024:13:47:20 -0500] "GET /BLA/resoluciones/AUTOS%202021/0245.php?act=f&c=1&f=09349.pdf HTTP/1.1" 200 2740
47.128.31.125 - - [14/Jul/2024:13:47:30 -0500] "GET /BLA/resoluciones/AUTOS%202021/0245.php?act=f&c=1&f=5928.pdf HTTP/1.1" 200 2740
47.128.33.55 - - [14/Jul/2024:13:47:40 -0500] "GET /BLA/resoluciones/AUTOS%202021/0245.php?act=f&c=1&f=03860.pdf HTTP/1.1" 200 2741
216.244.66.195 - - [14/Jul/2024:13:47:40 -0500] "GET /BLA/resoluciones/AUTOS%202007/0035.pdf HTTP/1.1" 200 224043
47.128.121.25 - - [14/Jul/2024:13:47:51 -0500] "GET /BLA/resoluciones/AUTOS%202021/0245.php?act=f&c=1&f=10267.pdf HTTP/1.1" 200 2740
66.249.66.21 - - [14/Jul/2024:13:47:55 -0500] "GET /BLA/resoluciones/AUTOS%202008/1932.pdf HTTP/1.1" 200 128560
47.128.58.215 - - [14/Jul/2024:13:48:00 -0500] "GET /BLA/resoluciones/AUTOS%202021/0245.php?act=f&c=1&f=5914.pdf HTTP/1.1" 200 2739
201.245.192.253 - - [14/Jul/2024:13:48:04 -0500] "GET /kwsrmcab/Wsrmcab?wsdl HTTP/1.1" 200 6948
181.61.209.244 - - [14/Jul/2024:13:48:03 -0500] "GET /BLA/resoluciones/index.php?dir=AUTOS+2012%2F HTTP/1.1" 200 277299
47.128.20.154 - - [14/Jul/2024:13:48:10 -0500] "GET /BLA/resoluciones/AUTOS%202021/0245.php?act=f&c=1&f=07761.pdf HTTP/1.1" 200 2741
47.128.33.239 - - [14/Jul/2024:13:48:20 -0500] "GET /BLA/resoluciones/AUTOS%202021/0245.php?act=f&c=1&f=02328.pdf HTTP/1.1" 200 2741
216.244.66.195 - - [14/Jul/2024:13:48:22 -0500] "GET /BLA/resoluciones/AUTOS%202007/0053.pdf HTTP/1.1" 200 139368
47.128.122.182 - - [14/Jul/2024:13:48:30 -0500] "GET /BLA/resoluciones/AUTOS%202021/0245.php?act=f&c=1&f=7801.pdf HTTP/1.1" 200 2740
47.128.62.195 - - [14/Jul/2024:13:48:40 -0500] "GET /BLA/resoluciones/AUTOS%202021/0245.php?act=f&c=1&f=06478.pdf HTTP/1.1" 200 2741
47.128.24.106 - - [14/Jul/2024:13:48:50 -0500] "GET /BLA/resoluciones/AUTOS%202021/0245.php?act=f&c=1&f=5955.pdf HTTP/1.1" 200 2739
216.244.66.195 - - [14/Jul/2024:13:48:53 -0500] "GET /BLA/resoluciones/AUTOS%202007/0150.pdf HTTP/1.1" 200 114884
47.128.97.73 - - [14/Jul/2024:13:49:00 -0500] "GET /BLA/resoluciones/AUTOS%202021/0245.php?act=f&c=1&f=07870.pdf HTTP/1.1" 200 2741
201.245.192.253 - - [14/Jul/2024:13:49:04 -0500] "GET /kwsrmcab/Wsrmcab?wsdl HTTP/1.1" 200 6948
47.128.24.125 - - [14/Jul/2024:13:49:10 -0500] "GET /BLA/resoluciones/AUTOS%202021/0245.php?act=f&c=1&f=7318.pdf HTTP/1.1" 200 2740
47.128.97.85 - - [14/Jul/2024:13:49:20 -0500] "GET /BLA/resoluciones/AUTOS%202021/0245.php?act=f&c=1&f=09326.pdf HTTP/1.1" 200 2740
216.244.66.195 - - [14/Jul/2024:13:49:22 -0500] "GET /BLA/resoluciones/AUTOS%202007/0173.pdf HTTP/1.1" 200 50147
66.249.66.20 - - [14/Jul/2024:13:49:23 -0500] "GET /BLA/resoluciones/AUTOS%202008/2024.pdf HTTP/1.1" 200 81720
186.84.90.166 - - [14/Jul/2024:13:49:34 -0500] "GET /sipse/faces/javax.faces.resource/theme.css?ln=primefaces-sipse HTTP/1.1" 304 -
186.84.90.166 - - [14/Jul/2024:13:49:34 -0500] "GET /sipse/faces/faces/autenticacion.xhtml HTTP/1.1" 200 12411
186.84.90.166 - - [14/Jul/2024:13:49:34 -0500] "GET /sipse/css/custom_css_sg.css HTTP/1.1" 200 9694
186.84.90.166 - - [14/Jul/2024:13:49:34 -0500] "GET /sipse/css/custom_css_sg_prime_login.css HTTP/1.1" 200 443
186.84.90.166 - - [14/Jul/2024:13:49:34 -0500] "GET /sipse/faces/javax.faces.resource/primefaces.css?ln=primefaces&v=4.0 HTTP/1.1" 304 -
186.84.90.166 - - [14/Jul/2024:13:49:34 -0500] "GET /sipse/faces/javax.faces.resource/theme.css?ln=primefaces-sipse HTTP/1.1" 304 -
186.84.90.166 - - [14/Jul/2024:13:49:34 -0500] "GET /sipse/faces/javax.faces.resource/layout/layout.css?ln=primefaces&v=4.0 HTTP/1.1" 304 -
186.84.90.166 - - [14/Jul/2024:13:49:34 -0500] "GET /sipse/js/disable_browser_buttons.js HTTP/1.1" 200 3230
186.84.90.166 - - [14/Jul/2024:13:49:34 -0500] "GET /sipse/js/funciones.js HTTP/1.1" 200 12592
186.84.90.166 - - [14/Jul/2024:13:49:34 -0500] "GET /sipse/faces/javax.faces.resource/jquery/jquery.js?ln=primefaces&v=4.0 HTTP/1.1" 304 -
186.84.90.166 - - [14/Jul/2024:13:49:34 -0500] "GET /sipse/faces/javax.faces.resource/jquery/jquery-plugins.js?ln=primefaces&v=4.0 HTTP/1.1" 304 -
186.84.90.166 - - [14/Jul/2024:13:49:34 -0500] "GET /sipse/faces/javax.faces.resource/primefaces.js?ln=primefaces&v=4.0 HTTP/1.1" 304 -
186.84.90.166 - - [14/Jul/2024:13:49:34 -0500] "GET /sipse/faces/javax.faces.resource/layout/layout.js?ln=primefaces&v=4.0 HTTP/1.1" 304 -
186.84.90.166 - - [14/Jul/2024:13:49:34 -0500] "GET /sipse/faces/javax.faces.resource/images/ui-icons_898989_256x240.png?ln=primefaces-aristo HTTP/1.1" 304 -
186.84.90.166 - - [14/Jul/2024:13:49:34 -0500] "GET /sipse/css/imagen/logoSDG.png HTTP/1.1" 200 53064
186.84.90.166 - - [14/Jul/2024:13:49:34 -0500] "GET /sipse/css/imagen/loginimg.png HTTP/1.1" 200 71635
216.245.221.92 - - [14/Jul/2024:13:49:39 -0500] "HEAD / HTTP/1.1" 200 -
216.244.66.195 - - [14/Jul/2024:13:49:50 -0500] "GET /BLA/resoluciones/AUTOS%202007/0195.pdf HTTP/1.1" 200 161884
201.245.192.253 - - [14/Jul/2024:13:50:04 -0500] "GET /kwsrmcab/Wsrmcab?wsdl HTTP/1.1" 200 6948
216.244.66.195 - - [14/Jul/2024:13:50:17 -0500] "GET /BLA/resoluciones/AUTOS%202007/0213.pdf HTTP/1.1" 200 17202
172.22.2.4 - - [14/Jul/2024:13:50:34 -0500] "GET /BLA/boletinlegal/Circulares/2022/CIRCULAR%20No.%2000003%20DEL%2007%20DE%20MARZO%20DEL%202022.pdf HTTP/1.1" 304 -
216.244.66.195 - - [14/Jul/2024:13:50:43 -0500] "GET /BLA/resoluciones/AUTOS%202007/0249.pdf HTTP/1.1" 200 17117
66.249.66.20 - - [14/Jul/2024:13:50:55 -0500] "GET /Publicaciones/2024EE131858.pdf HTTP/1.1" 404 228
201.245.192.253 - - [14/Jul/2024:13:50:56 -0500] "POST /kwsrmcab/Wsrmcab  HTTP/1.1" 200 38712
201.245.192.253 - - [14/Jul/2024:13:51:04 -0500] "GET /kwsrmcab/Wsrmcab?wsdl HTTP/1.1" 200 6948
172.22.2.4 - - [14/Jul/2024:13:49:24 -0500] "HEAD /BLA/boletinlegal/ HTTP/1.1" 200 -
216.244.66.195 - - [14/Jul/2024:13:51:08 -0500] "GET /BLA/resoluciones/AUTOS%202007/0392.pdf HTTP/1.1" 200 68438
216.244.66.195 - - [14/Jul/2024:13:51:34 -0500] "GET /BLA/resoluciones/AUTOS%202007/0426.pdf HTTP/1.1" 200 111219
66.249.66.20 - - [14/Jul/2024:13:51:40 -0500] "GET /BLA/resoluciones/RESOLUCIONES%202021/4436.pdf HTTP/1.1" 200 825792
172.22.2.4 - - [14/Jul/2024:13:50:15 -0500] "GET /BLA/boletinlegal/ HTTP/1.1" 200 51986
66.249.66.19 - - [14/Jul/2024:13:51:55 -0500] "GET /BLA/resoluciones/AUTOS%202023/2108.pdf HTTP/1.1" 200 477453
216.244.66.195 - - [14/Jul/2024:13:51:57 -0500] "GET /BLA/resoluciones/AUTOS%202007/0604.pdf HTTP/1.1" 200 68331
201.245.192.253 - - [14/Jul/2024:13:52:04 -0500] "GET /kwsrmcab/Wsrmcab?wsdl HTTP/1.1" 200 6948
216.244.66.195 - - [14/Jul/2024:13:52:20 -0500] "GET /BLA/resoluciones/AUTOS%202007/0651.pdf HTTP/1.1" 200 68738
216.244.66.195 - - [14/Jul/2024:13:52:42 -0500] "GET /BLA/resoluciones/AUTOS%202007/0684.pdf HTTP/1.1" 200 307172
216.244.66.195 - - [14/Jul/2024:13:53:03 -0500] "GET /BLA/resoluciones/AUTOS%202007/0741.pdf HTTP/1.1" 200 24030
201.245.192.253 - - [14/Jul/2024:13:53:04 -0500] "GET /kwsrmcab/Wsrmcab?wsdl HTTP/1.1" 200 6948
216.244.66.195 - - [14/Jul/2024:13:53:21 -0500] "GET /BLA/resoluciones/AUTOS%202007/0744.pdf HTTP/1.1" 200 75079
66.249.66.21 - - [14/Jul/2024:13:53:40 -0500] "GET /BLA/resoluciones/AUTOS%202008/2274.pdf HTTP/1.1" 200 212985
216.244.66.195 - - [14/Jul/2024:13:53:41 -0500] "GET /BLA/resoluciones/AUTOS%202007/0750.pdf HTTP/1.1" 200 338570
199.16.157.180 - - [14/Jul/2024:13:53:55 -0500] "GET /robots.txt HTTP/1.1" 404 1034
199.16.157.180 - - [14/Jul/2024:13:53:55 -0500] "GET /images/pl%C3%A1sticos%20foto%201..jpg HTTP/1.1" 404 1034
216.244.66.195 - - [14/Jul/2024:13:53:59 -0500] "GET /BLA/resoluciones/AUTOS%202007/0923.pdf HTTP/1.1" 200 77968
201.245.192.253 - - [14/Jul/2024:13:54:04 -0500] "GET /kwsrmcab/Wsrmcab?wsdl HTTP/1.1" 200 6948
216.244.66.195 - - [14/Jul/2024:13:54:15 -0500] "GET /BLA/resoluciones/AUTOS%202007/1167.pdf HTTP/1.1" 200 29450
216.244.66.195 - - [14/Jul/2024:13:54:30 -0500] "GET /BLA/resoluciones/AUTOS%202007/1317.pdf HTTP/1.1" 200 59865
216.245.221.92 - - [14/Jul/2024:13:54:39 -0500] "HEAD / HTTP/1.1" 200 -
172.22.2.4 - - [14/Jul/2024:13:54:41 -0500] "GET /BLA/boletinlegal/conceptos.php HTTP/1.1" 200 7588
216.244.66.195 - - [14/Jul/2024:13:54:44 -0500] "GET /BLA/resoluciones/AUTOS%202007/1341.pdf HTTP/1.1" 200 31039
216.244.66.195 - - [14/Jul/2024:13:54:56 -0500] "GET /BLA/resoluciones/AUTOS%202007/1381.pdf HTTP/1.1" 200 37967
181.32.168.168 - - [14/Jul/2024:13:55:03 -0500] "GET /kwssiamovil/sm/acme/u?s=U2FsdGVkX18qTUAKdXfvH2tBEAx0tbPMvg6kQc1O6RFD6Y/PiD6HNwR7MIe/Aa7LSQFP/IBUWN6qZsCFetRcOg0ygdZ2cktnvKRN22L/SKmgG5iZ52S+XUTuCMAhXFEmWQXLY6qLtj+O04kZavqQBnVgjeUfbUTzL9W2EZi9Mz8=&u=U2FsdGVkX18LhHxhmFDv99WQ2MgOGCiUMYywBWi+6juHHDXf80t1gPstKHL0JOjn&y=U2FsdGVkX18prpBmnRvbVQb2ZnMlDyU2mtirYPAQ9vLf6sRNPs0r4VoSr5sqYnk2 HTTP/1.1" 200 60
201.245.192.253 - - [14/Jul/2024:13:55:04 -0500] "GET /kwsrmcab/Wsrmcab?wsdl HTTP/1.1" 200 6948
216.244.66.195 - - [14/Jul/2024:13:55:08 -0500] "GET /BLA/resoluciones/AUTOS%202007/1494.pdf HTTP/1.1" 200 26986
216.244.66.195 - - [14/Jul/2024:13:55:19 -0500] "GET /BLA/resoluciones/AUTOS%202007/1570.pdf HTTP/1.1" 200 30628
216.244.66.195 - - [14/Jul/2024:13:55:29 -0500] "GET /BLA/resoluciones/AUTOS%202007/1617.pdf HTTP/1.1" 200 100103
216.244.66.195 - - [14/Jul/2024:13:55:38 -0500] "GET /BLA/resoluciones/AUTOS%202007/1630.pdf HTTP/1.1" 200 66617
216.244.66.195 - - [14/Jul/2024:13:55:46 -0500] "GET /BLA/resoluciones/AUTOS%202007/1642.pdf HTTP/1.1" 200 129647
201.245.192.253 - - [14/Jul/2024:13:55:54 -0500] "POST /kwsrmcab/Wsrmcab  HTTP/1.1" 200 38712
216.244.66.195 - - [14/Jul/2024:13:55:55 -0500] "GET /BLA/resoluciones/AUTOS%202009/0883.pdf HTTP/1.1" 200 75982
216.244.66.195 - - [14/Jul/2024:13:56:01 -0500] "GET /BLA/resoluciones/AUTOS%202009/1061.pdf HTTP/1.1" 200 91653
201.245.192.253 - - [14/Jul/2024:13:56:03 -0500] "GET /kwsrmcab/Wsrmcab?wsdl HTTP/1.1" 200 6948
216.244.66.195 - - [14/Jul/2024:13:56:06 -0500] "GET /BLA/resoluciones/AUTOS%202009/1200.pdf HTTP/1.1" 200 124612
216.244.66.195 - - [14/Jul/2024:13:56:17 -0500] "GET /BLA/resoluciones/AUTOS%202009/1491.pdf HTTP/1.1" 200 190279
216.244.66.195 - - [14/Jul/2024:13:56:25 -0500] "GET /BLA/resoluciones/AUTOS%202009/1998.pdf HTTP/1.1" 200 98162
216.244.66.195 - - [14/Jul/2024:13:56:31 -0500] "GET /BLA/resoluciones/AUTOS%202009/2086.pdf HTTP/1.1" 200 102241
216.244.66.195 - - [14/Jul/2024:13:56:37 -0500] "GET /BLA/resoluciones/AUTOS%202009/2201.pdf HTTP/1.1" 200 113913
216.244.66.195 - - [14/Jul/2024:13:56:42 -0500] "GET /BLA/resoluciones/AUTOS%202009/2228.pdf HTTP/1.1" 200 122745
216.244.66.195 - - [14/Jul/2024:13:56:46 -0500] "GET /BLA/resoluciones/AUTOS%202009/2448.pdf HTTP/1.1" 200 100845
216.244.66.195 - - [14/Jul/2024:13:56:51 -0500] "GET /BLA/resoluciones/AUTOS%202009/2604.pdf HTTP/1.1" 200 110794
172.22.2.4 - - [14/Jul/2024:13:55:14 -0500] "HEAD /BLA/boletinlegal/ HTTP/1.1" 200 -
216.244.66.195 - - [14/Jul/2024:13:56:59 -0500] "GET /BLA/resoluciones/AUTOS%202009/2699.pdf HTTP/1.1" 200 99990
201.245.192.253 - - [14/Jul/2024:13:57:03 -0500] "GET /kwsrmcab/Wsrmcab?wsdl HTTP/1.1" 200 6948
216.244.66.195 - - [14/Jul/2024:13:57:05 -0500] "GET /BLA/resoluciones/AUTOS%202011/0113.pdf HTTP/1.1" 200 358864
216.244.66.195 - - [14/Jul/2024:13:57:15 -0500] "GET /BLA/resoluciones/AUTOS%202011/0180.pdf HTTP/1.1" 200 155395
216.244.66.195 - - [14/Jul/2024:13:57:22 -0500] "GET /BLA/resoluciones/AUTOS%202011/0244.pdf HTTP/1.1" 200 209494
216.244.66.195 - - [14/Jul/2024:13:57:30 -0500] "GET /BLA/resoluciones/AUTOS%202011/0284.pdf HTTP/1.1" 200 120579
216.244.66.195 - - [14/Jul/2024:13:57:35 -0500] "GET /BLA/resoluciones/AUTOS%202011/0297.pdf HTTP/1.1" 200 246396
216.244.66.195 - - [14/Jul/2024:13:57:40 -0500] "GET /BLA/resoluciones/AUTOS%202011/0946.pdf HTTP/1.1" 200 341946
216.244.66.195 - - [14/Jul/2024:13:57:44 -0500] "GET /BLA/resoluciones/AUTOS%202011/1318.pdf HTTP/1.1" 200 169811
172.22.2.4 - - [14/Jul/2024:13:56:05 -0500] "GET /BLA/boletinlegal/ HTTP/1.1" 200 55823
216.244.66.195 - - [14/Jul/2024:13:57:48 -0500] "GET /BLA/resoluciones/AUTOS%202011/1414.pdf HTTP/1.1" 200 97245
216.244.66.195 - - [14/Jul/2024:13:57:52 -0500] "GET /BLA/resoluciones/AUTOS%202011/1422.pdf HTTP/1.1" 200 158327
216.244.66.195 - - [14/Jul/2024:13:57:55 -0500] "GET /BLA/resoluciones/AUTOS%202011/1640.pdf HTTP/1.1" 200 138630
216.244.66.195 - - [14/Jul/2024:13:57:58 -0500] "GET /BLA/resoluciones/AUTOS%202011/2078.pdf HTTP/1.1" 200 164280
216.244.66.195 - - [14/Jul/2024:13:58:00 -0500] "GET /BLA/resoluciones/AUTOS%202011/2320.pdf HTTP/1.1" 200 99631
201.245.192.253 - - [14/Jul/2024:13:58:03 -0500] "GET /kwsrmcab/Wsrmcab?wsdl HTTP/1.1" 200 6948
216.244.66.195 - - [14/Jul/2024:13:58:07 -0500] "GET /BLA/resoluciones/AUTOS%202011/2729.pdf HTTP/1.1" 200 246199
216.244.66.195 - - [14/Jul/2024:13:58:11 -0500] "GET /BLA/resoluciones/AUTOS%202011/2895.pdf HTTP/1.1" 200 191136
216.244.66.195 - - [14/Jul/2024:13:58:15 -0500] "GET /BLA/resoluciones/AUTOS%202011/2929.pdf HTTP/1.1" 200 496523
66.249.66.19 - - [14/Jul/2024:13:58:27 -0500] "GET /BLA/resoluciones/AUTOS%202020/2200.pdf HTTP/1.1" 200 357867
216.244.66.195 - - [14/Jul/2024:13:58:38 -0500] "GET /BLA/resoluciones/AUTOS%202011/3774.pdf HTTP/1.1" 200 262649
216.244.66.195 - - [14/Jul/2024:13:58:57 -0500] "GET /BLA/resoluciones/RESOLUCIONES%202011/2385.pdf HTTP/1.1" 200 1516095
201.245.192.253 - - [14/Jul/2024:13:59:03 -0500] "GET /kwsrmcab/Wsrmcab?wsdl HTTP/1.1" 200 6948
216.245.221.92 - - [14/Jul/2024:13:59:39 -0500] "HEAD / HTTP/1.1" 200 -
201.245.192.253 - - [14/Jul/2024:14:00:03 -0500] "GET /kwsrmcab/Wsrmcab?wsdl HTTP/1.1" 200 6948
47.128.52.178 - - [14/Jul/2024:14:00:08 -0500] "GET /BLA/resoluciones/AUTOS%202021/0245.php?act=f&c=1&f=04713.pdf HTTP/1.1" 200 2740
47.128.49.147 - - [14/Jul/2024:14:00:18 -0500] "GET /BLA/resoluciones/AUTOS%202021/0245.php?act=f&c=1&f=07482.pdf HTTP/1.1" 200 2740
47.128.22.194 - - [14/Jul/2024:14:00:28 -0500] "GET /BLA/resoluciones/AUTOS%202021/0245.php?act=f&c=1&f=09672.pdf HTTP/1.1" 200 2740
47.128.46.73 - - [14/Jul/2024:14:00:38 -0500] "GET /BLA/resoluciones/AUTOS%202021/0245.php?act=f&c=1&f=06732.pdf HTTP/1.1" 200 2741
47.128.46.95 - - [14/Jul/2024:14:00:48 -0500] "GET /BLA/resoluciones/AUTOS%202021/0245.php?act=f&c=1&f=7638.pdf HTTP/1.1" 200 2740
47.128.50.202 - - [14/Jul/2024:14:00:58 -0500] "GET /BLA/resoluciones/AUTOS%202021/0245.php?act=f&c=1&f=10880.pdf HTTP/1.1" 200 2741
201.245.192.253 - - [14/Jul/2024:14:00:52 -0500] "POST /kwsrmcab/Wsrmcab  HTTP/1.1" 200 38712
201.245.192.253 - - [14/Jul/2024:14:01:04 -0500] "GET /kwsrmcab/Wsrmcab?wsdl HTTP/1.1" 200 6948
47.128.50.234 - - [14/Jul/2024:14:01:08 -0500] "GET /BLA/resoluciones/AUTOS%202021/0245.php?act=f&c=1&f=11293.pdf HTTP/1.1" 200 2740
47.128.18.140 - - [14/Jul/2024:14:01:18 -0500] "GET /BLA/resoluciones/AUTOS%202021/0245.php?act=f&c=1&f=04828.pdf HTTP/1.1" 200 2740
47.128.22.14 - - [14/Jul/2024:14:01:28 -0500] "GET /BLA/resoluciones/AUTOS%202021/0245.php?act=f&c=1&f=11317.pdf HTTP/1.1" 200 2741
47.128.27.205 - - [14/Jul/2024:14:01:38 -0500] "GET /BLA/resoluciones/AUTOS%202021/0245.php?act=f&c=1&f=10324.pdf HTTP/1.1" 200 2740
47.128.51.144 - - [14/Jul/2024:14:01:48 -0500] "GET /BLA/resoluciones/AUTOS%202021/0245.php?act=f&c=1&f=7645.pdf HTTP/1.1" 200 2739
181.32.168.168 - - [14/Jul/2024:14:01:51 -0500] "GET /kwssiamovil/sm/acme/a?s=U2FsdGVkX1/4T0nyTzNLbM+233CcnWoHqPlOLRRXD8UYbisCZlIb8ksS2pwYZIsq6HUSjfpLrZc7nye4weENSUuSZGCwBFTmN6rtXnodmHGj1asLmfkDPE2BdJJVJTNKnhTkluElYdP5BvCFNPSD+qqI5QdWDsIFSBRTSRzri4oGgbeBWYe+BYueCX7jL3k/qtPsKr0ahjMMoI1LTodpolY/zW68b5HphrtO4pTQTWayDUEE1dctC3r/HDuK0hOoboUIqucWlods3lxagWn1SvWV/Nd3hgugA+xLY7xhhRQ=&u=U2FsdGVkX18LhHxhmFDv99WQ2MgOGCiUMYywBWi+6juHHDXf80t1gPstKHL0JOjn&y=U2FsdGVkX18prpBmnRvbVQb2ZnMlDyU2mtirYPAQ9vLf6sRNPs0r4VoSr5sqYnk2 HTTP/1.1" 200 26
181.32.168.168 - - [14/Jul/2024:14:01:52 -0500] "GET /kwssiamovil/sm/acme/a?s=U2FsdGVkX1/uAsVuW7v9P5SrNUGjh4yUn+5gFcgZfQrjNHdI+xpJxUCIRPTOWKK56ebn0O812QCPYgQkmNavIRKXNTknHq+MzNChvOIcobPthJ7EYJxUVVtmzIYk0Kw7XyyaTpVqGptE6kCFBMGG48jrHKum9ezLeByxJsoyluuYsgFmyO3Hy/ITqV7C+V+z2TD5qR3hybMXdZNxoC6oXsvtU5M/QIeD1dQQ66Jla9WW5M+Qjnb/neEZdg1fgezm8kO6n/Y62T7VPD6/LRRU6dxqxcTYspPSuKuLZ4KUz7cjuqIm462AkDZdBJ8Rf8C64J0ONCj5yOv5SHqypZgL/VD3W5YJfUYJ21BWoOTjinWKgJDICNJcZB4J6EE9tlj2hDL/umTDRutI+7+UggWtVKhHD2tCTTNhroET6z8h4R+R1tlyXKWakUR9qAeH4a3WjwFTElwMt/OV1hjSEPO7koytazf2uYxR1OjY/0rnKsszz8LPXFXCtbpc1fSe2kUS6neDRO0ixv6+ev1EJj3B1rp2IfR/DN+nSJFrC/EU7uYAjfqbQD45DJt4XH7V+S7J5TIW9a/5hvz7X8Plt4z2g/qjzpAGXxJIy+QbD4GPOKXbP7RaBNB/WRcPwH3gJykR081ykjfJZVxsJ06pXeiXOGQ1umWPdEJublHf+cKMr0WRcOKoOW74zV9N5RoyPh8auRs7ps5itcy/E1l+IBAnuv9BLsGP6/e1kRnV8TngOrlQK5+8ygxo2FnOtTtowuNuH5zUwxA3yxDqwRsU7sxvTGyW4qMB8m4bKclXLLI/ECLMLuAuyYbmGC9FoHU+EqAyvivOJSOpgjkaOux5Py2AzbCUJchgcKBYaBYwe17Lr4G2DGVdN76/IqZzl1otP705uSY29dsYqeb/kOnaiuAI0WoyGXrnOo/lkA1WWH1xC0ObWZsOO9u6NSSIFXXLT+CgQOLqPRJFVNM6jFPI000czsywbtSH4wLZ6vdwXBjqhzwLGHcj8pv36rSIW/RxKuiKCuOAmN1IF0lMSEdfeLk48V03f7s1JwLxdzQxpFEa4yzhtfNO/T/VpKJdnsacgOGQqL1e/9l8J+PEu2zsGO8S8pqV87rxg/ANmq4fdCTjos4ukKKc5MAxGu/26Jft6Sg9jTvVHd94uai21F6qdvJctMmjKBEUDdL9+8BOBZd/H3Pkz+IoVYOAtYgxtl31zVCz5Wq89hMJMxsdVdHLQWBquiAv5ZthyaqhdMVRIn+n/PM2rm/1qlyJuZ3gKeEXJRCJlZGKUfjGHMwriQvufVG+zEktrWIp672nQSMFTV+t2pV2EunVaNMM7POPNJAj63Mcsfy0boEpTVTKI0mjaiMpslYcWUqE0LSD05VFYIJXkUCcnbLtCqOLiPpLxNBuBCiylh+7yrr1YrSBX6xMusYljU6P92M0fUzthrsQeZn/A/4l9I4VF5CRcXZYVoXz2h+WMgNVOMHu/aLbY92tni+53p1PCDnF8+GE4m8noRkZwBbDNT+23iQocFDjXXy9LbAIDMHN2q7M5NyCF3NtDYpRqqx1oVW4RASsONDfuxzcd5kRmkbqDAE2KdWPEOFewGJCTKHXZrwkWR6jrlhaX++JgD3yEFrJWaDt35Jyf5w0tucUCnV2QoFIGWETmk4of3U5OYCIUwRkKfqhpAvA5RrERUozUvXNtuLjJzxvAg72H0r6ufZqu6k7SH4yqRwshuL1W1k2CIDCiLl15uVvJ2ZfgIaLsT8hRi28KiDtbWscw9tsLhrArfgubGZOMket50ympo1qSQe0GoVEV4KdqmxB4l5/c+Bn5sojuSQjUICmHOUASNx+ESd+FHvuAMYq3TggfwmxSkokPHwRsJ8phkTDoMELJxbNw3i1GTbJHIx1N94cN3X/nagkYpfRRW8zJ7MXmtOvDwhZwMoG98qYcauK9dhBvby5PimgTrsw3BJppKTKS/9m7Nmy5rQ+i3GgiJ7NhTdYC79y207N6FI3b5rT0krWPosfEKXdx50uPG4Onbv4JEo5NsPjQXlZpSp7K/Bvzh0xrtwJPhep5L7n7t1Urg==&u=U2FsdGVkX18LhHxhmFDv99WQ2MgOGCiUMYywBWi+6juHHDXf80t1gPstKHL0JOjn&y=U2FsdGVkX18prpBmnRvbVQb2ZnMlDyU2mtirYPAQ9vLf6sRNPs0r4VoSr5sqYnk2 HTTP/1.1" 200 26
181.32.168.168 - - [14/Jul/2024:14:01:52 -0500] "GET /kwssiamovil/sm/acme/a?s=U2FsdGVkX19ZDD7/lVxtaB1dQ5Vot6DVbhICG5/nzSv5Hcn7sX5CgUohxJlDyF76lbAcoRw6i8zNLY26LQxSc0Tm3jRmJz4iHP5ZYiDLP4lRQiE6Ka9+l0yiBCPiVxw55Jgw6gzFgNiRwy8PoQ2N1XmtjM6j6UXCeDNyXtqfeVo=&u=U2FsdGVkX18LhHxhmFDv99WQ2MgOGCiUMYywBWi+6juHHDXf80t1gPstKHL0JOjn&y=U2FsdGVkX18prpBmnRvbVQb2ZnMlDyU2mtirYPAQ9vLf6sRNPs0r4VoSr5sqYnk2 HTTP/1.1" 200 26
181.32.168.168 - - [14/Jul/2024:14:01:52 -0500] "GET /kwssiamovil/sm/acme/a?s=U2FsdGVkX1/5t4hqFNZ5c6GAQrIDqK0huIjfvOUxSBJQudLmUrY+EDMhQ9hadIabrtlXnu2TMXckAli+bS8KA3SG16iVPWVWzynsy120jQEtNRSZALikxrIrlnK+xkA5sAXiM6GgDx16gYDF2jm7I6JA72I5+NQUv2sy64PqhqI=&u=U2FsdGVkX18LhHxhmFDv99WQ2MgOGCiUMYywBWi+6juHHDXf80t1gPstKHL0JOjn&y=U2FsdGVkX18prpBmnRvbVQb2ZnMlDyU2mtirYPAQ9vLf6sRNPs0r4VoSr5sqYnk2 HTTP/1.1" 200 26
181.32.168.168 - - [14/Jul/2024:14:01:52 -0500] "GET /kwssiamovil/sm/acme/a?s=U2FsdGVkX191GQ3r7xxde082tburYxvwUDbBx3UJmVhUh4TWdcvL4U1j+JIJgKLPrMtABiIWeeR7Cje1Ou+8hVU6aS4E+H0Pp5vvnCIzaiECTtmUtVjGjLu0UXl+fCQDn4F2H/mQWjpzaS/Z01CAePUj44WRf81tdTiz07zGuEM=&u=U2FsdGVkX18LhHxhmFDv99WQ2MgOGCiUMYywBWi+6juHHDXf80t1gPstKHL0JOjn&y=U2FsdGVkX18prpBmnRvbVQb2ZnMlDyU2mtirYPAQ9vLf6sRNPs0r4VoSr5sqYnk2 HTTP/1.1" 200 26
181.32.168.168 - - [14/Jul/2024:14:01:52 -0500] "GET /kwssiamovil/sm/acme/a?s=U2FsdGVkX18kFSLpIBLNtpiiBgO/9chifSn2v0RoPnLhgvoRp5pfWb3rKiOB3YpwBJNKDEURUbhrqes1Bn4XHURcpinY9bmow5/wO36nyekYYR4IJLK29STxII/Fy7xz7x+jOvrbEoUBn/LRWwH6fUMQhwm9jEPZn6ZolnCtv/KytGzy3NEM+g/NVywXksA8M1C8xlo2tf+5Z1AqsuzPmQ==&u=U2FsdGVkX18LhHxhmFDv99WQ2MgOGCiUMYywBWi+6juHHDXf80t1gPstKHL0JOjn&y=U2FsdGVkX18prpBmnRvbVQb2ZnMlDyU2mtirYPAQ9vLf6sRNPs0r4VoSr5sqYnk2 HTTP/1.1" 200 26
47.128.53.127 - - [14/Jul/2024:14:01:58 -0500] "GET /BLA/resoluciones/AUTOS%202021/0245.php?act=f&c=1&f=7224.pdf HTTP/1.1" 200 2739
201.245.192.253 - - [14/Jul/2024:14:02:03 -0500] "GET /kwsrmcab/Wsrmcab?wsdl HTTP/1.1" 200 6948
47.128.25.4 - - [14/Jul/2024:14:02:08 -0500] "GET /BLA/resoluciones/AUTOS%202021/0245.php?act=f&c=1&f=autoridades-incautan-hormigas-que-iban-a-ser-movilizadas-ilegalmente-a-madrid-espana.html HTTP/1.1" 200 2796
47.128.51.183 - - [14/Jul/2024:14:02:18 -0500] "GET /BLA/resoluciones/AUTOS%202021/0245.php?act=f&c=1&f=6900.pdf HTTP/1.1" 200 2740
47.128.121.177 - - [14/Jul/2024:14:02:28 -0500] "GET /BLA/resoluciones/AUTOS%202021/0245.php?act=f&c=1&f=05181.pdf HTTP/1.1" 200 2740
47.128.27.147 - - [14/Jul/2024:14:02:38 -0500] "GET /BLA/resoluciones/AUTOS%202021/0245.php?act=f&c=1&f=04266.pdf HTTP/1.1" 200 2740
172.22.2.4 - - [14/Jul/2024:14:01:04 -0500] "HEAD /BLA/boletinlegal/ HTTP/1.1" 200 -
47.128.111.186 - - [14/Jul/2024:14:02:48 -0500] "GET /BLA/resoluciones/AUTOS%202021/0245.php?act=f&c=1&f=07790.pdf HTTP/1.1" 200 2741
47.128.126.244 - - [14/Jul/2024:14:02:58 -0500] "GET /BLA/resoluciones/AUTOS%202021/0245.php?act=f&c=1&f=01433.pdf HTTP/1.1" 200 2740
201.245.192.253 - - [14/Jul/2024:14:03:03 -0500] "GET /kwsrmcab/Wsrmcab?wsdl HTTP/1.1" 200 6948
47.128.27.158 - - [14/Jul/2024:14:03:08 -0500] "GET /BLA/resoluciones/AUTOS%202021/0245.php?act=f&c=1&f=7720.pdf HTTP/1.1" 200 2740
47.128.116.82 - - [14/Jul/2024:14:03:18 -0500] "GET /BLA/resoluciones/AUTOS%202021/0245.php?act=f&c=1&f=7270.pdf HTTP/1.1" 200 2740
114.119.154.252 - - [14/Jul/2024:14:03:18 -0500] "GET /robots.txt HTTP/1.1" 404 1018
181.206.101.183 - - [14/Jul/2024:14:03:34 -0500] "GET /BLA/resoluciones/RESOLUCIONES%202009/8050.pdf HTTP/1.1" 200 415674
172.22.2.4 - - [14/Jul/2024:14:01:55 -0500] "GET /BLA/boletinlegal/ HTTP/1.1" 200 51561
181.206.101.183 - - [14/Jul/2024:14:03:46 -0500] "GET /BLA/resoluciones/RESOLUCIONES%202009/8050.pdf HTTP/1.1" 206 1
181.206.101.183 - - [14/Jul/2024:14:03:46 -0500] "GET /BLA/resoluciones/RESOLUCIONES%202009/8050.pdf HTTP/1.1" 206 152354
181.206.101.183 - - [14/Jul/2024:14:03:47 -0500] "GET /BLA/resoluciones/RESOLUCIONES%202009/8050.pdf HTTP/1.1" 206 1
181.206.101.183 - - [14/Jul/2024:14:03:47 -0500] "GET /BLA/resoluciones/RESOLUCIONES%202009/8050.pdf HTTP/1.1" 206 152354
181.206.101.183 - - [14/Jul/2024:14:03:48 -0500] "GET /BLA/resoluciones/RESOLUCIONES%202009/8050.pdf HTTP/1.1" 206 1
181.206.101.183 - - [14/Jul/2024:14:03:48 -0500] "GET /BLA/resoluciones/RESOLUCIONES%202009/8050.pdf HTTP/1.1" 206 152354
47.128.41.25 - - [14/Jul/2024:14:03:50 -0500] "GET /BLA/resoluciones/AUTOS%202021/0245.php?act=f&c=1&f=07603.pdf HTTP/1.1" 200 2740
181.206.101.183 - - [14/Jul/2024:14:03:50 -0500] "GET /BLA/resoluciones/RESOLUCIONES%202009/8050.pdf HTTP/1.1" 206 1
181.206.101.183 - - [14/Jul/2024:14:03:50 -0500] "GET /BLA/resoluciones/RESOLUCIONES%202009/8050.pdf HTTP/1.1" 206 152354
181.206.101.183 - - [14/Jul/2024:14:03:55 -0500] "GET /BLA/resoluciones/RESOLUCIONES%202009/8050.pdf HTTP/1.1" 206 1
181.206.101.183 - - [14/Jul/2024:14:03:55 -0500] "GET /BLA/resoluciones/RESOLUCIONES%202009/8050.pdf HTTP/1.1" 206 152354
181.206.101.183 - - [14/Jul/2024:14:03:56 -0500] "GET /BLA/resoluciones/RESOLUCIONES%202009/8050.pdf HTTP/1.1" 206 1
181.206.101.183 - - [14/Jul/2024:14:03:56 -0500] "GET /BLA/resoluciones/RESOLUCIONES%202009/8050.pdf HTTP/1.1" 206 152354
47.128.123.84 - - [14/Jul/2024:14:04:00 -0500] "GET /BLA/resoluciones/AUTOS%202021/0245.php?act=f&c=1&f=07795.pdf HTTP/1.1" 200 2740
201.245.192.253 - - [14/Jul/2024:14:04:03 -0500] "GET /kwsrmcab/Wsrmcab?wsdl HTTP/1.1" 200 6948
47.128.113.236 - - [14/Jul/2024:14:04:11 -0500] "GET /BLA/resoluciones/AUTOS%202021/0245.php?act=f&c=1&f=6083.pdf HTTP/1.1" 200 2740
47.128.20.210 - - [14/Jul/2024:14:04:20 -0500] "GET /BLA/resoluciones/AUTOS%202021/0245.php?act=f&c=1&f=7734.pdf HTTP/1.1" 200 2740
47.128.114.40 - - [14/Jul/2024:14:04:30 -0500] "GET /BLA/resoluciones/AUTOS%202021/0245.php?act=f&c=1&f=00260.pdf HTTP/1.1" 200 2740
216.245.221.92 - - [14/Jul/2024:14:04:39 -0500] "HEAD / HTTP/1.1" 200 -
47.128.26.63 - - [14/Jul/2024:14:04:40 -0500] "GET /BLA/resoluciones/AUTOS%202021/0245.php?act=f&c=1&f=09221.pdf HTTP/1.1" 200 2740
47.128.27.197 - - [14/Jul/2024:14:04:50 -0500] "GET /BLA/resoluciones/AUTOS%202021/0245.php?act=f&c=1&f=10311.pdf HTTP/1.1" 200 2741
47.128.126.232 - - [14/Jul/2024:14:05:00 -0500] "GET /BLA/resoluciones/AUTOS%202021/0245.php?act=f&c=1&f=11254.pdf HTTP/1.1" 200 2740
201.245.192.253 - - [14/Jul/2024:14:05:03 -0500] "GET /kwsrmcab/Wsrmcab?wsdl HTTP/1.1" 200 6948
47.128.52.49 - - [14/Jul/2024:14:05:10 -0500] "GET /BLA/resoluciones/AUTOS%202021/0245.php?act=f&c=1&f=04693.pdf HTTP/1.1" 200 2740
47.128.96.34 - - [14/Jul/2024:14:05:20 -0500] "GET /BLA/resoluciones/AUTOS%202021/0245.php?act=f&c=1&f=05430.pdf HTTP/1.1" 200 2741
201.245.192.253 - - [14/Jul/2024:14:05:50 -0500] "POST /kwsrmcab/Wsrmcab  HTTP/1.1" 200 38712
172.22.2.4 - - [14/Jul/2024:14:04:18 -0500] "GET /BLA/boletinlegal/ HTTP/1.1" 200 61913
201.245.192.253 - - [14/Jul/2024:14:06:03 -0500] "GET /kwsrmcab/Wsrmcab?wsdl HTTP/1.1" 200 6948
201.245.192.253 - - [14/Jul/2024:14:07:03 -0500] "GET /kwsrmcab/Wsrmcab?wsdl HTTP/1.1" 200 6948
201.245.192.253 - - [14/Jul/2024:14:08:03 -0500] "GET /kwsrmcab/Wsrmcab?wsdl HTTP/1.1" 200 6948
172.22.2.4 - - [14/Jul/2024:14:06:54 -0500] "HEAD /BLA/boletinlegal/ HTTP/1.1" 200 -
172.22.2.4 - - [14/Jul/2024:14:08:38 -0500] "GET /BLA/boletinlegal/actos.php HTTP/1.1" 200 9738
172.22.2.4 - - [14/Jul/2024:14:08:39 -0500] "GET /BLA/boletinlegal/favicon.ico HTTP/1.1" 404 1326
186.84.88.247 - - [14/Jul/2024:14:08:41 -0500] "GET /BLA/resoluciones/ HTTP/1.1" 200 14105
186.84.88.247 - - [14/Jul/2024:14:08:41 -0500] "GET /BLA/resoluciones/dlf/styles.css HTTP/1.1" 200 3049
186.84.88.247 - - [14/Jul/2024:14:08:41 -0500] "GET /BLA/resoluciones/dlf/folder.png HTTP/1.1" 200 410
186.84.88.247 - - [14/Jul/2024:14:08:42 -0500] "GET /BLA/resoluciones/dlf/bg.gif HTTP/1.1" 200 54
186.84.88.247 - - [14/Jul/2024:14:08:46 -0500] "GET /BLA/resoluciones/dlf/dirup.png HTTP/1.1" 200 644
186.84.88.247 - - [14/Jul/2024:14:08:46 -0500] "GET /BLA/resoluciones/dlf/pdf.gif HTTP/1.1" 200 272
186.84.88.247 - - [14/Jul/2024:14:08:46 -0500] "GET /BLA/resoluciones/index.php?dir=RESOLUCIONES+2022%2F HTTP/1.1" 200 331461
186.84.88.247 - - [14/Jul/2024:14:08:46 -0500] "GET /BLA/resoluciones/dlf/archive.png HTTP/1.1" 200 632
201.245.192.253 - - [14/Jul/2024:14:09:03 -0500] "GET /kwsrmcab/Wsrmcab?wsdl HTTP/1.1" 200 6948
172.22.2.4 - - [14/Jul/2024:14:07:45 -0500] "GET /BLA/boletinlegal/ HTTP/1.1" 200 52783
216.245.221.92 - - [14/Jul/2024:14:09:39 -0500] "HEAD / HTTP/1.1" 200 -
201.245.192.253 - - [14/Jul/2024:14:10:03 -0500] "GET /kwsrmcab/Wsrmcab?wsdl HTTP/1.1" 200 6948
201.245.192.253 - - [14/Jul/2024:14:10:50 -0500] "POST /kwsrmcab/Wsrmcab  HTTP/1.1" 200 38712
201.245.192.253 - - [14/Jul/2024:14:11:03 -0500] "GET /kwsrmcab/Wsrmcab?wsdl HTTP/1.1" 200 6948
201.245.192.253 - - [14/Jul/2024:14:12:03 -0500] "GET /kwsrmcab/Wsrmcab?wsdl HTTP/1.1" 200 6948
201.245.192.253 - - [14/Jul/2024:14:13:03 -0500] "GET /kwsrmcab/Wsrmcab?wsdl HTTP/1.1" 200 6948
201.245.192.253 - - [14/Jul/2024:14:14:03 -0500] "GET /kwsrmcab/Wsrmcab?wsdl HTTP/1.1" 200 6948
172.22.2.4 - - [14/Jul/2024:14:12:44 -0500] "HEAD /BLA/boletinlegal/ HTTP/1.1" 200 -
216.245.221.92 - - [14/Jul/2024:14:14:39 -0500] "HEAD / HTTP/1.1" 200 -
201.245.192.253 - - [14/Jul/2024:14:15:03 -0500] "GET /kwsrmcab/Wsrmcab?wsdl HTTP/1.1" 200 6948
172.22.2.4 - - [14/Jul/2024:14:13:35 -0500] "GET /BLA/boletinlegal/ HTTP/1.1" 200 57889
201.245.192.253 - - [14/Jul/2024:14:15:48 -0500] "POST /kwsrmcab/Wsrmcab  HTTP/1.1" 200 38712
201.245.192.253 - - [14/Jul/2024:14:16:03 -0500] "GET /kwsrmcab/Wsrmcab?wsdl HTTP/1.1" 200 6948
191.156.186.141 - - [14/Jul/2024:14:16:09 -0500] "GET /sipse/faces/index.xhtml HTTP/1.1" 200 677
191.156.186.141 - - [14/Jul/2024:14:16:09 -0500] "GET /sipse/faces/javax.faces.resource/theme.css?ln=primefaces-sipse HTTP/1.1" 304 -
191.156.177.213 - - [14/Jul/2024:14:16:09 -0500] "GET /sipse/css/custom_css_sg.css HTTP/1.1" 304 -
191.156.183.165 - - [14/Jul/2024:14:16:09 -0500] "GET /sipse/css/custom_css_sg_prime_login.css HTTP/1.1" 304 -
191.156.186.141 - - [14/Jul/2024:14:16:09 -0500] "GET /sipse/faces/faces/autenticacion.xhtml HTTP/1.1" 200 12411
191.156.183.165 - - [14/Jul/2024:14:16:09 -0500] "GET /sipse/faces/javax.faces.resource/theme.css?ln=primefaces-sipse HTTP/1.1" 304 -
191.156.183.165 - - [14/Jul/2024:14:16:10 -0500] "GET /sipse/faces/javax.faces.resource/primefaces.css?ln=primefaces&v=4.0 HTTP/1.1" 304 -
191.156.186.141 - - [14/Jul/2024:14:16:11 -0500] "GET /sipse/faces/javax.faces.resource/layout/layout.css?ln=primefaces&v=4.0 HTTP/1.1" 304 -
191.156.186.141 - - [14/Jul/2024:14:16:11 -0500] "GET /sipse/js/disable_browser_buttons.js HTTP/1.1" 304 -
191.156.183.165 - - [14/Jul/2024:14:16:11 -0500] "GET /sipse/js/funciones.js HTTP/1.1" 304 -
191.156.186.141 - - [14/Jul/2024:14:16:11 -0500] "GET /sipse/faces/javax.faces.resource/jquery/jquery.js?ln=primefaces&v=4.0 HTTP/1.1" 304 -
191.156.186.141 - - [14/Jul/2024:14:16:11 -0500] "GET /sipse/faces/javax.faces.resource/jquery/jquery-plugins.js?ln=primefaces&v=4.0 HTTP/1.1" 304 -
191.156.186.141 - - [14/Jul/2024:14:16:12 -0500] "GET /sipse/faces/javax.faces.resource/primefaces.js?ln=primefaces&v=4.0 HTTP/1.1" 304 -
191.156.188.184 - - [14/Jul/2024:14:16:12 -0500] "GET /sipse/faces/javax.faces.resource/layout/layout.js?ln=primefaces&v=4.0 HTTP/1.1" 304 -
191.156.183.165 - - [14/Jul/2024:14:16:20 -0500] "GET /sipse/css/imagen/logoSDG.png HTTP/1.1" 304 -
191.156.188.184 - - [14/Jul/2024:14:16:20 -0500] "GET /sipse/css/imagen/loginimg.png HTTP/1.1" 304 -
191.156.186.141 - - [14/Jul/2024:14:16:20 -0500] "GET /sipse/faces/javax.faces.resource/images/ui-icons_898989_256x240.png?ln=primefaces-aristo HTTP/1.1" 304 -
191.156.186.141 - - [14/Jul/2024:14:16:23 -0500] "POST /sipse/faces/autenticacion.xhtml HTTP/1.1" 200 2212
191.156.186.141 - - [14/Jul/2024:14:16:24 -0500] "GET /sipse/faces/javax.faces.resource/messages/messages.png?ln=primefaces&v=4.0 HTTP/1.1" 304 -
191.156.186.141 - - [14/Jul/2024:14:16:27 -0500] "POST /sipse/faces/autenticacion.xhtml HTTP/1.1" 200 2232
191.156.186.141 - - [14/Jul/2024:14:16:29 -0500] "POST /sipse/faces/autenticacion.xhtml HTTP/1.1" 200 16353
191.156.186.141 - - [14/Jul/2024:14:16:29 -0500] "GET /sipse/css/custom_css_sg_prime.css HTTP/1.1" 304 -
191.156.188.184 - - [14/Jul/2024:14:16:29 -0500] "GET /sipse/faces/javax.faces.resource/theme.css?ln=primefaces-sipse HTTP/1.1" 304 -
191.156.183.165 - - [14/Jul/2024:14:16:29 -0500] "GET /sipse/faces/javax.faces.resource/primefaces.css?ln=primefaces&v=4.0 HTTP/1.1" 304 -
191.156.181.255 - - [14/Jul/2024:14:16:29 -0500] "GET /sipse/js/jquery.min.js HTTP/1.1" 304 -
191.156.183.165 - - [14/Jul/2024:14:16:29 -0500] "GET /sipse/faces/javax.faces.resource/layout/layout.css?ln=primefaces&v=4.0 HTTP/1.1" 304 -
191.156.187.250 - - [14/Jul/2024:14:16:50 -0500] "GET /sipse/faces/index.xhtml HTTP/1.1" 200 677
191.156.187.250 - - [14/Jul/2024:14:16:50 -0500] "GET /sipse/faces/javax.faces.resource/theme.css?ln=primefaces-sipse HTTP/1.1" 304 -
191.156.183.165 - - [14/Jul/2024:14:16:51 -0500] "GET /sipse/faces/javax.faces.resource/theme.css?ln=primefaces-sipse HTTP/1.1" 304 -
191.156.181.255 - - [14/Jul/2024:14:16:51 -0500] "GET /sipse/faces/javax.faces.resource/layout/layout.css?ln=primefaces&v=4.0 HTTP/1.1" 304 -
191.156.181.255 - - [14/Jul/2024:14:16:51 -0500] "GET /sipse/faces/javax.faces.resource/primefaces.css?ln=primefaces&v=4.0 HTTP/1.1" 304 -
191.156.183.165 - - [14/Jul/2024:14:16:51 -0500] "GET /sipse/faces/javax.faces.resource/jquery/jquery-plugins.js?ln=primefaces&v=4.0 HTTP/1.1" 304 -
191.156.181.255 - - [14/Jul/2024:14:16:51 -0500] "GET /sipse/faces/javax.faces.resource/jquery/jquery.js?ln=primefaces&v=4.0 HTTP/1.1" 304 -
191.156.186.141 - - [14/Jul/2024:14:16:51 -0500] "GET /sipse/faces/javax.faces.resource/primefaces.js?ln=primefaces&v=4.0 HTTP/1.1" 304 -
191.156.183.165 - - [14/Jul/2024:14:16:51 -0500] "GET /sipse/faces/javax.faces.resource/layout/layout.js?ln=primefaces&v=4.0 HTTP/1.1" 304 -
191.156.187.250 - - [14/Jul/2024:14:16:50 -0500] "GET /sipse/faces/faces/autenticacion.xhtml HTTP/1.1" 200 12420
191.156.181.255 - - [14/Jul/2024:14:16:54 -0500] "GET /sipse/faces/javax.faces.resource/images/ui-icons_898989_256x240.png?ln=primefaces-aristo HTTP/1.1" 304 -
191.156.181.255 - - [14/Jul/2024:14:16:58 -0500] "POST /sipse/faces/autenticacion.xhtml HTTP/1.1" 200 2224
191.156.181.255 - - [14/Jul/2024:14:16:58 -0500] "GET /sipse/faces/javax.faces.resource/messages/messages.png?ln=primefaces&v=4.0 HTTP/1.1" 304 -
191.156.181.255 - - [14/Jul/2024:14:17:00 -0500] "POST /sipse/faces/autenticacion.xhtml HTTP/1.1" 200 16353
201.245.192.253 - - [14/Jul/2024:14:17:03 -0500] "GET /kwsrmcab/Wsrmcab?wsdl HTTP/1.1" 200 6948
191.156.187.250 - - [14/Jul/2024:14:17:04 -0500] "GET /sipse/faces/javax.faces.resource/primefaces.css?ln=primefaces&v=4.0 HTTP/1.1" 304 -
191.156.181.255 - - [14/Jul/2024:14:17:04 -0500] "GET /sipse/faces/javax.faces.resource/layout/layout.css?ln=primefaces&v=4.0 HTTP/1.1" 304 -
191.156.181.255 - - [14/Jul/2024:14:17:04 -0500] "GET /sipse/faces/javax.faces.resource/theme.css?ln=primefaces-sipse HTTP/1.1" 304 -
191.156.183.165 - - [14/Jul/2024:14:17:04 -0500] "GET /sipse/js/jquery.min.js HTTP/1.1" 200 85582
191.156.183.165 - - [14/Jul/2024:14:17:12 -0500] "GET /sipse/faces/javax.faces.resource/jquery/jquery.js?ln=primefaces&v=4.0 HTTP/1.1" 304 -
191.156.183.165 - - [14/Jul/2024:14:17:12 -0500] "GET /sipse/faces/javax.faces.resource/jquery/jquery-plugins.js?ln=primefaces&v=4.0 HTTP/1.1" 304 -
191.156.183.165 - - [14/Jul/2024:14:17:12 -0500] "GET /sipse/faces/javax.faces.resource/primefaces.js?ln=primefaces&v=4.0 HTTP/1.1" 304 -
191.156.183.165 - - [14/Jul/2024:14:17:12 -0500] "GET /sipse/faces/javax.faces.resource/layout/layout.js?ln=primefaces&v=4.0 HTTP/1.1" 304 -
191.156.187.250 - - [14/Jul/2024:14:17:13 -0500] "GET /sipse/imagenes/cargando.gif HTTP/1.1" 304 -
191.156.183.165 - - [14/Jul/2024:14:17:13 -0500] "GET /sipse/css/v_mergente.css HTTP/1.1" 304 -
191.156.181.255 - - [14/Jul/2024:14:17:13 -0500] "GET /sipse/imagenes/logoAplicacion.jpg HTTP/1.1" 304 -
191.156.182.86 - - [14/Jul/2024:14:17:13 -0500] "GET /sipse/css/imagen/contrasena.png HTTP/1.1" 404 383
191.156.187.250 - - [14/Jul/2024:14:17:35 -0500] "GET /sipse/faces/index.xhtml HTTP/1.1" 200 677
52.167.144.181 - - [14/Jul/2024:14:17:40 -0500] "GET /images/tigrillo.jpeg HTTP/1.1" 200 64088
191.156.187.250 - - [14/Jul/2024:14:17:37 -0500] "GET /sipse/faces/javax.faces.resource/theme.css?ln=primefaces-sipse HTTP/1.1" 200 50058
47.128.49.193 - - [14/Jul/2024:14:17:41 -0500] "GET /BLA/resoluciones/AUTOS%202021/0245.php?act=f&c=1&f=1886.zip HTTP/1.1" 200 2740
191.156.181.255 - - [14/Jul/2024:14:17:42 -0500] "GET /sipse/faces/javax.faces.resource/theme.css?ln=primefaces-sipse HTTP/1.1" 304 -
191.156.190.111 - - [14/Jul/2024:14:17:42 -0500] "GET /sipse/faces/javax.faces.resource/primefaces.css?ln=primefaces&v=4.0 HTTP/1.1" 304 -
191.156.187.250 - - [14/Jul/2024:14:17:42 -0500] "GET /sipse/faces/javax.faces.resource/jquery/jquery.js?ln=primefaces&v=4.0 HTTP/1.1" 304 -
191.156.184.64 - - [14/Jul/2024:14:17:42 -0500] "GET /sipse/faces/javax.faces.resource/layout/layout.css?ln=primefaces&v=4.0 HTTP/1.1" 304 -
191.156.187.250 - - [14/Jul/2024:14:17:42 -0500] "GET /sipse/faces/faces/autenticacion.xhtml HTTP/1.1" 200 12420
191.156.190.111 - - [14/Jul/2024:14:17:42 -0500] "GET /sipse/faces/javax.faces.resource/jquery/jquery-plugins.js?ln=primefaces&v=4.0 HTTP/1.1" 304 -
191.156.184.64 - - [14/Jul/2024:14:17:42 -0500] "GET /sipse/faces/javax.faces.resource/primefaces.js?ln=primefaces&v=4.0 HTTP/1.1" 304 -
191.156.187.250 - - [14/Jul/2024:14:17:42 -0500] "GET /sipse/faces/javax.faces.resource/layout/layout.js?ln=primefaces&v=4.0 HTTP/1.1" 304 -
191.156.187.250 - - [14/Jul/2024:14:17:45 -0500] "GET /sipse/faces/javax.faces.resource/images/ui-icons_898989_256x240.png?ln=primefaces-aristo HTTP/1.1" 304 -
181.32.168.168 - - [14/Jul/2024:14:17:45 -0500] "GET /kwssiamovil/sm/acme/u?s=U2FsdGVkX1+CZN9ocb1MYPr34A3Jz99AVbUZ3YpoPwH+q4z1KLIlxCdmKsZjhZmURq7F29FXrj5S0LUtiXD0GKXCdYM4ok3Wzs0kgAHyz4fLNQpfRl1B0+NbCIGd1EqXyVhhdrHF8+LOYC5QFBIvZxWRerjkzRNpfnyIqaLE9xI=&u=U2FsdGVkX18LhHxhmFDv99WQ2MgOGCiUMYywBWi+6juHHDXf80t1gPstKHL0JOjn&y=U2FsdGVkX18prpBmnRvbVQb2ZnMlDyU2mtirYPAQ9vLf6sRNPs0r4VoSr5sqYnk2 HTTP/1.1" 200 60
47.128.62.83 - - [14/Jul/2024:14:17:51 -0500] "GET /BLA/resoluciones/AUTOS%202021/0245.php?act=f&c=1&f=06486.pdf HTTP/1.1" 200 2741
191.156.181.255 - - [14/Jul/2024:14:17:53 -0500] "POST /sipse/faces/autenticacion.xhtml HTTP/1.1" 200 2224
191.156.181.255 - - [14/Jul/2024:14:17:54 -0500] "GET /sipse/faces/javax.faces.resource/messages/messages.png?ln=primefaces&v=4.0 HTTP/1.1" 304 -
191.156.187.250 - - [14/Jul/2024:14:17:57 -0500] "POST /sipse/faces/autenticacion.xhtml HTTP/1.1" 200 16353
191.156.181.255 - - [14/Jul/2024:14:18:00 -0500] "GET /sipse/faces/javax.faces.resource/primefaces.css?ln=primefaces&v=4.0 HTTP/1.1" 304 -
191.156.187.250 - - [14/Jul/2024:14:18:00 -0500] "GET /sipse/faces/javax.faces.resource/theme.css?ln=primefaces-sipse HTTP/1.1" 304 -
191.156.181.255 - - [14/Jul/2024:14:18:00 -0500] "GET /sipse/faces/javax.faces.resource/layout/layout.css?ln=primefaces&v=4.0 HTTP/1.1" 304 -
191.156.190.111 - - [14/Jul/2024:14:18:00 -0500] "GET /sipse/faces/javax.faces.resource/jquery/jquery.js?ln=primefaces&v=4.0 HTTP/1.1" 304 -
47.128.53.46 - - [14/Jul/2024:14:18:01 -0500] "GET /BLA/resoluciones/AUTOS%202021/0245.php?act=f&c=1&f=09085.pdf HTTP/1.1" 200 2741
191.156.190.111 - - [14/Jul/2024:14:18:02 -0500] "GET /sipse/faces/javax.faces.resource/jquery/jquery-plugins.js?ln=primefaces&v=4.0 HTTP/1.1" 304 -
191.156.190.111 - - [14/Jul/2024:14:18:02 -0500] "GET /sipse/faces/javax.faces.resource/primefaces.js?ln=primefaces&v=4.0 HTTP/1.1" 304 -
191.156.190.111 - - [14/Jul/2024:14:18:03 -0500] "GET /sipse/faces/javax.faces.resource/layout/layout.js?ln=primefaces&v=4.0 HTTP/1.1" 304 -
191.156.181.255 - - [14/Jul/2024:14:18:03 -0500] "GET /sipse/css/imagen/contrasena.png HTTP/1.1" 404 383
191.156.190.111 - - [14/Jul/2024:14:18:03 -0500] "GET /sipse/css/v_mergente.css HTTP/1.1" 200 1505
201.245.192.253 - - [14/Jul/2024:14:18:03 -0500] "GET /kwsrmcab/Wsrmcab?wsdl HTTP/1.1" 200 6948
191.156.187.250 - - [14/Jul/2024:14:18:03 -0500] "GET /sipse/imagenes/cargando.gif HTTP/1.1" 200 36959
191.156.187.250 - - [14/Jul/2024:14:18:07 -0500] "GET /sipse/faces/javax.faces.resource/images/ui-bg_flat_0_2d5972_40x100.png?ln=primefaces-aristo HTTP/1.1" 304 -
191.156.190.111 - - [14/Jul/2024:14:18:07 -0500] "POST /sipse/faces/bienvenido.xhtml HTTP/1.1" 200 2658
191.156.181.255 - - [14/Jul/2024:14:18:03 -0500] "GET /sipse/imagenes/logoAplicacion.jpg HTTP/1.1" 200 155084
47.128.62.60 - - [14/Jul/2024:14:18:11 -0500] "GET /BLA/resoluciones/AUTOS%202021/0245.php?act=f&c=1&f=09264.pdf HTTP/1.1" 200 2740
191.156.190.111 - - [14/Jul/2024:14:18:10 -0500] "POST /sipse/faces/bienvenido.xhtml HTTP/1.1" 200 65134
191.156.190.111 - - [14/Jul/2024:14:18:18 -0500] "GET /sipse/faces/javax.faces.resource/theme.css?ln=primefaces-sipse HTTP/1.1" 304 -
191.156.181.255 - - [14/Jul/2024:14:18:18 -0500] "GET /sipse/faces/javax.faces.resource/primefaces.css?ln=primefaces&v=4.0 HTTP/1.1" 304 -
191.156.187.250 - - [14/Jul/2024:14:18:18 -0500] "GET /sipse/faces/javax.faces.resource/layout/layout.css?ln=primefaces&v=4.0 HTTP/1.1" 304 -
191.156.181.255 - - [14/Jul/2024:14:18:18 -0500] "GET /sipse/faces/javax.faces.resource/jquery/jquery.js?ln=primefaces&v=4.0 HTTP/1.1" 304 -
191.156.181.255 - - [14/Jul/2024:14:18:18 -0500] "GET /sipse/faces/javax.faces.resource/jquery/jquery-plugins.js?ln=primefaces&v=4.0 HTTP/1.1" 304 -
47.128.58.207 - - [14/Jul/2024:14:18:21 -0500] "GET /BLA/resoluciones/AUTOS%202021/0245.php?act=f&c=1&f=7725.pdf HTTP/1.1" 200 2740
191.156.181.255 - - [14/Jul/2024:14:18:26 -0500] "GET /sipse/faces/javax.faces.resource/primefaces.js?ln=primefaces&v=4.0 HTTP/1.1" 304 -
191.156.181.255 - - [14/Jul/2024:14:18:26 -0500] "GET /sipse/faces/javax.faces.resource/layout/layout.js?ln=primefaces&v=4.0 HTTP/1.1" 304 -
191.156.181.255 - - [14/Jul/2024:14:18:27 -0500] "POST /sipse/faces/presentacion/financiero/solicitudProceso/listarSolicitudProceso.xhtml HTTP/1.1" 200 1556
47.128.121.152 - - [14/Jul/2024:14:18:31 -0500] "GET /BLA/resoluciones/AUTOS%202021/0245.php?act=f&c=1&f=06677.pdf HTTP/1.1" 200 2741
47.128.123.20 - - [14/Jul/2024:14:18:41 -0500] "GET /BLA/resoluciones/AUTOS%202021/0245.php?act=f&c=1&f=9294.pdf HTTP/1.1" 200 2739
47.128.20.16 - - [14/Jul/2024:14:18:51 -0500] "GET /BLA/resoluciones/AUTOS%202021/0245.php?act=f&c=1&f=10977.pdf HTTP/1.1" 200 2740
47.128.124.31 - - [14/Jul/2024:14:19:01 -0500] "GET /BLA/resoluciones/AUTOS%202021/0245.php?act=f&c=1&f=08896.pdf HTTP/1.1" 200 2740
201.245.192.253 - - [14/Jul/2024:14:19:03 -0500] "GET /kwsrmcab/Wsrmcab?wsdl HTTP/1.1" 200 6948
47.128.124.4 - - [14/Jul/2024:14:19:11 -0500] "GET /BLA/resoluciones/AUTOS%202021/0245.php?act=f&c=1&f=04819.pdf HTTP/1.1" 200 2740
47.128.113.83 - - [14/Jul/2024:14:19:21 -0500] "GET /BLA/resoluciones/AUTOS%202021/0245.php?act=f&c=1&f=03190.pdf HTTP/1.1" 200 2740
66.249.66.20 - - [14/Jul/2024:14:19:28 -0500] "GET /BLA/resoluciones/AUTOS%202008/0655.pdf HTTP/1.1" 200 451092
66.249.66.20 - - [14/Jul/2024:14:19:29 -0500] "GET /BLA/resoluciones/AUTOS%202008/2265.pdf HTTP/1.1" 200 227507
47.128.49.142 - - [14/Jul/2024:14:19:31 -0500] "GET /BLA/resoluciones/AUTOS%202021/0245.php?act=f&c=1&f=05848.pdf HTTP/1.1" 200 2740
216.245.221.92 - - [14/Jul/2024:14:19:39 -0500] "HEAD / HTTP/1.1" 200 -
47.128.45.127 - - [14/Jul/2024:14:19:41 -0500] "GET /BLA/resoluciones/AUTOS%202021/0245.php?act=f&c=1&f=10106.pdf HTTP/1.1" 200 2740
47.128.27.173 - - [14/Jul/2024:14:19:51 -0500] "GET /BLA/resoluciones/AUTOS%202021/0245.php?act=f&c=1&f=09674.pdf HTTP/1.1" 200 2740
47.128.36.32 - - [14/Jul/2024:14:20:01 -0500] "GET /BLA/resoluciones/AUTOS%202021/0245.php?act=f&c=1&f=10333.pdf HTTP/1.1" 200 2739
201.245.192.253 - - [14/Jul/2024:14:20:03 -0500] "GET /kwsrmcab/Wsrmcab?wsdl HTTP/1.1" 200 6948
40.77.167.67 - - [14/Jul/2024:14:20:09 -0500] "GET /BLA/resoluciones/AUTOS%202020/2557.pdf HTTP/1.1" 200 2418578
47.128.44.166 - - [14/Jul/2024:14:20:11 -0500] "GET /BLA/resoluciones/AUTOS%202021/0245.php?act=f&c=1&f=7229.pdf HTTP/1.1" 200 2739
172.22.2.4 - - [14/Jul/2024:14:18:34 -0500] "HEAD /BLA/boletinlegal/ HTTP/1.1" 200 -
201.245.192.253 - - [14/Jul/2024:14:20:14 -0500] "POST /kwsrmcab/Wsrmcab HTTP/1.1" 200 29372
201.245.192.253 - - [14/Jul/2024:14:20:08 -0500] "POST /kwsrmcab/Wsrmcab HTTP/1.1" 200 29047
201.245.192.253 - - [14/Jul/2024:14:20:18 -0500] "POST /kwsrmcab/Wsrmcab HTTP/1.1" 200 29219
47.128.59.171 - - [14/Jul/2024:14:20:21 -0500] "GET /BLA/resoluciones/AUTOS%202021/0245.php?act=f&c=1&f=09575.pdf HTTP/1.1" 200 2740
47.128.18.92 - - [14/Jul/2024:14:20:31 -0500] "GET /BLA/resoluciones/AUTOS%202021/0245.php?act=f&c=1&f=7726.pdf HTTP/1.1" 200 2740
47.128.123.224 - - [14/Jul/2024:14:20:41 -0500] "GET /BLA/resoluciones/AUTOS%202021/0245.php?act=f&c=1&f=09749.pdf HTTP/1.1" 200 2740
47.128.37.120 - - [14/Jul/2024:14:20:51 -0500] "GET /BLA/resoluciones/AUTOS%202021/0245.php?act=f&c=1&f=10949.pdf HTTP/1.1" 200 2740
201.245.192.253 - - [14/Jul/2024:14:20:47 -0500] "POST /kwsrmcab/Wsrmcab  HTTP/1.1" 200 38712
47.128.54.239 - - [14/Jul/2024:14:21:01 -0500] "GET /BLA/resoluciones/AUTOS%202021/0245.php?act=f&c=1&f=07289.pdf HTTP/1.1" 200 2741
201.245.192.253 - - [14/Jul/2024:14:21:03 -0500] "GET /kwsrmcab/Wsrmcab?wsdl HTTP/1.1" 200 6948
172.22.2.4 - - [14/Jul/2024:14:19:25 -0500] "GET /BLA/boletinlegal/ HTTP/1.1" 200 57889
47.128.122.39 - - [14/Jul/2024:14:21:11 -0500] "GET /BLA/resoluciones/AUTOS%202021/0245.php?act=f&c=1&f=03227.pdf HTTP/1.1" 200 2740
47.128.123.203 - - [14/Jul/2024:14:21:21 -0500] "GET /BLA/resoluciones/AUTOS%202021/0245.php?act=f&c=1&f=11173.pdf HTTP/1.1" 200 2741
47.128.18.112 - - [14/Jul/2024:14:21:31 -0500] "GET /BLA/resoluciones/AUTOS%202021/0245.php?act=f&c=1&f=11187.pdf HTTP/1.1" 200 2741
47.128.110.125 - - [14/Jul/2024:14:21:41 -0500] "GET /BLA/resoluciones/AUTOS%202021/0245.php?act=f&c=1&f=05640.pdf HTTP/1.1" 200 2741
47.128.60.156 - - [14/Jul/2024:14:21:51 -0500] "GET /BLA/resoluciones/AUTOS%202021/0245.php?act=f&c=1&f=09695.pdf HTTP/1.1" 200 2740
47.128.120.188 - - [14/Jul/2024:14:22:01 -0500] "GET /BLA/resoluciones/AUTOS%202021/0245.php?act=f&c=1&f=05515.pdf HTTP/1.1" 200 2740
