191.156.188.184 - - [14/Jul/2024:15:11:22 -0500] "GET /sipse/faces/javax.faces.resource/primefaces.js?ln=primefaces&v=4.0 HTTP/1.1" 304 -
191.156.188.184 - - [14/Jul/2024:15:11:22 -0500] "GET /sipse/faces/javax.faces.resource/layout/layout.js?ln=primefaces&v=4.0 HTTP/1.1" 304 -
172.22.2.4 - - [14/Jul/2024:15:11:25 -0500] "GET /BLA/boletinlegal/jurisprudencia/analisis/AnalisisT-146-16.docx HTTP/1.1" 200 23021
47.128.17.11 - - [14/Jul/2024:15:11:28 -0500] "GET /BLA/resoluciones/AUTOS%202021/0245.php?act=f&c=1&f=05019.pdf HTTP/1.1" 200 2740
191.156.188.184 - - [14/Jul/2024:15:11:24 -0500] "POST /sipse/faces/presentacion/financiero/solicitudProceso/crearModificarSolicitudProceso.xhtml HTTP/1.1" 200 51784
191.156.188.184 - - [14/Jul/2024:15:11:36 -0500] "POST /sipse/faces/presentacion/financiero/solicitudProceso/crearModificarSolicitudProceso.xhtml HTTP/1.1" 200 25141
191.156.188.184 - - [14/Jul/2024:15:11:52 -0500] "POST /sipse/faces/presentacion/financiero/solicitudProceso/crearModificarSolicitudProceso.xhtml HTTP/1.1" 200 6295
66.249.66.20 - - [14/Jul/2024:15:11:55 -0500] "GET /BLA/resoluciones/RESOLUCIONES%202021/2737.pdf HTTP/1.1" 200 598311
201.245.192.253 - - [14/Jul/2024:15:12:03 -0500] "GET /kwsrmcab/Wsrmcab?wsdl HTTP/1.1" 200 6948
191.156.190.111 - - [14/Jul/2024:15:12:09 -0500] "POST /sipse/faces/presentacion/financiero/solicitudProceso/crearModificarSolicitudProceso.xhtml HTTP/1.1" 200 9544
52.167.144.19 - - [14/Jul/2024:15:12:31 -0500] "GET /BLA/resoluciones/RESOLUCIONES%202019/2093.pdf HTTP/1.1" 200 349080
172.22.2.4 - - [14/Jul/2024:15:11:04 -0500] "HEAD /BLA/boletinlegal/ HTTP/1.1" 200 -
201.245.192.253 - - [14/Jul/2024:15:13:03 -0500] "GET /kwsrmcab/Wsrmcab?wsdl HTTP/1.1" 200 6948
47.128.119.200 - - [14/Jul/2024:15:13:11 -0500] "GET /BLA/resoluciones/AUTOS%202021/0245.php?act=f&c=1&f=08968.pdf HTTP/1.1" 200 2740
47.128.119.153 - - [14/Jul/2024:15:13:21 -0500] "GET /BLA/resoluciones/AUTOS%202021/0245.php?act=f&c=1&f=05316.pdf HTTP/1.1" 200 2740
47.128.47.219 - - [14/Jul/2024:15:13:31 -0500] "GET /BLA/resoluciones/AUTOS%202021/0245.php?act=f&c=1&f=07087.pdf HTTP/1.1" 200 2741
172.22.2.4 - - [14/Jul/2024:15:11:55 -0500] "GET /BLA/boletinlegal/ HTTP/1.1" 200 58273
47.128.48.81 - - [14/Jul/2024:15:13:41 -0500] "GET /BLA/resoluciones/AUTOS%202021/0245.php?act=f&c=1&f=08741.pdf HTTP/1.1" 200 2740
191.156.177.213 - - [14/Jul/2024:15:13:51 -0500] "POST /sipse/faces/presentacion/financiero/solicitudProceso/crearModificarSolicitudProceso.xhtml HTTP/1.1" 200 7342
47.128.119.128 - - [14/Jul/2024:15:13:51 -0500] "GET /BLA/resoluciones/AUTOS%202021/0245.php?act=f&c=1&f=10555.pdf HTTP/1.1" 200 2740
47.128.116.18 - - [14/Jul/2024:15:14:01 -0500] "GET /BLA/resoluciones/AUTOS%202021/0245.php?act=f&c=1&f=5926.pdf HTTP/1.1" 200 2739
201.245.192.253 - - [14/Jul/2024:15:14:03 -0500] "GET /kwsrmcab/Wsrmcab?wsdl HTTP/1.1" 200 6948
47.128.22.28 - - [14/Jul/2024:15:14:11 -0500] "GET /BLA/resoluciones/AUTOS%202021/0245.php?act=f&c=1&f=6860.pdf HTTP/1.1" 200 2740
216.244.66.195 - - [14/Jul/2024:15:14:11 -0500] "GET /robots.txt HTTP/1.1" 404 1018
191.156.190.111 - - [14/Jul/2024:15:14:13 -0500] "GET /sipse/faces/javax.faces.resource/theme.css?ln=primefaces-sipse HTTP/1.1" 304 -
191.156.177.213 - - [14/Jul/2024:15:14:13 -0500] "GET /sipse/faces/javax.faces.resource/primefaces.css?ln=primefaces&v=4.0 HTTP/1.1" 304 -
191.156.183.165 - - [14/Jul/2024:15:14:15 -0500] "GET /sipse/faces/javax.faces.resource/layout/layout.css?ln=primefaces&v=4.0 HTTP/1.1" 304 -
191.156.183.165 - - [14/Jul/2024:15:14:16 -0500] "GET /sipse/faces/javax.faces.resource/jquery/jquery.js?ln=primefaces&v=4.0 HTTP/1.1" 304 -
191.156.190.111 - - [14/Jul/2024:15:14:16 -0500] "GET /sipse/faces/javax.faces.resource/jquery/jquery-plugins.js?ln=primefaces&v=4.0 HTTP/1.1" 304 -
191.156.177.213 - - [14/Jul/2024:15:14:16 -0500] "GET /sipse/faces/javax.faces.resource/primefaces.js?ln=primefaces&v=4.0 HTTP/1.1" 304 -
191.156.190.75 - - [14/Jul/2024:15:14:17 -0500] "GET /sipse/faces/javax.faces.resource/layout/layout.js?ln=primefaces&v=4.0 HTTP/1.1" 304 -
47.128.46.21 - - [14/Jul/2024:15:14:21 -0500] "GET /BLA/resoluciones/AUTOS%202021/0245.php?act=f&c=1&f=05520.pdf HTTP/1.1" 200 2740
40.77.167.50 - - [14/Jul/2024:15:14:24 -0500] "GET /Publicaciones/2024EE131889.pdf HTTP/1.1" 200 480329
191.156.190.111 - - [14/Jul/2024:15:14:12 -0500] "POST /sipse/faces/presentacion/financiero/solicitudProceso/crearModificarSolicitudProceso.xhtml HTTP/1.1" 200 24616
47.128.18.152 - - [14/Jul/2024:15:14:31 -0500] "GET /BLA/resoluciones/AUTOS%202021/0245.php?act=f&c=1&f=07682.pdf HTTP/1.1" 200 2741
191.156.190.111 - - [14/Jul/2024:15:14:32 -0500] "POST /sipse/faces/presentacion/financiero/solicitudProyectoActividad/asociarProyectoSolicitud.xhtml HTTP/1.1" 200 6631
191.156.190.111 - - [14/Jul/2024:15:14:35 -0500] "POST /sipse/faces/presentacion/financiero/solicitudProyectoActividad/asociarProyectoSolicitud.xhtml HTTP/1.1" 200 1704
216.245.221.92 - - [14/Jul/2024:15:14:39 -0500] "HEAD / HTTP/1.1" 200 -
47.128.16.37 - - [14/Jul/2024:15:14:41 -0500] "GET /BLA/resoluciones/AUTOS%202021/0245.php?act=f&c=1&f=08579.pdf HTTP/1.1" 200 2741
191.156.190.111 - - [14/Jul/2024:15:14:38 -0500] "POST /sipse/faces/presentacion/financiero/solicitudProyectoActividad/asociarProyectoSolicitud.xhtml HTTP/1.1" 200 74153
191.156.190.111 - - [14/Jul/2024:15:14:45 -0500] "GET /sipse/faces/javax.faces.resource/theme.css?ln=primefaces-sipse HTTP/1.1" 304 -
191.156.190.111 - - [14/Jul/2024:15:14:45 -0500] "GET /sipse/faces/javax.faces.resource/primefaces.css?ln=primefaces&v=4.0 HTTP/1.1" 304 -
191.156.187.250 - - [14/Jul/2024:15:14:45 -0500] "GET /sipse/faces/javax.faces.resource/jquery/jquery.js?ln=primefaces&v=4.0 HTTP/1.1" 304 -
191.156.190.111 - - [14/Jul/2024:15:14:46 -0500] "GET /sipse/faces/javax.faces.resource/layout/layout.css?ln=primefaces&v=4.0 HTTP/1.1" 304 -
191.156.187.250 - - [14/Jul/2024:15:14:48 -0500] "GET /sipse/faces/javax.faces.resource/jquery/jquery-plugins.js?ln=primefaces&v=4.0 HTTP/1.1" 304 -
47.128.30.218 - - [14/Jul/2024:15:14:51 -0500] "GET /BLA/resoluciones/AUTOS%202021/0245.php?act=f&c=1&f=7736.pdf HTTP/1.1" 200 2740
47.128.123.145 - - [14/Jul/2024:15:15:01 -0500] "GET /BLA/resoluciones/AUTOS%202021/0245.php?act=f&c=1&f=05507.pdf HTTP/1.1" 200 2741
201.245.192.253 - - [14/Jul/2024:15:15:03 -0500] "GET /kwsrmcab/Wsrmcab?wsdl HTTP/1.1" 200 6948
47.128.123.17 - - [14/Jul/2024:15:15:11 -0500] "GET /BLA/resoluciones/AUTOS%202021/0245.php?act=f&c=1&f=09699.pdf HTTP/1.1" 200 2740
191.156.188.184 - - [14/Jul/2024:15:15:16 -0500] "GET /sipse/faces/javax.faces.resource/primefaces.js?ln=primefaces&v=4.0 HTTP/1.1" 304 -
47.128.39.142 - - [14/Jul/2024:15:15:21 -0500] "GET /BLA/resoluciones/AUTOS%202021/0245.php?act=f&c=1&f=07548.pdf HTTP/1.1" 200 2740
47.128.39.103 - - [14/Jul/2024:15:15:31 -0500] "GET /BLA/resoluciones/AUTOS%202021/0245.php?act=f&c=1&f=05554.pdf HTTP/1.1" 200 2740
201.245.192.253 - - [14/Jul/2024:15:15:32 -0500] "POST /kwsrmcab/Wsrmcab  HTTP/1.1" 200 38712
191.156.187.250 - - [14/Jul/2024:15:15:37 -0500] "GET /sipse/faces/javax.faces.resource/layout/layout.js?ln=primefaces&v=4.0 HTTP/1.1" 304 -
47.128.118.113 - - [14/Jul/2024:15:15:41 -0500] "GET /BLA/resoluciones/AUTOS%202021/0245.php?act=f&c=1&f=07481.pdf HTTP/1.1" 200 2740
47.128.16.167 - - [14/Jul/2024:15:15:51 -0500] "GET /BLA/resoluciones/AUTOS%202021/0245.php?act=f&c=1&f=07549.pdf HTTP/1.1" 200 2740
47.128.127.142 - - [14/Jul/2024:15:16:01 -0500] "GET /BLA/resoluciones/AUTOS%202021/0245.php?act=f&c=1&f=09178.pdf HTTP/1.1" 200 2741
201.245.192.253 - - [14/Jul/2024:15:16:03 -0500] "GET /kwsrmcab/Wsrmcab?wsdl HTTP/1.1" 200 6948
191.156.177.137 - - [14/Jul/2024:15:15:59 -0500] "POST /sipse/faces/presentacion/financiero/solicitudProyectoActividad/asociarActividadSolicitud.xhtml HTTP/1.1" 200 59816
47.128.117.76 - - [14/Jul/2024:15:16:11 -0500] "GET /BLA/resoluciones/AUTOS%202021/0245.php?act=f&c=1&f=05494.pdf HTTP/1.1" 200 2740
191.156.177.137 - - [14/Jul/2024:15:16:09 -0500] "POST /sipse/faces/presentacion/financiero/solicitudProyectoActividad/asociarActividadSolicitud.xhtml HTTP/1.1" 200 59225
47.128.117.93 - - [14/Jul/2024:15:16:21 -0500] "GET /BLA/resoluciones/AUTOS%202021/0245.php?act=f&c=1&f=11203.pdf HTTP/1.1" 200 2740
191.156.177.137 - - [14/Jul/2024:15:16:26 -0500] "POST /sipse/faces/presentacion/financiero/solicitudProyectoActividad/asociarActividadSolicitud.xhtml HTTP/1.1" 200 20015
191.156.177.137 - - [14/Jul/2024:15:16:28 -0500] "GET /sipse/faces/javax.faces.resource/theme.css?ln=primefaces-sipse HTTP/1.1" 304 -
191.156.190.111 - - [14/Jul/2024:15:16:28 -0500] "GET /sipse/faces/javax.faces.resource/primefaces.css?ln=primefaces&v=4.0 HTTP/1.1" 304 -
191.156.186.141 - - [14/Jul/2024:15:16:28 -0500] "GET /sipse/faces/javax.faces.resource/jquery/jquery.js?ln=primefaces&v=4.0 HTTP/1.1" 304 -
191.156.177.137 - - [14/Jul/2024:15:16:28 -0500] "GET /sipse/faces/javax.faces.resource/layout/layout.css?ln=primefaces&v=4.0 HTTP/1.1" 304 -
191.156.186.141 - - [14/Jul/2024:15:16:29 -0500] "GET /sipse/faces/javax.faces.resource/jquery/jquery-plugins.js?ln=primefaces&v=4.0 HTTP/1.1" 304 -
191.156.186.141 - - [14/Jul/2024:15:16:30 -0500] "GET /sipse/faces/javax.faces.resource/primefaces.js?ln=primefaces&v=4.0 HTTP/1.1" 304 -
191.156.186.141 - - [14/Jul/2024:15:16:30 -0500] "GET /sipse/faces/javax.faces.resource/layout/layout.js?ln=primefaces&v=4.0 HTTP/1.1" 304 -
191.156.190.111 - - [14/Jul/2024:15:16:50 -0500] "GET /sipse/faces/javax.faces.resource/theme.css?ln=primefaces-sipse HTTP/1.1" 304 -
191.156.187.250 - - [14/Jul/2024:15:16:50 -0500] "GET /sipse/faces/javax.faces.resource/primefaces.css?ln=primefaces&v=4.0 HTTP/1.1" 304 -
191.156.181.255 - - [14/Jul/2024:15:16:50 -0500] "GET /sipse/faces/javax.faces.resource/layout/layout.css?ln=primefaces&v=4.0 HTTP/1.1" 304 -
191.156.187.250 - - [14/Jul/2024:15:16:50 -0500] "GET /sipse/faces/javax.faces.resource/jquery/jquery.js?ln=primefaces&v=4.0 HTTP/1.1" 304 -
191.156.187.250 - - [14/Jul/2024:15:16:51 -0500] "GET /sipse/faces/javax.faces.resource/jquery/jquery-plugins.js?ln=primefaces&v=4.0 HTTP/1.1" 304 -
191.156.187.250 - - [14/Jul/2024:15:16:51 -0500] "GET /sipse/faces/javax.faces.resource/primefaces.js?ln=primefaces&v=4.0 HTTP/1.1" 304 -
191.156.187.250 - - [14/Jul/2024:15:16:51 -0500] "GET /sipse/faces/javax.faces.resource/layout/layout.js?ln=primefaces&v=4.0 HTTP/1.1" 304 -
191.156.187.250 - - [14/Jul/2024:15:16:49 -0500] "POST /sipse/faces/presentacion/financiero/solicitudProyectoActividad/asociarFuentesSolicitud.xhtml HTTP/1.1" 200 82314
201.245.192.253 - - [14/Jul/2024:15:17:03 -0500] "GET /kwsrmcab/Wsrmcab?wsdl HTTP/1.1" 200 6948
191.156.182.86 - - [14/Jul/2024:15:17:26 -0500] "GET /sipse/faces/javax.faces.resource/primefaces.css?ln=primefaces&v=4.0 HTTP/1.1" 304 -
191.156.187.250 - - [14/Jul/2024:15:17:26 -0500] "GET /sipse/faces/javax.faces.resource/theme.css?ln=primefaces-sipse HTTP/1.1" 304 -
191.156.188.184 - - [14/Jul/2024:15:17:27 -0500] "GET /sipse/faces/javax.faces.resource/layout/layout.css?ln=primefaces&v=4.0 HTTP/1.1" 304 -
191.156.182.86 - - [14/Jul/2024:15:17:27 -0500] "GET /sipse/faces/javax.faces.resource/jquery/jquery.js?ln=primefaces&v=4.0 HTTP/1.1" 304 -
191.156.190.75 - - [14/Jul/2024:15:17:27 -0500] "GET /sipse/faces/javax.faces.resource/primefaces.js?ln=primefaces&v=4.0 HTTP/1.1" 304 -
191.156.187.250 - - [14/Jul/2024:15:17:27 -0500] "GET /sipse/faces/javax.faces.resource/jquery/jquery-plugins.js?ln=primefaces&v=4.0 HTTP/1.1" 304 -
191.156.182.86 - - [14/Jul/2024:15:17:27 -0500] "GET /sipse/faces/javax.faces.resource/layout/layout.js?ln=primefaces&v=4.0 HTTP/1.1" 304 -
191.156.190.111 - - [14/Jul/2024:15:17:03 -0500] "POST /sipse/faces/presentacion/financiero/solicitudProceso/crearModificarSolicitudProceso.xhtml HTTP/1.1" 200 45553
191.156.184.64 - - [14/Jul/2024:15:17:46 -0500] "GET /sipse/faces/javax.faces.resource/theme.css?ln=primefaces-sipse HTTP/1.1" 304 -
47.128.35.23 - - [14/Jul/2024:15:17:50 -0500] "GET /BLA/resoluciones/AUTOS%202021/0245.php?act=f&c=1&f=7737.pdf HTTP/1.1" 200 2739
191.156.184.64 - - [14/Jul/2024:15:17:49 -0500] "POST /sipse/faces/presentacion/financiero/solicitudBienServicio/asociarBienServicioSolicitud.xhtml HTTP/1.1" 200 2720
47.128.115.122 - - [14/Jul/2024:15:18:00 -0500] "GET /BLA/resoluciones/AUTOS%202021/0245.php?act=f&c=1&f=05918.pdf HTTP/1.1" 200 2740
191.156.184.64 - - [14/Jul/2024:15:17:57 -0500] "POST /sipse/faces/presentacion/financiero/solicitudBienServicio/asociarBienServicioSolicitud.xhtml HTTP/1.1" 200 78078
201.245.192.253 - - [14/Jul/2024:15:18:03 -0500] "GET /kwsrmcab/Wsrmcab?wsdl HTTP/1.1" 200 6948
191.156.184.64 - - [14/Jul/2024:15:18:04 -0500] "GET /sipse/faces/javax.faces.resource/theme.css?ln=primefaces-sipse HTTP/1.1" 304 -
191.156.184.64 - - [14/Jul/2024:15:18:04 -0500] "GET /sipse/faces/javax.faces.resource/primefaces.css?ln=primefaces&v=4.0 HTTP/1.1" 304 -
191.156.177.137 - - [14/Jul/2024:15:18:04 -0500] "GET /sipse/faces/javax.faces.resource/layout/layout.css?ln=primefaces&v=4.0 HTTP/1.1" 304 -
191.156.186.141 - - [14/Jul/2024:15:18:04 -0500] "GET /sipse/faces/javax.faces.resource/jquery/jquery.js?ln=primefaces&v=4.0 HTTP/1.1" 304 -
191.156.186.141 - - [14/Jul/2024:15:18:07 -0500] "GET /sipse/faces/javax.faces.resource/jquery/jquery-plugins.js?ln=primefaces&v=4.0 HTTP/1.1" 304 -
191.156.186.141 - - [14/Jul/2024:15:18:07 -0500] "GET /sipse/faces/javax.faces.resource/primefaces.js?ln=primefaces&v=4.0 HTTP/1.1" 304 -
191.156.186.141 - - [14/Jul/2024:15:18:07 -0500] "GET /sipse/faces/javax.faces.resource/layout/layout.js?ln=primefaces&v=4.0 HTTP/1.1" 304 -
47.128.27.94 - - [14/Jul/2024:15:18:10 -0500] "GET /BLA/resoluciones/AUTOS%202021/0245.php?act=f&c=1&f=7728.pdf HTTP/1.1" 200 2740
47.128.27.53 - - [14/Jul/2024:15:18:20 -0500] "GET /BLA/resoluciones/AUTOS%202021/0245.php?act=f&c=1&f=04698.pdf HTTP/1.1" 200 2740
186.154.207.219 - - [14/Jul/2024:15:18:22 -0500] "GET /serrania-el-zuque-de-cantera-en-los-anos-60-a-espacio-de-restauracion-ambiental-y-mitigacion-del-riesgo.html HTTP/1.1" 200 841
191.156.186.141 - - [14/Jul/2024:15:18:12 -0500] "POST /sipse/faces/presentacion/financiero/solicitudProceso/crearModificarSolicitudProceso.xhtml HTTP/1.1" 200 65589
191.156.186.141 - - [14/Jul/2024:15:18:27 -0500] "GET /sipse/faces/javax.faces.resource/theme.css?ln=primefaces-sipse HTTP/1.1" 304 -
191.156.186.141 - - [14/Jul/2024:15:18:27 -0500] "GET /sipse/faces/javax.faces.resource/layout/layout.css?ln=primefaces&v=4.0 HTTP/1.1" 304 -
191.156.177.137 - - [14/Jul/2024:15:18:27 -0500] "GET /sipse/faces/javax.faces.resource/jquery/jquery.js?ln=primefaces&v=4.0 HTTP/1.1" 304 -
191.156.186.141 - - [14/Jul/2024:15:18:27 -0500] "GET /sipse/faces/javax.faces.resource/primefaces.css?ln=primefaces&v=4.0 HTTP/1.1" 304 -
191.156.177.137 - - [14/Jul/2024:15:18:27 -0500] "GET /sipse/faces/javax.faces.resource/jquery/jquery-plugins.js?ln=primefaces&v=4.0 HTTP/1.1" 304 -
191.156.177.137 - - [14/Jul/2024:15:18:28 -0500] "GET /sipse/faces/javax.faces.resource/primefaces.js?ln=primefaces&v=4.0 HTTP/1.1" 304 -
191.156.177.137 - - [14/Jul/2024:15:18:28 -0500] "GET /sipse/faces/javax.faces.resource/layout/layout.js?ln=primefaces&v=4.0 HTTP/1.1" 304 -
191.156.177.137 - - [14/Jul/2024:15:18:28 -0500] "POST /sipse/faces/presentacion/financiero/solicitudProceso/listarSolicitudProceso.xhtml HTTP/1.1" 200 1556
47.128.28.118 - - [14/Jul/2024:15:18:30 -0500] "GET /BLA/resoluciones/AUTOS%202021/0245.php?act=f&c=1&f=7235.pdf HTTP/1.1" 200 2740
191.156.186.141 - - [14/Jul/2024:15:18:33 -0500] "GET /sipse/faces/javax.faces.resource/theme.css?ln=primefaces-sipse HTTP/1.1" 304 -
191.156.177.213 - - [14/Jul/2024:15:18:33 -0500] "GET /sipse/faces/javax.faces.resource/primefaces.css?ln=primefaces&v=4.0 HTTP/1.1" 304 -
191.156.190.75 - - [14/Jul/2024:15:18:33 -0500] "GET /sipse/faces/javax.faces.resource/layout/layout.css?ln=primefaces&v=4.0 HTTP/1.1" 304 -
191.156.177.137 - - [14/Jul/2024:15:18:33 -0500] "GET /sipse/faces/javax.faces.resource/jquery/jquery-plugins.js?ln=primefaces&v=4.0 HTTP/1.1" 304 -
191.156.181.255 - - [14/Jul/2024:15:18:33 -0500] "GET /sipse/faces/javax.faces.resource/jquery/jquery.js?ln=primefaces&v=4.0 HTTP/1.1" 304 -
191.156.186.141 - - [14/Jul/2024:15:18:33 -0500] "GET /sipse/faces/javax.faces.resource/primefaces.js?ln=primefaces&v=4.0 HTTP/1.1" 304 -
191.156.190.75 - - [14/Jul/2024:15:18:33 -0500] "GET /sipse/faces/javax.faces.resource/layout/layout.js?ln=primefaces&v=4.0 HTTP/1.1" 304 -
172.22.2.4 - - [14/Jul/2024:15:16:54 -0500] "HEAD /BLA/boletinlegal/ HTTP/1.1" 200 -
191.156.177.137 - - [14/Jul/2024:15:18:33 -0500] "GET /sipse/faces/presentacion/financiero/solicitudProceso/crearModificarSolicitudProceso.xhtml HTTP/1.1" 200 83592
47.128.120.169 - - [14/Jul/2024:15:18:40 -0500] "GET /BLA/resoluciones/AUTOS%202021/0245.php?act=f&c=1&f=05465.pdf HTTP/1.1" 200 2740
47.128.111.78 - - [14/Jul/2024:15:18:50 -0500] "GET /BLA/resoluciones/AUTOS%202021/0245.php?act=f&c=1&f=06426.pdf HTTP/1.1" 200 2740
201.245.192.253 - - [14/Jul/2024:15:19:03 -0500] "GET /kwsrmcab/Wsrmcab?wsdl HTTP/1.1" 200 6948
172.22.2.4 - - [14/Jul/2024:15:17:45 -0500] "GET /BLA/boletinlegal/ HTTP/1.1" 200 57485
216.245.221.92 - - [14/Jul/2024:15:19:39 -0500] "HEAD / HTTP/1.1" 200 -
191.156.183.165 - - [14/Jul/2024:15:19:44 -0500] "POST /sipse/faces/presentacion/financiero/solicitudProceso/crearModificarSolicitudProceso.xhtml HTTP/1.1" 200 65134
191.156.183.165 - - [14/Jul/2024:15:19:52 -0500] "GET /sipse/faces/javax.faces.resource/theme.css?ln=primefaces-sipse HTTP/1.1" 304 -
191.156.187.250 - - [14/Jul/2024:15:19:52 -0500] "GET /sipse/faces/javax.faces.resource/primefaces.css?ln=primefaces&v=4.0 HTTP/1.1" 304 -
191.156.183.165 - - [14/Jul/2024:15:19:52 -0500] "GET /sipse/faces/javax.faces.resource/layout/layout.css?ln=primefaces&v=4.0 HTTP/1.1" 304 -
191.156.187.250 - - [14/Jul/2024:15:19:52 -0500] "GET /sipse/faces/javax.faces.resource/jquery/jquery.js?ln=primefaces&v=4.0 HTTP/1.1" 304 -
191.156.183.165 - - [14/Jul/2024:15:19:52 -0500] "GET /sipse/faces/javax.faces.resource/jquery/jquery-plugins.js?ln=primefaces&v=4.0 HTTP/1.1" 304 -
191.156.183.165 - - [14/Jul/2024:15:19:52 -0500] "GET /sipse/faces/javax.faces.resource/primefaces.js?ln=primefaces&v=4.0 HTTP/1.1" 304 -
191.156.183.165 - - [14/Jul/2024:15:19:52 -0500] "GET /sipse/faces/javax.faces.resource/layout/layout.js?ln=primefaces&v=4.0 HTTP/1.1" 304 -
191.156.183.165 - - [14/Jul/2024:15:19:52 -0500] "POST /sipse/faces/presentacion/financiero/solicitudProceso/listarSolicitudProceso.xhtml HTTP/1.1" 200 1556
191.156.183.165 - - [14/Jul/2024:15:19:54 -0500] "POST /sipse/faces/presentacion/financiero/solicitudProceso/listarSolicitudProceso.xhtml HTTP/1.1" 200 59044
191.156.187.250 - - [14/Jul/2024:15:20:02 -0500] "GET /sipse/faces/javax.faces.resource/primefaces.css?ln=primefaces&v=4.0 HTTP/1.1" 304 -
191.156.183.165 - - [14/Jul/2024:15:20:02 -0500] "GET /sipse/faces/javax.faces.resource/theme.css?ln=primefaces-sipse HTTP/1.1" 304 -
191.156.187.250 - - [14/Jul/2024:15:20:02 -0500] "GET /sipse/faces/javax.faces.resource/layout/layout.css?ln=primefaces&v=4.0 HTTP/1.1" 304 -
191.156.183.165 - - [14/Jul/2024:15:20:02 -0500] "GET /sipse/faces/javax.faces.resource/jquery/jquery.js?ln=primefaces&v=4.0 HTTP/1.1" 304 -
191.156.183.165 - - [14/Jul/2024:15:20:02 -0500] "GET /sipse/faces/javax.faces.resource/jquery/jquery-plugins.js?ln=primefaces&v=4.0 HTTP/1.1" 304 -
191.156.183.165 - - [14/Jul/2024:15:20:02 -0500] "GET /sipse/faces/javax.faces.resource/primefaces.js?ln=primefaces&v=4.0 HTTP/1.1" 304 -
191.156.183.165 - - [14/Jul/2024:15:20:03 -0500] "GET /sipse/faces/javax.faces.resource/layout/layout.js?ln=primefaces&v=4.0 HTTP/1.1" 304 -
201.245.192.253 - - [14/Jul/2024:15:20:03 -0500] "GET /kwsrmcab/Wsrmcab?wsdl HTTP/1.1" 200 6948
191.156.183.165 - - [14/Jul/2024:15:20:06 -0500] "POST /sipse/faces/presentacion/financiero/solicitudProceso/crearModificarSolicitudProceso.xhtml HTTP/1.1" 200 51784
201.245.192.253 - - [14/Jul/2024:15:20:08 -0500] "POST /kwsrmcab/Wsrmcab HTTP/1.1" 200 28882
201.245.192.253 - - [14/Jul/2024:15:20:14 -0500] "POST /kwsrmcab/Wsrmcab HTTP/1.1" 200 29376
40.77.167.50 - - [14/Jul/2024:15:20:17 -0500] "GET /autoliquidacion2020/index.php HTTP/1.1" 200 6146
201.245.192.253 - - [14/Jul/2024:15:20:17 -0500] "POST /kwsrmcab/Wsrmcab HTTP/1.1" 200 29231
191.156.183.165 - - [14/Jul/2024:15:20:17 -0500] "POST /sipse/faces/presentacion/financiero/solicitudProceso/crearModificarSolicitudProceso.xhtml HTTP/1.1" 200 25141
191.156.183.165 - - [14/Jul/2024:15:20:27 -0500] "POST /sipse/faces/presentacion/financiero/solicitudProceso/crearModificarSolicitudProceso.xhtml HTTP/1.1" 200 6295
191.156.183.165 - - [14/Jul/2024:15:20:35 -0500] "POST /sipse/faces/presentacion/financiero/solicitudProceso/crearModificarSolicitudProceso.xhtml HTTP/1.1" 200 9544
149.50.103.48 - - [14/Jul/2024:15:20:36 -0500] "GET / HTTP/1.1" 200 319
201.245.192.253 - - [14/Jul/2024:15:20:31 -0500] "POST /kwsrmcab/Wsrmcab  HTTP/1.1" 200 38712
191.156.177.137 - - [14/Jul/2024:15:20:51 -0500] "POST /sipse/faces/presentacion/financiero/solicitudProceso/crearModificarSolicitudProceso.xhtml HTTP/1.1" 200 7342
201.245.192.253 - - [14/Jul/2024:15:21:03 -0500] "GET /kwsrmcab/Wsrmcab?wsdl HTTP/1.1" 200 6948
191.156.184.64 - - [14/Jul/2024:15:21:12 -0500] "GET /sipse/faces/javax.faces.resource/theme.css?ln=primefaces-sipse HTTP/1.1" 304 -
191.156.177.137 - - [14/Jul/2024:15:21:12 -0500] "GET /sipse/faces/javax.faces.resource/layout/layout.css?ln=primefaces&v=4.0 HTTP/1.1" 304 -
191.156.190.75 - - [14/Jul/2024:15:21:12 -0500] "GET /sipse/faces/javax.faces.resource/primefaces.css?ln=primefaces&v=4.0 HTTP/1.1" 304 -
191.156.184.64 - - [14/Jul/2024:15:21:12 -0500] "GET /sipse/faces/javax.faces.resource/jquery/jquery.js?ln=primefaces&v=4.0 HTTP/1.1" 304 -
191.156.177.137 - - [14/Jul/2024:15:21:12 -0500] "GET /sipse/faces/javax.faces.resource/jquery/jquery-plugins.js?ln=primefaces&v=4.0 HTTP/1.1" 304 -
191.156.177.137 - - [14/Jul/2024:15:21:12 -0500] "GET /sipse/faces/javax.faces.resource/primefaces.js?ln=primefaces&v=4.0 HTTP/1.1" 304 -
191.156.177.137 - - [14/Jul/2024:15:21:12 -0500] "GET /sipse/faces/javax.faces.resource/layout/layout.js?ln=primefaces&v=4.0 HTTP/1.1" 304 -
191.156.190.111 - - [14/Jul/2024:15:21:11 -0500] "POST /sipse/faces/presentacion/financiero/solicitudProceso/crearModificarSolicitudProceso.xhtml HTTP/1.1" 200 24616
172.22.2.4 - - [14/Jul/2024:15:21:18 -0500] "GET /BLA/boletinlegal/Circulares/2024/CIRCULAR%20No.%2000001%20DEL%2011%20DE%20ENERO%20DEL%202024.pdf HTTP/1.1" 200 298890
191.156.190.111 - - [14/Jul/2024:15:21:25 -0500] "POST /sipse/faces/presentacion/financiero/solicitudProyectoActividad/asociarProyectoSolicitud.xhtml HTTP/1.1" 200 6631
191.156.190.111 - - [14/Jul/2024:15:21:37 -0500] "POST /sipse/faces/presentacion/financiero/solicitudProyectoActividad/asociarProyectoSolicitud.xhtml HTTP/1.1" 200 1704
66.249.66.19 - - [14/Jul/2024:15:21:42 -0500] "GET /BLA/resoluciones/AUTOS%202020/4604.pdf HTTP/1.1" 304 -
191.156.190.111 - - [14/Jul/2024:15:21:40 -0500] "POST /sipse/faces/presentacion/financiero/solicitudProyectoActividad/asociarProyectoSolicitud.xhtml HTTP/1.1" 200 74153
191.156.190.111 - - [14/Jul/2024:15:21:49 -0500] "GET /sipse/faces/javax.faces.resource/theme.css?ln=primefaces-sipse HTTP/1.1" 304 -
191.156.186.141 - - [14/Jul/2024:15:21:49 -0500] "GET /sipse/faces/javax.faces.resource/layout/layout.css?ln=primefaces&v=4.0 HTTP/1.1" 304 -
191.156.186.141 - - [14/Jul/2024:15:21:49 -0500] "GET /sipse/faces/javax.faces.resource/primefaces.css?ln=primefaces&v=4.0 HTTP/1.1" 304 -
191.156.177.137 - - [14/Jul/2024:15:21:49 -0500] "GET /sipse/faces/javax.faces.resource/jquery/jquery.js?ln=primefaces&v=4.0 HTTP/1.1" 304 -
191.156.177.137 - - [14/Jul/2024:15:21:51 -0500] "GET /sipse/faces/javax.faces.resource/jquery/jquery-plugins.js?ln=primefaces&v=4.0 HTTP/1.1" 304 -
191.156.177.137 - - [14/Jul/2024:15:21:51 -0500] "GET /sipse/faces/javax.faces.resource/primefaces.js?ln=primefaces&v=4.0 HTTP/1.1" 304 -
191.156.177.137 - - [14/Jul/2024:15:21:51 -0500] "GET /sipse/faces/javax.faces.resource/layout/layout.js?ln=primefaces&v=4.0 HTTP/1.1" 304 -
201.245.192.253 - - [14/Jul/2024:15:22:03 -0500] "GET /kwsrmcab/Wsrmcab?wsdl HTTP/1.1" 200 6948
191.156.182.86 - - [14/Jul/2024:15:22:14 -0500] "GET /sipse/faces/javax.faces.resource/primefaces.css?ln=primefaces&v=4.0 HTTP/1.1" 304 -
191.156.182.86 - - [14/Jul/2024:15:22:17 -0500] "POST /sipse/faces/presentacion/financiero/solicitudProyectoActividad/asociarActividadSolicitud.xhtml HTTP/1.1" 200 59816
191.156.182.86 - - [14/Jul/2024:15:22:27 -0500] "POST /sipse/faces/presentacion/financiero/solicitudProyectoActividad/asociarActividadSolicitud.xhtml HTTP/1.1" 200 59225
47.128.115.189 - - [14/Jul/2024:15:22:35 -0500] "GET /BLA/resoluciones/AUTOS%202021/0245.php?act=f&c=1&f=7537.pdf HTTP/1.1" 200 2740
191.156.182.86 - - [14/Jul/2024:15:22:36 -0500] "POST /sipse/faces/presentacion/financiero/solicitudProyectoActividad/asociarActividadSolicitud.xhtml HTTP/1.1" 200 20015
191.156.182.86 - - [14/Jul/2024:15:22:39 -0500] "GET /sipse/faces/javax.faces.resource/theme.css?ln=primefaces-sipse HTTP/1.1" 304 -
191.156.186.141 - - [14/Jul/2024:15:22:39 -0500] "GET /sipse/faces/javax.faces.resource/primefaces.css?ln=primefaces&v=4.0 HTTP/1.1" 304 -
191.156.182.86 - - [14/Jul/2024:15:22:39 -0500] "GET /sipse/faces/javax.faces.resource/layout/layout.css?ln=primefaces&v=4.0 HTTP/1.1" 304 -
191.156.177.137 - - [14/Jul/2024:15:22:39 -0500] "GET /sipse/faces/javax.faces.resource/jquery/jquery.js?ln=primefaces&v=4.0 HTTP/1.1" 304 -
191.156.177.137 - - [14/Jul/2024:15:22:39 -0500] "GET /sipse/faces/javax.faces.resource/jquery/jquery-plugins.js?ln=primefaces&v=4.0 HTTP/1.1" 304 -
191.156.177.137 - - [14/Jul/2024:15:22:39 -0500] "GET /sipse/faces/javax.faces.resource/primefaces.js?ln=primefaces&v=4.0 HTTP/1.1" 304 -
191.156.177.137 - - [14/Jul/2024:15:22:40 -0500] "GET /sipse/faces/javax.faces.resource/layout/layout.js?ln=primefaces&v=4.0 HTTP/1.1" 304 -
47.128.38.105 - - [14/Jul/2024:15:22:45 -0500] "GET /BLA/resoluciones/AUTOS%202021/0245.php?act=f&c=1&f=06219.pdf HTTP/1.1" 200 2740
201.245.192.253 - - [14/Jul/2024:15:23:03 -0500] "GET /kwsrmcab/Wsrmcab?wsdl HTTP/1.1" 200 6948
47.128.54.105 - - [14/Jul/2024:15:23:05 -0500] "GET /BLA/resoluciones/AUTOS%202021/0245.php?act=f&c=1&f=09711.pdf HTTP/1.1" 200 2740
201.245.192.253 - - [14/Jul/2024:15:22:06 -0500] "POST /kwsrmcab/Wsrmcab HTTP/1.1" 200 14506
47.128.52.208 - - [14/Jul/2024:15:23:15 -0500] "GET /BLA/resoluciones/AUTOS%202021/0245.php?act=f&c=1&f=09092.pdf HTTP/1.1" 200 2740
47.128.32.20 - - [14/Jul/2024:15:23:25 -0500] "GET /BLA/resoluciones/AUTOS%202021/0245.php?act=f&c=1&f=11269.pdf HTTP/1.1" 200 2740
191.156.188.184 - - [14/Jul/2024:15:23:26 -0500] "GET /sipse/faces/javax.faces.resource/theme.css?ln=primefaces-sipse HTTP/1.1" 304 -
191.156.188.184 - - [14/Jul/2024:15:23:26 -0500] "GET /sipse/faces/javax.faces.resource/jquery/jquery-plugins.js?ln=primefaces&v=4.0 HTTP/1.1" 304 -
191.156.190.75 - - [14/Jul/2024:15:23:26 -0500] "GET /sipse/faces/javax.faces.resource/layout/layout.css?ln=primefaces&v=4.0 HTTP/1.1" 304 -
191.156.182.86 - - [14/Jul/2024:15:23:26 -0500] "GET /sipse/faces/javax.faces.resource/jquery/jquery.js?ln=primefaces&v=4.0 HTTP/1.1" 304 -
191.156.190.111 - - [14/Jul/2024:15:23:26 -0500] "GET /sipse/faces/javax.faces.resource/primefaces.css?ln=primefaces&v=4.0 HTTP/1.1" 304 -
191.156.188.184 - - [14/Jul/2024:15:23:26 -0500] "GET /sipse/faces/javax.faces.resource/layout/layout.js?ln=primefaces&v=4.0 HTTP/1.1" 304 -
191.156.182.86 - - [14/Jul/2024:15:23:26 -0500] "GET /sipse/faces/javax.faces.resource/primefaces.js?ln=primefaces&v=4.0 HTTP/1.1" 304 -
191.156.184.64 - - [14/Jul/2024:15:23:25 -0500] "POST /sipse/faces/presentacion/financiero/solicitudProyectoActividad/asociarFuentesSolicitud.xhtml HTTP/1.1" 200 82354
47.128.32.200 - - [14/Jul/2024:15:23:35 -0500] "GET /BLA/resoluciones/AUTOS%202021/0245.php?act=f&c=1&f=05550.pdf HTTP/1.1" 200 2740
191.156.182.86 - - [14/Jul/2024:15:23:41 -0500] "GET /sipse/faces/javax.faces.resource/layout/layout.css?ln=primefaces&v=4.0 HTTP/1.1" 304 -
191.156.188.184 - - [14/Jul/2024:15:23:41 -0500] "GET /sipse/faces/javax.faces.resource/primefaces.css?ln=primefaces&v=4.0 HTTP/1.1" 304 -
191.156.190.111 - - [14/Jul/2024:15:23:41 -0500] "GET /sipse/faces/javax.faces.resource/theme.css?ln=primefaces-sipse HTTP/1.1" 304 -
191.156.190.111 - - [14/Jul/2024:15:23:41 -0500] "GET /sipse/faces/javax.faces.resource/jquery/jquery.js?ln=primefaces&v=4.0 HTTP/1.1" 304 -
191.156.182.86 - - [14/Jul/2024:15:23:41 -0500] "GET /sipse/faces/javax.faces.resource/primefaces.js?ln=primefaces&v=4.0 HTTP/1.1" 304 -
191.156.188.184 - - [14/Jul/2024:15:23:41 -0500] "GET /sipse/faces/javax.faces.resource/jquery/jquery-plugins.js?ln=primefaces&v=4.0 HTTP/1.1" 304 -
191.156.190.111 - - [14/Jul/2024:15:23:41 -0500] "GET /sipse/faces/javax.faces.resource/layout/layout.js?ln=primefaces&v=4.0 HTTP/1.1" 304 -
191.156.184.64 - - [14/Jul/2024:15:23:38 -0500] "POST /sipse/faces/presentacion/financiero/solicitudProceso/crearModificarSolicitudProceso.xhtml HTTP/1.1" 200 45553
47.128.51.71 - - [14/Jul/2024:15:23:45 -0500] "GET /BLA/resoluciones/AUTOS%202021/0245.php?act=f&c=1&f=09252.pdf HTTP/1.1" 200 2740
47.128.26.39 - - [14/Jul/2024:15:23:55 -0500] "GET /BLA/resoluciones/AUTOS%202021/0245.php?act=f&c=1&f=04739.pdf HTTP/1.1" 200 2740
191.156.184.64 - - [14/Jul/2024:15:23:53 -0500] "POST /sipse/faces/presentacion/financiero/solicitudBienServicio/asociarBienServicioSolicitud.xhtml HTTP/1.1" 200 2720
201.245.192.253 - - [14/Jul/2024:15:24:03 -0500] "GET /kwsrmcab/Wsrmcab?wsdl HTTP/1.1" 200 6948
47.128.23.173 - - [14/Jul/2024:15:24:05 -0500] "GET /BLA/resoluciones/AUTOS%202021/0245.php?act=f&c=1&f=10346.pdf HTTP/1.1" 200 2740
191.156.184.64 - - [14/Jul/2024:15:24:02 -0500] "POST /sipse/faces/presentacion/financiero/solicitudBienServicio/asociarBienServicioSolicitud.xhtml HTTP/1.1" 200 78118
114.119.132.101 - - [14/Jul/2024:15:24:08 -0500] "GET /BLA/resoluciones/index.php?dir=Notificaciones/REGISTROS%2B2016/&sort=name&order=desc HTTP/1.1" 200 14364
47.128.126.242 - - [14/Jul/2024:15:24:15 -0500] "GET /BLA/resoluciones/AUTOS%202021/0245.php?act=f&c=1&f=09978.pdf HTTP/1.1" 200 2741
191.156.181.255 - - [14/Jul/2024:15:24:18 -0500] "GET /sipse/faces/javax.faces.resource/primefaces.css?ln=primefaces&v=4.0 HTTP/1.1" 304 -
191.156.184.64 - - [14/Jul/2024:15:24:18 -0500] "GET /sipse/faces/javax.faces.resource/theme.css?ln=primefaces-sipse HTTP/1.1" 304 -
172.22.2.4 - - [14/Jul/2024:15:24:18 -0500] "GET /BLA/boletinlegal/jurisprudencia/analisis/AnalisisT-095-16.docx HTTP/1.1" 200 20284
191.156.178.188 - - [14/Jul/2024:15:24:19 -0500] "GET /sipse/faces/javax.faces.resource/jquery/jquery.js?ln=primefaces&v=4.0 HTTP/1.1" 304 -
191.156.184.64 - - [14/Jul/2024:15:24:19 -0500] "GET /sipse/faces/javax.faces.resource/layout/layout.css?ln=primefaces&v=4.0 HTTP/1.1" 304 -
191.156.184.64 - - [14/Jul/2024:15:24:19 -0500] "GET /sipse/faces/javax.faces.resource/jquery/jquery-plugins.js?ln=primefaces&v=4.0 HTTP/1.1" 304 -
191.156.184.64 - - [14/Jul/2024:15:24:19 -0500] "GET /sipse/faces/javax.faces.resource/primefaces.js?ln=primefaces&v=4.0 HTTP/1.1" 304 -
191.156.184.64 - - [14/Jul/2024:15:24:19 -0500] "GET /sipse/faces/javax.faces.resource/layout/layout.js?ln=primefaces&v=4.0 HTTP/1.1" 304 -
172.22.2.4 - - [14/Jul/2024:15:22:44 -0500] "HEAD /BLA/boletinlegal/ HTTP/1.1" 200 -
47.128.57.21 - - [14/Jul/2024:15:24:25 -0500] "GET /BLA/resoluciones/AUTOS%202021/0245.php?act=f&c=1&f=04428.pdf HTTP/1.1" 200 2740
191.156.184.64 - - [14/Jul/2024:15:24:22 -0500] "POST /sipse/faces/presentacion/financiero/solicitudProceso/crearModificarSolicitudProceso.xhtml HTTP/1.1" 200 65589
191.156.181.255 - - [14/Jul/2024:15:24:32 -0500] "GET /sipse/faces/javax.faces.resource/layout/layout.css?ln=primefaces&v=4.0 HTTP/1.1" 304 -
191.156.178.188 - - [14/Jul/2024:15:24:32 -0500] "GET /sipse/faces/javax.faces.resource/primefaces.css?ln=primefaces&v=4.0 HTTP/1.1" 304 -
191.156.184.64 - - [14/Jul/2024:15:24:32 -0500] "GET /sipse/faces/javax.faces.resource/theme.css?ln=primefaces-sipse HTTP/1.1" 304 -
191.156.178.188 - - [14/Jul/2024:15:24:32 -0500] "GET /sipse/faces/javax.faces.resource/jquery/jquery.js?ln=primefaces&v=4.0 HTTP/1.1" 304 -
47.128.30.190 - - [14/Jul/2024:15:24:35 -0500] "GET /BLA/resoluciones/AUTOS%202021/0245.php?act=f&c=1&f=10826.pdf HTTP/1.1" 200 2741
216.245.221.92 - - [14/Jul/2024:15:24:39 -0500] "HEAD / HTTP/1.1" 200 -
47.128.30.137 - - [14/Jul/2024:15:24:45 -0500] "GET /BLA/resoluciones/AUTOS%202021/0245.php?act=f&c=1&f=05541.pdf HTTP/1.1" 200 2740
191.156.178.188 - - [14/Jul/2024:15:24:53 -0500] "GET /sipse/faces/javax.faces.resource/jquery/jquery.js?ln=primefaces&v=4.0 HTTP/1.1" 304 -
191.156.178.188 - - [14/Jul/2024:15:24:53 -0500] "GET /sipse/faces/javax.faces.resource/jquery/jquery-plugins.js?ln=primefaces&v=4.0 HTTP/1.1" 304 -
191.156.178.188 - - [14/Jul/2024:15:24:53 -0500] "GET /sipse/faces/javax.faces.resource/primefaces.js?ln=primefaces&v=4.0 HTTP/1.1" 304 -
191.156.178.188 - - [14/Jul/2024:15:24:54 -0500] "GET /sipse/faces/javax.faces.resource/layout/layout.js?ln=primefaces&v=4.0 HTTP/1.1" 304 -
191.156.178.188 - - [14/Jul/2024:15:24:54 -0500] "POST /sipse/faces/presentacion/financiero/solicitudProceso/listarSolicitudProceso.xhtml HTTP/1.1" 200 1556
47.128.21.154 - - [14/Jul/2024:15:24:55 -0500] "GET /BLA/resoluciones/AUTOS%202021/0245.php?act=f&c=1&f=07595.pdf HTTP/1.1" 200 2740
201.245.192.253 - - [14/Jul/2024:15:25:03 -0500] "GET /kwsrmcab/Wsrmcab?wsdl HTTP/1.1" 200 6948
47.128.36.133 - - [14/Jul/2024:15:25:05 -0500] "GET /BLA/resoluciones/AUTOS%202021/0245.php?act=f&c=1&f=05864.pdf HTTP/1.1" 200 2740
172.22.2.4 - - [14/Jul/2024:15:23:35 -0500] "GET /BLA/boletinlegal/ HTTP/1.1" 200 57889
47.128.35.98 - - [14/Jul/2024:15:25:15 -0500] "GET /BLA/resoluciones/AUTOS%202021/0245.php?act=f&c=1&f=05996.pdf HTTP/1.1" 200 2740
191.156.178.188 - - [14/Jul/2024:15:25:24 -0500] "GET /sipse/faces/javax.faces.resource/theme.css?ln=primefaces-sipse HTTP/1.1" 304 -
191.156.188.184 - - [14/Jul/2024:15:25:24 -0500] "GET /sipse/faces/javax.faces.resource/primefaces.css?ln=primefaces&v=4.0 HTTP/1.1" 304 -
191.156.188.184 - - [14/Jul/2024:15:25:25 -0500] "GET /sipse/faces/javax.faces.resource/jquery/jquery.js?ln=primefaces&v=4.0 HTTP/1.1" 304 -
191.156.186.141 - - [14/Jul/2024:15:25:25 -0500] "GET /sipse/faces/javax.faces.resource/layout/layout.css?ln=primefaces&v=4.0 HTTP/1.1" 304 -
191.156.188.184 - - [14/Jul/2024:15:25:25 -0500] "GET /sipse/faces/javax.faces.resource/jquery/jquery-plugins.js?ln=primefaces&v=4.0 HTTP/1.1" 304 -
191.156.186.141 - - [14/Jul/2024:15:25:25 -0500] "GET /sipse/faces/javax.faces.resource/primefaces.js?ln=primefaces&v=4.0 HTTP/1.1" 304 -
191.156.188.184 - - [14/Jul/2024:15:25:25 -0500] "GET /sipse/faces/javax.faces.resource/layout/layout.js?ln=primefaces&v=4.0 HTTP/1.1" 304 -
191.156.178.188 - - [14/Jul/2024:15:25:24 -0500] "GET /sipse/faces/presentacion/financiero/solicitudProceso/crearModificarSolicitudProceso.xhtml HTTP/1.1" 200 83632
201.245.192.253 - - [14/Jul/2024:15:25:28 -0500] "POST /kwsrmcab/Wsrmcab  HTTP/1.1" 200 38712
172.22.2.4 - - [14/Jul/2024:15:25:40 -0500] "GET /BLA/boletinlegal/js/jquery.scrollTo-min.js HTTP/1.1" 200 1150
172.22.2.4 - - [14/Jul/2024:15:25:40 -0500] "GET /BLA/boletinlegal/style.css HTTP/1.1" 200 9406
172.22.2.4 - - [14/Jul/2024:15:25:40 -0500] "GET /BLA/boletinlegal/js/jquery.scrollShow.js HTTP/1.1" 200 4586
172.22.2.4 - - [14/Jul/2024:15:25:40 -0500] "GET /BLA/boletinlegal/styles2.css HTTP/1.1" 200 1838
172.22.2.4 - - [14/Jul/2024:15:25:40 -0500] "GET /BLA/boletinlegal/js/jquery.js HTTP/1.1" 200 57254
172.22.2.4 - - [14/Jul/2024:15:25:40 -0500] "GET /BLA/boletinlegal/images/cabezote%20BLEGAL.jpg HTTP/1.1" 200 118164
172.22.2.4 - - [14/Jul/2024:15:25:40 -0500] "GET /BLA/boletinlegal/images/subscribe-icon-big.png HTTP/1.1" 200 47702
172.22.2.4 - - [14/Jul/2024:15:25:40 -0500] "GET /BLA/boletinlegal/images/historia.png HTTP/1.1" 200 52775
172.22.2.4 - - [14/Jul/2024:15:25:40 -0500] "GET /BLA/boletinlegal/images/registro-usuarios.png HTTP/1.1" 200 8106
172.22.2.4 - - [14/Jul/2024:15:25:40 -0500] "GET /BLA/boletinlegal/images/screen_1.png HTTP/1.1" 200 202547
172.22.2.4 - - [14/Jul/2024:15:25:40 -0500] "GET /BLA/boletinlegal/images/arr_l.jpg HTTP/1.1" 200 1979
172.22.2.4 - - [14/Jul/2024:15:25:41 -0500] "GET /BLA/boletinlegal/images/launch.jpg HTTP/1.1" 200 14577
172.22.2.4 - - [14/Jul/2024:15:25:41 -0500] "GET /BLA/boletinlegal/images/body_bg.jpg HTTP/1.1" 200 1601
172.22.2.4 - - [14/Jul/2024:15:25:41 -0500] "GET /BLA/boletinlegal/images/menu_lft.gif HTTP/1.1" 200 1713
172.22.2.4 - - [14/Jul/2024:15:25:41 -0500] "GET /BLA/boletinlegal/images/menu_rght.gif HTTP/1.1" 200 1627
172.22.2.4 - - [14/Jul/2024:15:25:41 -0500] "GET /BLA/boletinlegal/images/bg_top.jpg HTTP/1.1" 200 522
172.22.2.4 - - [14/Jul/2024:15:25:41 -0500] "GET /BLA/boletinlegal/images/menu_bg.jpg HTTP/1.1" 200 620
172.22.2.4 - - [14/Jul/2024:15:25:41 -0500] "GET /BLA/boletinlegal/images/hover.jpg HTTP/1.1" 200 640
172.22.2.4 - - [14/Jul/2024:15:25:41 -0500] "GET /BLA/boletinlegal/images/text.jpg HTTP/1.1" 200 568
172.22.2.4 - - [14/Jul/2024:15:25:47 -0500] "GET /BLA/boletinlegal/images/screen_3.png HTTP/1.1" 200 210620
172.22.2.4 - - [14/Jul/2024:15:25:47 -0500] "GET /BLA/boletinlegal/images/screen_2.png HTTP/1.1" 200 362502
201.245.192.253 - - [14/Jul/2024:15:26:03 -0500] "GET /kwsrmcab/Wsrmcab?wsdl HTTP/1.1" 200 6948
47.128.19.32 - - [14/Jul/2024:15:26:06 -0500] "GET /BLA/resoluciones/AUTOS%202021/0245.php?act=f&c=1&f=00292.pdf HTTP/1.1" 200 2740
47.128.113.69 - - [14/Jul/2024:15:26:16 -0500] "GET /BLA/resoluciones/AUTOS%202021/0245.php?act=f&c=1&f=09353.pdf HTTP/1.1" 200 2740
47.128.46.58 - - [14/Jul/2024:15:26:21 -0500] "GET /BLA/resoluciones/AUTOS%202021/0245.php?act=f&c=1&f=01431.pdf HTTP/1.1" 200 2740
172.22.2.4 - - [14/Jul/2024:15:25:39 -0500] "GET /BLA/boletinlegal/ HTTP/1.1" 200 32715
47.128.26.27 - - [14/Jul/2024:15:26:26 -0500] "GET /BLA/resoluciones/AUTOS%202021/0245.php?act=f&c=1&f=05880.pdf HTTP/1.1" 200 2741
66.249.66.20 - - [14/Jul/2024:15:26:28 -0500] "GET /BLA/resoluciones/AUTOS%202020/0840.pdf HTTP/1.1" 304 -
47.128.26.72 - - [14/Jul/2024:15:26:36 -0500] "GET /BLA/resoluciones/AUTOS%202021/0245.php?act=f&c=1&f=7329.pdf HTTP/1.1" 200 2740
47.128.48.225 - - [14/Jul/2024:15:26:46 -0500] "GET /BLA/resoluciones/AUTOS%202021/0245.php?act=f&c=1&f=05736.pdf HTTP/1.1" 200 2741
47.128.30.95 - - [14/Jul/2024:15:26:56 -0500] "GET /BLA/resoluciones/AUTOS%202021/0245.php?act=f&c=1&f=04901.pdf HTTP/1.1" 200 2741
216.244.66.195 - - [14/Jul/2024:15:27:01 -0500] "GET /BLA/resoluciones/AUTOS%202019/3755.pdf HTTP/1.1" 200 265175
201.245.192.253 - - [14/Jul/2024:15:27:03 -0500] "GET /kwsrmcab/Wsrmcab?wsdl HTTP/1.1" 200 6948
47.128.96.254 - - [14/Jul/2024:15:27:06 -0500] "GET /BLA/resoluciones/AUTOS%202021/0245.php?act=f&c=1&f=03965.pdf HTTP/1.1" 200 2740
191.156.183.165 - - [14/Jul/2024:15:26:33 -0500] "POST /sipse/faces/presentacion/financiero/solicitudProceso/crearModificarSolicitudProceso.xhtml HTTP/1.1" 200 65134
191.156.183.165 - - [14/Jul/2024:15:27:12 -0500] "GET /sipse/faces/javax.faces.resource/theme.css?ln=primefaces-sipse HTTP/1.1" 304 -
191.156.186.141 - - [14/Jul/2024:15:27:12 -0500] "GET /sipse/faces/javax.faces.resource/jquery/jquery.js?ln=primefaces&v=4.0 HTTP/1.1" 304 -
191.156.183.165 - - [14/Jul/2024:15:27:12 -0500] "GET /sipse/faces/javax.faces.resource/primefaces.css?ln=primefaces&v=4.0 HTTP/1.1" 304 -
191.156.177.137 - - [14/Jul/2024:15:27:12 -0500] "GET /sipse/faces/javax.faces.resource/layout/layout.css?ln=primefaces&v=4.0 HTTP/1.1" 304 -
191.156.177.137 - - [14/Jul/2024:15:27:12 -0500] "GET /sipse/faces/javax.faces.resource/jquery/jquery-plugins.js?ln=primefaces&v=4.0 HTTP/1.1" 304 -
191.156.177.137 - - [14/Jul/2024:15:27:12 -0500] "GET /sipse/faces/javax.faces.resource/primefaces.js?ln=primefaces&v=4.0 HTTP/1.1" 304 -
191.156.177.137 - - [14/Jul/2024:15:27:12 -0500] "GET /sipse/faces/javax.faces.resource/layout/layout.js?ln=primefaces&v=4.0 HTTP/1.1" 304 -
191.156.177.137 - - [14/Jul/2024:15:27:12 -0500] "POST /sipse/faces/presentacion/financiero/solicitudProceso/listarSolicitudProceso.xhtml HTTP/1.1" 200 1556
47.128.26.94 - - [14/Jul/2024:15:27:16 -0500] "GET /BLA/resoluciones/AUTOS%202021/0245.php?act=f&c=1&f=09101.pdf HTTP/1.1" 200 2740
47.128.48.28 - - [14/Jul/2024:15:27:26 -0500] "GET /BLA/resoluciones/AUTOS%202021/0245.php?act=f&c=1&f=07940.pdf HTTP/1.1" 200 2741
216.244.66.195 - - [14/Jul/2024:15:27:33 -0500] "GET /BLA/resoluciones/AUTOS%202023/1574.pdf HTTP/1.1" 200 463980
191.156.183.165 - - [14/Jul/2024:15:27:18 -0500] "POST /sipse/faces/presentacion/financiero/solicitudProceso/listarSolicitudProceso.xhtml HTTP/1.1" 200 59044
191.156.183.165 - - [14/Jul/2024:15:27:35 -0500] "GET /sipse/faces/javax.faces.resource/theme.css?ln=primefaces-sipse HTTP/1.1" 304 -
191.156.186.141 - - [14/Jul/2024:15:27:35 -0500] "GET /sipse/faces/javax.faces.resource/jquery/jquery.js?ln=primefaces&v=4.0 HTTP/1.1" 304 -
191.156.183.165 - - [14/Jul/2024:15:27:35 -0500] "GET /sipse/faces/javax.faces.resource/primefaces.css?ln=primefaces&v=4.0 HTTP/1.1" 304 -
191.156.183.165 - - [14/Jul/2024:15:27:36 -0500] "GET /sipse/faces/javax.faces.resource/layout/layout.css?ln=primefaces&v=4.0 HTTP/1.1" 304 -
47.128.22.236 - - [14/Jul/2024:15:27:36 -0500] "GET /BLA/resoluciones/AUTOS%202021/0245.php?act=f&c=1&f=11267.pdf HTTP/1.1" 200 2740
191.156.186.141 - - [14/Jul/2024:15:27:39 -0500] "GET /sipse/faces/javax.faces.resource/jquery/jquery-plugins.js?ln=primefaces&v=4.0 HTTP/1.1" 304 -
191.156.186.141 - - [14/Jul/2024:15:27:39 -0500] "GET /sipse/faces/javax.faces.resource/primefaces.js?ln=primefaces&v=4.0 HTTP/1.1" 304 -
191.156.186.141 - - [14/Jul/2024:15:27:39 -0500] "GET /sipse/faces/javax.faces.resource/layout/layout.js?ln=primefaces&v=4.0 HTTP/1.1" 304 -
47.128.18.59 - - [14/Jul/2024:15:27:46 -0500] "GET /BLA/resoluciones/AUTOS%202021/0245.php?act=f&c=1&f=7322.pdf HTTP/1.1" 200 2740
47.128.99.142 - - [14/Jul/2024:15:27:56 -0500] "GET /BLA/resoluciones/AUTOS%202021/0245.php?act=f&c=1&f=10288.pdf HTTP/1.1" 200 2740
201.245.192.253 - - [14/Jul/2024:15:28:03 -0500] "GET /kwsrmcab/Wsrmcab?wsdl HTTP/1.1" 200 6948
47.128.18.70 - - [14/Jul/2024:15:28:06 -0500] "GET /BLA/resoluciones/AUTOS%202021/0245.php?act=f&c=1&f=07372.pdf HTTP/1.1" 200 2741
47.128.60.173 - - [14/Jul/2024:15:28:16 -0500] "GET /BLA/resoluciones/AUTOS%202021/0245.php?act=f&c=1&f=09573.pdf HTTP/1.1" 200 2740
47.128.111.248 - - [14/Jul/2024:15:28:26 -0500] "GET /BLA/resoluciones/AUTOS%202021/0245.php?act=f&c=1&f=7082.pdf HTTP/1.1" 200 2740
47.128.111.251 - - [14/Jul/2024:15:28:36 -0500] "GET /BLA/resoluciones/AUTOS%202021/0245.php?act=f&c=1&f=6953.pdf HTTP/1.1" 200 2740
78.46.17.117 - - [14/Jul/2024:15:28:45 -0500] "GET /IsolucionSDA/bancoconocimiento/P/Perdidayreconstrucciondeexpedientes_v1_0/Perdidayreconstrucciondeexpedientes_v1_0.asp?IdArticulo=9036 HTTP/1.1" 404 5064
47.128.111.9 - - [14/Jul/2024:15:28:45 -0500] "GET /BLA/resoluciones/AUTOS%202021/0245.php?act=f&c=1&f=6200.pdf HTTP/1.1" 200 2739
47.128.53.221 - - [14/Jul/2024:15:28:56 -0500] "GET /BLA/resoluciones/AUTOS%202021/0245.php?act=f&c=1&f=05691.pdf HTTP/1.1" 200 2740
201.245.192.253 - - [14/Jul/2024:15:29:03 -0500] "GET /kwsrmcab/Wsrmcab?wsdl HTTP/1.1" 200 6948
47.128.111.96 - - [14/Jul/2024:15:29:06 -0500] "GET /BLA/resoluciones/AUTOS%202021/0245.php?act=f&c=1&f=03852.pdf HTTP/1.1" 200 2741
216.245.221.92 - - [14/Jul/2024:15:29:39 -0500] "HEAD / HTTP/1.1" 200 -
201.245.192.253 - - [14/Jul/2024:15:30:03 -0500] "GET /kwsrmcab/Wsrmcab?wsdl HTTP/1.1" 200 6948
201.245.192.253 - - [14/Jul/2024:15:30:08 -0500] "POST /kwsrmcab/Wsrmcab HTTP/1.1" 200 28882
201.245.192.253 - - [14/Jul/2024:15:30:08 -0500] "POST /kwsrmcab/Wsrmcab HTTP/1.1" 200 29231
172.22.2.4 - - [14/Jul/2024:15:28:34 -0500] "HEAD /BLA/boletinlegal/ HTTP/1.1" 200 -
201.245.192.253 - - [14/Jul/2024:15:30:14 -0500] "POST /kwsrmcab/Wsrmcab HTTP/1.1" 200 29376
201.245.192.253 - - [14/Jul/2024:15:30:26 -0500] "POST /kwsrmcab/Wsrmcab  HTTP/1.1" 200 38712
191.156.188.184 - - [14/Jul/2024:15:30:31 -0500] "POST /sipse/faces/presentacion/financiero/solicitudProceso/crearModificarSolicitudProceso.xhtml HTTP/1.1" 200 51784
191.156.188.184 - - [14/Jul/2024:15:30:44 -0500] "POST /sipse/faces/presentacion/financiero/solicitudProceso/crearModificarSolicitudProceso.xhtml HTTP/1.1" 200 25141
66.249.66.20 - - [14/Jul/2024:15:30:47 -0500] "GET /BLA/resoluciones/RESOLUCIONES%202016/2337.pdf HTTP/1.1" 200 365243
191.156.188.184 - - [14/Jul/2024:15:30:51 -0500] "POST /sipse/faces/presentacion/financiero/solicitudProceso/crearModificarSolicitudProceso.xhtml HTTP/1.1" 200 6295
201.245.192.253 - - [14/Jul/2024:15:31:03 -0500] "GET /kwsrmcab/Wsrmcab?wsdl HTTP/1.1" 200 6948
191.156.188.184 - - [14/Jul/2024:15:31:03 -0500] "POST /sipse/faces/presentacion/financiero/solicitudProceso/crearModificarSolicitudProceso.xhtml HTTP/1.1" 200 9544
172.22.2.4 - - [14/Jul/2024:15:29:25 -0500] "GET /BLA/boletinlegal/ HTTP/1.1" 200 59967
181.53.13.87 - - [14/Jul/2024:15:31:10 -0500] "HEAD /BLA/resoluciones/RESOLUCIONES%202014/1016.pdf HTTP/1.1" 200 -
191.156.182.86 - - [14/Jul/2024:15:31:47 -0500] "POST /sipse/faces/presentacion/financiero/solicitudProceso/crearModificarSolicitudProceso.xhtml HTTP/1.1" 200 7342
201.245.192.253 - - [14/Jul/2024:15:32:03 -0500] "GET /kwsrmcab/Wsrmcab?wsdl HTTP/1.1" 200 6948
191.156.187.250 - - [14/Jul/2024:15:32:11 -0500] "GET /sipse/faces/javax.faces.resource/theme.css?ln=primefaces-sipse HTTP/1.1" 304 -
191.156.186.141 - - [14/Jul/2024:15:32:11 -0500] "GET /sipse/faces/javax.faces.resource/layout/layout.css?ln=primefaces&v=4.0 HTTP/1.1" 304 -
191.156.187.250 - - [14/Jul/2024:15:32:11 -0500] "GET /sipse/faces/javax.faces.resource/primefaces.css?ln=primefaces&v=4.0 HTTP/1.1" 304 -
191.156.186.141 - - [14/Jul/2024:15:32:11 -0500] "GET /sipse/faces/javax.faces.resource/jquery/jquery.js?ln=primefaces&v=4.0 HTTP/1.1" 304 -
191.156.187.250 - - [14/Jul/2024:15:32:11 -0500] "GET /sipse/faces/javax.faces.resource/jquery/jquery-plugins.js?ln=primefaces&v=4.0 HTTP/1.1" 304 -
191.156.186.141 - - [14/Jul/2024:15:32:11 -0500] "GET /sipse/faces/javax.faces.resource/layout/layout.js?ln=primefaces&v=4.0 HTTP/1.1" 304 -
191.156.187.250 - - [14/Jul/2024:15:32:11 -0500] "GET /sipse/faces/javax.faces.resource/primefaces.js?ln=primefaces&v=4.0 HTTP/1.1" 304 -
191.156.190.111 - - [14/Jul/2024:15:32:10 -0500] "POST /sipse/faces/presentacion/financiero/solicitudProceso/crearModificarSolicitudProceso.xhtml HTTP/1.1" 200 82396
191.156.186.141 - - [14/Jul/2024:15:32:42 -0500] "GET /sipse/faces/javax.faces.resource/theme.css?ln=primefaces-sipse HTTP/1.1" 304 -
191.156.186.141 - - [14/Jul/2024:15:32:42 -0500] "GET /sipse/faces/javax.faces.resource/layout/layout.css?ln=primefaces&v=4.0 HTTP/1.1" 304 -
191.156.187.250 - - [14/Jul/2024:15:32:42 -0500] "GET /sipse/faces/javax.faces.resource/primefaces.css?ln=primefaces&v=4.0 HTTP/1.1" 304 -
191.156.187.250 - - [14/Jul/2024:15:32:43 -0500] "GET /sipse/faces/javax.faces.resource/jquery/jquery.js?ln=primefaces&v=4.0 HTTP/1.1" 304 -
191.156.186.141 - - [14/Jul/2024:15:32:43 -0500] "GET /sipse/faces/javax.faces.resource/jquery/jquery-plugins.js?ln=primefaces&v=4.0 HTTP/1.1" 304 -
191.156.184.64 - - [14/Jul/2024:15:32:43 -0500] "GET /sipse/faces/javax.faces.resource/layout/layout.js?ln=primefaces&v=4.0 HTTP/1.1" 304 -
191.156.184.64 - - [14/Jul/2024:15:32:43 -0500] "GET /sipse/faces/javax.faces.resource/primefaces.js?ln=primefaces&v=4.0 HTTP/1.1" 304 -
191.156.177.137 - - [14/Jul/2024:15:32:41 -0500] "POST /sipse/faces/presentacion/financiero/solicitudProceso/crearModificarSolicitudProceso.xhtml HTTP/1.1" 200 24616
66.249.66.20 - - [14/Jul/2024:15:32:47 -0500] "GET /BLA/resoluciones/AUTOS%202020/1206.pdf HTTP/1.1" 200 829646
191.156.177.137 - - [14/Jul/2024:15:32:49 -0500] "POST /sipse/faces/presentacion/financiero/solicitudProyectoActividad/asociarProyectoSolicitud.xhtml HTTP/1.1" 200 6631
191.156.177.137 - - [14/Jul/2024:15:32:59 -0500] "POST /sipse/faces/presentacion/financiero/solicitudProyectoActividad/asociarProyectoSolicitud.xhtml HTTP/1.1" 200 1704
201.245.192.253 - - [14/Jul/2024:15:33:03 -0500] "GET /kwsrmcab/Wsrmcab?wsdl HTTP/1.1" 200 6948
191.156.177.137 - - [14/Jul/2024:15:33:01 -0500] "POST /sipse/faces/presentacion/financiero/solicitudProyectoActividad/asociarProyectoSolicitud.xhtml HTTP/1.1" 200 74153
191.156.190.75 - - [14/Jul/2024:15:33:07 -0500] "GET /sipse/faces/javax.faces.resource/primefaces.css?ln=primefaces&v=4.0 HTTP/1.1" 304 -
191.156.177.137 - - [14/Jul/2024:15:33:07 -0500] "GET /sipse/faces/javax.faces.resource/theme.css?ln=primefaces-sipse HTTP/1.1" 304 -
191.156.181.255 - - [14/Jul/2024:15:33:07 -0500] "GET /sipse/faces/javax.faces.resource/layout/layout.css?ln=primefaces&v=4.0 HTTP/1.1" 304 -
191.156.177.137 - - [14/Jul/2024:15:33:07 -0500] "GET /sipse/faces/javax.faces.resource/jquery/jquery.js?ln=primefaces&v=4.0 HTTP/1.1" 304 -
191.156.177.137 - - [14/Jul/2024:15:33:07 -0500] "GET /sipse/faces/javax.faces.resource/jquery/jquery-plugins.js?ln=primefaces&v=4.0 HTTP/1.1" 304 -
191.156.177.137 - - [14/Jul/2024:15:33:07 -0500] "GET /sipse/faces/javax.faces.resource/primefaces.js?ln=primefaces&v=4.0 HTTP/1.1" 304 -
191.156.177.137 - - [14/Jul/2024:15:33:07 -0500] "GET /sipse/faces/javax.faces.resource/layout/layout.js?ln=primefaces&v=4.0 HTTP/1.1" 304 -
191.156.181.255 - - [14/Jul/2024:15:33:10 -0500] "POST /sipse/faces/presentacion/financiero/solicitudProyectoActividad/asociarActividadSolicitud.xhtml HTTP/1.1" 200 59005
191.156.181.255 - - [14/Jul/2024:15:33:23 -0500] "POST /sipse/faces/presentacion/financiero/solicitudProyectoActividad/asociarActividadSolicitud.xhtml HTTP/1.1" 200 20015
