181.53.12.229 - - [15/Jul/2024:09:48:38 -0500] "GET /sipse/faces/javax.faces.resource/jquery/jquery-plugins.js?ln=primefaces&v=4.0 HTTP/1.1" 304 -
181.53.12.229 - - [15/Jul/2024:09:48:38 -0500] "GET /sipse/faces/javax.faces.resource/layout/layout.js?ln=primefaces&v=4.0 HTTP/1.1" 304 -
47.128.41.253 - - [15/Jul/2024:09:48:46 -0500] "GET /BLA/resoluciones/AUTOS%202021/0245.php?act=f&d=E%3A%5Cnuevo%5Cmailoutput&f=mail-20150904-1717-519000.txt&ft=info HTTP/1.1" 200 3744
47.128.19.47 - - [15/Jul/2024:09:48:56 -0500] "GET /BLA/resoluciones/AUTOS%202021/0245.php?act=f&d=E%3A%5Cnuevo%5Chtdocs%5CResiduos%5Cfarmaceutica%5Cfiles%5Csearch&f=search82.xml&ft=info HTTP/1.1" 200 3756
181.53.12.229 - - [15/Jul/2024:09:48:58 -0500] "POST /sipse/faces/presentacion/financiero/solicitudProyectoActividad/asociarProyectoSolicitud.xhtml HTTP/1.1" 200 6681
201.245.192.253 - - [15/Jul/2024:09:48:59 -0500] "GET /kwsrmcab/Wsrmcab?wsdl HTTP/1.1" 200 6948
181.53.12.229 - - [15/Jul/2024:09:49:00 -0500] "POST /sipse/faces/presentacion/financiero/solicitudProyectoActividad/asociarProyectoSolicitud.xhtml HTTP/1.1" 200 1700
181.53.12.229 - - [15/Jul/2024:09:49:01 -0500] "POST /sipse/faces/presentacion/financiero/solicitudProyectoActividad/asociarProyectoSolicitud.xhtml HTTP/1.1" 200 76406
181.53.12.229 - - [15/Jul/2024:09:49:01 -0500] "GET /sipse/faces/javax.faces.resource/theme.css?ln=primefaces-sipse HTTP/1.1" 304 -
181.53.12.229 - - [15/Jul/2024:09:49:01 -0500] "GET /sipse/faces/javax.faces.resource/jquery/jquery.js?ln=primefaces&v=4.0 HTTP/1.1" 304 -
181.53.12.229 - - [15/Jul/2024:09:49:01 -0500] "GET /sipse/faces/javax.faces.resource/layout/layout.css?ln=primefaces&v=4.0 HTTP/1.1" 304 -
181.53.12.229 - - [15/Jul/2024:09:49:01 -0500] "GET /sipse/faces/javax.faces.resource/primefaces.css?ln=primefaces&v=4.0 HTTP/1.1" 304 -
181.53.12.229 - - [15/Jul/2024:09:49:01 -0500] "GET /sipse/faces/javax.faces.resource/jquery/jquery-plugins.js?ln=primefaces&v=4.0 HTTP/1.1" 304 -
181.53.12.229 - - [15/Jul/2024:09:49:01 -0500] "GET /sipse/faces/javax.faces.resource/primefaces.js?ln=primefaces&v=4.0 HTTP/1.1" 304 -
181.53.12.229 - - [15/Jul/2024:09:49:01 -0500] "GET /sipse/faces/javax.faces.resource/layout/layout.js?ln=primefaces&v=4.0 HTTP/1.1" 304 -
47.128.50.109 - - [15/Jul/2024:09:49:06 -0500] "GET /BLA/resoluciones/AUTOS%202021/0245.php?act=f&d=E%3A%5Cnuevo%5Chtdocs%5CResiduos%5Cmetalmecanica%5Cimages&f=page54_thumbnail.jpg&ft=info HTTP/1.1" 200 3909
181.53.12.229 - - [15/Jul/2024:09:49:09 -0500] "POST /sipse/faces/presentacion/financiero/solicitudProyectoActividad/asociarActividadSolicitud.xhtml HTTP/1.1" 200 60612
181.53.12.229 - - [15/Jul/2024:09:49:14 -0500] "POST /sipse/faces/presentacion/financiero/solicitudProyectoActividad/asociarActividadSolicitud.xhtml HTTP/1.1" 200 20076
181.53.12.229 - - [15/Jul/2024:09:49:15 -0500] "GET /sipse/faces/javax.faces.resource/primefaces.css?ln=primefaces&v=4.0 HTTP/1.1" 304 -
181.53.12.229 - - [15/Jul/2024:09:49:15 -0500] "GET /sipse/faces/javax.faces.resource/theme.css?ln=primefaces-sipse HTTP/1.1" 304 -
181.53.12.229 - - [15/Jul/2024:09:49:15 -0500] "GET /sipse/faces/javax.faces.resource/layout/layout.css?ln=primefaces&v=4.0 HTTP/1.1" 304 -
181.53.12.229 - - [15/Jul/2024:09:49:15 -0500] "GET /sipse/faces/javax.faces.resource/jquery/jquery.js?ln=primefaces&v=4.0 HTTP/1.1" 304 -
181.53.12.229 - - [15/Jul/2024:09:49:15 -0500] "GET /sipse/faces/javax.faces.resource/jquery/jquery-plugins.js?ln=primefaces&v=4.0 HTTP/1.1" 304 -
181.53.12.229 - - [15/Jul/2024:09:49:15 -0500] "GET /sipse/faces/javax.faces.resource/primefaces.js?ln=primefaces&v=4.0 HTTP/1.1" 304 -
181.53.12.229 - - [15/Jul/2024:09:49:15 -0500] "GET /sipse/faces/javax.faces.resource/layout/layout.js?ln=primefaces&v=4.0 HTTP/1.1" 304 -
47.128.54.52 - - [15/Jul/2024:09:49:16 -0500] "GET /BLA/resoluciones/AUTOS%202021/0245.php?act=f&d=E%3A%5Cnuevo%5Ctmp%5C&f=sess_l7ks9bt3d3qpv4t907e0rg5m52&ft=info&fullhexdump=1 HTTP/1.1" 200 2693
172.22.2.4 - - [15/Jul/2024:09:47:44 -0500] "GET /BLA/boletinlegal/ HTTP/1.1" 200 60380
47.128.31.1 - - [15/Jul/2024:09:49:27 -0500] "GET /BLA/resoluciones/AUTOS%202021/0245.php?act=f&d=E%3A%5Cnuevo%5Chtdocs%5CResiduos%5Cfarmaceutica%5Cfiles%5Csearch&f=search79.xml&ft=info HTTP/1.1" 200 3730
47.128.116.238 - - [15/Jul/2024:09:49:37 -0500] "GET /BLA/resoluciones/AUTOS%202021/0245.php?act=f&d=E%3A%5Cnuevo%5Chtdocs%5Cportalsiaccapacitaciones%5CListas+de+Asistencia+2017&f=Lista+de+Asistencia+Manejo+de+Llantas+Usadas+y+Gesti%F3n+Integral+de+Residuos.pdf&ft=info HTTP/1.1" 200 3899
216.244.66.195 - - [15/Jul/2024:09:49:42 -0500] "GET /BLA/resoluciones/AUTOS%202022/3219.pdf HTTP/1.1" 200 403008
47.128.45.70 - - [15/Jul/2024:09:49:47 -0500] "GET /BLA/resoluciones/AUTOS%202021/0245.php?act=f&d=E%3A%5Cnuevo%5Chtdocs%5Ccumbreclima%5Cwp-admin%5Cincludes&f=continents-cities.php&ft=info HTTP/1.1" 200 3790
216.244.66.195 - - [15/Jul/2024:09:49:48 -0500] "GET /BLA/resoluciones/AUTOS%202022/3358.pdf HTTP/1.1" 200 359572
47.128.45.71 - - [15/Jul/2024:09:49:57 -0500] "GET /BLA/resoluciones/AUTOS%202021/0245.php?act=f&d=E%3A%5Cnuevo%5CMercuryMail%5C&f=libiconv.txt&ft=info&fullhexdump=1 HTTP/1.1" 200 37463
201.245.192.253 - - [15/Jul/2024:09:49:59 -0500] "GET /kwsrmcab/Wsrmcab?wsdl HTTP/1.1" 200 6948
20.197.112.239 - - [15/Jul/2024:09:50:00 -0500] "GET /Publicaciones/2024EE123549.pdf HTTP/1.1" 404 228
181.53.12.229 - - [15/Jul/2024:09:50:03 -0500] "GET /sipse/faces/javax.faces.resource/theme.css?ln=primefaces-sipse HTTP/1.1" 304 -
181.53.12.229 - - [15/Jul/2024:09:50:03 -0500] "GET /sipse/faces/javax.faces.resource/primefaces.css?ln=primefaces&v=4.0 HTTP/1.1" 304 -
181.53.12.229 - - [15/Jul/2024:09:50:03 -0500] "GET /sipse/faces/javax.faces.resource/jquery/jquery.js?ln=primefaces&v=4.0 HTTP/1.1" 304 -
181.53.12.229 - - [15/Jul/2024:09:50:03 -0500] "GET /sipse/faces/javax.faces.resource/jquery/jquery-plugins.js?ln=primefaces&v=4.0 HTTP/1.1" 304 -
181.53.12.229 - - [15/Jul/2024:09:50:03 -0500] "GET /sipse/faces/javax.faces.resource/layout/layout.css?ln=primefaces&v=4.0 HTTP/1.1" 304 -
181.53.12.229 - - [15/Jul/2024:09:50:03 -0500] "GET /sipse/faces/javax.faces.resource/layout/layout.js?ln=primefaces&v=4.0 HTTP/1.1" 304 -
181.53.12.229 - - [15/Jul/2024:09:50:03 -0500] "GET /sipse/faces/javax.faces.resource/primefaces.js?ln=primefaces&v=4.0 HTTP/1.1" 304 -
181.53.12.229 - - [15/Jul/2024:09:50:03 -0500] "POST /sipse/faces/presentacion/financiero/solicitudProyectoActividad/asociarFuentesSolicitud.xhtml HTTP/1.1" 200 80601
47.128.53.42 - - [15/Jul/2024:09:50:07 -0500] "GET /BLA/resoluciones/AUTOS%202021/0245.php?act=f&f=fzs-2015-11-20.log HTTP/1.1" 200 2748
181.53.12.229 - - [15/Jul/2024:09:50:10 -0500] "GET /sipse/faces/javax.faces.resource/theme.css?ln=primefaces-sipse HTTP/1.1" 304 -
181.53.12.229 - - [15/Jul/2024:09:50:10 -0500] "GET /sipse/faces/javax.faces.resource/layout/layout.css?ln=primefaces&v=4.0 HTTP/1.1" 304 -
181.53.12.229 - - [15/Jul/2024:09:50:10 -0500] "GET /sipse/faces/javax.faces.resource/primefaces.css?ln=primefaces&v=4.0 HTTP/1.1" 304 -
181.53.12.229 - - [15/Jul/2024:09:50:10 -0500] "GET /sipse/faces/javax.faces.resource/jquery/jquery.js?ln=primefaces&v=4.0 HTTP/1.1" 304 -
181.53.12.229 - - [15/Jul/2024:09:50:08 -0500] "POST /sipse/faces/presentacion/financiero/solicitudProceso/crearModificarSolicitudProceso.xhtml HTTP/1.1" 200 45542
181.53.12.229 - - [15/Jul/2024:09:50:10 -0500] "GET /sipse/faces/javax.faces.resource/primefaces.js?ln=primefaces&v=4.0 HTTP/1.1" 304 -
181.53.12.229 - - [15/Jul/2024:09:50:10 -0500] "GET /sipse/faces/javax.faces.resource/jquery/jquery-plugins.js?ln=primefaces&v=4.0 HTTP/1.1" 304 -
181.53.12.229 - - [15/Jul/2024:09:50:10 -0500] "GET /sipse/faces/javax.faces.resource/layout/layout.js?ln=primefaces&v=4.0 HTTP/1.1" 304 -
201.245.192.253 - - [15/Jul/2024:09:50:09 -0500] "POST /kwsrmcab/Wsrmcab  HTTP/1.1" 200 38712
216.244.66.195 - - [15/Jul/2024:09:50:15 -0500] "GET /BLA/resoluciones/AUTOS%202022/5237.pdf HTTP/1.1" 200 370746
47.128.45.26 - - [15/Jul/2024:09:50:17 -0500] "GET /BLA/resoluciones/AUTOS%202021/0245.php?act=f&f=4040.pdf HTTP/1.1" 200 2740
181.53.12.229 - - [15/Jul/2024:09:50:18 -0500] "POST /sipse/faces/presentacion/financiero/solicitudBienServicio/asociarBienServicioSolicitud.xhtml HTTP/1.1" 200 2720
47.128.58.6 - - [15/Jul/2024:09:50:27 -0500] "GET /BLA/resoluciones/AUTOS%202021/0245.php?act=f&d=E%3A%5Cnuevo%5Ctmp&f=sess_a8a2s6ms1c6ija9rt40va0mip7&ft=edit HTTP/1.1" 200 3035
181.53.12.229 - - [15/Jul/2024:09:50:27 -0500] "POST /sipse/faces/presentacion/financiero/solicitudBienServicio/asociarBienServicioSolicitud.xhtml HTTP/1.1" 200 76365
181.53.12.229 - - [15/Jul/2024:09:50:27 -0500] "GET /sipse/faces/javax.faces.resource/theme.css?ln=primefaces-sipse HTTP/1.1" 304 -
181.53.12.229 - - [15/Jul/2024:09:50:27 -0500] "GET /sipse/faces/javax.faces.resource/jquery/jquery.js?ln=primefaces&v=4.0 HTTP/1.1" 304 -
181.53.12.229 - - [15/Jul/2024:09:50:27 -0500] "GET /sipse/faces/javax.faces.resource/primefaces.css?ln=primefaces&v=4.0 HTTP/1.1" 304 -
181.53.12.229 - - [15/Jul/2024:09:50:27 -0500] "GET /sipse/faces/javax.faces.resource/layout/layout.css?ln=primefaces&v=4.0 HTTP/1.1" 304 -
181.53.12.229 - - [15/Jul/2024:09:50:27 -0500] "GET /sipse/faces/javax.faces.resource/jquery/jquery-plugins.js?ln=primefaces&v=4.0 HTTP/1.1" 304 -
181.53.12.229 - - [15/Jul/2024:09:50:27 -0500] "GET /sipse/faces/javax.faces.resource/primefaces.js?ln=primefaces&v=4.0 HTTP/1.1" 304 -
181.53.12.229 - - [15/Jul/2024:09:50:27 -0500] "GET /sipse/faces/javax.faces.resource/layout/layout.js?ln=primefaces&v=4.0 HTTP/1.1" 304 -
181.53.12.229 - - [15/Jul/2024:09:50:33 -0500] "GET /sipse/faces/javax.faces.resource/fileupload/fileupload.css?ln=primefaces&v=4.0 HTTP/1.1" 200 1330
181.53.12.229 - - [15/Jul/2024:09:50:33 -0500] "GET /sipse/faces/javax.faces.resource/theme.css?ln=primefaces-sipse HTTP/1.1" 304 -
181.53.12.229 - - [15/Jul/2024:09:50:32 -0500] "POST /sipse/faces/presentacion/financiero/solicitudProceso/crearModificarSolicitudProceso.xhtml HTTP/1.1" 200 19324
181.53.12.229 - - [15/Jul/2024:09:50:33 -0500] "GET /sipse/faces/javax.faces.resource/primefaces.css?ln=primefaces&v=4.0 HTTP/1.1" 304 -
181.53.12.229 - - [15/Jul/2024:09:50:33 -0500] "GET /sipse/faces/javax.faces.resource/layout/layout.css?ln=primefaces&v=4.0 HTTP/1.1" 304 -
181.53.12.229 - - [15/Jul/2024:09:50:33 -0500] "GET /sipse/faces/javax.faces.resource/jquery/jquery.js?ln=primefaces&v=4.0 HTTP/1.1" 304 -
181.53.12.229 - - [15/Jul/2024:09:50:33 -0500] "GET /sipse/faces/javax.faces.resource/jquery/jquery-plugins.js?ln=primefaces&v=4.0 HTTP/1.1" 304 -
181.53.12.229 - - [15/Jul/2024:09:50:33 -0500] "GET /sipse/faces/javax.faces.resource/fileupload/fileupload.js?ln=primefaces&v=4.0 HTTP/1.1" 200 28091
181.53.12.229 - - [15/Jul/2024:09:50:33 -0500] "GET /sipse/faces/javax.faces.resource/primefaces.js?ln=primefaces&v=4.0 HTTP/1.1" 304 -
181.53.12.229 - - [15/Jul/2024:09:50:33 -0500] "GET /sipse/faces/javax.faces.resource/layout/layout.js?ln=primefaces&v=4.0 HTTP/1.1" 304 -
47.128.18.93 - - [15/Jul/2024:09:50:37 -0500] "GET /BLA/resoluciones/AUTOS%202021/0245.php?act=f&f=00002424.tif HTTP/1.1" 200 2742
47.128.110.92 - - [15/Jul/2024:09:50:47 -0500] "GET /BLA/resoluciones/AUTOS%202021/0245.php?act=f&d=E%3A%5Cnuevo%5Chtdocs%5CResiduos%5Cfarmaceutica%5Cfiles%5Csearch&f=search93.xml&ft=info HTTP/1.1" 200 3723
47.128.115.61 - - [15/Jul/2024:09:50:57 -0500] "GET /BLA/resoluciones/AUTOS%202021/0245.php?act=f&f=fzs-2021-04-28.log&ft=edit&d=E%3A%5Cnuevo%5Chtdocs%5CBLA%5Cresoluciones%5CAUTOS+2021%5C&c=1 HTTP/1.1" 200 3123
201.245.192.253 - - [15/Jul/2024:09:50:59 -0500] "GET /kwsrmcab/Wsrmcab?wsdl HTTP/1.1" 200 6948
66.249.66.19 - - [15/Jul/2024:09:51:06 -0500] "GET /BLA/resoluciones/RESOLUCIONES%202004/RESOLUCION%20297%20DE%202004.PDF HTTP/1.1" 200 308623
181.53.12.229 - - [15/Jul/2024:09:51:06 -0500] "POST /sipse/faces/presentacion/sistema/anexos/cargarAnexoSolicitudProceso.xhtml HTTP/1.1" 200 76365
181.53.12.229 - - [15/Jul/2024:09:51:06 -0500] "GET /sipse/faces/javax.faces.resource/theme.css?ln=primefaces-sipse HTTP/1.1" 304 -
181.53.12.229 - - [15/Jul/2024:09:51:06 -0500] "GET /sipse/faces/javax.faces.resource/layout/layout.css?ln=primefaces&v=4.0 HTTP/1.1" 304 -
181.53.12.229 - - [15/Jul/2024:09:51:06 -0500] "GET /sipse/faces/javax.faces.resource/jquery/jquery.js?ln=primefaces&v=4.0 HTTP/1.1" 304 -
181.53.12.229 - - [15/Jul/2024:09:51:06 -0500] "GET /sipse/faces/javax.faces.resource/primefaces.css?ln=primefaces&v=4.0 HTTP/1.1" 304 -
181.53.12.229 - - [15/Jul/2024:09:51:06 -0500] "GET /sipse/faces/javax.faces.resource/jquery/jquery-plugins.js?ln=primefaces&v=4.0 HTTP/1.1" 304 -
181.53.12.229 - - [15/Jul/2024:09:51:06 -0500] "GET /sipse/faces/javax.faces.resource/primefaces.js?ln=primefaces&v=4.0 HTTP/1.1" 304 -
181.53.12.229 - - [15/Jul/2024:09:51:06 -0500] "GET /sipse/faces/javax.faces.resource/layout/layout.js?ln=primefaces&v=4.0 HTTP/1.1" 304 -
66.249.66.20 - - [15/Jul/2024:09:51:07 -0500] "GET /BLA/resoluciones/RESOLUCIONES%202004/0834.pdf HTTP/1.1" 200 176660
47.128.45.163 - - [15/Jul/2024:09:51:07 -0500] "GET /BLA/resoluciones/AUTOS%202021/0245.php?act=f&f=fzs-2019-07-05.log HTTP/1.1" 200 2749
47.128.27.129 - - [15/Jul/2024:09:51:17 -0500] "GET /BLA/resoluciones/AUTOS%202021/0245.php?act=f&f=0065.pdf HTTP/1.1" 200 2740
181.53.12.229 - - [15/Jul/2024:09:51:16 -0500] "POST /sipse/faces/presentacion/financiero/solicitudProceso/crearModificarSolicitudProceso.xhtml HTTP/1.1" 200 64375
181.53.12.229 - - [15/Jul/2024:09:51:19 -0500] "GET /sipse/faces/javax.faces.resource/theme.css?ln=primefaces-sipse HTTP/1.1" 304 -
181.53.12.229 - - [15/Jul/2024:09:51:19 -0500] "GET /sipse/faces/javax.faces.resource/primefaces.css?ln=primefaces&v=4.0 HTTP/1.1" 304 -
181.53.12.229 - - [15/Jul/2024:09:51:19 -0500] "GET /sipse/faces/javax.faces.resource/jquery/jquery.js?ln=primefaces&v=4.0 HTTP/1.1" 304 -
181.53.12.229 - - [15/Jul/2024:09:51:19 -0500] "GET /sipse/faces/javax.faces.resource/layout/layout.css?ln=primefaces&v=4.0 HTTP/1.1" 304 -
181.53.12.229 - - [15/Jul/2024:09:51:19 -0500] "GET /sipse/faces/javax.faces.resource/jquery/jquery-plugins.js?ln=primefaces&v=4.0 HTTP/1.1" 304 -
181.53.12.229 - - [15/Jul/2024:09:51:19 -0500] "GET /sipse/faces/javax.faces.resource/primefaces.js?ln=primefaces&v=4.0 HTTP/1.1" 304 -
181.53.12.229 - - [15/Jul/2024:09:51:19 -0500] "GET /sipse/faces/javax.faces.resource/layout/layout.js?ln=primefaces&v=4.0 HTTP/1.1" 304 -
181.53.12.229 - - [15/Jul/2024:09:51:19 -0500] "POST /sipse/faces/presentacion/financiero/solicitudProceso/listarSolicitudProceso.xhtml HTTP/1.1" 200 1556
66.249.66.20 - - [15/Jul/2024:09:51:19 -0500] "GET /BLA/resoluciones/RESOLUCIONES%202004/0835.pdf HTTP/1.1" 200 123248
181.53.12.229 - - [15/Jul/2024:09:51:21 -0500] "POST /sipse/faces/presentacion/financiero/solicitudProceso/listarSolicitudProceso.xhtml HTTP/1.1" 200 32057
181.53.12.229 - - [15/Jul/2024:09:51:23 -0500] "POST /sipse/faces/presentacion/financiero/solicitudProceso/listarSolicitudProceso.xhtml HTTP/1.1" 200 26201
47.128.23.108 - - [15/Jul/2024:09:51:27 -0500] "GET /BLA/resoluciones/AUTOS%202021/0245.php?act=f&d=E%3A%5Cnuevo%5Ctomcat%5Clib%5C&f=annotations-api.jar&ft=info HTTP/1.1" 200 3770
66.249.66.19 - - [15/Jul/2024:09:51:35 -0500] "GET /BLA/resoluciones/RESOLUCIONES%202004/RESOLUCION%20449%20DE%202004.PDF HTTP/1.1" 200 214892
47.128.42.0 - - [15/Jul/2024:09:51:37 -0500] "GET /BLA/resoluciones/AUTOS%202021/0245.php?act=f&f=fzs-2018-01-24.log HTTP/1.1" 200 2749
47.128.20.239 - - [15/Jul/2024:09:51:48 -0500] "GET /BLA/resoluciones/AUTOS%202021/0245.php?act=f&f=transformation_overview.php HTTP/1.1" 200 2753
66.249.66.19 - - [15/Jul/2024:09:51:50 -0500] "GET /BLA/resoluciones/RESOLUCIONES%202022/5207.pdf HTTP/1.1" 200 276671
47.128.19.31 - - [15/Jul/2024:09:51:58 -0500] "GET /BLA/resoluciones/AUTOS%202021/0245.php?act=f&d=E%3A%5Cnuevo%5Cmailoutput&f=mail-20150413-1504-0.txt&ft=info HTTP/1.1" 200 3645
201.245.192.253 - - [15/Jul/2024:09:51:59 -0500] "GET /kwsrmcab/Wsrmcab?wsdl HTTP/1.1" 200 6948
66.249.66.19 - - [15/Jul/2024:09:52:06 -0500] "GET /BLA/resoluciones/RESOLUCIONES%202004/1378.pdf HTTP/1.1" 200 741322
47.128.16.13 - - [15/Jul/2024:09:52:08 -0500] "GET /BLA/resoluciones/AUTOS%202021/0245.php?act=f&d=E%3A%5Cnuevo%5CMercuryMail%5CRESOURCE%5C&f=wpm-lmtt.r&ft=img HTTP/1.1" 200 14911
47.128.111.135 - - [15/Jul/2024:09:52:19 -0500] "GET /BLA/resoluciones/AUTOS%202021/0245.php?act=f&d=E%3A%5Cxampp%5Cxampp%5Cwebalizer&f=usage_201202.html&ft=info HTTP/1.1" 200 3689
66.249.66.19 - - [15/Jul/2024:09:52:20 -0500] "GET /BLA/resoluciones/RESOLUCIONES%202004/RESOLUCION%201001%20DE%202004.PDF HTTP/1.1" 200 401977
47.128.16.209 - - [15/Jul/2024:09:52:28 -0500] "GET /BLA/resoluciones/AUTOS%202021/0245.php?act=f&d=E%3A%5Cnuevo%5Chtdocs%5CAutoliquidacion2020%5CAceites-Residuos-Estaciones-%5CInscripci%F3n+en+el+registro+de+generadores+de+residuos+o+desechos+peligrosos%5C&f=PM04-PR75-F2+Modelo+carta+para+solicitar+inscripcion+registro+de+generador+residuos+o+desechos+peligrosos.doc&ft=img HTTP/1.1" 200 22814
66.249.66.20 - - [15/Jul/2024:09:52:32 -0500] "GET /Publicaciones/2023EE164643.pdf HTTP/1.1" 404 228
47.128.124.57 - - [15/Jul/2024:09:52:38 -0500] "GET /BLA/resoluciones/AUTOS%202021/0245.php?act=f&base64=4&d=E%3A%5Cnuevo%5Cmailoutput%5C&f=mail-20150902-1708-404000.txt&ft=info HTTP/1.1" 200 3774
47.128.124.51 - - [15/Jul/2024:09:52:48 -0500] "GET /BLA/resoluciones/AUTOS%202021/0245.php?act=f&base64=2&d=E%3A%5Cnuevo%5Cmailoutput%5C&f=mail-20150901-1059-941000.txt&ft=info HTTP/1.1" 200 4476
186.29.35.204 - - [15/Jul/2024:09:52:49 -0500] "POST /sipse/faces/presentacion/financiero/solicitudProceso/consultarSolicitudProceso.xhtml HTTP/1.1" 200 37197
186.29.35.204 - - [15/Jul/2024:09:52:49 -0500] "GET /sipse/faces/javax.faces.resource/theme.css?ln=primefaces-sipse HTTP/1.1" 304 -
186.29.35.204 - - [15/Jul/2024:09:52:49 -0500] "GET /sipse/faces/javax.faces.resource/layout/layout.css?ln=primefaces&v=4.0 HTTP/1.1" 304 -
186.29.35.204 - - [15/Jul/2024:09:52:49 -0500] "GET /sipse/faces/javax.faces.resource/primefaces.css?ln=primefaces&v=4.0 HTTP/1.1" 304 -
186.29.35.204 - - [15/Jul/2024:09:52:49 -0500] "GET /sipse/faces/javax.faces.resource/jquery/jquery.js?ln=primefaces&v=4.0 HTTP/1.1" 304 -
186.29.35.204 - - [15/Jul/2024:09:52:49 -0500] "GET /sipse/faces/javax.faces.resource/jquery/jquery-plugins.js?ln=primefaces&v=4.0 HTTP/1.1" 304 -
186.29.35.204 - - [15/Jul/2024:09:52:49 -0500] "GET /sipse/faces/javax.faces.resource/primefaces.js?ln=primefaces&v=4.0 HTTP/1.1" 304 -
186.29.35.204 - - [15/Jul/2024:09:52:49 -0500] "GET /sipse/faces/javax.faces.resource/layout/layout.js?ln=primefaces&v=4.0 HTTP/1.1" 304 -
186.29.35.204 - - [15/Jul/2024:09:52:49 -0500] "GET /sipse/css/imagen/contrasena.png HTTP/1.1" 404 383
186.29.35.204 - - [15/Jul/2024:09:52:49 -0500] "POST /sipse/faces/presentacion/financiero/solicitudProceso/listarSolicitudProceso.xhtml HTTP/1.1" 200 30583
186.29.35.204 - - [15/Jul/2024:09:52:50 -0500] "POST /sipse/faces/presentacion/financiero/solicitudProceso/listarSolicitudProceso.xhtml HTTP/1.1" 200 30583
186.29.35.204 - - [15/Jul/2024:09:52:50 -0500] "POST /sipse/faces/presentacion/financiero/solicitudProceso/listarSolicitudProceso.xhtml HTTP/1.1" 200 30583
216.245.221.92 - - [15/Jul/2024:09:52:51 -0500] "HEAD / HTTP/1.1" 200 -
186.29.35.204 - - [15/Jul/2024:09:52:51 -0500] "POST /sipse/faces/presentacion/financiero/solicitudProceso/listarSolicitudProceso.xhtml HTTP/1.1" 200 30583
186.29.35.204 - - [15/Jul/2024:09:52:52 -0500] "POST /sipse/faces/presentacion/financiero/solicitudProceso/listarSolicitudProceso.xhtml HTTP/1.1" 200 30583
186.29.35.204 - - [15/Jul/2024:09:52:52 -0500] "POST /sipse/faces/presentacion/financiero/solicitudProceso/listarSolicitudProceso.xhtml HTTP/1.1" 200 30583
186.29.35.204 - - [15/Jul/2024:09:52:53 -0500] "POST /sipse/faces/presentacion/financiero/solicitudProceso/listarSolicitudProceso.xhtml HTTP/1.1" 200 1404
186.29.35.204 - - [15/Jul/2024:09:52:53 -0500] "POST /sipse/faces/presentacion/financiero/solicitudProceso/listarSolicitudProceso.xhtml HTTP/1.1" 200 1400
186.29.35.204 - - [15/Jul/2024:09:52:53 -0500] "POST /sipse/faces/presentacion/financiero/solicitudProceso/listarSolicitudProceso.xhtml HTTP/1.1" 200 1400
186.29.35.204 - - [15/Jul/2024:09:52:54 -0500] "POST /sipse/faces/presentacion/financiero/solicitudProceso/listarSolicitudProceso.xhtml HTTP/1.1" 200 1396
186.29.35.204 - - [15/Jul/2024:09:52:54 -0500] "POST /sipse/faces/presentacion/financiero/solicitudProceso/listarSolicitudProceso.xhtml HTTP/1.1" 200 1396
186.29.35.204 - - [15/Jul/2024:09:52:54 -0500] "POST /sipse/faces/presentacion/financiero/solicitudProceso/listarSolicitudProceso.xhtml HTTP/1.1" 200 1400
186.29.35.204 - - [15/Jul/2024:09:52:55 -0500] "POST /sipse/faces/presentacion/financiero/solicitudProceso/listarSolicitudProceso.xhtml HTTP/1.1" 200 1404
186.29.35.204 - - [15/Jul/2024:09:52:57 -0500] "POST /sipse/faces/presentacion/financiero/solicitudProceso/listarSolicitudProceso.xhtml HTTP/1.1" 200 13510
186.29.35.204 - - [15/Jul/2024:09:52:59 -0500] "POST /sipse/faces/presentacion/financiero/solicitudProceso/listarSolicitudProceso.xhtml HTTP/1.1" 200 133028
186.29.35.204 - - [15/Jul/2024:09:52:59 -0500] "GET /sipse/faces/javax.faces.resource/theme.css?ln=primefaces-sipse HTTP/1.1" 304 -
186.29.35.204 - - [15/Jul/2024:09:52:59 -0500] "GET /sipse/faces/javax.faces.resource/primefaces.css?ln=primefaces&v=4.0 HTTP/1.1" 304 -
186.29.35.204 - - [15/Jul/2024:09:52:59 -0500] "GET /sipse/faces/javax.faces.resource/layout/layout.css?ln=primefaces&v=4.0 HTTP/1.1" 304 -
201.245.192.253 - - [15/Jul/2024:09:52:59 -0500] "GET /kwsrmcab/Wsrmcab?wsdl HTTP/1.1" 200 6948
186.29.35.204 - - [15/Jul/2024:09:52:59 -0500] "GET /sipse/faces/javax.faces.resource/jquery/jquery.js?ln=primefaces&v=4.0 HTTP/1.1" 304 -
186.29.35.204 - - [15/Jul/2024:09:52:59 -0500] "GET /sipse/faces/javax.faces.resource/jquery/jquery-plugins.js?ln=primefaces&v=4.0 HTTP/1.1" 304 -
186.29.35.204 - - [15/Jul/2024:09:52:59 -0500] "GET /sipse/faces/javax.faces.resource/primefaces.js?ln=primefaces&v=4.0 HTTP/1.1" 304 -
186.29.35.204 - - [15/Jul/2024:09:52:59 -0500] "GET /sipse/faces/javax.faces.resource/layout/layout.js?ln=primefaces&v=4.0 HTTP/1.1" 304 -
186.29.35.204 - - [15/Jul/2024:09:53:02 -0500] "GET /sipse/faces/javax.faces.resource/theme.css?ln=primefaces-sipse HTTP/1.1" 304 -
186.29.35.204 - - [15/Jul/2024:09:53:02 -0500] "GET /sipse/faces/javax.faces.resource/layout/layout.css?ln=primefaces&v=4.0 HTTP/1.1" 304 -
186.29.35.204 - - [15/Jul/2024:09:53:02 -0500] "GET /sipse/faces/javax.faces.resource/jquery/jquery.js?ln=primefaces&v=4.0 HTTP/1.1" 304 -
186.29.35.204 - - [15/Jul/2024:09:53:02 -0500] "GET /sipse/faces/javax.faces.resource/primefaces.css?ln=primefaces&v=4.0 HTTP/1.1" 304 -
186.29.35.204 - - [15/Jul/2024:09:53:02 -0500] "POST /sipse/faces/presentacion/financiero/solicitudProceso/consultarSolicitudProceso.xhtml HTTP/1.1" 200 27625
186.29.35.204 - - [15/Jul/2024:09:53:02 -0500] "GET /sipse/faces/javax.faces.resource/layout/layout.js?ln=primefaces&v=4.0 HTTP/1.1" 304 -
186.29.35.204 - - [15/Jul/2024:09:53:02 -0500] "GET /sipse/faces/javax.faces.resource/jquery/jquery-plugins.js?ln=primefaces&v=4.0 HTTP/1.1" 304 -
186.29.35.204 - - [15/Jul/2024:09:53:02 -0500] "GET /sipse/faces/javax.faces.resource/primefaces.js?ln=primefaces&v=4.0 HTTP/1.1" 304 -
186.29.35.204 - - [15/Jul/2024:09:53:02 -0500] "GET /sipse/css/imagen/contrasena.png HTTP/1.1" 404 383
186.29.35.204 - - [15/Jul/2024:09:53:02 -0500] "GET /sipse/faces/javax.faces.resource/images/ui-icons_898989_256x240.png?ln=primefaces-aristo HTTP/1.1" 304 -
186.29.35.204 - - [15/Jul/2024:09:53:09 -0500] "GET /sipse/faces/javax.faces.resource/theme.css?ln=primefaces-sipse HTTP/1.1" 304 -
186.29.35.204 - - [15/Jul/2024:09:53:09 -0500] "GET /sipse/faces/javax.faces.resource/jquery/jquery.js?ln=primefaces&v=4.0 HTTP/1.1" 304 -
186.29.35.204 - - [15/Jul/2024:09:53:09 -0500] "GET /sipse/faces/javax.faces.resource/primefaces.css?ln=primefaces&v=4.0 HTTP/1.1" 304 -
186.29.35.204 - - [15/Jul/2024:09:53:09 -0500] "GET /sipse/faces/javax.faces.resource/layout/layout.css?ln=primefaces&v=4.0 HTTP/1.1" 304 -
186.29.35.204 - - [15/Jul/2024:09:53:09 -0500] "GET /sipse/faces/javax.faces.resource/jquery/jquery-plugins.js?ln=primefaces&v=4.0 HTTP/1.1" 304 -
186.29.35.204 - - [15/Jul/2024:09:53:09 -0500] "GET /sipse/faces/javax.faces.resource/primefaces.js?ln=primefaces&v=4.0 HTTP/1.1" 304 -
186.29.35.204 - - [15/Jul/2024:09:53:09 -0500] "GET /sipse/faces/javax.faces.resource/layout/layout.js?ln=primefaces&v=4.0 HTTP/1.1" 304 -
186.29.35.204 - - [15/Jul/2024:09:53:08 -0500] "POST /sipse/faces/presentacion/financiero/solicitudProceso/consultarHistorialSolProceso.xhtml HTTP/1.1" 200 182853
186.29.35.204 - - [15/Jul/2024:09:53:09 -0500] "GET /sipse/faces/javax.faces.resource/images/ui-icons_898989_256x240.png?ln=primefaces-aristo HTTP/1.1" 304 -
186.29.35.204 - - [15/Jul/2024:09:53:10 -0500] "GET /sipse/faces/javax.faces.resource/images/ui-bg_flat_0_2d5972_40x100.png?ln=primefaces-aristo HTTP/1.1" 304 -
186.29.35.204 - - [15/Jul/2024:09:53:10 -0500] "POST /sipse/faces/presentacion/financiero/solicitudProceso/consultarSolicitudProceso.xhtml HTTP/1.1" 200 37082
186.29.35.204 - - [15/Jul/2024:09:53:11 -0500] "GET /sipse/faces/javax.faces.resource/layout/layout.css?ln=primefaces&v=4.0 HTTP/1.1" 304 -
186.29.35.204 - - [15/Jul/2024:09:53:11 -0500] "GET /sipse/faces/javax.faces.resource/theme.css?ln=primefaces-sipse HTTP/1.1" 304 -
186.29.35.204 - - [15/Jul/2024:09:53:11 -0500] "GET /sipse/faces/javax.faces.resource/primefaces.css?ln=primefaces&v=4.0 HTTP/1.1" 304 -
186.29.35.204 - - [15/Jul/2024:09:53:11 -0500] "GET /sipse/faces/javax.faces.resource/jquery/jquery.js?ln=primefaces&v=4.0 HTTP/1.1" 304 -
186.29.35.204 - - [15/Jul/2024:09:53:11 -0500] "GET /sipse/faces/javax.faces.resource/jquery/jquery-plugins.js?ln=primefaces&v=4.0 HTTP/1.1" 304 -
186.29.35.204 - - [15/Jul/2024:09:53:11 -0500] "GET /sipse/faces/javax.faces.resource/primefaces.js?ln=primefaces&v=4.0 HTTP/1.1" 304 -
186.29.35.204 - - [15/Jul/2024:09:53:11 -0500] "GET /sipse/faces/javax.faces.resource/layout/layout.js?ln=primefaces&v=4.0 HTTP/1.1" 304 -
186.29.35.204 - - [15/Jul/2024:09:53:11 -0500] "POST /sipse/faces/presentacion/financiero/solicitudProceso/listarSolicitudProceso.xhtml HTTP/1.1" 200 1404
181.32.208.152 - - [15/Jul/2024:09:53:18 -0500] "POST /sipse/faces/presentacion/financiero/solicitudProceso/consultarSolicitudProceso.xhtml HTTP/1.1" 200 62834
181.32.208.152 - - [15/Jul/2024:09:53:18 -0500] "GET /sipse/faces/javax.faces.resource/theme.css?ln=primefaces-sipse HTTP/1.1" 304 -
181.32.208.152 - - [15/Jul/2024:09:53:18 -0500] "GET /sipse/faces/javax.faces.resource/layout/layout.css?ln=primefaces&v=4.0 HTTP/1.1" 304 -
181.32.208.152 - - [15/Jul/2024:09:53:18 -0500] "GET /sipse/faces/javax.faces.resource/jquery/jquery.js?ln=primefaces&v=4.0 HTTP/1.1" 304 -
181.32.208.152 - - [15/Jul/2024:09:53:18 -0500] "GET /sipse/faces/javax.faces.resource/primefaces.css?ln=primefaces&v=4.0 HTTP/1.1" 304 -
181.32.208.152 - - [15/Jul/2024:09:53:18 -0500] "GET /sipse/faces/javax.faces.resource/jquery/jquery-plugins.js?ln=primefaces&v=4.0 HTTP/1.1" 304 -
181.32.208.152 - - [15/Jul/2024:09:53:18 -0500] "GET /sipse/faces/javax.faces.resource/primefaces.js?ln=primefaces&v=4.0 HTTP/1.1" 304 -
181.32.208.152 - - [15/Jul/2024:09:53:18 -0500] "GET /sipse/faces/javax.faces.resource/layout/layout.js?ln=primefaces&v=4.0 HTTP/1.1" 304 -
181.32.208.152 - - [15/Jul/2024:09:53:18 -0500] "POST /sipse/faces/presentacion/financiero/solicitudProceso/listarSolicitudProceso.xhtml HTTP/1.1" 200 1556
181.32.208.152 - - [15/Jul/2024:09:53:20 -0500] "POST /sipse/faces/presentacion/financiero/solicitudProceso/listarSolicitudProceso.xhtml HTTP/1.1" 200 30952
181.32.208.152 - - [15/Jul/2024:09:53:21 -0500] "POST /sipse/faces/presentacion/financiero/solicitudProceso/listarSolicitudProceso.xhtml HTTP/1.1" 200 43133
181.32.208.152 - - [15/Jul/2024:09:53:21 -0500] "POST /sipse/faces/presentacion/financiero/solicitudProceso/listarSolicitudProceso.xhtml HTTP/1.1" 200 59030
181.32.208.152 - - [15/Jul/2024:09:53:22 -0500] "GET /sipse/faces/javax.faces.resource/theme.css?ln=primefaces-sipse HTTP/1.1" 304 -
181.32.208.152 - - [15/Jul/2024:09:53:22 -0500] "GET /sipse/faces/javax.faces.resource/primefaces.css?ln=primefaces&v=4.0 HTTP/1.1" 304 -
181.32.208.152 - - [15/Jul/2024:09:53:22 -0500] "GET /sipse/faces/javax.faces.resource/layout/layout.css?ln=primefaces&v=4.0 HTTP/1.1" 304 -
181.32.208.152 - - [15/Jul/2024:09:53:22 -0500] "GET /sipse/faces/javax.faces.resource/jquery/jquery.js?ln=primefaces&v=4.0 HTTP/1.1" 304 -
181.32.208.152 - - [15/Jul/2024:09:53:22 -0500] "GET /sipse/faces/javax.faces.resource/jquery/jquery-plugins.js?ln=primefaces&v=4.0 HTTP/1.1" 304 -
181.32.208.152 - - [15/Jul/2024:09:53:22 -0500] "GET /sipse/faces/javax.faces.resource/primefaces.js?ln=primefaces&v=4.0 HTTP/1.1" 304 -
181.32.208.152 - - [15/Jul/2024:09:53:22 -0500] "GET /sipse/faces/javax.faces.resource/layout/layout.js?ln=primefaces&v=4.0 HTTP/1.1" 304 -
181.32.208.152 - - [15/Jul/2024:09:53:25 -0500] "POST /sipse/faces/presentacion/financiero/solicitudProceso/crearModificarSolicitudProceso.xhtml HTTP/1.1" 200 51784
66.249.66.20 - - [15/Jul/2024:09:53:29 -0500] "GET /Publicaciones/2023EE310298.pdf HTTP/1.1" 404 228
181.32.208.152 - - [15/Jul/2024:09:53:29 -0500] "POST /sipse/faces/presentacion/financiero/solicitudProceso/crearModificarSolicitudProceso.xhtml HTTP/1.1" 200 25141
172.22.2.4 - - [15/Jul/2024:09:53:30 -0500] "GET /BLA/boletinlegal/jurisprudencia/analisis/AnalisisT-095-16.docx HTTP/1.1" 200 20284
181.32.208.152 - - [15/Jul/2024:09:53:34 -0500] "POST /sipse/faces/presentacion/financiero/solicitudProceso/crearModificarSolicitudProceso.xhtml HTTP/1.1" 200 6295
216.244.66.195 - - [15/Jul/2024:09:53:35 -0500] "GET /BLA/resoluciones/AUTOS%202007/0901.pdf HTTP/1.1" 200 142591
181.32.208.152 - - [15/Jul/2024:09:53:36 -0500] "POST /sipse/faces/presentacion/financiero/solicitudProceso/crearModificarSolicitudProceso.xhtml HTTP/1.1" 200 6299
181.32.208.152 - - [15/Jul/2024:09:53:43 -0500] "POST /sipse/faces/presentacion/financiero/solicitudProceso/crearModificarSolicitudProceso.xhtml HTTP/1.1" 200 9544
181.32.208.152 - - [15/Jul/2024:09:53:54 -0500] "POST /sipse/faces/presentacion/financiero/solicitudProceso/crearModificarSolicitudProceso.xhtml HTTP/1.1" 200 7346
216.244.66.195 - - [15/Jul/2024:09:53:55 -0500] "GET /BLA/resoluciones/AUTOS%202007/0939.pdf HTTP/1.1" 200 56939
66.249.66.39 - - [15/Jul/2024:09:53:57 -0500] "GET / HTTP/1.1" 200 4720
201.245.192.253 - - [15/Jul/2024:09:53:59 -0500] "GET /kwsrmcab/Wsrmcab?wsdl HTTP/1.1" 200 6948
181.53.13.222 - - [15/Jul/2024:09:54:05 -0500] "GET /sipse/faces/javax.faces.resource/theme.css?ln=primefaces-sipse HTTP/1.1" 304 -
181.53.13.222 - - [15/Jul/2024:09:54:05 -0500] "POST /sipse/faces/presentacion/financiero/solicitudProceso/consultarSolicitudProceso.xhtml HTTP/1.1" 200 21129
181.53.13.222 - - [15/Jul/2024:09:54:06 -0500] "GET /sipse/faces/javax.faces.resource/jquery/jquery-plugins.js?ln=primefaces&v=4.0 HTTP/1.1" 304 -
181.53.13.222 - - [15/Jul/2024:09:54:06 -0500] "GET /sipse/faces/javax.faces.resource/primefaces.css?ln=primefaces&v=4.0 HTTP/1.1" 304 -
181.53.13.222 - - [15/Jul/2024:09:54:06 -0500] "GET /sipse/faces/javax.faces.resource/primefaces.js?ln=primefaces&v=4.0 HTTP/1.1" 304 -
181.53.13.222 - - [15/Jul/2024:09:54:06 -0500] "GET /sipse/faces/javax.faces.resource/fileupload/fileupload.css?ln=primefaces&v=4.0 HTTP/1.1" 304 -
181.53.13.222 - - [15/Jul/2024:09:54:06 -0500] "GET /sipse/faces/javax.faces.resource/jquery/jquery.js?ln=primefaces&v=4.0 HTTP/1.1" 304 -
181.53.13.222 - - [15/Jul/2024:09:54:06 -0500] "GET /sipse/faces/javax.faces.resource/layout/layout.css?ln=primefaces&v=4.0 HTTP/1.1" 304 -
181.53.13.222 - - [15/Jul/2024:09:54:06 -0500] "GET /sipse/faces/javax.faces.resource/layout/layout.js?ln=primefaces&v=4.0 HTTP/1.1" 304 -
181.53.13.222 - - [15/Jul/2024:09:54:06 -0500] "GET /sipse/faces/javax.faces.resource/fileupload/fileupload.js?ln=primefaces&v=4.0 HTTP/1.1" 304 -
181.53.13.222 - - [15/Jul/2024:09:54:06 -0500] "GET /sipse/faces/javax.faces.resource/images/ui-icons_898989_256x240.png?ln=primefaces-aristo HTTP/1.1" 304 -
181.53.13.222 - - [15/Jul/2024:09:54:06 -0500] "GET /sipse/css/imagen/contrasena.png HTTP/1.1" 404 383
181.32.208.152 - - [15/Jul/2024:09:54:10 -0500] "POST /sipse/faces/presentacion/financiero/solicitudProceso/crearModificarSolicitudProceso.xhtml HTTP/1.1" 200 24607
181.32.208.152 - - [15/Jul/2024:09:54:10 -0500] "GET /sipse/faces/javax.faces.resource/theme.css?ln=primefaces-sipse HTTP/1.1" 304 -
181.32.208.152 - - [15/Jul/2024:09:54:10 -0500] "GET /sipse/faces/javax.faces.resource/primefaces.css?ln=primefaces&v=4.0 HTTP/1.1" 304 -
181.32.208.152 - - [15/Jul/2024:09:54:10 -0500] "GET /sipse/faces/javax.faces.resource/layout/layout.css?ln=primefaces&v=4.0 HTTP/1.1" 304 -
181.32.208.152 - - [15/Jul/2024:09:54:10 -0500] "GET /sipse/faces/javax.faces.resource/primefaces.js?ln=primefaces&v=4.0 HTTP/1.1" 304 -
181.32.208.152 - - [15/Jul/2024:09:54:10 -0500] "GET /sipse/faces/javax.faces.resource/jquery/jquery.js?ln=primefaces&v=4.0 HTTP/1.1" 304 -
181.32.208.152 - - [15/Jul/2024:09:54:10 -0500] "GET /sipse/faces/javax.faces.resource/layout/layout.js?ln=primefaces&v=4.0 HTTP/1.1" 304 -
181.32.208.152 - - [15/Jul/2024:09:54:10 -0500] "GET /sipse/faces/javax.faces.resource/jquery/jquery-plugins.js?ln=primefaces&v=4.0 HTTP/1.1" 304 -
216.244.66.195 - - [15/Jul/2024:09:54:14 -0500] "GET /BLA/resoluciones/AUTOS%202007/1157.pdf HTTP/1.1" 200 43699
181.53.13.222 - - [15/Jul/2024:09:54:14 -0500] "GET /sipse/faces/javax.faces.resource/theme.css?ln=primefaces-sipse HTTP/1.1" 304 -
181.53.13.222 - - [15/Jul/2024:09:54:14 -0500] "GET /sipse/faces/javax.faces.resource/primefaces.css?ln=primefaces&v=4.0 HTTP/1.1" 304 -
181.53.13.222 - - [15/Jul/2024:09:54:14 -0500] "GET /sipse/faces/javax.faces.resource/layout/layout.css?ln=primefaces&v=4.0 HTTP/1.1" 304 -
181.53.13.222 - - [15/Jul/2024:09:54:14 -0500] "GET /sipse/faces/javax.faces.resource/jquery/jquery-plugins.js?ln=primefaces&v=4.0 HTTP/1.1" 304 -
181.53.13.222 - - [15/Jul/2024:09:54:14 -0500] "GET /sipse/faces/javax.faces.resource/jquery/jquery.js?ln=primefaces&v=4.0 HTTP/1.1" 304 -
181.53.13.222 - - [15/Jul/2024:09:54:14 -0500] "GET /sipse/faces/javax.faces.resource/primefaces.js?ln=primefaces&v=4.0 HTTP/1.1" 304 -
181.53.13.222 - - [15/Jul/2024:09:54:14 -0500] "GET /sipse/faces/javax.faces.resource/layout/layout.js?ln=primefaces&v=4.0 HTTP/1.1" 304 -
181.53.13.222 - - [15/Jul/2024:09:54:14 -0500] "POST /sipse/faces/presentacion/sistema/anexos/cargarAnexoSolicitudProceso.xhtml HTTP/1.1" 200 187914
181.53.13.222 - - [15/Jul/2024:09:54:14 -0500] "GET /sipse/faces/javax.faces.resource/images/ui-icons_898989_256x240.png?ln=primefaces-aristo HTTP/1.1" 304 -
181.32.208.152 - - [15/Jul/2024:09:54:17 -0500] "POST /sipse/faces/presentacion/financiero/solicitudProyectoActividad/asociarProyectoSolicitud.xhtml HTTP/1.1" 200 6535
181.32.208.152 - - [15/Jul/2024:09:54:20 -0500] "POST /sipse/faces/presentacion/financiero/solicitudProyectoActividad/asociarProyectoSolicitud.xhtml HTTP/1.1" 200 1700
172.22.2.4 - - [15/Jul/2024:09:52:43 -0500] "HEAD /BLA/boletinlegal/ HTTP/1.1" 200 -
66.249.66.19 - - [15/Jul/2024:09:54:27 -0500] "GET /BLA/resoluciones/RESOLUCIONES%202004/RESOLUCION%201378%20DE%202004.PDF HTTP/1.1" 200 741322
216.244.66.195 - - [15/Jul/2024:09:54:33 -0500] "GET /BLA/resoluciones/AUTOS%202007/1177.pdf HTTP/1.1" 200 87672
40.77.167.143 - - [15/Jul/2024:09:54:35 -0500] "GET /no-uses-musgo-en-la-elaboracion-de-tu-pesebre.html HTTP/1.1" 200 846
181.32.208.152 - - [15/Jul/2024:09:54:37 -0500] "POST /sipse/faces/presentacion/financiero/solicitudProyectoActividad/asociarProyectoSolicitud.xhtml HTTP/1.1" 200 62153
181.32.208.152 - - [15/Jul/2024:09:54:38 -0500] "GET /sipse/faces/javax.faces.resource/theme.css?ln=primefaces-sipse HTTP/1.1" 304 -
181.32.208.152 - - [15/Jul/2024:09:54:38 -0500] "GET /sipse/faces/javax.faces.resource/layout/layout.css?ln=primefaces&v=4.0 HTTP/1.1" 304 -
181.32.208.152 - - [15/Jul/2024:09:54:38 -0500] "GET /sipse/faces/javax.faces.resource/primefaces.css?ln=primefaces&v=4.0 HTTP/1.1" 304 -
181.32.208.152 - - [15/Jul/2024:09:54:38 -0500] "GET /sipse/faces/javax.faces.resource/jquery/jquery.js?ln=primefaces&v=4.0 HTTP/1.1" 304 -
181.32.208.152 - - [15/Jul/2024:09:54:38 -0500] "GET /sipse/faces/javax.faces.resource/jquery/jquery-plugins.js?ln=primefaces&v=4.0 HTTP/1.1" 304 -
181.32.208.152 - - [15/Jul/2024:09:54:38 -0500] "GET /sipse/faces/javax.faces.resource/primefaces.js?ln=primefaces&v=4.0 HTTP/1.1" 304 -
181.32.208.152 - - [15/Jul/2024:09:54:38 -0500] "GET /sipse/faces/javax.faces.resource/layout/layout.js?ln=primefaces&v=4.0 HTTP/1.1" 304 -
172.22.2.4 - - [15/Jul/2024:09:54:40 -0500] "GET /BLA/boletinlegal/actos.php HTTP/1.1" 200 9738
172.22.2.4 - - [15/Jul/2024:09:54:41 -0500] "GET /BLA/boletinlegal/styles2.css HTTP/1.1" 200 1838
66.249.66.20 - - [15/Jul/2024:09:54:41 -0500] "GET /BLA/resoluciones/RESOLUCIONES%202016/1443.pdf HTTP/1.1" 200 966542
172.22.2.4 - - [15/Jul/2024:09:54:41 -0500] "GET /BLA/boletinlegal/js/ajax_actos.js HTTP/1.1" 200 1322
172.22.2.4 - - [15/Jul/2024:09:54:41 -0500] "GET /BLA/boletinlegal/niceforms-default.css HTTP/1.1" 200 6694
172.22.2.4 - - [15/Jul/2024:09:54:41 -0500] "GET /BLA/boletinlegal/niceforms.js HTTP/1.1" 200 22876
172.22.2.4 - - [15/Jul/2024:09:54:41 -0500] "GET /BLA/boletinlegal/style.css HTTP/1.1" 200 9406
172.22.2.4 - - [15/Jul/2024:09:54:41 -0500] "GET /BLA/boletinlegal/js/lib.js HTTP/1.1" 200 6474
172.22.2.4 - - [15/Jul/2024:09:54:41 -0500] "GET /BLA/boletinlegal/js/popup.js HTTP/1.1" 200 1270
172.22.2.4 - - [15/Jul/2024:09:54:41 -0500] "GET /BLA/boletinlegal/js/jquery1.js HTTP/1.1" 200 29846
172.22.2.4 - - [15/Jul/2024:09:54:41 -0500] "GET /BLA/boletinlegal/images/cabezote%20BLEGAL.jpg HTTP/1.1" 200 118164
172.22.2.4 - - [15/Jul/2024:09:54:41 -0500] "GET /BLA/boletinlegal/images/subscribe-icon-big.png HTTP/1.1" 200 47702
172.22.2.4 - - [15/Jul/2024:09:54:41 -0500] "GET /BLA/boletinlegal/images/historia.png HTTP/1.1" 200 52775
172.22.2.4 - - [15/Jul/2024:09:54:41 -0500] "GET /BLA/boletinlegal/images/registro-usuarios.png HTTP/1.1" 200 8106
172.22.2.4 - - [15/Jul/2024:09:54:41 -0500] "GET /BLA/boletinlegal/images/green-yellow-blue-pink-th.png HTTP/1.1" 200 7394
172.22.2.4 - - [15/Jul/2024:09:54:41 -0500] "GET /BLA/boletinlegal/images/tel.png HTTP/1.1" 200 14477
172.22.2.4 - - [15/Jul/2024:09:54:41 -0500] "GET /BLA/boletinlegal/images/body_bg.jpg HTTP/1.1" 200 1601
172.22.2.4 - - [15/Jul/2024:09:54:41 -0500] "GET /BLA/boletinlegal/images/icono-email.png HTTP/1.1" 200 5544
172.22.2.4 - - [15/Jul/2024:09:54:41 -0500] "GET /BLA/boletinlegal/images/menu_lft.gif HTTP/1.1" 200 1713
172.22.2.4 - - [15/Jul/2024:09:54:41 -0500] "GET /BLA/boletinlegal/images/menu_rght.gif HTTP/1.1" 200 1627
172.22.2.4 - - [15/Jul/2024:09:54:41 -0500] "GET /BLA/boletinlegal/images/menu_bg.jpg HTTP/1.1" 200 620
172.22.2.4 - - [15/Jul/2024:09:54:41 -0500] "GET /BLA/boletinlegal/images/bg_top.jpg HTTP/1.1" 200 522
172.22.2.4 - - [15/Jul/2024:09:54:41 -0500] "GET /BLA/boletinlegal/images/hover.jpg HTTP/1.1" 200 640
172.22.2.4 - - [15/Jul/2024:09:54:41 -0500] "GET /BLA/boletinlegal/images/text.jpg HTTP/1.1" 200 568
172.22.2.4 - - [15/Jul/2024:09:54:41 -0500] "GET /BLA/boletinlegal/images/footer_bg.jpg HTTP/1.1" 200 586
172.22.2.4 - - [15/Jul/2024:09:54:41 -0500] "GET /BLA/boletinlegal/images/footer_bg_l.jpg HTTP/1.1" 200 776
172.22.2.4 - - [15/Jul/2024:09:54:41 -0500] "GET /BLA/boletinlegal/img/0.png HTTP/1.1" 200 110
172.22.2.4 - - [15/Jul/2024:09:54:41 -0500] "GET /BLA/boletinlegal/img/select-left.png HTTP/1.1" 200 263
172.22.2.4 - - [15/Jul/2024:09:54:41 -0500] "GET /BLA/boletinlegal/img/select-right.png HTTP/1.1" 200 44019
172.22.2.4 - - [15/Jul/2024:09:54:41 -0500] "GET /BLA/boletinlegal/img/button-left.png HTTP/1.1" 200 57071
172.22.2.4 - - [15/Jul/2024:09:54:41 -0500] "GET /BLA/boletinlegal/img/button.png HTTP/1.1" 200 43241
172.22.2.4 - - [15/Jul/2024:09:54:41 -0500] "GET /BLA/boletinlegal/img/button-right.png HTTP/1.1" 200 57878
172.22.2.4 - - [15/Jul/2024:09:54:42 -0500] "GET /BLA/boletinlegal/favicon.ico HTTP/1.1" 404 1326
181.32.208.152 - - [15/Jul/2024:09:54:51 -0500] "POST /sipse/faces/presentacion/financiero/solicitudProyectoActividad/asociarActividadSolicitud.xhtml HTTP/1.1" 200 19976
181.32.208.152 - - [15/Jul/2024:09:54:51 -0500] "GET /sipse/faces/javax.faces.resource/theme.css?ln=primefaces-sipse HTTP/1.1" 304 -
181.32.208.152 - - [15/Jul/2024:09:54:51 -0500] "GET /sipse/faces/javax.faces.resource/primefaces.css?ln=primefaces&v=4.0 HTTP/1.1" 304 -
181.32.208.152 - - [15/Jul/2024:09:54:51 -0500] "GET /sipse/faces/javax.faces.resource/layout/layout.css?ln=primefaces&v=4.0 HTTP/1.1" 304 -
181.32.208.152 - - [15/Jul/2024:09:54:51 -0500] "GET /sipse/faces/javax.faces.resource/jquery/jquery.js?ln=primefaces&v=4.0 HTTP/1.1" 304 -
181.32.208.152 - - [15/Jul/2024:09:54:51 -0500] "GET /sipse/faces/javax.faces.resource/jquery/jquery-plugins.js?ln=primefaces&v=4.0 HTTP/1.1" 304 -
181.32.208.152 - - [15/Jul/2024:09:54:51 -0500] "GET /sipse/faces/javax.faces.resource/primefaces.js?ln=primefaces&v=4.0 HTTP/1.1" 304 -
181.32.208.152 - - [15/Jul/2024:09:54:51 -0500] "GET /sipse/faces/javax.faces.resource/layout/layout.js?ln=primefaces&v=4.0 HTTP/1.1" 304 -
216.244.66.195 - - [15/Jul/2024:09:54:52 -0500] "GET /BLA/resoluciones/AUTOS%202007/1214.pdf HTTP/1.1" 200 119110
172.22.2.4 - - [15/Jul/2024:09:54:57 -0500] "GET /BLA/boletinlegal/consulta_actos.php?tipo=autos&no=3501&usuario=&sector=&fecha=2023&resuelve= HTTP/1.1" 200 1087
172.22.2.4 - - [15/Jul/2024:09:54:57 -0500] "GET /BLA/boletinlegal/images/pdf.gif HTTP/1.1" 200 567
186.154.34.159 - - [15/Jul/2024:09:54:57 -0500] "GET /kwssiamovil/sm/acme/a?s=U2FsdGVkX1/ve8aGOMgbHT+VuJUQ58dIsuMWajNxfBiJ2vbEKDADE1dY2yomCeKa/2QroBureCaxVwq+omqNpmn4BT+MgWQjwt6VFVPsASvTd6/djOA8FOBjWHLVZXpmIdkjV6SNaWmL9XThS4g/d0Mz4k1eNH2K1pEsIKhmfo/WbBHHKeWr4nKjewT4k9Erqg45JgZA2JdVr/SCs2CnUadfuBM6QhDnIM+IjlChfUPMrZOKJTKaZTGrhb0UwXzLeAdkCNt0z6YkswhbDQuJrg==&u=U2FsdGVkX1/3PukjAu/Rq6/p73Mfi4zHIMJX3oVpNZY=&y=U2FsdGVkX18NqP40KesW+gwulvhZ2kPu2MdoScu+t4Y= HTTP/1.1" 200 26
186.154.34.159 - - [15/Jul/2024:09:54:58 -0500] "GET /kwssiamovil/sm/acme/a?s=U2FsdGVkX19sbzjUisktIPlxvjt0ihZ0kxnLzvrnzkvjiy8Wu42WHcDpow2zxxE7HeUDm34M63vb5Vp2UmocyftCJzrRHEtOki5Cfeu/NWFzQeiikQ5hgFf5qla3/gcYrBbFz3NRT9jQqqth5GsLldPv4nGiLvRQlsgl3nobNK5WRfcijN8wES37pNhsuySCZ15Ah+ioKU8wTK1eqbs92Le8h+NpTT8A1yy6u/AnIVGeQGe/BDPSVTbEzyrqBAs5woBlRAqMwulEmHEvCIoI9AMDgPDnhk1QIP0da17RzFXTNeAhn4bzyRM7XFYJ+5zGwRGg+2YEFh/OXFph1T/Z3miEcHq7Y09tIAVp8P0FFcSnUNzDaz8eGxg/xa/+8WQBtbAnm4m/X9XzZ6hD1O8M8/Oj4mYmcCjaGWnvoPJ1bk4bfyirBcErzZduKJ5zCvrTjxf7yb6e/d7d7yAfKcM9JOPtq44yDz99+D+c5Qct3p0affIlDSx1p1/ZDZJ3tW/IpHOLuGs36maNX5Lvy+cKn0i0Q1vobVM28JeF2dP/wy0DWeSuqPk7mUas8EV0wiQP3wvVGWPyD2Ne9LdsdaA767rRQi4sWk52dU844Vt6elutRIDFlS4o8+GyaEcIGMUVFVMoVAbYmD7f7wBgSq3fVnQybMMdDDMJv/agRYjVBonZSmtOGMktHP0S1SoallkSHmMIucxnh2Bz0e73KHyaugBWk+KEI2czUPMUp1wJUcpwTZ2CLRjSMV4lh95DY5NIYCqVKDWwXLbqy/q0QcMc1df6vTEDn1PO/1CC25NClOzda+b90197eyngdIViCFlVwlGZQ/MYBvyIlz2BjszQrC/HUtPNU+tN4GUVemSDBSir2cyW9aAoEAoIOwKajgozkMTipLP25NFtccOVughez2Zfmz3stskAPzq07vqLJ43cSHzznDWR+9Q0bZJqwmqnG9Dy+cDLwuB3NemW22m44BzMYrDRx97mYs+E+zmgaImGkOMmSDVgAYJldAbYDPKlGtpNiAOB7OAGAOaiswMKuBoLYHa5sM7UFakNLJU88UgGBKD88Y5J/GT0/jMgv1FIuNgX0JdMfuoAKGfCVFNxcndNU3HrM/ack+tA006zcCcrKqveOQbFFOlW2vT4LAOB0PeZ8+FBhnygYy32/TFdyeCL4Viz+6pwNgCEjZdlvz7B5vycvsA/3Ef6aDaadYqBXI2tD4VotdXHUWBN26wLdWcn+op5tmTkMM4CxCUH4MIOEThhbre2DZlLT8VNW1Jq2LdOGGmAyznLCbhMHeQm/f1+MUOUbAqlXAajrAItNBErQjYkVGuuNVHO8lXz4kLUR3eRam1ScynICz/c6yGS3uSduqXnLP0sIQygC0zYkbo6lqzGFCf62tIL2U1NGZdrF0+bY2Z71OxysZ0lkhavft6UwkiumDEf6MCn2YH0F4tSIte0JUeR3Sw2U0OihD2KUjxVN7yA4IUf98RNOpjzQIdWBjlKAuUtc+00Euk5FKAg9D/xMiXtuxT7go5ngzVfYNQk4mWTtzSaIoBMXloFVbz9hrhGEjObnZQUVGbajILPfLyT1ff93vub9ROZb15kOotYJiibRtLsoqns6dxW2FGG53R582TPnNYUApYx1XagPa9cn18jxLT9by77pZis9O/vbFKGIPOiAeU/AvJ/0lz3vGcFaS42tMb6DDjH41zryTCqf/2h40qXQqN/OZ7qgWXuMcO0kRPo0fQVbgBzhjOkhxnQf1xUSudI2GXSS+QeRxAtzsbDRuE0wi3SpI4mCMl/QTLErVDYMzSlfOzm4GLquzt4kyuCImxjdO2RICpqPpwhNGcizMb9dwKw10M3w251Su40AEvKtiDJk41ey3uJll/+Owq8EGZTeL4N2UzknYRjbXfs3m7OjepmoA3hfKF/eMu98EXJNb07QHpcKHGPnO9Hp1ogY2wXLz18iBcXzyRoyQ4tXT/27KJXZUnmeR7r8LFnsjuq5bgC+J6go9kzOV3Xk28oqKzHBvHFRKaXGw3gc1M8YHLQtINrkvieCLlmirzNqntBnKHkz6Bc0F3I8D3L5Msx7Q70uzMVIRuAd850ulxgbJvyARiox5zvXmJC8BCUX2ACbfDrruQlynHJ8Gp7IYJUvs85c9hRLlEyJYzG8pJT7pATet4i/NtEDvvThdJvfn8vUZZPXnC0IYAIp17FB/2Rn09wN8sDFpLNyaOklI8GxpWFkLCcTTM01d5bZncnRBCO5eX1LIMydgywmTsTKanFzu5TbtgKIrxiRxT+qF1cMs34BVXKjgkPrKnhfiJKOpoe6GzScNbEShkTQx7Cg7jeQa1YwIELTojlMopOs49XhelE7tps3CWajKjd0O3jplD0xCqs4RSo8/zmAIcNbV5nXLIy/r7XGIUcX4/u7ohCOiugZHcter4DE+Kfp6tjEvXVxuTvnhPt9g0U/YRpPiM8jQ2/BDGS+N+oZNNnxreWrTNPidxxu1uOil1/9xniNahvwXeS6WzD6ysvx1wQOKP+7HTa9DchFdwTrEMWxcAtHFQS5lwUXUF69t3dHncTIx59DfZzstofig==&u=U2FsdGVkX1/3PukjAu/Rq6/p73Mfi4zHIMJX3oVpNZY=&y=U2FsdGVkX18NqP40KesW+gwulvhZ2kPu2MdoScu+t4Y= HTTP/1.1" 200 26
186.154.34.159 - - [15/Jul/2024:09:54:58 -0500] "GET /kwssiamovil/sm/acme/a?s=U2FsdGVkX1+dCAQ/sf1dJ5E1qBkKvQ6Yp+9VBztU449ASnB4f85zpQn+yqa6nQk++gncjpxWtIkgxpHEmqJLyDcm7q0yEkEN9tq8mu8i+NAytFNgBTg0aVgT0bC0pJKORdGKba99O/IO4pyLvNJzK+81NV+NVssGHBpXRfSAgR8=&u=U2FsdGVkX1/3PukjAu/Rq6/p73Mfi4zHIMJX3oVpNZY=&y=U2FsdGVkX18NqP40KesW+gwulvhZ2kPu2MdoScu+t4Y= HTTP/1.1" 200 26
186.154.34.159 - - [15/Jul/2024:09:54:58 -0500] "GET /kwssiamovil/sm/acme/a?s=U2FsdGVkX194Jy8tSm2Kjd+tOepldbynXH9hyGFhuqEMEwKaIPu36FgA6vuLW5gdeCvbjK/IWyeaTdiq761bdgmIHdqr7yIa2zCEBbrg2nTkfG/yv02BjaQmA/FRxrfMVmEr6wODweNGi6lUT0UDmj4Hk8eksJa0528Tum6fZuk=&u=U2FsdGVkX1/3PukjAu/Rq6/p73Mfi4zHIMJX3oVpNZY=&y=U2FsdGVkX18NqP40KesW+gwulvhZ2kPu2MdoScu+t4Y= HTTP/1.1" 200 26
186.154.34.159 - - [15/Jul/2024:09:54:58 -0500] "GET /kwssiamovil/sm/acme/a?s=U2FsdGVkX18iBkAsEr9tWAj7sTikpWdps9DIoJ7Xhrlzir0sMQ3Bdx/1irbITIKJLrlnL4ECFOgczyhrw4fkltammUDvkihEsdW2c3r6ElyVMtThqBEKR39KQ5t6fcl0lTY8LjFz6/7hnYGF+iUS9FqeOh+h9Koug6EnVsYprQg=&u=U2FsdGVkX1/3PukjAu/Rq6/p73Mfi4zHIMJX3oVpNZY=&y=U2FsdGVkX18NqP40KesW+gwulvhZ2kPu2MdoScu+t4Y= HTTP/1.1" 200 26
186.154.34.159 - - [15/Jul/2024:09:54:58 -0500] "GET /kwssiamovil/sm/acme/a?s=U2FsdGVkX18fWaYeG+pQHGNKzm+4jVNhf/x+5RaQGjPSXDaD+3V0sGmJWcHIDHZMFnT4MSiSC9gZiifLR+nYhV53vLz0Xr10HERFXGBxnMRt1HYbfrFKn1muA9F46Cga9munDrnV64JeVhnNb28jhAVGo5p0k1eH0fItTx64UeKSAralDuSFkyrfnmJnir3a&u=U2FsdGVkX1/3PukjAu/Rq6/p73Mfi4zHIMJX3oVpNZY=&y=U2FsdGVkX18NqP40KesW+gwulvhZ2kPu2MdoScu+t4Y= HTTP/1.1" 200 26
186.29.27.161 - - [15/Jul/2024:09:54:59 -0500] "GET /BLA/resoluciones/AUTOS%202023/3501.pdf HTTP/1.1" 200 394178
201.245.192.253 - - [15/Jul/2024:09:54:59 -0500] "GET /kwsrmcab/Wsrmcab?wsdl HTTP/1.1" 200 6948
186.29.27.161 - - [15/Jul/2024:09:55:00 -0500] "GET /BLA/resoluciones/AUTOS%202023/3501.pdf HTTP/1.1" 206 1025
186.29.27.161 - - [15/Jul/2024:09:55:00 -0500] "GET /BLA/resoluciones/AUTOS%202023/3501.pdf HTTP/1.1" 200 394178
201.245.192.253 - - [15/Jul/2024:09:55:07 -0500] "POST /kwsrmcab/Wsrmcab  HTTP/1.1" 200 38712
216.244.66.195 - - [15/Jul/2024:09:55:08 -0500] "GET /BLA/resoluciones/AUTOS%202007/1354.pdf HTTP/1.1" 200 54648
172.22.2.4 - - [15/Jul/2024:09:53:34 -0500] "GET /BLA/boletinlegal/ HTTP/1.1" 200 57889
181.53.12.229 - - [15/Jul/2024:09:55:17 -0500] "POST /sipse/faces/presentacion/financiero/solicitudProceso/listarSolicitudProceso.xhtml HTTP/1.1" 200 57236
181.53.12.229 - - [15/Jul/2024:09:55:18 -0500] "GET /sipse/faces/javax.faces.resource/layout/layout.css?ln=primefaces&v=4.0 HTTP/1.1" 304 -
181.53.12.229 - - [15/Jul/2024:09:55:18 -0500] "GET /sipse/faces/javax.faces.resource/theme.css?ln=primefaces-sipse HTTP/1.1" 304 -
181.53.12.229 - - [15/Jul/2024:09:55:18 -0500] "GET /sipse/faces/javax.faces.resource/jquery/jquery.js?ln=primefaces&v=4.0 HTTP/1.1" 304 -
181.53.12.229 - - [15/Jul/2024:09:55:18 -0500] "GET /sipse/faces/javax.faces.resource/primefaces.css?ln=primefaces&v=4.0 HTTP/1.1" 304 -
181.53.12.229 - - [15/Jul/2024:09:55:18 -0500] "GET /sipse/faces/javax.faces.resource/jquery/jquery-plugins.js?ln=primefaces&v=4.0 HTTP/1.1" 304 -
181.53.12.229 - - [15/Jul/2024:09:55:18 -0500] "GET /sipse/faces/javax.faces.resource/primefaces.js?ln=primefaces&v=4.0 HTTP/1.1" 304 -
181.53.12.229 - - [15/Jul/2024:09:55:18 -0500] "GET /sipse/faces/javax.faces.resource/layout/layout.js?ln=primefaces&v=4.0 HTTP/1.1" 304 -
216.244.66.195 - - [15/Jul/2024:09:55:23 -0500] "GET /BLA/resoluciones/AUTOS%202007/1409.pdf HTTP/1.1" 200 27200
181.53.12.229 - - [15/Jul/2024:09:55:25 -0500] "POST /sipse/faces/presentacion/financiero/solicitudProceso/crearModificarSolicitudProceso.xhtml HTTP/1.1" 200 51784
181.53.12.229 - - [15/Jul/2024:09:55:29 -0500] "POST /sipse/faces/presentacion/financiero/solicitudProceso/crearModificarSolicitudProceso.xhtml HTTP/1.1" 200 25141
216.244.66.195 - - [15/Jul/2024:09:55:36 -0500] "GET /BLA/resoluciones/AUTOS%202007/1722.pdf HTTP/1.1" 200 36625
172.22.2.4 - - [15/Jul/2024:09:55:43 -0500] "GET /BLA/boletinlegal/Circulares/2023/CIRCULAR%20No.%2000009%20DEL%2010%20DE%20OCTUBRE%20DEL%202023.pdf HTTP/1.1" 200 529599
172.22.2.4 - - [15/Jul/2024:09:55:44 -0500] "GET /BLA/boletinlegal/Circulares/2023/CIRCULAR%20No.%2000010%20DEL%2010%20DE%20OCTUBRE%20DEL%202023.pdf HTTP/1.1" 200 341821
172.22.2.4 - - [15/Jul/2024:09:55:44 -0500] "GET /BLA/boletinlegal/Directivas/2014/Directiva%20No.%203%20del%2020%20de%20Mayo%20de%202014.pdf HTTP/1.1" 200 504420
172.22.2.4 - - [15/Jul/2024:09:55:44 -0500] "GET /BLA/boletinlegal/Circulares/2015/Circular%20No.%201%20del%2010%20de%20Febrero%20de%202015.pdf HTTP/1.1" 200 660637
172.22.2.4 - - [15/Jul/2024:09:55:44 -0500] "GET /BLA/boletinlegal/Circulares/2020/CIRCULAR%20No.%2000014%20del%2001%20de%20septiembre%20del%202020.pdf HTTP/1.1" 200 320826
