186.145.59.68 - - [15/Jul/2024:09:42:44 -0500] "GET /sipse/faces/javax.faces.resource/jquery/jquery-plugins.js?ln=primefaces&v=4.0 HTTP/1.1" 304 -
186.145.59.68 - - [15/Jul/2024:09:42:44 -0500] "GET /sipse/faces/javax.faces.resource/primefaces.js?ln=primefaces&v=4.0 HTTP/1.1" 304 -
181.32.208.152 - - [15/Jul/2024:09:42:44 -0500] "POST /sipse/faces/presentacion/financiero/solicitudProceso/consultarSolicitudProceso.xhtml HTTP/1.1" 200 62834
181.32.208.152 - - [15/Jul/2024:09:42:44 -0500] "GET /sipse/faces/javax.faces.resource/theme.css?ln=primefaces-sipse HTTP/1.1" 304 -
181.32.208.152 - - [15/Jul/2024:09:42:44 -0500] "GET /sipse/faces/javax.faces.resource/layout/layout.css?ln=primefaces&v=4.0 HTTP/1.1" 304 -
181.32.208.152 - - [15/Jul/2024:09:42:44 -0500] "GET /sipse/faces/javax.faces.resource/primefaces.css?ln=primefaces&v=4.0 HTTP/1.1" 304 -
181.32.208.152 - - [15/Jul/2024:09:42:44 -0500] "GET /sipse/faces/javax.faces.resource/jquery/jquery.js?ln=primefaces&v=4.0 HTTP/1.1" 304 -
181.32.208.152 - - [15/Jul/2024:09:42:44 -0500] "GET /sipse/faces/javax.faces.resource/jquery/jquery-plugins.js?ln=primefaces&v=4.0 HTTP/1.1" 304 -
181.32.208.152 - - [15/Jul/2024:09:42:44 -0500] "GET /sipse/faces/javax.faces.resource/primefaces.js?ln=primefaces&v=4.0 HTTP/1.1" 304 -
181.32.208.152 - - [15/Jul/2024:09:42:44 -0500] "GET /sipse/faces/javax.faces.resource/layout/layout.js?ln=primefaces&v=4.0 HTTP/1.1" 304 -
186.145.59.68 - - [15/Jul/2024:09:42:45 -0500] "GET /sipse/faces/javax.faces.resource/layout/layout.js?ln=primefaces&v=4.0 HTTP/1.1" 304 -
181.32.208.152 - - [15/Jul/2024:09:42:44 -0500] "POST /sipse/faces/presentacion/financiero/solicitudProceso/listarSolicitudProceso.xhtml HTTP/1.1" 200 56216
181.32.208.152 - - [15/Jul/2024:09:42:45 -0500] "POST /sipse/faces/presentacion/financiero/solicitudProceso/listarSolicitudProceso.xhtml HTTP/1.1" 200 56216
181.32.208.152 - - [15/Jul/2024:09:42:45 -0500] "POST /sipse/faces/presentacion/financiero/solicitudProceso/listarSolicitudProceso.xhtml HTTP/1.1" 200 1556
181.32.208.152 - - [15/Jul/2024:09:42:45 -0500] "POST /sipse/faces/presentacion/financiero/solicitudProceso/listarSolicitudProceso.xhtml HTTP/1.1" 200 1560
186.145.59.68 - - [15/Jul/2024:09:42:45 -0500] "POST /sipse/faces/presentacion/financiero/solicitudProceso/listarSolicitudProceso.xhtml HTTP/1.1" 200 1556
181.32.208.152 - - [15/Jul/2024:09:42:45 -0500] "POST /sipse/faces/presentacion/financiero/solicitudProceso/listarSolicitudProceso.xhtml HTTP/1.1" 200 1560
181.32.208.152 - - [15/Jul/2024:09:42:48 -0500] "POST /sipse/faces/presentacion/financiero/solicitudProceso/listarSolicitudProceso.xhtml HTTP/1.1" 200 68956
186.145.59.68 - - [15/Jul/2024:09:42:48 -0500] "POST /sipse/faces/presentacion/financiero/solicitudProceso/listarSolicitudProceso.xhtml HTTP/1.1" 200 33102
66.249.66.20 - - [15/Jul/2024:09:42:50 -0500] "GET /BLA/resoluciones/RESOLUCIONES%202004/RESOLUCION%20156%20DE%202004.PDF HTTP/1.1" 200 947266
186.145.59.68 - - [15/Jul/2024:09:42:51 -0500] "POST /sipse/faces/presentacion/financiero/solicitudProceso/listarSolicitudProceso.xhtml HTTP/1.1" 200 33058
216.245.221.92 - - [15/Jul/2024:09:42:51 -0500] "HEAD / HTTP/1.1" 200 -
186.154.34.159 - - [15/Jul/2024:09:42:52 -0500] "GET /kwssiamovil/sm/acme/a?s=U2FsdGVkX1/j34PY4qZaj5FPiv3FXvvVbWmcAoGqzLIGAnca4w1qzAeVoeayPweqDrP4C3p+3SSv2HcKjhyQZqs8WmJj/8UjeOsS5qCpvGFoaYw08vv7YAc48vVXd6aUNdKOSqW0Mi4Fipr4cEzwYQv6QKy8d69hT5AMLpfMJh+q8Jx8C/keUQmRyMI1Vv/deO3CoCDrWL+G6VxexUiR0LYJOt6dYDrZPe9MihuVRuKwBGt1K7Gmknvbrj3tQocYzfoR6SmQBKkeb9EX9qlnaA==&u=U2FsdGVkX1/3PukjAu/Rq6/p73Mfi4zHIMJX3oVpNZY=&y=U2FsdGVkX18NqP40KesW+gwulvhZ2kPu2MdoScu+t4Y= HTTP/1.1" 200 26
186.154.34.159 - - [15/Jul/2024:09:42:53 -0500] "GET /kwssiamovil/sm/acme/a?s=U2FsdGVkX19aP4CeCcshyGOlpfjTpX6QVomVVBQSi23CLhW6+J8DLyFQFuoQQRwcVY0MUdA6FvaWcTJxXYtnRUg88odbOPCeHH0f91MdnVu1tjZo8SanzUNYJP47YFAoM2wroxGEkd1c1GwI+o/jKOnPBrli+pQVdGx1B0atBj++mEcZG2AU9gor2SsRtKwuVtMv41YWRBLhOcFXz7IZgS0rMhQgRua901poMjjp5otjWAGsBv494LngUsuGqlHZusbDZqpqe2ndeUfj93ySy/GwAtBCIsnLC4+6fRCA1fqXSLaeCpVxUUk3ZXIbZ8EOVQQnOZM2oCwBSC6Yrat/jb0TjNoQYJJHZ0Ov4eon2vytdt/0u+WuizL/gCYZipMm5UZUwH7K8WXBPY2F6oqx3ClCT6T/oT9dv6Kcw4evO7MzqhQIMX6Uy+FOHDX6wHr8zcD6FcYGcl+kJ9Duiap81tuGEsPheMF74n0iWB7keo5KqOljdEjwZjxCPLNDjHDaNFijvsP+6MzN+6qZan+oVxmnjgJ8THlQjq09J6Q9Ba5XRCssc93mlh4hlaWm0vp1++fiJF6duv7/X41uQdrB4JW1vqhd/V+qUEIlBw7zs9W2QH1XpOAO16oy+NliA9l4BkTodhVSfZLzaNnXQgsyMe3GqlN5KJB0+Tni+b1TnN+jbozQQ4AQ4KlIoThHfvIUbfjjMGkPYFUQIAIRL4X4ZYcAS90ikGLKAGiA9XJnwOUZiaRO1S0/vHHsJfSzzg/p4Gx3A/uEdKKVJeHhQOG7Uxtte05ShnPe4wAA7cswS1lyqAqJNc8QgFwm+fLL0FzkFKEOuBFKkbVJCfmaue2qVoSQA8k62zJi9n4uQUGBY/igM1qgI1FFFacXd140sw9wcVCZSgeQ2R4oJc/1aB8C4T5J2QZhZIfyDXeGH3zev900JiRV5C0+AQ1P7c2QSr/oYy9dz+7cGAh0YRrmcg6c/3AbE9dZ7oJxTEDBkcv629K4d+V4ztjZclb+9FDeVCyD852qSro7oEq40peLEfx7vir4eHKk5t/ek2Hd+vqqwbWmYRpDhQG0NcnL6BIE8Kq60SaFTCFs+q6fp70APJHSrUJmU0KLwAvQU6NTrO10cNMFWDvPFP+aK4gQ/pNJh6bnFBGEJry23s+Un2OmS5R94Nt+KMZhBMYtjjXzyKYasQQ634Uy0KVIq35DG44wx5LEm9RslDw6Jx9lOsp/Fjvo3KB1QpQ4Ipc7qKD729NHX7zc/kc+5uBQQNqTXOr/yH1rxKjvpplOtjt1zutQc/XM08XjvR7pnPVr8i11G/xVGZiiYmbTkmc/LacJhy5q9aDYK07WXHD5dXs7XAMeR+uKB1GFyFittfJpVeL4800LBQ+GP5Hhsqzl/WkKBsUAZ4SDvuJROvXQzCrA/HMi/9UKIFZ5sIm6la0ISQNPhI0prHywMViaJp/IG6i7CQ8pMGdUo+QRqSEHgtvv6M96tfAPweJJM++bpIrZHUzgn8UzHklRC6Lx/J6+Fa0uFb9zJkeCWV9DMXmlSUC1clqO6hjFyUaBQ7GMehxNqf6t9odk+bF/WZJeeKagfNwfFDtyfAIEcUjJE1o909bChm6kxP0RUpHJShinJKrxmEgOCOSakcey/Ah6E3yO+7teHMD4eEGp/sJ6/bGWxNsJRF8LtGUn+Xpg64LVGbwzGea+CXQi3iD6k5VVHeLu+ZAp+xK27yfXfsg363eaeASlie4InyILvj41XJ/VIpi9xEmqRxiyKh029wkGUSB9cTvLrB041wr35N3j2gFgTiowNLLpfGsAjgjYuJqSayQLbT+GvXgiO5/uuGsOjlBFZMQ9TgAPHHCQtuW1iYYa6QMG2MeuVpjVQ2zFv4EoffkQ2XQCLoWkQ2f/AqPT9Arnno42SfJGnhv5N3+ofAfwJ56ryc3Yq5mkqR3V1pYgQ2i25zqIzBSs0uncxqrzeisCONCf5beMbFD5NuYRRZI0Q7zTB0rZWce9gM3C7/43k3jvn2W1ve2hadHxgvoDzN5gUB16eXBwGxSba3hf++HwqL4wBXNCY0IPsIyp0qIdH5v1wZcQDFhRvr8m0uKM8cTN3gP0jar4z9AkleHaB0J+VDTSgpwyC1rEV76XWaWjPWYz+h9Ix+92MIpfnNxIRP2BpVNyuU/klyWGm+oDVNYRv56Kgf/KlDNQq2sc/mD6MHaEMVhnVjq9t79tkDfoPfGK0Ef3dwr7WxVA&u=U2FsdGVkX1/3PukjAu/Rq6/p73Mfi4zHIMJX3oVpNZY=&y=U2FsdGVkX18NqP40KesW+gwulvhZ2kPu2MdoScu+t4Y= HTTP/1.1" 200 26
186.154.34.159 - - [15/Jul/2024:09:42:53 -0500] "GET /kwssiamovil/sm/acme/a?s=U2FsdGVkX19fxVGx8Y6JIUieNRVIl4dHVVRcg9bX4sIcpH4CeGiFWczKvZ5bsxOarBQjyctkTiWWOXTDK/k1FDfXIH8yDydplCNxF/nv4/HT5uTnTL8vgNDZGZFOUSn6b+kyVi9Ozll292KrYvyZkpcAvUZomczqc22euZORCy4=&u=U2FsdGVkX1/3PukjAu/Rq6/p73Mfi4zHIMJX3oVpNZY=&y=U2FsdGVkX18NqP40KesW+gwulvhZ2kPu2MdoScu+t4Y= HTTP/1.1" 200 26
186.154.34.159 - - [15/Jul/2024:09:42:53 -0500] "GET /kwssiamovil/sm/acme/a?s=U2FsdGVkX18rTJhWucMWzLPQhqSZa6sGwhGAY6TKK85okjy2Y3qoiHMXsqzanwquWyxi0Mg4OsOjfUdIu4Nm/39npbkaFd8fPOtQIO5D8eadkHw8viA0AXXOZGJHFuB86sSaGt7YPyZLVYpT8G0jpBcYnWJv0XF0/PqYDTEr2bg=&u=U2FsdGVkX1/3PukjAu/Rq6/p73Mfi4zHIMJX3oVpNZY=&y=U2FsdGVkX18NqP40KesW+gwulvhZ2kPu2MdoScu+t4Y= HTTP/1.1" 200 26
186.154.34.159 - - [15/Jul/2024:09:42:53 -0500] "GET /kwssiamovil/sm/acme/a?s=U2FsdGVkX1+701tq3qm0E4+7Hx/qK2l6OnZ2CFH9fwojyGbVo7MfFrtGtBuL51oJ+lCqnXMOBdAwHJFGiU5sTALbGZw6EHBlJQ5hEjZ3jGnJVvfyg7Ue2BXVjE62u6+Y0tYdCJDhHsMUGnMBEaoW4fJ12iHnMtXedYjmoBvRDks=&u=U2FsdGVkX1/3PukjAu/Rq6/p73Mfi4zHIMJX3oVpNZY=&y=U2FsdGVkX18NqP40KesW+gwulvhZ2kPu2MdoScu+t4Y= HTTP/1.1" 200 26
186.154.34.159 - - [15/Jul/2024:09:42:54 -0500] "GET /kwssiamovil/sm/acme/a?s=U2FsdGVkX18ZtaDlifrTIAZBXSlRC8HyIGFZ5QfOmM0xpgs1CgIXq3PwqY2+Q6W7nlSmQCCqJhE4eWg01iN1Jq2GCguG2sNTyhGr49KupvvQUl/Qef9JCJCP02SzhSFQJ9Y9FjaC7R2XqR0/NUNEd3l28fCMby8/mbo+fugdUSo7Fgd7G33EBpJahWscn5Wg&u=U2FsdGVkX1/3PukjAu/Rq6/p73Mfi4zHIMJX3oVpNZY=&y=U2FsdGVkX18NqP40KesW+gwulvhZ2kPu2MdoScu+t4Y= HTTP/1.1" 200 26
66.249.66.20 - - [15/Jul/2024:09:42:54 -0500] "GET /BLA/resoluciones/RESOLUCIONES%202004/0113.pdf HTTP/1.1" 200 175623
186.154.34.159 - - [15/Jul/2024:09:42:54 -0500] "GET /kwssiamovil/sm/acme/a?s=U2FsdGVkX1+6xIwNJlJbITxGBAU2KdiW6ZfRmPUkGbHk/2Uv6nA7acUfahhMApHhOZQf9/ZbltY/etjtBL6MM5+VC4EgCz2Zro3ZP6vsYFGK0q/Hw+pkvbBovPQ12EB4AivTSAXJ202R61qMeOk3Yoo+63QB9dAMwdlWzTuQ67mJZG2L2li7/qzD3vDDhtKS/H6cfBLSiAfnwV3Y54As1kBVAt+X+ZW9rD1Dwzw2kIayphQ53Lo5h36FSC1A9vkCbW0TQTU6IMANzt+wuuzTs2kBUtldwJyIUY3u5tXpN/uVIRSGVSA56YCtRr9vMSIxMJKdYguYeJsKWlBgf38xP2vTJQiPgztsxrC9Kt1BNvc/+9LI8jqdLDL/dD20jeyP62xkHa68OCkusPuf54ZAL2VRDFLh73cddBgnlR7nbJQmxs5IYXQLW0l3NjyC0J/jumO1vaHqgY1gm35a6OKm7QBlkoqob5s5TJBJdKGtL83fJYptrSNOY5vMvj5jc60TvV9G9KEQJYzxwTf1qU4BYw==&u=U2FsdGVkX1/3PukjAu/Rq6/p73Mfi4zHIMJX3oVpNZY=&y=U2FsdGVkX18NqP40KesW+gwulvhZ2kPu2MdoScu+t4Y= HTTP/1.1" 200 26
186.154.34.159 - - [15/Jul/2024:09:42:54 -0500] "GET /kwssiamovil/sm/acme/a?s=U2FsdGVkX1+lHuA09DX7QvNGow+UCi6JTV+34rOj6u//BvUo3jUWaInGIvqsd5azUzqirNmEadN8tCNwDAP0KtfYD3UI/3y+zCYG0FmSzvKgYxe6b1vQXEuPaHMwfhRUkG1JMaXrnh05zomuINUJwl1xObFBz2EB3ZyUOnHj9I6ukf7SXb4nxnDUkNVm7pd9DgPB1hOthzJT73DusS63uhru12c08QAHiF1Ow66yix6LHAkqBsqw0UagotGoCVeRe894pafBgKl+GKC3a5TPB6el5WS/h2c+B8PyQ24PKL9Z+oaVV/i5eP35Q44C5Q0mlxHjeDFktPe8/ityelZ8a1wnQ61JqMW0PUvX9nqblHMZESBzDFQrjob8NUNP6TnLWtmVSs34E+9tAMja3L9i4KamGgRAs+r1t4Oag2D3ww/rJAlnFn6QxWsdN19/RTn5oQnLt2Ya6U5D9rNgSHekgOrc9OC0evav+VOdcv97S0R3w7h949QOFOWKcJF3YXRK&u=U2FsdGVkX1/3PukjAu/Rq6/p73Mfi4zHIMJX3oVpNZY=&y=U2FsdGVkX18NqP40KesW+gwulvhZ2kPu2MdoScu+t4Y= HTTP/1.1" 200 26
201.245.192.253 - - [15/Jul/2024:09:42:59 -0500] "GET /kwsrmcab/Wsrmcab?wsdl HTTP/1.1" 200 6948
66.249.66.19 - - [15/Jul/2024:09:43:01 -0500] "GET /BLA/resoluciones/RESOLUCIONES%202004/0837.pdf HTTP/1.1" 200 35828
181.32.208.152 - - [15/Jul/2024:09:43:02 -0500] "POST /sipse/faces/presentacion/financiero/solicitudProceso/listarSolicitudProceso.xhtml HTTP/1.1" 200 56216
181.32.208.152 - - [15/Jul/2024:09:43:03 -0500] "POST /sipse/faces/presentacion/financiero/solicitudProceso/listarSolicitudProceso.xhtml HTTP/1.1" 200 56216
181.32.208.152 - - [15/Jul/2024:09:43:03 -0500] "POST /sipse/faces/presentacion/financiero/solicitudProceso/listarSolicitudProceso.xhtml HTTP/1.1" 200 56216
181.32.208.152 - - [15/Jul/2024:09:43:03 -0500] "POST /sipse/faces/presentacion/financiero/solicitudProceso/listarSolicitudProceso.xhtml HTTP/1.1" 200 56216
181.32.208.152 - - [15/Jul/2024:09:43:03 -0500] "POST /sipse/faces/presentacion/financiero/solicitudProceso/listarSolicitudProceso.xhtml HTTP/1.1" 200 1556
181.32.208.152 - - [15/Jul/2024:09:43:03 -0500] "POST /sipse/faces/presentacion/financiero/solicitudProceso/listarSolicitudProceso.xhtml HTTP/1.1" 200 1560
181.32.208.152 - - [15/Jul/2024:09:43:03 -0500] "POST /sipse/faces/presentacion/financiero/solicitudProceso/listarSolicitudProceso.xhtml HTTP/1.1" 200 1560
181.32.208.152 - - [15/Jul/2024:09:43:03 -0500] "POST /sipse/faces/presentacion/financiero/solicitudProceso/listarSolicitudProceso.xhtml HTTP/1.1" 200 1560
181.32.208.152 - - [15/Jul/2024:09:43:07 -0500] "POST /sipse/faces/presentacion/financiero/solicitudProceso/listarSolicitudProceso.xhtml HTTP/1.1" 200 68956
66.249.66.19 - - [15/Jul/2024:09:43:12 -0500] "GET /BLA/resoluciones/RESOLUCIONES%202018/3431.pdf HTTP/1.1" 200 242017
181.32.208.152 - - [15/Jul/2024:09:43:13 -0500] "POST /sipse/faces/presentacion/financiero/solicitudProceso/listarSolicitudProceso.xhtml HTTP/1.1" 200 83385
181.32.208.152 - - [15/Jul/2024:09:43:14 -0500] "POST /sipse/faces/presentacion/financiero/solicitudProceso/listarSolicitudProceso.xhtml HTTP/1.1" 200 1848
186.29.35.204 - - [15/Jul/2024:09:43:17 -0500] "GET /sipse/faces/index.xhtml HTTP/1.1" 200 677
186.29.35.204 - - [15/Jul/2024:09:43:17 -0500] "GET /sipse/faces/javax.faces.resource/theme.css?ln=primefaces-sipse HTTP/1.1" 304 -
186.29.35.204 - - [15/Jul/2024:09:43:17 -0500] "GET /sipse/faces/faces/autenticacion.xhtml HTTP/1.1" 200 12409
186.29.35.204 - - [15/Jul/2024:09:43:17 -0500] "GET /sipse/js/disable_browser_buttons.js HTTP/1.1" 304 -
186.29.35.204 - - [15/Jul/2024:09:43:17 -0500] "GET /sipse/js/funciones.js HTTP/1.1" 304 -
186.29.35.204 - - [15/Jul/2024:09:43:17 -0500] "GET /sipse/css/custom_css_sg.css HTTP/1.1" 304 -
186.29.35.204 - - [15/Jul/2024:09:43:17 -0500] "GET /sipse/css/custom_css_sg_prime_login.css HTTP/1.1" 304 -
186.29.35.204 - - [15/Jul/2024:09:43:17 -0500] "GET /sipse/faces/javax.faces.resource/theme.css?ln=primefaces-sipse HTTP/1.1" 304 -
186.29.35.204 - - [15/Jul/2024:09:43:17 -0500] "GET /sipse/faces/javax.faces.resource/layout/layout.css?ln=primefaces&v=4.0 HTTP/1.1" 304 -
186.29.35.204 - - [15/Jul/2024:09:43:17 -0500] "GET /sipse/faces/javax.faces.resource/primefaces.css?ln=primefaces&v=4.0 HTTP/1.1" 304 -
186.29.35.204 - - [15/Jul/2024:09:43:17 -0500] "GET /sipse/faces/javax.faces.resource/primefaces.js?ln=primefaces&v=4.0 HTTP/1.1" 304 -
186.29.35.204 - - [15/Jul/2024:09:43:17 -0500] "GET /sipse/faces/javax.faces.resource/jquery/jquery-plugins.js?ln=primefaces&v=4.0 HTTP/1.1" 304 -
186.29.35.204 - - [15/Jul/2024:09:43:17 -0500] "GET /sipse/faces/javax.faces.resource/jquery/jquery.js?ln=primefaces&v=4.0 HTTP/1.1" 304 -
186.29.35.204 - - [15/Jul/2024:09:43:17 -0500] "GET /sipse/faces/javax.faces.resource/layout/layout.js?ln=primefaces&v=4.0 HTTP/1.1" 304 -
186.29.35.204 - - [15/Jul/2024:09:43:17 -0500] "GET /sipse/css/imagen/logoSDG.png HTTP/1.1" 304 -
186.29.35.204 - - [15/Jul/2024:09:43:17 -0500] "GET /sipse/css/imagen/loginimg.png HTTP/1.1" 304 -
186.29.35.204 - - [15/Jul/2024:09:43:17 -0500] "GET /sipse/faces/javax.faces.resource/images/ui-icons_898989_256x240.png?ln=primefaces-aristo HTTP/1.1" 304 -
186.29.35.204 - - [15/Jul/2024:09:43:22 -0500] "POST /sipse/faces/autenticacion.xhtml HTTP/1.1" 200 2223
186.29.35.204 - - [15/Jul/2024:09:43:22 -0500] "GET /sipse/faces/javax.faces.resource/messages/messages.png?ln=primefaces&v=4.0 HTTP/1.1" 304 -
186.29.35.204 - - [15/Jul/2024:09:43:24 -0500] "POST /sipse/faces/autenticacion.xhtml HTTP/1.1" 200 16340
186.29.35.204 - - [15/Jul/2024:09:43:24 -0500] "GET /sipse/faces/javax.faces.resource/primefaces.css?ln=primefaces&v=4.0 HTTP/1.1" 304 -
186.29.35.204 - - [15/Jul/2024:09:43:24 -0500] "GET /sipse/faces/javax.faces.resource/theme.css?ln=primefaces-sipse HTTP/1.1" 304 -
186.29.35.204 - - [15/Jul/2024:09:43:24 -0500] "GET /sipse/faces/javax.faces.resource/layout/layout.css?ln=primefaces&v=4.0 HTTP/1.1" 304 -
186.29.35.204 - - [15/Jul/2024:09:43:24 -0500] "GET /sipse/js/jquery.min.js HTTP/1.1" 304 -
186.29.35.204 - - [15/Jul/2024:09:43:24 -0500] "GET /sipse/css/custom_css_sg_prime.css HTTP/1.1" 304 -
186.29.35.204 - - [15/Jul/2024:09:43:24 -0500] "GET /sipse/faces/javax.faces.resource/jquery/jquery.js?ln=primefaces&v=4.0 HTTP/1.1" 304 -
186.29.35.204 - - [15/Jul/2024:09:43:24 -0500] "GET /sipse/faces/javax.faces.resource/jquery/jquery-plugins.js?ln=primefaces&v=4.0 HTTP/1.1" 304 -
186.29.35.204 - - [15/Jul/2024:09:43:24 -0500] "GET /sipse/faces/javax.faces.resource/primefaces.js?ln=primefaces&v=4.0 HTTP/1.1" 304 -
186.29.35.204 - - [15/Jul/2024:09:43:24 -0500] "GET /sipse/faces/javax.faces.resource/layout/layout.js?ln=primefaces&v=4.0 HTTP/1.1" 304 -
186.29.35.204 - - [15/Jul/2024:09:43:24 -0500] "GET /sipse/css/v_mergente.css HTTP/1.1" 304 -
186.29.35.204 - - [15/Jul/2024:09:43:24 -0500] "GET /sipse/imagenes/cargando.gif HTTP/1.1" 304 -
186.29.35.204 - - [15/Jul/2024:09:43:24 -0500] "GET /sipse/css/imagen/contrasena.png HTTP/1.1" 404 383
186.29.35.204 - - [15/Jul/2024:09:43:24 -0500] "GET /sipse/imagenes/logoAplicacion.jpg HTTP/1.1" 304 -
186.29.35.204 - - [15/Jul/2024:09:43:30 -0500] "GET /sipse/faces/javax.faces.resource/images/ui-bg_flat_0_2d5972_40x100.png?ln=primefaces-aristo HTTP/1.1" 304 -
186.29.35.204 - - [15/Jul/2024:09:43:30 -0500] "POST /sipse/faces/bienvenido.xhtml HTTP/1.1" 200 2658
186.29.35.204 - - [15/Jul/2024:09:43:31 -0500] "POST /sipse/faces/bienvenido.xhtml HTTP/1.1" 200 64318
181.32.208.152 - - [15/Jul/2024:09:43:32 -0500] "POST /sipse/faces/presentacion/financiero/solicitudProceso/listarSolicitudProceso.xhtml HTTP/1.1" 200 83414
186.29.35.204 - - [15/Jul/2024:09:43:32 -0500] "GET /sipse/faces/javax.faces.resource/theme.css?ln=primefaces-sipse HTTP/1.1" 304 -
186.29.35.204 - - [15/Jul/2024:09:43:32 -0500] "GET /sipse/faces/javax.faces.resource/primefaces.css?ln=primefaces&v=4.0 HTTP/1.1" 304 -
186.29.35.204 - - [15/Jul/2024:09:43:32 -0500] "GET /sipse/faces/javax.faces.resource/layout/layout.css?ln=primefaces&v=4.0 HTTP/1.1" 304 -
186.29.35.204 - - [15/Jul/2024:09:43:32 -0500] "GET /sipse/faces/javax.faces.resource/jquery/jquery.js?ln=primefaces&v=4.0 HTTP/1.1" 304 -
186.29.35.204 - - [15/Jul/2024:09:43:32 -0500] "GET /sipse/faces/javax.faces.resource/jquery/jquery-plugins.js?ln=primefaces&v=4.0 HTTP/1.1" 304 -
186.29.35.204 - - [15/Jul/2024:09:43:32 -0500] "GET /sipse/faces/javax.faces.resource/primefaces.js?ln=primefaces&v=4.0 HTTP/1.1" 304 -
186.29.35.204 - - [15/Jul/2024:09:43:32 -0500] "GET /sipse/faces/javax.faces.resource/layout/layout.js?ln=primefaces&v=4.0 HTTP/1.1" 304 -
181.32.208.152 - - [15/Jul/2024:09:43:32 -0500] "POST /sipse/faces/presentacion/financiero/solicitudProceso/listarSolicitudProceso.xhtml HTTP/1.1" 200 1852
186.29.35.204 - - [15/Jul/2024:09:43:32 -0500] "POST /sipse/faces/presentacion/financiero/solicitudProceso/listarSolicitudProceso.xhtml HTTP/1.1" 200 1556
181.32.208.152 - - [15/Jul/2024:09:43:32 -0500] "POST /sipse/faces/presentacion/financiero/solicitudProceso/listarSolicitudProceso.xhtml HTTP/1.1" 200 71984
181.32.208.152 - - [15/Jul/2024:09:43:32 -0500] "POST /sipse/faces/presentacion/financiero/solicitudProceso/listarSolicitudProceso.xhtml HTTP/1.1" 200 84004
172.22.2.4 - - [15/Jul/2024:09:41:54 -0500] "GET /BLA/boletinlegal/ HTTP/1.1" 200 43032
186.29.35.204 - - [15/Jul/2024:09:43:41 -0500] "POST /sipse/faces/presentacion/financiero/solicitudProceso/listarSolicitudProceso.xhtml HTTP/1.1" 200 13488
186.29.35.204 - - [15/Jul/2024:09:43:43 -0500] "POST /sipse/faces/presentacion/financiero/solicitudProceso/listarSolicitudProceso.xhtml HTTP/1.1" 200 128825
186.29.35.204 - - [15/Jul/2024:09:43:43 -0500] "GET /sipse/faces/javax.faces.resource/theme.css?ln=primefaces-sipse HTTP/1.1" 304 -
186.29.35.204 - - [15/Jul/2024:09:43:43 -0500] "GET /sipse/faces/javax.faces.resource/primefaces.css?ln=primefaces&v=4.0 HTTP/1.1" 304 -
186.29.35.204 - - [15/Jul/2024:09:43:43 -0500] "GET /sipse/faces/javax.faces.resource/layout/layout.css?ln=primefaces&v=4.0 HTTP/1.1" 304 -
186.29.35.204 - - [15/Jul/2024:09:43:43 -0500] "GET /sipse/faces/javax.faces.resource/jquery/jquery.js?ln=primefaces&v=4.0 HTTP/1.1" 304 -
186.29.35.204 - - [15/Jul/2024:09:43:43 -0500] "GET /sipse/faces/javax.faces.resource/jquery/jquery-plugins.js?ln=primefaces&v=4.0 HTTP/1.1" 304 -
186.29.35.204 - - [15/Jul/2024:09:43:43 -0500] "GET /sipse/faces/javax.faces.resource/primefaces.js?ln=primefaces&v=4.0 HTTP/1.1" 304 -
186.29.35.204 - - [15/Jul/2024:09:43:43 -0500] "GET /sipse/faces/javax.faces.resource/layout/layout.js?ln=primefaces&v=4.0 HTTP/1.1" 304 -
66.249.66.19 - - [15/Jul/2024:09:43:52 -0500] "GET /BLA/resoluciones/RESOLUCIONES%202004/RESOLUCION%201739%20DE%202004.PDF HTTP/1.1" 200 179501
181.32.208.152 - - [15/Jul/2024:09:43:54 -0500] "POST /sipse/faces/presentacion/financiero/solicitudProceso/listarSolicitudProceso.xhtml HTTP/1.1" 200 119685
181.32.208.152 - - [15/Jul/2024:09:43:54 -0500] "GET /sipse/faces/javax.faces.resource/theme.css?ln=primefaces-sipse HTTP/1.1" 304 -
181.32.208.152 - - [15/Jul/2024:09:43:54 -0500] "GET /sipse/faces/javax.faces.resource/layout/layout.css?ln=primefaces&v=4.0 HTTP/1.1" 304 -
181.32.208.152 - - [15/Jul/2024:09:43:54 -0500] "GET /sipse/faces/javax.faces.resource/primefaces.css?ln=primefaces&v=4.0 HTTP/1.1" 304 -
181.32.208.152 - - [15/Jul/2024:09:43:54 -0500] "GET /sipse/faces/javax.faces.resource/jquery/jquery.js?ln=primefaces&v=4.0 HTTP/1.1" 304 -
181.32.208.152 - - [15/Jul/2024:09:43:55 -0500] "GET /sipse/faces/javax.faces.resource/jquery/jquery-plugins.js?ln=primefaces&v=4.0 HTTP/1.1" 304 -
181.32.208.152 - - [15/Jul/2024:09:43:55 -0500] "GET /sipse/faces/javax.faces.resource/primefaces.js?ln=primefaces&v=4.0 HTTP/1.1" 304 -
181.32.208.152 - - [15/Jul/2024:09:43:55 -0500] "GET /sipse/faces/javax.faces.resource/layout/layout.js?ln=primefaces&v=4.0 HTTP/1.1" 304 -
172.22.2.4 - - [15/Jul/2024:09:42:16 -0500] "GET /BLA/boletinlegal/ HTTP/1.1" 200 44737
201.245.192.253 - - [15/Jul/2024:09:43:59 -0500] "GET /kwsrmcab/Wsrmcab?wsdl HTTP/1.1" 200 6948
186.29.35.204 - - [15/Jul/2024:09:44:03 -0500] "POST /sipse/faces/presentacion/financiero/solicitudProceso/consultarSolicitudProceso.xhtml HTTP/1.1" 200 37060
186.29.35.204 - - [15/Jul/2024:09:44:04 -0500] "GET /sipse/faces/javax.faces.resource/theme.css?ln=primefaces-sipse HTTP/1.1" 304 -
186.29.35.204 - - [15/Jul/2024:09:44:04 -0500] "GET /sipse/faces/javax.faces.resource/primefaces.css?ln=primefaces&v=4.0 HTTP/1.1" 304 -
186.29.35.204 - - [15/Jul/2024:09:44:04 -0500] "GET /sipse/faces/javax.faces.resource/jquery/jquery.js?ln=primefaces&v=4.0 HTTP/1.1" 304 -
186.29.35.204 - - [15/Jul/2024:09:44:04 -0500] "GET /sipse/faces/javax.faces.resource/layout/layout.css?ln=primefaces&v=4.0 HTTP/1.1" 304 -
186.29.35.204 - - [15/Jul/2024:09:44:04 -0500] "GET /sipse/faces/javax.faces.resource/jquery/jquery-plugins.js?ln=primefaces&v=4.0 HTTP/1.1" 304 -
186.29.35.204 - - [15/Jul/2024:09:44:04 -0500] "GET /sipse/faces/javax.faces.resource/primefaces.js?ln=primefaces&v=4.0 HTTP/1.1" 304 -
186.29.35.204 - - [15/Jul/2024:09:44:04 -0500] "GET /sipse/faces/javax.faces.resource/layout/layout.js?ln=primefaces&v=4.0 HTTP/1.1" 304 -
186.29.35.204 - - [15/Jul/2024:09:44:04 -0500] "POST /sipse/faces/presentacion/financiero/solicitudProceso/listarSolicitudProceso.xhtml HTTP/1.1" 200 30446
186.29.35.204 - - [15/Jul/2024:09:44:05 -0500] "POST /sipse/faces/presentacion/financiero/solicitudProceso/listarSolicitudProceso.xhtml HTTP/1.1" 200 30446
186.29.35.204 - - [15/Jul/2024:09:44:05 -0500] "POST /sipse/faces/presentacion/financiero/solicitudProceso/listarSolicitudProceso.xhtml HTTP/1.1" 200 1404
186.29.35.204 - - [15/Jul/2024:09:44:06 -0500] "POST /sipse/faces/presentacion/financiero/solicitudProceso/listarSolicitudProceso.xhtml HTTP/1.1" 200 1400
186.29.35.204 - - [15/Jul/2024:09:44:06 -0500] "POST /sipse/faces/presentacion/financiero/solicitudProceso/listarSolicitudProceso.xhtml HTTP/1.1" 200 1400
186.29.35.204 - - [15/Jul/2024:09:44:09 -0500] "POST /sipse/faces/presentacion/financiero/solicitudProceso/listarSolicitudProceso.xhtml HTTP/1.1" 200 13621
186.29.35.204 - - [15/Jul/2024:09:44:10 -0500] "POST /sipse/faces/presentacion/financiero/solicitudProceso/listarSolicitudProceso.xhtml HTTP/1.1" 200 134949
186.29.35.204 - - [15/Jul/2024:09:44:11 -0500] "GET /sipse/faces/javax.faces.resource/theme.css?ln=primefaces-sipse HTTP/1.1" 304 -
186.29.35.204 - - [15/Jul/2024:09:44:11 -0500] "GET /sipse/faces/javax.faces.resource/layout/layout.css?ln=primefaces&v=4.0 HTTP/1.1" 304 -
186.29.35.204 - - [15/Jul/2024:09:44:11 -0500] "GET /sipse/faces/javax.faces.resource/primefaces.css?ln=primefaces&v=4.0 HTTP/1.1" 304 -
186.29.35.204 - - [15/Jul/2024:09:44:11 -0500] "GET /sipse/faces/javax.faces.resource/jquery/jquery.js?ln=primefaces&v=4.0 HTTP/1.1" 304 -
186.29.35.204 - - [15/Jul/2024:09:44:11 -0500] "GET /sipse/faces/javax.faces.resource/jquery/jquery-plugins.js?ln=primefaces&v=4.0 HTTP/1.1" 304 -
186.29.35.204 - - [15/Jul/2024:09:44:11 -0500] "GET /sipse/faces/javax.faces.resource/primefaces.js?ln=primefaces&v=4.0 HTTP/1.1" 304 -
186.29.35.204 - - [15/Jul/2024:09:44:11 -0500] "GET /sipse/faces/javax.faces.resource/layout/layout.js?ln=primefaces&v=4.0 HTTP/1.1" 304 -
66.249.66.21 - - [15/Jul/2024:09:44:24 -0500] "GET /BLA/resoluciones/RESOLUCIONES%202004/0197.pdf HTTP/1.1" 200 368420
186.29.35.204 - - [15/Jul/2024:09:44:46 -0500] "POST /sipse/faces/presentacion/financiero/solicitudProceso/consultarSolicitudProceso.xhtml HTTP/1.1" 200 37193
186.29.35.204 - - [15/Jul/2024:09:44:46 -0500] "GET /sipse/faces/javax.faces.resource/theme.css?ln=primefaces-sipse HTTP/1.1" 304 -
186.29.35.204 - - [15/Jul/2024:09:44:46 -0500] "GET /sipse/faces/javax.faces.resource/primefaces.css?ln=primefaces&v=4.0 HTTP/1.1" 304 -
186.29.35.204 - - [15/Jul/2024:09:44:46 -0500] "GET /sipse/faces/javax.faces.resource/layout/layout.css?ln=primefaces&v=4.0 HTTP/1.1" 304 -
186.29.35.204 - - [15/Jul/2024:09:44:46 -0500] "GET /sipse/faces/javax.faces.resource/jquery/jquery.js?ln=primefaces&v=4.0 HTTP/1.1" 304 -
186.29.35.204 - - [15/Jul/2024:09:44:46 -0500] "GET /sipse/faces/javax.faces.resource/jquery/jquery-plugins.js?ln=primefaces&v=4.0 HTTP/1.1" 304 -
186.29.35.204 - - [15/Jul/2024:09:44:46 -0500] "GET /sipse/faces/javax.faces.resource/primefaces.js?ln=primefaces&v=4.0 HTTP/1.1" 304 -
186.29.35.204 - - [15/Jul/2024:09:44:46 -0500] "GET /sipse/faces/javax.faces.resource/layout/layout.js?ln=primefaces&v=4.0 HTTP/1.1" 304 -
186.29.35.204 - - [15/Jul/2024:09:44:47 -0500] "POST /sipse/faces/presentacion/financiero/solicitudProceso/listarSolicitudProceso.xhtml HTTP/1.1" 200 30579
186.29.35.204 - - [15/Jul/2024:09:44:47 -0500] "POST /sipse/faces/presentacion/financiero/solicitudProceso/listarSolicitudProceso.xhtml HTTP/1.1" 200 30579
186.29.35.204 - - [15/Jul/2024:09:44:48 -0500] "POST /sipse/faces/presentacion/financiero/solicitudProceso/listarSolicitudProceso.xhtml HTTP/1.1" 200 30579
186.29.35.204 - - [15/Jul/2024:09:44:48 -0500] "POST /sipse/faces/presentacion/financiero/solicitudProceso/listarSolicitudProceso.xhtml HTTP/1.1" 200 30579
186.29.35.204 - - [15/Jul/2024:09:44:49 -0500] "POST /sipse/faces/presentacion/financiero/solicitudProceso/listarSolicitudProceso.xhtml HTTP/1.1" 200 1404
186.29.35.204 - - [15/Jul/2024:09:44:49 -0500] "POST /sipse/faces/presentacion/financiero/solicitudProceso/listarSolicitudProceso.xhtml HTTP/1.1" 200 1400
186.29.35.204 - - [15/Jul/2024:09:44:50 -0500] "POST /sipse/faces/presentacion/financiero/solicitudProceso/listarSolicitudProceso.xhtml HTTP/1.1" 200 1400
186.29.35.204 - - [15/Jul/2024:09:44:50 -0500] "POST /sipse/faces/presentacion/financiero/solicitudProceso/listarSolicitudProceso.xhtml HTTP/1.1" 200 1396
186.29.35.204 - - [15/Jul/2024:09:44:50 -0500] "POST /sipse/faces/presentacion/financiero/solicitudProceso/listarSolicitudProceso.xhtml HTTP/1.1" 200 1396
186.29.35.204 - - [15/Jul/2024:09:44:52 -0500] "POST /sipse/faces/presentacion/financiero/solicitudProceso/listarSolicitudProceso.xhtml HTTP/1.1" 200 39360
186.29.35.204 - - [15/Jul/2024:09:44:53 -0500] "POST /sipse/faces/presentacion/financiero/solicitudProceso/listarSolicitudProceso.xhtml HTTP/1.1" 200 39356
186.29.35.204 - - [15/Jul/2024:09:44:55 -0500] "POST /sipse/faces/presentacion/financiero/solicitudProceso/listarSolicitudProceso.xhtml HTTP/1.1" 200 13477
201.245.192.253 - - [15/Jul/2024:09:44:59 -0500] "GET /kwsrmcab/Wsrmcab?wsdl HTTP/1.1" 200 6948
201.245.192.253 - - [15/Jul/2024:09:45:11 -0500] "POST /kwsrmcab/Wsrmcab  HTTP/1.1" 200 38712
190.107.30.18 - - [15/Jul/2024:09:45:18 -0500] "GET /BLA/resoluciones/RESOLUCIONES%202022/1078.pdf HTTP/1.1" 200 1402296
66.249.66.20 - - [15/Jul/2024:09:45:36 -0500] "GET /BLA/resoluciones/RESOLUCIONES%202004/0088.pdf HTTP/1.1" 200 77547
186.29.35.204 - - [15/Jul/2024:09:45:48 -0500] "POST /sipse/faces/presentacion/financiero/solicitudProceso/listarSolicitudProceso.xhtml HTTP/1.1" 200 13711
201.245.192.253 - - [15/Jul/2024:09:45:59 -0500] "GET /kwsrmcab/Wsrmcab?wsdl HTTP/1.1" 200 6948
66.249.66.19 - - [15/Jul/2024:09:46:10 -0500] "GET /BLA/resoluciones/RESOLUCIONES%202004/RESOLUCION%20461%20DE%202004.PDF HTTP/1.1" 200 978047
47.128.19.148 - - [15/Jul/2024:09:46:15 -0500] "GET /BLA/resoluciones/AUTOS%202021/0245.php?act=processes&d=E%3A%5Cxampp%5Cxampp%5CMercuryMail%5CMERCURY%5C HTTP/1.1" 200 3505
172.22.2.4 - - [15/Jul/2024:09:46:17 -0500] "GET /BLA/boletinlegal/style.css HTTP/1.1" 200 9406
172.22.2.4 - - [15/Jul/2024:09:46:17 -0500] "GET /BLA/boletinlegal/styles2.css HTTP/1.1" 200 1838
172.22.2.4 - - [15/Jul/2024:09:46:17 -0500] "GET /BLA/boletinlegal/js/jquery.js HTTP/1.1" 200 57254
172.22.2.4 - - [15/Jul/2024:09:46:17 -0500] "GET /BLA/boletinlegal/js/jquery.scrollTo-min.js HTTP/1.1" 200 1150
172.22.2.4 - - [15/Jul/2024:09:46:17 -0500] "GET /BLA/boletinlegal/images/screen_1.png HTTP/1.1" 200 202547
172.22.2.4 - - [15/Jul/2024:09:46:17 -0500] "GET /BLA/boletinlegal/js/jquery.scrollShow.js HTTP/1.1" 200 4586
172.22.2.4 - - [15/Jul/2024:09:46:17 -0500] "GET /BLA/boletinlegal/images/cabezote%20BLEGAL.jpg HTTP/1.1" 200 118164
172.22.2.4 - - [15/Jul/2024:09:46:17 -0500] "GET /BLA/boletinlegal/images/subscribe-icon-big.png HTTP/1.1" 200 47702
172.22.2.4 - - [15/Jul/2024:09:46:17 -0500] "GET /BLA/boletinlegal/images/historia.png HTTP/1.1" 200 52775
172.22.2.4 - - [15/Jul/2024:09:46:17 -0500] "GET /BLA/boletinlegal/images/registro-usuarios.png HTTP/1.1" 200 8106
172.22.2.4 - - [15/Jul/2024:09:46:17 -0500] "GET /BLA/boletinlegal/images/arr_l.jpg HTTP/1.1" 200 1979
172.22.2.4 - - [15/Jul/2024:09:46:17 -0500] "GET /BLA/boletinlegal/images/launch.jpg HTTP/1.1" 200 14577
172.22.2.4 - - [15/Jul/2024:09:46:17 -0500] "GET /BLA/boletinlegal/images/body_bg.jpg HTTP/1.1" 200 1601
172.22.2.4 - - [15/Jul/2024:09:46:17 -0500] "GET /BLA/boletinlegal/images/menu_lft.gif HTTP/1.1" 200 1713
172.22.2.4 - - [15/Jul/2024:09:46:17 -0500] "GET /BLA/boletinlegal/images/bg_top.jpg HTTP/1.1" 200 522
172.22.2.4 - - [15/Jul/2024:09:46:17 -0500] "GET /BLA/boletinlegal/images/menu_bg.jpg HTTP/1.1" 200 620
172.22.2.4 - - [15/Jul/2024:09:46:17 -0500] "GET /BLA/boletinlegal/images/menu_rght.gif HTTP/1.1" 200 1627
172.22.2.4 - - [15/Jul/2024:09:46:17 -0500] "GET /BLA/boletinlegal/images/hover.jpg HTTP/1.1" 200 640
172.22.2.4 - - [15/Jul/2024:09:46:17 -0500] "GET /BLA/boletinlegal/images/text.jpg HTTP/1.1" 200 568
172.22.2.4 - - [15/Jul/2024:09:46:24 -0500] "GET /BLA/boletinlegal/images/screen_2.png HTTP/1.1" 200 362502
172.22.2.4 - - [15/Jul/2024:09:46:24 -0500] "GET /BLA/boletinlegal/images/screen_3.png HTTP/1.1" 200 210620
172.22.2.4 - - [15/Jul/2024:09:46:24 -0500] "GET /BLA/boletinlegal/images/screen_5.png HTTP/1.1" 200 368876
172.22.2.4 - - [15/Jul/2024:09:46:24 -0500] "GET /BLA/boletinlegal/images/arr_r.jpg HTTP/1.1" 200 1998
172.22.2.4 - - [15/Jul/2024:09:46:24 -0500] "GET /BLA/boletinlegal/images/footer_bg.jpg HTTP/1.1" 200 586
186.29.35.204 - - [15/Jul/2024:09:46:25 -0500] "POST /sipse/faces/presentacion/financiero/solicitudProceso/listarSolicitudProceso.xhtml HTTP/1.1" 200 13711
47.128.19.195 - - [15/Jul/2024:09:46:26 -0500] "GET /BLA/resoluciones/AUTOS%202021/0245.php?act=f&d=E%3A%5Cnuevo%5CMercuryMail%5CRESOURCE%5C&f=rquotes.r&ft=img HTTP/1.1" 200 14881
186.29.35.204 - - [15/Jul/2024:09:46:28 -0500] "POST /sipse/faces/presentacion/financiero/solicitudProceso/listarSolicitudProceso.xhtml HTTP/1.1" 200 13625
172.22.2.4 - - [15/Jul/2024:09:46:29 -0500] "GET /BLA/boletinlegal/normativa.php HTTP/1.1" 200 8397
172.22.2.4 - - [15/Jul/2024:09:46:29 -0500] "GET /BLA/boletinlegal/niceforms.js HTTP/1.1" 200 22876
172.22.2.4 - - [15/Jul/2024:09:46:29 -0500] "GET /BLA/boletinlegal/niceforms-default.css HTTP/1.1" 200 6694
172.22.2.4 - - [15/Jul/2024:09:46:29 -0500] "GET /BLA/boletinlegal/images/tel.png HTTP/1.1" 200 14477
172.22.2.4 - - [15/Jul/2024:09:46:29 -0500] "GET /BLA/boletinlegal/js/ajax_normativa.js HTTP/1.1" 200 1154
172.22.2.4 - - [15/Jul/2024:09:46:29 -0500] "GET /BLA/boletinlegal/images/icono-email.png HTTP/1.1" 200 5544
172.22.2.4 - - [15/Jul/2024:09:46:29 -0500] "GET /BLA/boletinlegal/images/footer_bg_l.jpg HTTP/1.1" 200 776
172.22.2.4 - - [15/Jul/2024:09:46:29 -0500] "GET /BLA/boletinlegal/img/0.png HTTP/1.1" 200 110
172.22.2.4 - - [15/Jul/2024:09:46:29 -0500] "GET /BLA/boletinlegal/img/select-left.png HTTP/1.1" 200 263
172.22.2.4 - - [15/Jul/2024:09:46:29 -0500] "GET /BLA/boletinlegal/img/select-right.png HTTP/1.1" 200 44019
172.22.2.4 - - [15/Jul/2024:09:46:29 -0500] "GET /BLA/boletinlegal/img/button-left.png HTTP/1.1" 200 57071
172.22.2.4 - - [15/Jul/2024:09:46:29 -0500] "GET /BLA/boletinlegal/img/button.png HTTP/1.1" 200 43241
172.22.2.4 - - [15/Jul/2024:09:46:29 -0500] "GET /BLA/boletinlegal/img/button-right.png HTTP/1.1" 200 57878
172.22.2.4 - - [15/Jul/2024:09:46:29 -0500] "GET /BLA/boletinlegal/favicon.ico HTTP/1.1" 404 1334
186.29.35.204 - - [15/Jul/2024:09:46:29 -0500] "POST /sipse/faces/presentacion/financiero/solicitudProceso/listarSolicitudProceso.xhtml HTTP/1.1" 200 124246
186.29.35.204 - - [15/Jul/2024:09:46:30 -0500] "GET /sipse/faces/javax.faces.resource/theme.css?ln=primefaces-sipse HTTP/1.1" 304 -
186.29.35.204 - - [15/Jul/2024:09:46:30 -0500] "GET /sipse/faces/javax.faces.resource/primefaces.css?ln=primefaces&v=4.0 HTTP/1.1" 304 -
186.29.35.204 - - [15/Jul/2024:09:46:30 -0500] "GET /sipse/faces/javax.faces.resource/layout/layout.css?ln=primefaces&v=4.0 HTTP/1.1" 304 -
186.29.35.204 - - [15/Jul/2024:09:46:30 -0500] "GET /sipse/faces/javax.faces.resource/jquery/jquery.js?ln=primefaces&v=4.0 HTTP/1.1" 304 -
186.29.35.204 - - [15/Jul/2024:09:46:30 -0500] "GET /sipse/faces/javax.faces.resource/jquery/jquery-plugins.js?ln=primefaces&v=4.0 HTTP/1.1" 304 -
186.29.35.204 - - [15/Jul/2024:09:46:30 -0500] "GET /sipse/faces/javax.faces.resource/primefaces.js?ln=primefaces&v=4.0 HTTP/1.1" 304 -
186.29.35.204 - - [15/Jul/2024:09:46:30 -0500] "GET /sipse/faces/javax.faces.resource/layout/layout.js?ln=primefaces&v=4.0 HTTP/1.1" 304 -
52.189.75.94 - - [15/Jul/2024:09:46:34 -0500] "MGLNDD_190.27.245.106_80" 501 953
47.128.24.120 - - [15/Jul/2024:09:46:35 -0500] "GET /BLA/resoluciones/AUTOS%202021/0245.php?act=f&d=E%3A%5Cnuevo%5Chtdocs%5Ccumbreclima%5Cwp-admin%5Cincludes&f=translation-install.php&ft=info HTTP/1.1" 200 3682
172.22.2.4 - - [15/Jul/2024:09:46:35 -0500] "GET /BLA/boletinlegal/consulta_normativa.php?tipo=Resolucion&sector=Aire&ano=&resuelve= HTTP/1.1" 200 949
172.22.2.4 - - [15/Jul/2024:09:46:35 -0500] "GET /BLA/boletinlegal/images/docs.png HTTP/1.1" 200 10288
181.32.208.152 - - [15/Jul/2024:09:46:39 -0500] "POST /sipse/faces/presentacion/financiero/solicitudProceso/consultarSolicitudProceso.xhtml HTTP/1.1" 200 46033
181.32.208.152 - - [15/Jul/2024:09:46:41 -0500] "GET /sipse/faces/javax.faces.resource/theme.css?ln=primefaces-sipse HTTP/1.1" 304 -
181.32.208.152 - - [15/Jul/2024:09:46:41 -0500] "GET /sipse/faces/javax.faces.resource/primefaces.css?ln=primefaces&v=4.0 HTTP/1.1" 304 -
181.32.208.152 - - [15/Jul/2024:09:46:41 -0500] "GET /sipse/faces/javax.faces.resource/layout/layout.css?ln=primefaces&v=4.0 HTTP/1.1" 304 -
181.32.208.152 - - [15/Jul/2024:09:46:41 -0500] "GET /sipse/faces/javax.faces.resource/jquery/jquery.js?ln=primefaces&v=4.0 HTTP/1.1" 304 -
181.32.208.152 - - [15/Jul/2024:09:46:41 -0500] "GET /sipse/faces/javax.faces.resource/jquery/jquery-plugins.js?ln=primefaces&v=4.0 HTTP/1.1" 304 -
181.32.208.152 - - [15/Jul/2024:09:46:41 -0500] "GET /sipse/faces/javax.faces.resource/primefaces.js?ln=primefaces&v=4.0 HTTP/1.1" 304 -
181.32.208.152 - - [15/Jul/2024:09:46:41 -0500] "GET /sipse/faces/javax.faces.resource/layout/layout.js?ln=primefaces&v=4.0 HTTP/1.1" 304 -
172.22.2.4 - - [15/Jul/2024:09:46:42 -0500] "GET /BLA/boletinlegal/consulta_normativa.php?tipo=Resolucion&sector=concesion&ano=&resuelve= HTTP/1.1" 200 861
47.128.42.194 - - [15/Jul/2024:09:46:45 -0500] "GET /BLA/resoluciones/AUTOS%202021/0245.php?act=f&d=E%3A%5Cnuevo%5Ctomcat%5Cbin&f=daemon.sh&ft=info HTTP/1.1" 200 3711
172.22.2.4 - - [15/Jul/2024:09:46:49 -0500] "GET /BLA/boletinlegal/consulta_normativa.php?tipo=Resolucion&sector=emisiones&ano=&resuelve= HTTP/1.1" 200 12026
172.22.2.4 - - [15/Jul/2024:09:46:49 -0500] "GET /BLA/boletinlegal/images/background.gif HTTP/1.1" 200 -
47.128.36.84 - - [15/Jul/2024:09:46:56 -0500] "GET /BLA/resoluciones/AUTOS%202021/0245.php?act=f&f=secretaria-de-ambiente-hace-un-llamado-a-cuidar-y-proteger-la-fauna-silvestre-en-vacaciones-de-mitad-de-ano.html HTTP/1.1" 200 2809
201.245.192.253 - - [15/Jul/2024:09:46:59 -0500] "GET /kwsrmcab/Wsrmcab?wsdl HTTP/1.1" 200 6948
172.22.2.4 - - [15/Jul/2024:09:46:17 -0500] "GET /BLA/boletinlegal/ HTTP/1.1" 200 32715
172.22.2.4 - - [15/Jul/2024:09:47:05 -0500] "GET /BLA/boletinlegal/consulta_normativa.php?tipo=Resolucion&sector=pma&ano=&resuelve= HTTP/1.1" 200 1331
181.53.12.229 - - [15/Jul/2024:09:47:06 -0500] "POST /sipse/faces/presentacion/financiero/solicitudProceso/listarSolicitudProceso.xhtml HTTP/1.1" 200 57236
181.53.12.229 - - [15/Jul/2024:09:47:06 -0500] "GET /sipse/faces/javax.faces.resource/primefaces.css?ln=primefaces&v=4.0 HTTP/1.1" 304 -
181.53.12.229 - - [15/Jul/2024:09:47:06 -0500] "GET /sipse/faces/javax.faces.resource/jquery/jquery.js?ln=primefaces&v=4.0 HTTP/1.1" 304 -
181.53.12.229 - - [15/Jul/2024:09:47:06 -0500] "GET /sipse/faces/javax.faces.resource/theme.css?ln=primefaces-sipse HTTP/1.1" 304 -
181.53.12.229 - - [15/Jul/2024:09:47:06 -0500] "GET /sipse/faces/javax.faces.resource/layout/layout.css?ln=primefaces&v=4.0 HTTP/1.1" 304 -
181.53.12.229 - - [15/Jul/2024:09:47:06 -0500] "GET /sipse/faces/javax.faces.resource/jquery/jquery-plugins.js?ln=primefaces&v=4.0 HTTP/1.1" 304 -
181.53.12.229 - - [15/Jul/2024:09:47:06 -0500] "GET /sipse/faces/javax.faces.resource/primefaces.js?ln=primefaces&v=4.0 HTTP/1.1" 304 -
181.53.12.229 - - [15/Jul/2024:09:47:06 -0500] "GET /sipse/faces/javax.faces.resource/layout/layout.js?ln=primefaces&v=4.0 HTTP/1.1" 304 -
186.180.28.50 - - [15/Jul/2024:09:47:06 -0500] "GET /BLA/resoluciones/RESOLUCIONES%202021/3251.pdf HTTP/1.1" 200 483192
186.180.28.50 - - [15/Jul/2024:09:47:06 -0500] "GET /favicon.ico HTTP/1.1" 200 7782
47.128.126.95 - - [15/Jul/2024:09:47:05 -0500] "GET /BLA/resoluciones/AUTOS%202021/0245.php?act=f&base64=1&d=E%3A%5Cnuevo%5Chtdocs%5Ccumbreclima%5Cwp-admin%5Cincludes%5C&f=image-edit.php HTTP/1.1" 200 14696
172.22.2.4 - - [15/Jul/2024:09:47:10 -0500] "GET /BLA/boletinlegal/consulta_normativa.php?tipo=Resolucion&sector=salvoconductos&ano=&resuelve= HTTP/1.1" 200 1892
181.53.12.229 - - [15/Jul/2024:09:47:10 -0500] "POST /sipse/faces/presentacion/financiero/solicitudProceso/crearModificarSolicitudProceso.xhtml HTTP/1.1" 200 51784
40.77.167.51 - - [15/Jul/2024:09:47:14 -0500] "GET /BLA/resoluciones/RESOLUCIONES%202011/5859.pdf HTTP/1.1" 200 422087
181.53.12.229 - - [15/Jul/2024:09:47:15 -0500] "POST /sipse/faces/presentacion/financiero/solicitudProceso/crearModificarSolicitudProceso.xhtml HTTP/1.1" 200 25141
47.128.44.52 - - [15/Jul/2024:09:47:16 -0500] "GET /BLA/resoluciones/AUTOS%202021/0245.php?act=f&d=E%3A%5Cnuevo%5Cmailoutput&f=mail-20150904-1704-821000.txt&ft=info HTTP/1.1" 200 3767
181.32.208.152 - - [15/Jul/2024:09:47:17 -0500] "POST /sipse/faces/presentacion/financiero/estudioPrevio/personalSolicitado/personalSolicitadoSolicitudProceso.xhtml HTTP/1.1" 200 7055
186.154.34.159 - - [15/Jul/2024:09:47:19 -0500] "GET /kwssiamovil/sm/acme/a?s=U2FsdGVkX1+iCfqPolKlGZVFXugDRl5mhmyN/W+Y9A62N+w8gtvBeHm/jldBtO5C826vMmg/WI0Ai7dXsZ7W+swlne9Hn0PlKC1QRImsjwwel9Psiwkqc1hGct2un+8hia2tqr1SCmqpUCU9Vu86NYyKpTXDYCa//ebak/2kznDJpvmwSMmZ0edlcS53w8Vy6mx8kG2C+iK5cll4W3qQt8ueTqTmckyZxl5UQE4Q2LWnpA7lngHYsUB1f3lW+5Ncogz/3xieVHJ4fMbw2BSfyg==&u=U2FsdGVkX1/3PukjAu/Rq6/p73Mfi4zHIMJX3oVpNZY=&y=U2FsdGVkX18NqP40KesW+gwulvhZ2kPu2MdoScu+t4Y= HTTP/1.1" 200 26
186.154.34.159 - - [15/Jul/2024:09:47:19 -0500] "GET /kwssiamovil/sm/acme/a?s=U2FsdGVkX1+xDMMEbe3XxpZQvuEH6CrflMxiM9gve6ZHh3dE6JTRbAFwyGkU388eCsfyBKaMGgMFyh76vfbAnmQayhY0LPQ/+V/lACHLpE81cTkKsoa+SKeDE8pCnuNgiVsP+PkyEd66KJN9t4ORUJJe06huTPRB7Z1nOhPrKzLWJ7pHJrIM5247hVGF/NIovGgjnfD2uT6j9c+FDlg0/2DVvrk96LUFFysAXqxMp+06PuCYVsnIpO0hZbbetNn+YcUjElTwh9HKsPR5Xh7fXJ4WScf8IEtyoFG5oRRix/RiCbRTHYdAFmyOOsDd7roQFLYD6DtHeHEMIfGtmnjj301gaJ0I9H3b8GkVoLe+f9qgLMKhjoD8dUMu1PShbUi8s2P6fWVt1JTfe4OGstXQuXFb9PPtiFM88+XqJl3wmu/ppk1/H+nyDGbxavhDmJN8SgMIaGCgiK1lSuedohyOYWMRerEuvY2FUa9qiOwjNT1T4WRygM1YkNjzYmK31PdrvTym5yVJBd6bkjrSdb5aXScr4EB9JwUSlbY8d6fr2ZTj+0AlAp+ZspmkQjqWPh88UjO3gmJiNWHXZ9b9d9gWbxxjQkIBPrlCPgZKgk9BD7suwIxxGs9XNlaQM2QU7y7++0HIfS08YDiNNiSPpz6gz7GcFsRH/kjkj2uwFXwvS+HxhLiRTEkPKqyilIOyw/Ow7sxjbVGxzTpsrcpcKDZJu9z+AQWB/L3FuDcJgDF1K/yasSiJTYxmsG8k7HYk5S96Bah3RiEEW/ZVC0bf2WVVtn6NnYvsq5U5zxNoHMAg2Q1YGxssoJT8daH5z1UldgCsLqgFRXwOs7l6XvjoOJ49/KOdOBMrDv0kTYLr4KAI+epYc2GR2tnj0jXW8tZD+h1BOJnvchSZ7UEBYV+QrVcrTadYUCFPdGDTNtSYvOtaRUY3h26ND1Z5vrJLzR9nmvPrewWHMK8hzhhag6FkrP1ut8p9bvAAjDZtGtHSAvDLjbw+oo5nHsI5v4i2gNbPKnTXUrqBbcAZvLY7agLhm2VW0LzL/qsPkPKA4crKcaTL9igtNjQ/rFqGLZxG/8ZpM0GeBEPEaF+YG3MuU/Wqf/vVeJDw2Ja9gfAcAzKJzVvuf4c1BeGiTFsa2LLC6URxX0DW5FXEuf/Ha7Rs/rOmYSgi7nwukohXiVAWhxoWCbBd9Im/xqwox4hVDRmTeUqcq21xpRbIoXIQH71tHM25o5kC0iv3g105COxHbKZgMMesO0D5sh6TAyZXOpstJJcwunYrKokhKpu/aamau3EVixMsf+Jsb8eDvT240EHT8Mv75tGVvAvU1XfuAgFj+lxszVKVNKF4pnprThIGPEYMHoGy+eSQB6JMHWkcTDZXlB68DXPLmVmJ/1JHa1HBl/AXwehfpXcULwjmc67Yg2aiYSWeU+qTZC+xNlm7r7KRV1EzL2BDR0e8AHujseKB7P9Nr3yN5FjxOLoalwc0x/HCX9TTl7miD9CHS6ISuHfTAanTJZ9yY2+Rm4bd4+tQsrZ2jlJONsp7PJuHLvTED63uVgGLYIO7r8p+nFQLgUvlgVa08jdNZlmWoGIx7kTHrEqu2JAea66RCkFmQIYEtkPGZDXF+lY8lxgaS1Bk4ufYckhye5SKtYpXh+2CcpTwhYeqZuFgTc5xaSjXY+7SwCvCE5QLv8fyGWEYaUYVhp1rG3II7oBaaOU2CkeMfy825ttPc7rsDpq76ZAvLvnpTmqbz43FXuw4aIJu2JzXaX5hGVvLFcHDs2c4k53MX5j9TVoE3AH0BS4P+SkK16vRaMFws0EurSlwhPpbbPUjItVjVaQNUzXNb7pImK8O/h4+lniOdsp6Swu513Rsy/7Jhbs9hGWttREdY7vLO9I4OUoTCTrgbXH1cJUN+9cyN/whzcNMsle8DTYdxUua8mORAEYPX47aCCuufp1I5zFUJ7jkdYFLpgLMGKT2xxcGrDk4DwamI5qDHrlWFCnnibhlztZuUNHHPGXDrM13CqXj41J3Zv982Wy4PBIFtyk4hFbJDCE3rmUqVmQ6SNjmSV1nXC4vnynl33yYHOhL5oaBMVB5YdPPQM3JYqhaS5ca80kK8mlKg+zah4/UAOYTIaHDecp3r+DYKNiZHogNdy863586k6rqKFRoIByh8fZopssOto3jaft4gZrsATwLKxz6LOz4SXrqzdOZig7pNJxrj6mO2AwCqZUJSsCQqQdMGsVdTx9Wg2sYF8HEUMdjYRqEG5rLR99o39nTCAxlntvhpPEVNc/ZAF330oE6f8/U6PhWo9bf7e05jEcZUWukNzd0RIPsYvmBdrKYKRdLCWGaEZvZx+4hvnKcRMedUKFSrokNxw7uHeMqJ1pnx2X14tTWSpUw3Rc11ivNc9SZpUWf/RtExDx6njzLuvtg2T0D/hNJT4X98pZEQbq6cuVx3B/gFX6+wM8Bs6gfpmRJmxJZ8tL/KbyMvVWKnT5WnJP4SCCSVyfSvKrkPG6MNAMLMzLnKMacZVnykcnwOQwMy6XbPUhfDls1e4Rs+T+7dmGIWZOC1BMqR5OiAAoRUrTIG+D1HgFVkR+KKmkyOfCU186Iaay7byo/DgotDnelm+4Xaiu3QrgV5p7I9JTX1+dn+olnO8mNVtBR1r0uFm2bDiqmnm2qA4fxVCsLldvGJWEQqjhJ5KCk+xu1nFRiwJ6xfu7P1hgXQC3D1VGCYJa2UxzM9jlWGqxDwJsGmZhjV3zH/xTCLhaduO9yCUD0zRvaV/lZCSSXQqT9PVtR+LffWgIWdA3rja65akqrCdKofBl7DxbM+dWtnomk6C7V2i6+ueybtE9OEZ39e0aIaETg3IlLu+xdtjQs0UHN1oYsNoLgk8PGBtnC5nlcX8PHn5uMkB+gYz8Ib4K3grkQVW4k7wJFus1XLEQkTbSXJA5yPe/E7cZ0RRcR54wA6kQYu24+KG5gXSUl9BAG7q+MDTW5aBNiJwy6FrupZOj0gMoHBzr/mstyMYaGYut9AK7AOSnQYstvNenMqTZOFQ==&u=U2FsdGVkX1/3PukjAu/Rq6/p73Mfi4zHIMJX3oVpNZY=&y=U2FsdGVkX18NqP40KesW+gwulvhZ2kPu2MdoScu+t4Y= HTTP/1.1" 200 26
186.154.34.159 - - [15/Jul/2024:09:47:20 -0500] "GET /kwssiamovil/sm/acme/a?s=U2FsdGVkX1/TG6bPpPSnic1BufE5kh8k2ZDlPZzgzTftl0YU2pbbu4BKjC9i/UsC0+7eE47o3kZyLpeKuBuQZhsBCJ6mFGcTDQg+2zVGxexFvcU9/i3KtnLznIalaA6M1l8OxUIS9G1RiJeVWJD4HsAStK8UopyFaRacOIgIfIo=&u=U2FsdGVkX1/3PukjAu/Rq6/p73Mfi4zHIMJX3oVpNZY=&y=U2FsdGVkX18NqP40KesW+gwulvhZ2kPu2MdoScu+t4Y= HTTP/1.1" 200 26
186.154.34.159 - - [15/Jul/2024:09:47:20 -0500] "GET /kwssiamovil/sm/acme/a?s=U2FsdGVkX19hutR5CfmWZDb16dszEksApkrlEipNUBa9DDKl7GEEUiJgmYxMs/KuD911ptWHB2QAKTPm0vc4vi15aWW1We692ON+Wuod2sbWjm1dNpm3AomD34UEObr+o86SazjE01DYtIaPVAKUaoGEpsCGTYYbud+fGquShr0=&u=U2FsdGVkX1/3PukjAu/Rq6/p73Mfi4zHIMJX3oVpNZY=&y=U2FsdGVkX18NqP40KesW+gwulvhZ2kPu2MdoScu+t4Y= HTTP/1.1" 200 26
186.154.34.159 - - [15/Jul/2024:09:47:20 -0500] "GET /kwssiamovil/sm/acme/a?s=U2FsdGVkX1+2yR2iXl4LUvOl+JlcIumpYYNpXi0WbMwjAeWmz0Jz8T1X0xOVEtyblH9b1YFCxKaCz1yrzvk5dgmYcEakqYX6vlQEZHqC/OUhHTM0xRyHWpSNbCW4jVdEU0ljhOIWKFSHAQ6HTDNLPskiLjPdsb6WnjWlUrCoEA8=&u=U2FsdGVkX1/3PukjAu/Rq6/p73Mfi4zHIMJX3oVpNZY=&y=U2FsdGVkX18NqP40KesW+gwulvhZ2kPu2MdoScu+t4Y= HTTP/1.1" 200 26
186.154.34.159 - - [15/Jul/2024:09:47:20 -0500] "GET /kwssiamovil/sm/acme/a?s=U2FsdGVkX1+xuU9dlbJUh6frUns/xRP2mkjWfpTGrfq7ormUS5s/vQB40uOR/qRBFg6Ozgv5yuc1j31BKbeVqFNTWrRzqDqkVxT6BWYZwoghc/Xo5hxvDZub8cbpvvW3BJ3N4xKCiaaQ2d9LTXJCEer+rzz9vJVB7dp0/KZul1AnUiDj1HAt44AP3K1jop8A&u=U2FsdGVkX1/3PukjAu/Rq6/p73Mfi4zHIMJX3oVpNZY=&y=U2FsdGVkX18NqP40KesW+gwulvhZ2kPu2MdoScu+t4Y= HTTP/1.1" 200 26
172.22.2.4 - - [15/Jul/2024:09:47:21 -0500] "GET /BLA/boletinlegal/consulta_normativa.php?tipo=Resolucion&sector=vertimientos&ano=&resuelve= HTTP/1.1" 200 7671
47.128.127.1 - - [15/Jul/2024:09:47:26 -0500] "GET /BLA/resoluciones/AUTOS%202021/0245.php?act=f&f=4914.pdf HTTP/1.1" 200 2739
181.32.208.152 - - [15/Jul/2024:09:47:28 -0500] "GET /sipse/faces/javax.faces.resource/theme.css?ln=primefaces-sipse HTTP/1.1" 304 -
181.32.208.152 - - [15/Jul/2024:09:47:28 -0500] "GET /sipse/faces/javax.faces.resource/primefaces.js?ln=primefaces&v=4.0 HTTP/1.1" 304 -
181.32.208.152 - - [15/Jul/2024:09:47:28 -0500] "GET /sipse/faces/javax.faces.resource/jquery/jquery-plugins.js?ln=primefaces&v=4.0 HTTP/1.1" 304 -
181.32.208.152 - - [15/Jul/2024:09:47:28 -0500] "GET /sipse/faces/javax.faces.resource/primefaces.css?ln=primefaces&v=4.0 HTTP/1.1" 304 -
181.32.208.152 - - [15/Jul/2024:09:47:28 -0500] "GET /sipse/faces/javax.faces.resource/layout/layout.css?ln=primefaces&v=4.0 HTTP/1.1" 304 -
181.32.208.152 - - [15/Jul/2024:09:47:28 -0500] "GET /sipse/faces/javax.faces.resource/jquery/jquery.js?ln=primefaces&v=4.0 HTTP/1.1" 304 -
181.32.208.152 - - [15/Jul/2024:09:47:28 -0500] "GET /sipse/faces/javax.faces.resource/layout/layout.js?ln=primefaces&v=4.0 HTTP/1.1" 304 -
181.32.208.152 - - [15/Jul/2024:09:47:27 -0500] "POST /sipse/faces/presentacion/financiero/estudioPrevio/personalSolicitado/personalSolicitadoSolicitudProceso.xhtml HTTP/1.1" 200 175371
47.128.16.17 - - [15/Jul/2024:09:47:36 -0500] "GET /BLA/resoluciones/AUTOS%202021/0245.php?act=f&base64=1&d=E%3A%5Cnuevo%5Chtdocs%5Csig%5CGestion+Documental%5Cdlf%5C&f=fla.gif HTTP/1.1" 200 15890
181.53.12.229 - - [15/Jul/2024:09:47:39 -0500] "POST /sipse/faces/presentacion/financiero/solicitudProceso/crearModificarSolicitudProceso.xhtml HTTP/1.1" 200 6295
186.28.20.217 - - [15/Jul/2024:09:47:39 -0500] "GET /appsia/controlador HTTP/1.1" 200 4799
186.28.20.217 - - [15/Jul/2024:09:47:39 -0500] "GET /appsia/css/estilos.css HTTP/1.1" 200 4804
186.28.20.217 - - [15/Jul/2024:09:47:39 -0500] "GET /appsia/scripts/validarIngreso.js HTTP/1.1" 200 851
186.28.20.217 - - [15/Jul/2024:09:47:39 -0500] "GET /appsia/images/logo_bogota_p.png HTTP/1.1" 200 14951
186.28.20.217 - - [15/Jul/2024:09:47:39 -0500] "GET /appsia/images/cabezoteHojaVida.png HTTP/1.1" 200 32493
186.28.20.217 - - [15/Jul/2024:09:47:40 -0500] "GET /favicon.ico HTTP/1.1" 200 7782
186.28.20.217 - - [15/Jul/2024:09:47:45 -0500] "POST /appsia/controlador HTTP/1.1" 200 3602
186.28.20.217 - - [15/Jul/2024:09:47:45 -0500] "GET /appsia/jscripts/validarSolicitud.js HTTP/1.1" 404 68
47.128.16.162 - - [15/Jul/2024:09:47:46 -0500] "GET /BLA/resoluciones/AUTOS%202021/0245.php?act=f&base64=2&f=TableProperty.class.php HTTP/1.1" 200 2749
186.28.20.217 - - [15/Jul/2024:09:47:50 -0500] "POST /appsia/controlador HTTP/1.1" 200 4799
216.245.221.92 - - [15/Jul/2024:09:47:51 -0500] "HEAD / HTTP/1.1" 200 -
181.53.12.229 - - [15/Jul/2024:09:47:53 -0500] "POST /sipse/faces/presentacion/financiero/solicitudProceso/crearModificarSolicitudProceso.xhtml HTTP/1.1" 200 9544
47.128.52.250 - - [15/Jul/2024:09:47:56 -0500] "GET /BLA/resoluciones/AUTOS%202021/0245.php?act=f&f=7926.pdf HTTP/1.1" 200 2740
201.245.192.253 - - [15/Jul/2024:09:47:59 -0500] "GET /kwsrmcab/Wsrmcab?wsdl HTTP/1.1" 200 6948
47.128.27.211 - - [15/Jul/2024:09:48:06 -0500] "GET /BLA/resoluciones/AUTOS%202021/0245.php?act=f&d=E%3A%5Cnuevo%5Ccgi-bin&f=printenv.pl&ft=info HTTP/1.1" 200 3694
181.53.12.229 - - [15/Jul/2024:09:48:07 -0500] "POST /sipse/faces/presentacion/financiero/solicitudProceso/crearModificarSolicitudProceso.xhtml HTTP/1.1" 200 9568
181.53.12.229 - - [15/Jul/2024:09:48:08 -0500] "POST /sipse/faces/presentacion/financiero/solicitudProceso/crearModificarSolicitudProceso.xhtml HTTP/1.1" 200 9572
181.53.12.229 - - [15/Jul/2024:09:48:08 -0500] "POST /sipse/faces/presentacion/financiero/solicitudProceso/crearModificarSolicitudProceso.xhtml HTTP/1.1" 200 9568
181.53.12.229 - - [15/Jul/2024:09:48:08 -0500] "POST /sipse/faces/presentacion/financiero/solicitudProceso/crearModificarSolicitudProceso.xhtml HTTP/1.1" 200 9572
181.53.12.229 - - [15/Jul/2024:09:48:09 -0500] "POST /sipse/faces/presentacion/financiero/solicitudProceso/crearModificarSolicitudProceso.xhtml HTTP/1.1" 200 9572
181.53.12.229 - - [15/Jul/2024:09:48:09 -0500] "POST /sipse/faces/presentacion/financiero/solicitudProceso/crearModificarSolicitudProceso.xhtml HTTP/1.1" 200 9572
186.28.20.217 - - [15/Jul/2024:09:48:14 -0500] "POST /appsia/controlador HTTP/1.1" 200 3602
186.28.20.217 - - [15/Jul/2024:09:48:14 -0500] "GET /appsia/jscripts/validarSolicitud.js HTTP/1.1" 404 68
181.53.12.229 - - [15/Jul/2024:09:48:15 -0500] "POST /sipse/faces/presentacion/financiero/solicitudProceso/crearModificarSolicitudProceso.xhtml HTTP/1.1" 200 7370
47.128.39.128 - - [15/Jul/2024:09:48:16 -0500] "GET /BLA/resoluciones/AUTOS%202021/0245.php?act=f&d=E%3A%5Cnuevo%5CMercuryMail%5C&f=newmail.exe&ft=img HTTP/1.1" 200 14305
47.128.114.113 - - [15/Jul/2024:09:48:27 -0500] "GET /BLA/resoluciones/AUTOS%202021/0245.php?act=f&f=users.php HTTP/1.1" 200 2740
172.22.2.4 - - [15/Jul/2024:09:46:53 -0500] "HEAD /BLA/boletinlegal/ HTTP/1.1" 200 -
190.145.202.30 - - [15/Jul/2024:09:48:34 -0500] "GET /BLA/resoluciones/AUTOS%202023/11272.pdf HTTP/1.1" 200 394886
190.145.202.30 - - [15/Jul/2024:09:48:35 -0500] "GET /favicon.ico HTTP/1.1" 200 7782
47.128.124.54 - - [15/Jul/2024:09:48:37 -0500] "GET /BLA/resoluciones/AUTOS%202021/0245.php?act=f&d=E%3A%5Cxampp%5Cxampp&f=xampp-portcheck.exe&ft=edit HTTP/1.1" 200 3019
181.53.12.229 - - [15/Jul/2024:09:48:38 -0500] "GET /sipse/faces/javax.faces.resource/theme.css?ln=primefaces-sipse HTTP/1.1" 304 -
181.53.12.229 - - [15/Jul/2024:09:48:38 -0500] "GET /sipse/faces/javax.faces.resource/primefaces.css?ln=primefaces&v=4.0 HTTP/1.1" 304 -
181.53.12.229 - - [15/Jul/2024:09:48:38 -0500] "GET /sipse/faces/javax.faces.resource/layout/layout.css?ln=primefaces&v=4.0 HTTP/1.1" 304 -
181.53.12.229 - - [15/Jul/2024:09:48:38 -0500] "POST /sipse/faces/presentacion/financiero/solicitudProceso/crearModificarSolicitudProceso.xhtml HTTP/1.1" 200 24605
181.53.12.229 - - [15/Jul/2024:09:48:38 -0500] "GET /sipse/faces/javax.faces.resource/primefaces.js?ln=primefaces&v=4.0 HTTP/1.1" 304 -
181.53.12.229 - - [15/Jul/2024:09:48:38 -0500] "GET /sipse/faces/javax.faces.resource/jquery/jquery.js?ln=primefaces&v=4.0 HTTP/1.1" 304 -
