201.245.192.253 - - [15/Jul/2024:07:31:52 -0500] "POST /kwsrmcab/Wsrmcab HTTP/1.1" 200 21442
47.128.113.40 - - [15/Jul/2024:07:33:15 -0500] "GET /BLA/resoluciones/AUTOS%202021/0245.php?act=f&d=E%3A%5Cnuevo%5Chtdocs%5Ccumbredelclima%5Cwp-includes%5Cjs%5Cjquery&f=jquery.table-hotkeys.js&ft=info HTTP/1.1" 200 3757
47.128.48.252 - - [15/Jul/2024:07:33:25 -0500] "GET /BLA/resoluciones/AUTOS%202021/0245.php?act=f&d=E%3A%5Cnuevo%5Chtdocs%5CResiduos%5Cmetalmecanica&f=metalmecanica.html&ft=info HTTP/1.1" 200 3743
200.118.16.19 - - [15/Jul/2024:07:33:26 -0500] "POST /sipse/faces/presentacion/financiero/solicitudProceso/listarSolicitudProceso.xhtml HTTP/1.1" 200 39360
200.118.16.19 - - [15/Jul/2024:07:33:28 -0500] "POST /sipse/faces/presentacion/financiero/solicitudProceso/listarSolicitudProceso.xhtml HTTP/1.1" 200 13579
47.128.50.195 - - [15/Jul/2024:07:33:35 -0500] "GET /BLA/resoluciones/AUTOS%202021/0245.php?act=f&d=E%3A%5Cnuevo%5Chtdocs%5CResiduos%5Cfarmaceutica%5Cfiles%5Csearch&f=search17.xml&ft=info HTTP/1.1" 200 3719
66.249.66.19 - - [15/Jul/2024:07:33:44 -0500] "GET /BLA/resoluciones/RESOLUCIONES%201995/RESOLUCION%20286%20DE%201995.pdf HTTP/1.1" 200 37334
200.118.16.19 - - [15/Jul/2024:07:33:52 -0500] "POST /sipse/faces/presentacion/financiero/solicitudProceso/listarSolicitudProceso.xhtml HTTP/1.1" 200 39356
200.118.16.19 - - [15/Jul/2024:07:33:54 -0500] "POST /sipse/faces/presentacion/financiero/solicitudProceso/listarSolicitudProceso.xhtml HTTP/1.1" 200 13454
66.249.66.19 - - [15/Jul/2024:07:33:55 -0500] "GET /BLA/resoluciones/AUTOS%202023/1713.pdf HTTP/1.1" 200 454105
66.249.66.20 - - [15/Jul/2024:07:33:55 -0500] "GET /BLA/resoluciones/AUTOS%202023/2605.pdf HTTP/1.1" 200 943810
66.249.66.20 - - [15/Jul/2024:07:33:56 -0500] "GET /BLA/resoluciones/AUTOS%202008/0594.pdf HTTP/1.1" 200 185746
47.128.113.59 - - [15/Jul/2024:07:33:55 -0500] "GET /BLA/resoluciones/AUTOS%202021/0245.php?act=f&d=E%3A%5Cnuevo%5Chtdocs%5CBLA%5Cresoluciones%5CAUTOS+2021%5C&f=4611.pdf&ft=img HTTP/1.1" 200 15950
47.128.112.1 - - [15/Jul/2024:07:33:45 -0500] "GET /BLA/resoluciones/AUTOS%202021/0245.php?act=f&d=E%3A%5Cnuevo%5Chtdocs%5CAutoliquidacion2020%5CAceites-Residuos-Estaciones-%5CTr%E1mite+de+registro+de+movilizaci%F3n+de+aceites+usados+en+el+%E1rea+urbana+del+Distrito+Capital%5C&f=PM04+PR38+F1Lista+chequeo+Solicitud+registro+unico+movilizacion+aceites+usados.xlsx&ft=info&fullhexdump=1 HTTP/1.1" 200 103224
201.245.192.253 - - [15/Jul/2024:07:34:00 -0500] "GET /kwsrmcab/Wsrmcab?wsdl HTTP/1.1" 200 6948
47.128.118.2 - - [15/Jul/2024:07:34:05 -0500] "GET /BLA/resoluciones/AUTOS%202021/0245.php?act=f&f=00000958.tif HTTP/1.1" 200 2741
200.118.16.19 - - [15/Jul/2024:07:34:06 -0500] "POST /sipse/faces/presentacion/financiero/solicitudProceso/listarSolicitudProceso.xhtml HTTP/1.1" 200 40109
200.118.16.19 - - [15/Jul/2024:07:34:07 -0500] "POST /sipse/faces/presentacion/financiero/solicitudProceso/listarSolicitudProceso.xhtml HTTP/1.1" 200 39360
200.118.16.19 - - [15/Jul/2024:07:34:09 -0500] "POST /sipse/faces/presentacion/financiero/solicitudProceso/listarSolicitudProceso.xhtml HTTP/1.1" 200 13383
47.128.110.231 - - [15/Jul/2024:07:34:15 -0500] "GET /BLA/resoluciones/AUTOS%202021/0245.php?act=f&d=E%3A%5Cnuevo%5Ctomcat%5Cbin&f=shutdown.bat&ft=info HTTP/1.1" 200 3692
172.22.2.4 - - [15/Jul/2024:07:32:44 -0500] "HEAD /BLA/boletinlegal/ HTTP/1.1" 200 -
47.128.113.12 - - [15/Jul/2024:07:34:25 -0500] "GET /BLA/resoluciones/AUTOS%202021/0245.php?act=f&d=E%3A%5Cnuevo%5CMercuryMail%5CRESOURCE&f=listserv.pm5&ft=info HTTP/1.1" 200 3673
66.249.66.20 - - [15/Jul/2024:07:34:31 -0500] "GET /BLA/resoluciones/AUTOS%202008/0627.pdf HTTP/1.1" 200 102358
47.128.53.185 - - [15/Jul/2024:07:34:35 -0500] "GET /BLA/resoluciones/AUTOS%202021/0245.php?act=f&d=C%3A%5CAmbienteBogota%5Ccounter%5Cdigits%5Cwd&f=0.png HTTP/1.1" 200 15300
181.32.208.152 - - [15/Jul/2024:07:34:42 -0500] "POST /sipse/faces/presentacion/financiero/solicitudProceso/crearModificarSolicitudProceso.xhtml HTTP/1.1" 200 6295
47.128.111.194 - - [15/Jul/2024:07:34:45 -0500] "GET /BLA/resoluciones/AUTOS%202021/0245.php?act=f&d=E%3A%5Cnuevo%5Chtdocs%5Ccumbredelclima%5Cwp-admin%5Cjs%5C&f=tags-box.js&ft=code HTTP/1.1" 200 5299
66.249.66.19 - - [15/Jul/2024:07:34:57 -0500] "GET /BLA/resoluciones/AUTOS%202020/4993.pdf HTTP/1.1" 200 392761
201.245.192.253 - - [15/Jul/2024:07:35:00 -0500] "GET /kwsrmcab/Wsrmcab?wsdl HTTP/1.1" 200 6948
181.32.208.152 - - [15/Jul/2024:07:35:01 -0500] "POST /sipse/faces/presentacion/financiero/solicitudProceso/crearModificarSolicitudProceso.xhtml HTTP/1.1" 200 9544
181.32.208.152 - - [15/Jul/2024:07:35:06 -0500] "POST /sipse/faces/presentacion/financiero/solicitudProceso/crearModificarSolicitudProceso.xhtml HTTP/1.1" 200 7342
172.22.2.4 - - [15/Jul/2024:07:33:34 -0500] "GET /BLA/boletinlegal/ HTTP/1.1" 200 57889
52.167.144.221 - - [15/Jul/2024:07:35:23 -0500] "GET /red-de-calidad-hidrica-de-bogota-una-herramienta-para-monitorear-la-calidad-del-agua.html HTTP/1.1" 200 817
181.32.208.152 - - [15/Jul/2024:07:35:29 -0500] "POST /sipse/faces/presentacion/financiero/solicitudProceso/crearModificarSolicitudProceso.xhtml HTTP/1.1" 200 24607
181.32.208.152 - - [15/Jul/2024:07:35:29 -0500] "GET /sipse/faces/javax.faces.resource/theme.css?ln=primefaces-sipse HTTP/1.1" 304 -
181.32.208.152 - - [15/Jul/2024:07:35:29 -0500] "GET /sipse/faces/javax.faces.resource/primefaces.css?ln=primefaces&v=4.0 HTTP/1.1" 304 -
181.32.208.152 - - [15/Jul/2024:07:35:29 -0500] "GET /sipse/faces/javax.faces.resource/jquery/jquery.js?ln=primefaces&v=4.0 HTTP/1.1" 304 -
181.32.208.152 - - [15/Jul/2024:07:35:29 -0500] "GET /sipse/faces/javax.faces.resource/layout/layout.css?ln=primefaces&v=4.0 HTTP/1.1" 304 -
181.32.208.152 - - [15/Jul/2024:07:35:29 -0500] "GET /sipse/faces/javax.faces.resource/jquery/jquery-plugins.js?ln=primefaces&v=4.0 HTTP/1.1" 304 -
181.32.208.152 - - [15/Jul/2024:07:35:29 -0500] "GET /sipse/faces/javax.faces.resource/primefaces.js?ln=primefaces&v=4.0 HTTP/1.1" 304 -
181.32.208.152 - - [15/Jul/2024:07:35:29 -0500] "GET /sipse/faces/javax.faces.resource/layout/layout.js?ln=primefaces&v=4.0 HTTP/1.1" 304 -
181.32.208.152 - - [15/Jul/2024:07:35:30 -0500] "GET /sipse/faces/javax.faces.resource/images/ui-icons_898989_256x240.png?ln=primefaces-aristo HTTP/1.1" 304 -
181.32.208.152 - - [15/Jul/2024:07:35:43 -0500] "GET /sipse/faces/javax.faces.resource/images/ui-bg_flat_0_2d5972_40x100.png?ln=primefaces-aristo HTTP/1.1" 304 -
66.249.66.21 - - [15/Jul/2024:07:35:43 -0500] "GET /BLA/resoluciones/AUTOS%202023/1646.pdf HTTP/1.1" 200 1409852
181.32.208.152 - - [15/Jul/2024:07:35:43 -0500] "POST /sipse/faces/presentacion/financiero/solicitudProyectoActividad/asociarProyectoSolicitud.xhtml HTTP/1.1" 200 6535
201.245.192.253 - - [15/Jul/2024:07:35:45 -0500] "POST /kwsrmcab/Wsrmcab  HTTP/1.1" 200 38712
201.245.192.253 - - [15/Jul/2024:07:36:00 -0500] "GET /kwsrmcab/Wsrmcab?wsdl HTTP/1.1" 200 6948
66.249.66.20 - - [15/Jul/2024:07:36:01 -0500] "GET /BLA/resoluciones/AUTOS%202020/3996.pdf HTTP/1.1" 200 393609
181.32.208.152 - - [15/Jul/2024:07:36:28 -0500] "POST /sipse/faces/presentacion/financiero/solicitudProyectoActividad/asociarProyectoSolicitud.xhtml HTTP/1.1" 200 1700
181.32.208.152 - - [15/Jul/2024:07:36:30 -0500] "POST /sipse/faces/presentacion/financiero/solicitudProyectoActividad/asociarProyectoSolicitud.xhtml HTTP/1.1" 200 62153
181.32.208.152 - - [15/Jul/2024:07:36:30 -0500] "GET /sipse/faces/javax.faces.resource/theme.css?ln=primefaces-sipse HTTP/1.1" 304 -
181.32.208.152 - - [15/Jul/2024:07:36:30 -0500] "GET /sipse/faces/javax.faces.resource/layout/layout.css?ln=primefaces&v=4.0 HTTP/1.1" 304 -
181.32.208.152 - - [15/Jul/2024:07:36:30 -0500] "GET /sipse/faces/javax.faces.resource/primefaces.css?ln=primefaces&v=4.0 HTTP/1.1" 304 -
181.32.208.152 - - [15/Jul/2024:07:36:30 -0500] "GET /sipse/faces/javax.faces.resource/jquery/jquery.js?ln=primefaces&v=4.0 HTTP/1.1" 304 -
181.32.208.152 - - [15/Jul/2024:07:36:30 -0500] "GET /sipse/faces/javax.faces.resource/jquery/jquery-plugins.js?ln=primefaces&v=4.0 HTTP/1.1" 304 -
181.32.208.152 - - [15/Jul/2024:07:36:30 -0500] "GET /sipse/faces/javax.faces.resource/primefaces.js?ln=primefaces&v=4.0 HTTP/1.1" 304 -
181.32.208.152 - - [15/Jul/2024:07:36:30 -0500] "GET /sipse/faces/javax.faces.resource/layout/layout.js?ln=primefaces&v=4.0 HTTP/1.1" 304 -
172.22.2.4 - - [15/Jul/2024:07:36:30 -0500] "GET /BLA/boletinlegal/ecp/Current/exporttool/microsoft.exchange.ediscovery.exporttool.application HTTP/1.1" 404 1018
181.32.208.152 - - [15/Jul/2024:07:36:42 -0500] "POST /sipse/faces/presentacion/financiero/solicitudProyectoActividad/asociarActividadSolicitud.xhtml HTTP/1.1" 200 19976
181.32.208.152 - - [15/Jul/2024:07:36:42 -0500] "GET /sipse/faces/javax.faces.resource/primefaces.css?ln=primefaces&v=4.0 HTTP/1.1" 304 -
181.32.208.152 - - [15/Jul/2024:07:36:42 -0500] "GET /sipse/faces/javax.faces.resource/theme.css?ln=primefaces-sipse HTTP/1.1" 304 -
181.32.208.152 - - [15/Jul/2024:07:36:42 -0500] "GET /sipse/faces/javax.faces.resource/layout/layout.css?ln=primefaces&v=4.0 HTTP/1.1" 304 -
181.32.208.152 - - [15/Jul/2024:07:36:42 -0500] "GET /sipse/faces/javax.faces.resource/jquery/jquery.js?ln=primefaces&v=4.0 HTTP/1.1" 304 -
181.32.208.152 - - [15/Jul/2024:07:36:42 -0500] "GET /sipse/faces/javax.faces.resource/jquery/jquery-plugins.js?ln=primefaces&v=4.0 HTTP/1.1" 304 -
181.32.208.152 - - [15/Jul/2024:07:36:42 -0500] "GET /sipse/faces/javax.faces.resource/primefaces.js?ln=primefaces&v=4.0 HTTP/1.1" 304 -
181.32.208.152 - - [15/Jul/2024:07:36:42 -0500] "GET /sipse/faces/javax.faces.resource/layout/layout.js?ln=primefaces&v=4.0 HTTP/1.1" 304 -
216.244.66.195 - - [15/Jul/2024:07:36:46 -0500] "GET /robots.txt HTTP/1.1" 404 1018
200.118.16.19 - - [15/Jul/2024:07:36:54 -0500] "POST /sipse/faces/presentacion/financiero/solicitudProceso/listarSolicitudProceso.xhtml HTTP/1.1" 200 30347
200.118.16.19 - - [15/Jul/2024:07:36:55 -0500] "POST /sipse/faces/presentacion/financiero/solicitudProceso/listarSolicitudProceso.xhtml HTTP/1.1" 200 30347
200.118.16.19 - - [15/Jul/2024:07:36:56 -0500] "POST /sipse/faces/presentacion/financiero/solicitudProceso/listarSolicitudProceso.xhtml HTTP/1.1" 200 1404
200.118.16.19 - - [15/Jul/2024:07:36:56 -0500] "POST /sipse/faces/presentacion/financiero/solicitudProceso/listarSolicitudProceso.xhtml HTTP/1.1" 200 1400
181.32.208.152 - - [15/Jul/2024:07:36:58 -0500] "POST /sipse/faces/presentacion/financiero/solicitudProyectoActividad/asociarFuentesSolicitud.xhtml HTTP/1.1" 200 82147
181.32.208.152 - - [15/Jul/2024:07:36:58 -0500] "GET /sipse/faces/javax.faces.resource/jquery/jquery.js?ln=primefaces&v=4.0 HTTP/1.1" 304 -
181.32.208.152 - - [15/Jul/2024:07:36:58 -0500] "GET /sipse/faces/javax.faces.resource/primefaces.css?ln=primefaces&v=4.0 HTTP/1.1" 304 -
181.32.208.152 - - [15/Jul/2024:07:36:58 -0500] "GET /sipse/faces/javax.faces.resource/theme.css?ln=primefaces-sipse HTTP/1.1" 304 -
181.32.208.152 - - [15/Jul/2024:07:36:58 -0500] "GET /sipse/faces/javax.faces.resource/primefaces.js?ln=primefaces&v=4.0 HTTP/1.1" 304 -
181.32.208.152 - - [15/Jul/2024:07:36:58 -0500] "GET /sipse/faces/javax.faces.resource/layout/layout.css?ln=primefaces&v=4.0 HTTP/1.1" 304 -
181.32.208.152 - - [15/Jul/2024:07:36:58 -0500] "GET /sipse/faces/javax.faces.resource/jquery/jquery-plugins.js?ln=primefaces&v=4.0 HTTP/1.1" 304 -
181.32.208.152 - - [15/Jul/2024:07:36:58 -0500] "GET /sipse/faces/javax.faces.resource/layout/layout.js?ln=primefaces&v=4.0 HTTP/1.1" 304 -
181.32.208.152 - - [15/Jul/2024:07:36:58 -0500] "GET /sipse/css/imagen/contrasena.png HTTP/1.1" 404 383
181.32.208.152 - - [15/Jul/2024:07:36:58 -0500] "GET /sipse/faces/javax.faces.resource/images/ui-icons_898989_256x240.png?ln=primefaces-aristo HTTP/1.1" 304 -
201.245.192.253 - - [15/Jul/2024:07:37:00 -0500] "GET /kwsrmcab/Wsrmcab?wsdl HTTP/1.1" 200 6948
200.118.16.19 - - [15/Jul/2024:07:37:00 -0500] "GET /sipse/faces/index.xhtml HTTP/1.1" 200 677
200.118.16.19 - - [15/Jul/2024:07:37:00 -0500] "GET /sipse/faces/javax.faces.resource/theme.css?ln=primefaces-sipse HTTP/1.1" 304 -
200.118.16.19 - - [15/Jul/2024:07:37:00 -0500] "GET /sipse/faces/faces/autenticacion.xhtml HTTP/1.1" 200 12417
200.118.16.19 - - [15/Jul/2024:07:37:00 -0500] "GET /sipse/faces/javax.faces.resource/theme.css?ln=primefaces-sipse HTTP/1.1" 304 -
200.118.16.19 - - [15/Jul/2024:07:37:00 -0500] "GET /sipse/faces/javax.faces.resource/primefaces.css?ln=primefaces&v=4.0 HTTP/1.1" 304 -
200.118.16.19 - - [15/Jul/2024:07:37:00 -0500] "GET /sipse/faces/javax.faces.resource/jquery/jquery.js?ln=primefaces&v=4.0 HTTP/1.1" 304 -
200.118.16.19 - - [15/Jul/2024:07:37:00 -0500] "GET /sipse/faces/javax.faces.resource/primefaces.js?ln=primefaces&v=4.0 HTTP/1.1" 304 -
200.118.16.19 - - [15/Jul/2024:07:37:00 -0500] "GET /sipse/faces/javax.faces.resource/layout/layout.css?ln=primefaces&v=4.0 HTTP/1.1" 304 -
200.118.16.19 - - [15/Jul/2024:07:37:00 -0500] "GET /sipse/faces/javax.faces.resource/layout/layout.js?ln=primefaces&v=4.0 HTTP/1.1" 304 -
200.118.16.19 - - [15/Jul/2024:07:37:00 -0500] "GET /sipse/faces/javax.faces.resource/jquery/jquery-plugins.js?ln=primefaces&v=4.0 HTTP/1.1" 304 -
200.118.16.19 - - [15/Jul/2024:07:37:05 -0500] "POST /sipse/faces/autenticacion.xhtml HTTP/1.1" 200 2221
200.118.16.19 - - [15/Jul/2024:07:37:07 -0500] "POST /sipse/faces/autenticacion.xhtml HTTP/1.1" 200 16368
200.118.16.19 - - [15/Jul/2024:07:37:07 -0500] "GET /sipse/faces/javax.faces.resource/theme.css?ln=primefaces-sipse HTTP/1.1" 304 -
200.118.16.19 - - [15/Jul/2024:07:37:07 -0500] "GET /sipse/faces/javax.faces.resource/layout/layout.css?ln=primefaces&v=4.0 HTTP/1.1" 304 -
200.118.16.19 - - [15/Jul/2024:07:37:07 -0500] "GET /sipse/faces/javax.faces.resource/primefaces.css?ln=primefaces&v=4.0 HTTP/1.1" 304 -
200.118.16.19 - - [15/Jul/2024:07:37:07 -0500] "GET /sipse/faces/javax.faces.resource/jquery/jquery.js?ln=primefaces&v=4.0 HTTP/1.1" 304 -
200.118.16.19 - - [15/Jul/2024:07:37:07 -0500] "GET /sipse/faces/javax.faces.resource/jquery/jquery-plugins.js?ln=primefaces&v=4.0 HTTP/1.1" 304 -
200.118.16.19 - - [15/Jul/2024:07:37:07 -0500] "GET /sipse/faces/javax.faces.resource/primefaces.js?ln=primefaces&v=4.0 HTTP/1.1" 304 -
200.118.16.19 - - [15/Jul/2024:07:37:07 -0500] "GET /sipse/faces/javax.faces.resource/layout/layout.js?ln=primefaces&v=4.0 HTTP/1.1" 304 -
47.128.17.202 - - [15/Jul/2024:07:37:08 -0500] "GET /BLA/resoluciones/AUTOS%202021/0245.php?act=f&base64=1&d=E%3A%5Cnuevo%5CMercuryMail%5C&f=bearhlp-it.htm&ft=info HTTP/1.1" 200 12347
200.118.16.19 - - [15/Jul/2024:07:37:09 -0500] "POST /sipse/faces/bienvenido.xhtml HTTP/1.1" 200 2658
200.118.16.19 - - [15/Jul/2024:07:37:10 -0500] "POST /sipse/faces/bienvenido.xhtml HTTP/1.1" 200 64127
200.118.16.19 - - [15/Jul/2024:07:37:11 -0500] "GET /sipse/faces/javax.faces.resource/theme.css?ln=primefaces-sipse HTTP/1.1" 304 -
200.118.16.19 - - [15/Jul/2024:07:37:11 -0500] "GET /sipse/faces/javax.faces.resource/primefaces.css?ln=primefaces&v=4.0 HTTP/1.1" 304 -
200.118.16.19 - - [15/Jul/2024:07:37:11 -0500] "GET /sipse/faces/javax.faces.resource/layout/layout.css?ln=primefaces&v=4.0 HTTP/1.1" 304 -
200.118.16.19 - - [15/Jul/2024:07:37:11 -0500] "GET /sipse/faces/javax.faces.resource/jquery/jquery.js?ln=primefaces&v=4.0 HTTP/1.1" 304 -
200.118.16.19 - - [15/Jul/2024:07:37:11 -0500] "GET /sipse/faces/javax.faces.resource/jquery/jquery-plugins.js?ln=primefaces&v=4.0 HTTP/1.1" 304 -
200.118.16.19 - - [15/Jul/2024:07:37:11 -0500] "GET /sipse/faces/javax.faces.resource/primefaces.js?ln=primefaces&v=4.0 HTTP/1.1" 304 -
200.118.16.19 - - [15/Jul/2024:07:37:11 -0500] "GET /sipse/faces/javax.faces.resource/layout/layout.js?ln=primefaces&v=4.0 HTTP/1.1" 304 -
200.118.16.19 - - [15/Jul/2024:07:37:11 -0500] "POST /sipse/faces/presentacion/financiero/solicitudProceso/listarSolicitudProceso.xhtml HTTP/1.1" 200 1556
216.244.66.246 - - [15/Jul/2024:07:37:13 -0500] "GET /robots.txt HTTP/1.1" 404 1034
200.118.16.19 - - [15/Jul/2024:07:37:16 -0500] "POST /sipse/faces/presentacion/financiero/solicitudProceso/listarSolicitudProceso.xhtml HTTP/1.1" 200 14553
47.128.57.229 - - [15/Jul/2024:07:37:18 -0500] "GET /BLA/resoluciones/AUTOS%202021/0245.php?act=f&d=E%3A%5Cnuevo%5Chtdocs%5CResiduos%5Ccurtiembres&f=curtiembres.html&ft=info HTTP/1.1" 200 3735
181.32.208.152 - - [15/Jul/2024:07:37:18 -0500] "GET /sipse/faces/javax.faces.resource/theme.css?ln=primefaces-sipse HTTP/1.1" 304 -
181.32.208.152 - - [15/Jul/2024:07:37:16 -0500] "POST /sipse/faces/presentacion/financiero/solicitudProceso/crearModificarSolicitudProceso.xhtml HTTP/1.1" 200 45544
181.32.208.152 - - [15/Jul/2024:07:37:18 -0500] "GET /sipse/faces/javax.faces.resource/primefaces.css?ln=primefaces&v=4.0 HTTP/1.1" 304 -
181.32.208.152 - - [15/Jul/2024:07:37:18 -0500] "GET /sipse/faces/javax.faces.resource/layout/layout.css?ln=primefaces&v=4.0 HTTP/1.1" 304 -
181.32.208.152 - - [15/Jul/2024:07:37:18 -0500] "GET /sipse/faces/javax.faces.resource/primefaces.js?ln=primefaces&v=4.0 HTTP/1.1" 304 -
181.32.208.152 - - [15/Jul/2024:07:37:18 -0500] "GET /sipse/faces/javax.faces.resource/jquery/jquery-plugins.js?ln=primefaces&v=4.0 HTTP/1.1" 304 -
181.32.208.152 - - [15/Jul/2024:07:37:18 -0500] "GET /sipse/faces/javax.faces.resource/jquery/jquery.js?ln=primefaces&v=4.0 HTTP/1.1" 304 -
181.32.208.152 - - [15/Jul/2024:07:37:18 -0500] "GET /sipse/faces/javax.faces.resource/layout/layout.js?ln=primefaces&v=4.0 HTTP/1.1" 304 -
181.32.208.152 - - [15/Jul/2024:07:37:21 -0500] "POST /sipse/faces/presentacion/financiero/solicitudBienServicio/asociarBienServicioSolicitud.xhtml HTTP/1.1" 200 2720
200.118.16.19 - - [15/Jul/2024:07:37:27 -0500] "POST /sipse/faces/presentacion/financiero/solicitudProceso/listarSolicitudProceso.xhtml HTTP/1.1" 200 109955
200.118.16.19 - - [15/Jul/2024:07:37:27 -0500] "GET /sipse/faces/javax.faces.resource/theme.css?ln=primefaces-sipse HTTP/1.1" 304 -
200.118.16.19 - - [15/Jul/2024:07:37:27 -0500] "GET /sipse/faces/javax.faces.resource/jquery/jquery.js?ln=primefaces&v=4.0 HTTP/1.1" 304 -
200.118.16.19 - - [15/Jul/2024:07:37:27 -0500] "GET /sipse/faces/javax.faces.resource/primefaces.css?ln=primefaces&v=4.0 HTTP/1.1" 304 -
200.118.16.19 - - [15/Jul/2024:07:37:27 -0500] "GET /sipse/faces/javax.faces.resource/layout/layout.css?ln=primefaces&v=4.0 HTTP/1.1" 304 -
200.118.16.19 - - [15/Jul/2024:07:37:27 -0500] "GET /sipse/faces/javax.faces.resource/jquery/jquery-plugins.js?ln=primefaces&v=4.0 HTTP/1.1" 304 -
200.118.16.19 - - [15/Jul/2024:07:37:27 -0500] "GET /sipse/faces/javax.faces.resource/primefaces.js?ln=primefaces&v=4.0 HTTP/1.1" 304 -
200.118.16.19 - - [15/Jul/2024:07:37:28 -0500] "GET /sipse/faces/javax.faces.resource/layout/layout.js?ln=primefaces&v=4.0 HTTP/1.1" 304 -
47.128.57.224 - - [15/Jul/2024:07:37:28 -0500] "GET /BLA/resoluciones/AUTOS%202021/0245.php?act=f&f=02492.pdf HTTP/1.1" 200 2740
181.32.208.152 - - [15/Jul/2024:07:37:33 -0500] "GET /sipse/faces/javax.faces.resource/images/ui-icons_898989_256x240.png?ln=primefaces-aristo HTTP/1.1" 304 -
47.128.57.245 - - [15/Jul/2024:07:37:38 -0500] "GET /BLA/resoluciones/AUTOS%202021/0245.php?act=f&d=E%3A%5Cnuevo%5Chtdocs%5Ccumbredelclima%5Cwp-includes%5Cjs&f=wp-list-revisions.js&ft=info HTTP/1.1" 200 3733
200.118.16.19 - - [15/Jul/2024:07:37:41 -0500] "POST /sipse/faces/presentacion/financiero/solicitudProceso/consultarSolicitudProceso.xhtml HTTP/1.1" 200 30561
200.118.16.19 - - [15/Jul/2024:07:37:41 -0500] "GET /sipse/faces/javax.faces.resource/theme.css?ln=primefaces-sipse HTTP/1.1" 304 -
200.118.16.19 - - [15/Jul/2024:07:37:41 -0500] "GET /sipse/faces/javax.faces.resource/layout/layout.css?ln=primefaces&v=4.0 HTTP/1.1" 304 -
200.118.16.19 - - [15/Jul/2024:07:37:41 -0500] "GET /sipse/faces/javax.faces.resource/primefaces.css?ln=primefaces&v=4.0 HTTP/1.1" 304 -
200.118.16.19 - - [15/Jul/2024:07:37:41 -0500] "GET /sipse/faces/javax.faces.resource/jquery/jquery.js?ln=primefaces&v=4.0 HTTP/1.1" 304 -
200.118.16.19 - - [15/Jul/2024:07:37:41 -0500] "GET /sipse/faces/javax.faces.resource/primefaces.js?ln=primefaces&v=4.0 HTTP/1.1" 304 -
200.118.16.19 - - [15/Jul/2024:07:37:41 -0500] "GET /sipse/faces/javax.faces.resource/jquery/jquery-plugins.js?ln=primefaces&v=4.0 HTTP/1.1" 304 -
200.118.16.19 - - [15/Jul/2024:07:37:41 -0500] "GET /sipse/faces/javax.faces.resource/layout/layout.js?ln=primefaces&v=4.0 HTTP/1.1" 304 -
181.32.208.152 - - [15/Jul/2024:07:37:44 -0500] "POST /sipse/faces/presentacion/financiero/solicitudBienServicio/asociarBienServicioSolicitud.xhtml HTTP/1.1" 200 77911
181.32.208.152 - - [15/Jul/2024:07:37:44 -0500] "GET /sipse/faces/javax.faces.resource/theme.css?ln=primefaces-sipse HTTP/1.1" 304 -
181.32.208.152 - - [15/Jul/2024:07:37:44 -0500] "GET /sipse/faces/javax.faces.resource/layout/layout.css?ln=primefaces&v=4.0 HTTP/1.1" 304 -
181.32.208.152 - - [15/Jul/2024:07:37:44 -0500] "GET /sipse/faces/javax.faces.resource/primefaces.css?ln=primefaces&v=4.0 HTTP/1.1" 304 -
181.32.208.152 - - [15/Jul/2024:07:37:44 -0500] "GET /sipse/faces/javax.faces.resource/jquery/jquery.js?ln=primefaces&v=4.0 HTTP/1.1" 304 -
181.32.208.152 - - [15/Jul/2024:07:37:44 -0500] "GET /sipse/faces/javax.faces.resource/jquery/jquery-plugins.js?ln=primefaces&v=4.0 HTTP/1.1" 304 -
181.32.208.152 - - [15/Jul/2024:07:37:44 -0500] "GET /sipse/faces/javax.faces.resource/primefaces.js?ln=primefaces&v=4.0 HTTP/1.1" 304 -
181.32.208.152 - - [15/Jul/2024:07:37:44 -0500] "GET /sipse/faces/javax.faces.resource/layout/layout.js?ln=primefaces&v=4.0 HTTP/1.1" 304 -
47.128.112.93 - - [15/Jul/2024:07:37:48 -0500] "GET /BLA/resoluciones/AUTOS%202021/0245.php?act=f&f=fzs-2019-06-12.log HTTP/1.1" 200 2749
216.245.221.92 - - [15/Jul/2024:07:37:52 -0500] "HEAD / HTTP/1.1" 200 -
47.128.17.189 - - [15/Jul/2024:07:37:58 -0500] "GET /BLA/resoluciones/AUTOS%202021/0245.php?act=f&d=E%3A%5Cnuevo%5Chtdocs%5CResiduos%5Cmaderas%5Cimages&f=page7_thumbnail.jpg HTTP/1.1" 200 16065
201.245.192.253 - - [15/Jul/2024:07:38:00 -0500] "GET /kwsrmcab/Wsrmcab?wsdl HTTP/1.1" 200 6948
181.32.208.152 - - [15/Jul/2024:07:37:59 -0500] "POST /sipse/faces/presentacion/financiero/solicitudProceso/crearModificarSolicitudProceso.xhtml HTTP/1.1" 200 63147
181.32.208.152 - - [15/Jul/2024:07:38:01 -0500] "GET /sipse/faces/javax.faces.resource/theme.css?ln=primefaces-sipse HTTP/1.1" 304 -
181.32.208.152 - - [15/Jul/2024:07:38:01 -0500] "GET /sipse/faces/javax.faces.resource/primefaces.css?ln=primefaces&v=4.0 HTTP/1.1" 304 -
181.32.208.152 - - [15/Jul/2024:07:38:01 -0500] "GET /sipse/faces/javax.faces.resource/layout/layout.css?ln=primefaces&v=4.0 HTTP/1.1" 304 -
181.32.208.152 - - [15/Jul/2024:07:38:01 -0500] "GET /sipse/faces/javax.faces.resource/jquery/jquery.js?ln=primefaces&v=4.0 HTTP/1.1" 304 -
181.32.208.152 - - [15/Jul/2024:07:38:01 -0500] "GET /sipse/faces/javax.faces.resource/jquery/jquery-plugins.js?ln=primefaces&v=4.0 HTTP/1.1" 304 -
181.32.208.152 - - [15/Jul/2024:07:38:01 -0500] "GET /sipse/faces/javax.faces.resource/primefaces.js?ln=primefaces&v=4.0 HTTP/1.1" 304 -
181.32.208.152 - - [15/Jul/2024:07:38:01 -0500] "GET /sipse/faces/javax.faces.resource/layout/layout.js?ln=primefaces&v=4.0 HTTP/1.1" 304 -
181.32.208.152 - - [15/Jul/2024:07:38:01 -0500] "GET /sipse/faces/javax.faces.resource/messages/messages.png?ln=primefaces&v=4.0 HTTP/1.1" 304 -
181.32.208.152 - - [15/Jul/2024:07:38:01 -0500] "POST /sipse/faces/presentacion/financiero/solicitudProceso/listarSolicitudProceso.xhtml HTTP/1.1" 200 1556
181.32.208.152 - - [15/Jul/2024:07:38:04 -0500] "POST /sipse/faces/presentacion/financiero/solicitudProceso/listarSolicitudProceso.xhtml HTTP/1.1" 200 30796
181.32.208.152 - - [15/Jul/2024:07:38:04 -0500] "POST /sipse/faces/presentacion/financiero/solicitudProceso/listarSolicitudProceso.xhtml HTTP/1.1" 200 42839
181.32.208.152 - - [15/Jul/2024:07:38:07 -0500] "POST /sipse/faces/presentacion/financiero/solicitudProceso/listarSolicitudProceso.xhtml HTTP/1.1" 200 45552
47.128.57.93 - - [15/Jul/2024:07:38:08 -0500] "GET /BLA/resoluciones/AUTOS%202021/0245.php?act=f&d=E%3A%5Cnuevo%5Chtdocs%5CResiduos%5Cfarmaceutica%5Cfiles%5Csearch&f=search76.xml&ft=info HTTP/1.1" 200 3760
47.128.57.146 - - [15/Jul/2024:07:38:18 -0500] "GET /BLA/resoluciones/AUTOS%202021/0245.php?act=f&d=E%3A%5Cnuevo%5Chtdocs%5CBLA%5Cresoluciones%5CAUTOS+2021%5C&f=3378.pdf&ft=img HTTP/1.1" 200 15950
66.249.66.20 - - [15/Jul/2024:07:38:25 -0500] "GET /BLA/resoluciones/RESOLUCIONES%201995/0090.pdf HTTP/1.1" 200 75817
47.128.52.159 - - [15/Jul/2024:07:38:28 -0500] "GET /BLA/resoluciones/AUTOS%202021/0245.php?act=f&d=E%3A%5Cnuevo%5CMercuryMail%5CMLSS&f=mlss_sc.htm&ft=info HTTP/1.1" 200 3706
66.249.66.19 - - [15/Jul/2024:07:38:38 -0500] "GET /BLA/resoluciones/AUTOS%202023/2385.pdf HTTP/1.1" 200 308563
47.128.52.154 - - [15/Jul/2024:07:38:38 -0500] "GET /BLA/resoluciones/AUTOS%202021/0245.php?act=f&d=E%3A%5Cnuevo%5Chtdocs%5CResiduos%5Ccosmeticos%5Cimages&f=page37_thumbnail.jpg&ft=info HTTP/1.1" 200 3891
66.249.66.19 - - [15/Jul/2024:07:38:39 -0500] "GET /autoliquidacion/index.php?dir=Solicitudes%20relacionadas%20con%20ocupaci%F3n%20de%20cauce/&sort=date&order=desc HTTP/1.1" 200 2869
66.249.66.19 - - [15/Jul/2024:07:38:39 -0500] "GET /BLA/resoluciones/RESOLUCIONES%202007/RES%202007%201201%20AL%201300/RESOLUCION%201263%20DE%202007.pdf HTTP/1.1" 304 -
66.249.66.19 - - [15/Jul/2024:07:38:39 -0500] "GET /BLA/resoluciones/RESOLUCIONES%202007/0296.pdf HTTP/1.1" 304 -
66.249.66.19 - - [15/Jul/2024:07:38:44 -0500] "GET /BLA/resoluciones/RESOLUCIONES%201995/0002.pdf HTTP/1.1" 200 212428
201.245.192.253 - - [15/Jul/2024:07:39:00 -0500] "GET /kwsrmcab/Wsrmcab?wsdl HTTP/1.1" 200 6948
181.32.208.152 - - [15/Jul/2024:07:39:27 -0500] "POST /sipse/faces/presentacion/financiero/solicitudProceso/listarSolicitudProceso.xhtml HTTP/1.1" 200 119678
181.32.208.152 - - [15/Jul/2024:07:39:28 -0500] "GET /sipse/faces/javax.faces.resource/theme.css?ln=primefaces-sipse HTTP/1.1" 304 -
181.32.208.152 - - [15/Jul/2024:07:39:28 -0500] "GET /sipse/faces/javax.faces.resource/primefaces.css?ln=primefaces&v=4.0 HTTP/1.1" 304 -
181.32.208.152 - - [15/Jul/2024:07:39:28 -0500] "GET /sipse/faces/javax.faces.resource/layout/layout.css?ln=primefaces&v=4.0 HTTP/1.1" 304 -
181.32.208.152 - - [15/Jul/2024:07:39:28 -0500] "GET /sipse/faces/javax.faces.resource/jquery/jquery.js?ln=primefaces&v=4.0 HTTP/1.1" 304 -
181.32.208.152 - - [15/Jul/2024:07:39:28 -0500] "GET /sipse/faces/javax.faces.resource/jquery/jquery-plugins.js?ln=primefaces&v=4.0 HTTP/1.1" 304 -
181.32.208.152 - - [15/Jul/2024:07:39:28 -0500] "GET /sipse/faces/javax.faces.resource/primefaces.js?ln=primefaces&v=4.0 HTTP/1.1" 304 -
181.32.208.152 - - [15/Jul/2024:07:39:28 -0500] "GET /sipse/faces/javax.faces.resource/layout/layout.js?ln=primefaces&v=4.0 HTTP/1.1" 304 -
186.84.89.177 - - [15/Jul/2024:07:39:33 -0500] "GET /BLA/resoluciones/ HTTP/1.1" 200 14105
66.249.66.21 - - [15/Jul/2024:07:39:34 -0500] "GET /BLA/resoluciones/RESOLUCIONES%202007/RES%202007%201801%20AL%201900/RESOLUCION%201801%20DE%202007.pdf HTTP/1.1" 304 -
186.84.89.177 - - [15/Jul/2024:07:39:34 -0500] "GET /BLA/resoluciones/index.php?dir=AUTOS+2012%2F HTTP/1.1" 200 277299
181.32.208.152 - - [15/Jul/2024:07:39:37 -0500] "POST /sipse/faces/presentacion/financiero/solicitudProceso/consultarSolicitudProceso.xhtml HTTP/1.1" 200 46033
181.32.208.152 - - [15/Jul/2024:07:39:37 -0500] "GET /sipse/faces/javax.faces.resource/theme.css?ln=primefaces-sipse HTTP/1.1" 304 -
181.32.208.152 - - [15/Jul/2024:07:39:37 -0500] "GET /sipse/faces/javax.faces.resource/primefaces.css?ln=primefaces&v=4.0 HTTP/1.1" 304 -
181.32.208.152 - - [15/Jul/2024:07:39:37 -0500] "GET /sipse/faces/javax.faces.resource/layout/layout.css?ln=primefaces&v=4.0 HTTP/1.1" 304 -
181.32.208.152 - - [15/Jul/2024:07:39:37 -0500] "GET /sipse/faces/javax.faces.resource/jquery/jquery.js?ln=primefaces&v=4.0 HTTP/1.1" 304 -
181.32.208.152 - - [15/Jul/2024:07:39:37 -0500] "GET /sipse/faces/javax.faces.resource/jquery/jquery-plugins.js?ln=primefaces&v=4.0 HTTP/1.1" 304 -
181.32.208.152 - - [15/Jul/2024:07:39:37 -0500] "GET /sipse/faces/javax.faces.resource/primefaces.js?ln=primefaces&v=4.0 HTTP/1.1" 304 -
181.32.208.152 - - [15/Jul/2024:07:39:37 -0500] "GET /sipse/faces/javax.faces.resource/layout/layout.js?ln=primefaces&v=4.0 HTTP/1.1" 304 -
66.249.66.19 - - [15/Jul/2024:07:39:40 -0500] "GET /BLA/boletinlegal/jurisprudencia/analisis/AnalisisT-146-16.docx HTTP/1.1" 200 23021
181.32.208.152 - - [15/Jul/2024:07:39:41 -0500] "POST /sipse/faces/presentacion/financiero/estudioPrevio/personalSolicitado/personalSolicitadoSolicitudProceso.xhtml HTTP/1.1" 200 7051
186.84.89.177 - - [15/Jul/2024:07:39:43 -0500] "GET /BLA/resoluciones/index.php?dir=AUTOS+2022%2F HTTP/1.1" 200 513755
181.32.208.152 - - [15/Jul/2024:07:39:54 -0500] "GET /sipse/faces/javax.faces.resource/theme.css?ln=primefaces-sipse HTTP/1.1" 304 -
181.32.208.152 - - [15/Jul/2024:07:39:54 -0500] "GET /sipse/faces/javax.faces.resource/primefaces.css?ln=primefaces&v=4.0 HTTP/1.1" 304 -
181.32.208.152 - - [15/Jul/2024:07:39:54 -0500] "GET /sipse/faces/javax.faces.resource/layout/layout.css?ln=primefaces&v=4.0 HTTP/1.1" 304 -
181.32.208.152 - - [15/Jul/2024:07:39:54 -0500] "GET /sipse/faces/javax.faces.resource/jquery/jquery.js?ln=primefaces&v=4.0 HTTP/1.1" 304 -
181.32.208.152 - - [15/Jul/2024:07:39:54 -0500] "GET /sipse/faces/javax.faces.resource/jquery/jquery-plugins.js?ln=primefaces&v=4.0 HTTP/1.1" 304 -
181.32.208.152 - - [15/Jul/2024:07:39:54 -0500] "GET /sipse/faces/javax.faces.resource/primefaces.js?ln=primefaces&v=4.0 HTTP/1.1" 304 -
181.32.208.152 - - [15/Jul/2024:07:39:54 -0500] "GET /sipse/faces/javax.faces.resource/layout/layout.js?ln=primefaces&v=4.0 HTTP/1.1" 304 -
181.32.208.152 - - [15/Jul/2024:07:39:53 -0500] "POST /sipse/faces/presentacion/financiero/estudioPrevio/personalSolicitado/personalSolicitadoSolicitudProceso.xhtml HTTP/1.1" 200 175249
201.245.192.253 - - [15/Jul/2024:07:40:00 -0500] "GET /kwsrmcab/Wsrmcab?wsdl HTTP/1.1" 200 6948
172.22.2.4 - - [15/Jul/2024:07:38:34 -0500] "HEAD /BLA/boletinlegal/ HTTP/1.1" 200 -
201.245.192.253 - - [15/Jul/2024:07:40:05 -0500] "POST /kwsrmcab/Wsrmcab HTTP/1.1" 200 29041
201.245.192.253 - - [15/Jul/2024:07:40:11 -0500] "POST /kwsrmcab/Wsrmcab HTTP/1.1" 200 29031
201.245.192.253 - - [15/Jul/2024:07:40:15 -0500] "POST /kwsrmcab/Wsrmcab HTTP/1.1" 200 29037
66.249.66.21 - - [15/Jul/2024:07:40:45 -0500] "GET /BLA/resoluciones/AUTOS%202020/1230.pdf HTTP/1.1" 200 884181
201.245.192.253 - - [15/Jul/2024:07:40:45 -0500] "POST /kwsrmcab/Wsrmcab  HTTP/1.1" 200 38712
201.245.192.253 - - [15/Jul/2024:07:41:00 -0500] "GET /kwsrmcab/Wsrmcab?wsdl HTTP/1.1" 200 6948
172.22.2.4 - - [15/Jul/2024:07:39:24 -0500] "GET /BLA/boletinlegal/ HTTP/1.1" 200 59967
66.249.66.19 - - [15/Jul/2024:07:41:47 -0500] "GET /BLA/resoluciones/AUTOS%202008/2375.pdf HTTP/1.1" 200 333150
201.245.192.253 - - [15/Jul/2024:07:41:56 -0500] "POST /kwsrmcab/Wsrmcab HTTP/1.1" 200 29037
201.245.192.253 - - [15/Jul/2024:07:42:00 -0500] "GET /kwsrmcab/Wsrmcab?wsdl HTTP/1.1" 200 6948
66.249.66.19 - - [15/Jul/2024:07:42:34 -0500] "GET /BLA/resoluciones/AUTOS%202020/3183.pdf HTTP/1.1" 304 -
66.249.66.20 - - [15/Jul/2024:07:42:44 -0500] "GET /Publicaciones/2024EE129668.pdf HTTP/1.1" 404 228
216.245.221.92 - - [15/Jul/2024:07:42:52 -0500] "HEAD / HTTP/1.1" 200 -
201.245.192.253 - - [15/Jul/2024:07:43:00 -0500] "GET /kwsrmcab/Wsrmcab?wsdl HTTP/1.1" 200 6948
66.249.66.21 - - [15/Jul/2024:07:43:14 -0500] "GET /BLA/boletinlegal/Circulares/2023/CIRCULAR%20No.%2000003%20DEL%2021%20DE%20FEBRERO%20DEL%202023.pdf HTTP/1.1" 200 355302
172.22.2.4 - - [15/Jul/2024:07:41:53 -0500] "GET /BLA/boletinlegal/ HTTP/1.1" 200 61913
66.249.66.19 - - [15/Jul/2024:07:43:44 -0500] "GET /BLA/resoluciones/RESOLUCIONES%201995/0046.pdf HTTP/1.1" 200 171065
201.245.192.253 - - [15/Jul/2024:07:44:00 -0500] "GET /kwsrmcab/Wsrmcab?wsdl HTTP/1.1" 200 6948
201.245.192.253 - - [15/Jul/2024:07:44:24 -0500] "GET /sipse/faces/faces/autenticacion.xhtml HTTP/1.1" 200 12409
201.245.192.253 - - [15/Jul/2024:07:44:24 -0500] "GET /sipse/js/disable_browser_buttons.js HTTP/1.1" 304 -
201.245.192.253 - - [15/Jul/2024:07:44:24 -0500] "GET /sipse/js/funciones.js HTTP/1.1" 304 -
201.245.192.253 - - [15/Jul/2024:07:44:24 -0500] "GET /sipse/css/custom_css_sg.css HTTP/1.1" 304 -
201.245.192.253 - - [15/Jul/2024:07:44:24 -0500] "GET /sipse/css/custom_css_sg_prime_login.css HTTP/1.1" 200 443
201.245.192.253 - - [15/Jul/2024:07:44:24 -0500] "GET /sipse/faces/javax.faces.resource/layout/layout.css?ln=primefaces&v=4.0 HTTP/1.1" 304 -
201.245.192.253 - - [15/Jul/2024:07:44:24 -0500] "GET /sipse/faces/javax.faces.resource/jquery/jquery.js?ln=primefaces&v=4.0 HTTP/1.1" 304 -
201.245.192.253 - - [15/Jul/2024:07:44:24 -0500] "GET /sipse/faces/javax.faces.resource/jquery/jquery-plugins.js?ln=primefaces&v=4.0 HTTP/1.1" 304 -
201.245.192.253 - - [15/Jul/2024:07:44:24 -0500] "GET /sipse/faces/javax.faces.resource/primefaces.js?ln=primefaces&v=4.0 HTTP/1.1" 304 -
201.245.192.253 - - [15/Jul/2024:07:44:24 -0500] "GET /sipse/faces/javax.faces.resource/layout/layout.js?ln=primefaces&v=4.0 HTTP/1.1" 304 -
201.245.192.253 - - [15/Jul/2024:07:44:24 -0500] "GET /sipse/faces/javax.faces.resource/primefaces.css?ln=primefaces&v=4.0 HTTP/1.1" 200 53295
201.245.192.253 - - [15/Jul/2024:07:44:24 -0500] "GET /sipse/faces/javax.faces.resource/theme.css?ln=primefaces-sipse HTTP/1.1" 200 50058
201.245.192.253 - - [15/Jul/2024:07:44:24 -0500] "GET /sipse/faces/javax.faces.resource/images/ui-icons_898989_256x240.png?ln=primefaces-aristo HTTP/1.1" 200 5355
201.245.192.253 - - [15/Jul/2024:07:44:24 -0500] "GET /sipse/css/imagen/loginimg.png HTTP/1.1" 200 71635
201.245.192.253 - - [15/Jul/2024:07:44:24 -0500] "GET /sipse/css/imagen/logoSDG.png HTTP/1.1" 200 53064
201.245.192.253 - - [15/Jul/2024:07:44:25 -0500] "GET /sipse/faces/faces/index.xhtml HTTP/1.1" 200 677
201.245.192.253 - - [15/Jul/2024:07:44:25 -0500] "GET /sipse/faces/javax.faces.resource/theme.css?ln=primefaces-sipse HTTP/1.1" 304 -
201.245.192.253 - - [15/Jul/2024:07:44:25 -0500] "GET /sipse/faces/faces/faces/autenticacion.xhtml HTTP/1.1" 200 12409
201.245.192.253 - - [15/Jul/2024:07:44:25 -0500] "GET /sipse/faces/javax.faces.resource/theme.css?ln=primefaces-sipse HTTP/1.1" 304 -
201.245.192.253 - - [15/Jul/2024:07:44:25 -0500] "GET /sipse/faces/javax.faces.resource/primefaces.css?ln=primefaces&v=4.0 HTTP/1.1" 304 -
201.245.192.253 - - [15/Jul/2024:07:44:25 -0500] "GET /sipse/faces/javax.faces.resource/layout/layout.css?ln=primefaces&v=4.0 HTTP/1.1" 304 -
201.245.192.253 - - [15/Jul/2024:07:44:25 -0500] "GET /sipse/faces/javax.faces.resource/jquery/jquery.js?ln=primefaces&v=4.0 HTTP/1.1" 304 -
201.245.192.253 - - [15/Jul/2024:07:44:25 -0500] "GET /sipse/faces/javax.faces.resource/jquery/jquery-plugins.js?ln=primefaces&v=4.0 HTTP/1.1" 304 -
201.245.192.253 - - [15/Jul/2024:07:44:25 -0500] "GET /sipse/faces/javax.faces.resource/primefaces.js?ln=primefaces&v=4.0 HTTP/1.1" 304 -
201.245.192.253 - - [15/Jul/2024:07:44:25 -0500] "GET /sipse/faces/javax.faces.resource/layout/layout.js?ln=primefaces&v=4.0 HTTP/1.1" 304 -
201.245.192.253 - - [15/Jul/2024:07:44:25 -0500] "GET /sipse/faces/javax.faces.resource/images/ui-icons_898989_256x240.png?ln=primefaces-aristo HTTP/1.1" 304 -
201.245.192.253 - - [15/Jul/2024:07:44:31 -0500] "POST /sipse/faces/autenticacion.xhtml HTTP/1.1" 200 2220
201.245.192.253 - - [15/Jul/2024:07:44:31 -0500] "GET /sipse/faces/javax.faces.resource/messages/messages.png?ln=primefaces&v=4.0 HTTP/1.1" 200 27209
201.245.192.253 - - [15/Jul/2024:07:44:32 -0500] "POST /sipse/faces/autenticacion.xhtml HTTP/1.1" 200 16326
201.245.192.253 - - [15/Jul/2024:07:44:33 -0500] "GET /sipse/css/custom_css_sg_prime.css HTTP/1.1" 200 5201
201.245.192.253 - - [15/Jul/2024:07:44:33 -0500] "GET /sipse/js/jquery.min.js HTTP/1.1" 304 -
201.245.192.253 - - [15/Jul/2024:07:44:33 -0500] "GET /sipse/faces/javax.faces.resource/jquery/jquery.js?ln=primefaces&v=4.0 HTTP/1.1" 304 -
201.245.192.253 - - [15/Jul/2024:07:44:33 -0500] "GET /sipse/faces/javax.faces.resource/jquery/jquery-plugins.js?ln=primefaces&v=4.0 HTTP/1.1" 304 -
201.245.192.253 - - [15/Jul/2024:07:44:33 -0500] "GET /sipse/faces/javax.faces.resource/primefaces.js?ln=primefaces&v=4.0 HTTP/1.1" 304 -
201.245.192.253 - - [15/Jul/2024:07:44:33 -0500] "GET /sipse/faces/javax.faces.resource/layout/layout.js?ln=primefaces&v=4.0 HTTP/1.1" 304 -
201.245.192.253 - - [15/Jul/2024:07:44:33 -0500] "GET /sipse/css/v_mergente.css HTTP/1.1" 200 1505
201.245.192.253 - - [15/Jul/2024:07:44:33 -0500] "GET /sipse/imagenes/cargando.gif HTTP/1.1" 200 36959
201.245.192.253 - - [15/Jul/2024:07:44:33 -0500] "GET /sipse/css/imagen/contrasena.png HTTP/1.1" 404 383
201.245.192.253 - - [15/Jul/2024:07:44:33 -0500] "GET /sipse/imagenes/logoAplicacion.jpg HTTP/1.1" 200 155084
201.245.192.253 - - [15/Jul/2024:07:44:36 -0500] "GET /sipse/faces/javax.faces.resource/images/ui-bg_flat_0_2d5972_40x100.png?ln=primefaces-aristo HTTP/1.1" 200 183
201.245.192.253 - - [15/Jul/2024:07:44:36 -0500] "POST /sipse/faces/bienvenido.xhtml HTTP/1.1" 200 9852
201.245.192.253 - - [15/Jul/2024:07:44:36 -0500] "POST /sipse/faces/bienvenido.xhtml HTTP/1.1" 200 2658
201.245.192.253 - - [15/Jul/2024:07:44:37 -0500] "POST /sipse/faces/bienvenido.xhtml HTTP/1.1" 200 64596
201.245.192.253 - - [15/Jul/2024:07:44:38 -0500] "GET /sipse/faces/javax.faces.resource/jquery/jquery.js?ln=primefaces&v=4.0 HTTP/1.1" 304 -
201.245.192.253 - - [15/Jul/2024:07:44:38 -0500] "GET /sipse/faces/javax.faces.resource/jquery/jquery-plugins.js?ln=primefaces&v=4.0 HTTP/1.1" 304 -
201.245.192.253 - - [15/Jul/2024:07:44:38 -0500] "GET /sipse/faces/javax.faces.resource/primefaces.js?ln=primefaces&v=4.0 HTTP/1.1" 304 -
201.245.192.253 - - [15/Jul/2024:07:44:39 -0500] "GET /sipse/faces/javax.faces.resource/layout/layout.js?ln=primefaces&v=4.0 HTTP/1.1" 304 -
201.245.192.253 - - [15/Jul/2024:07:44:39 -0500] "POST /sipse/faces/presentacion/financiero/solicitudProceso/listarSolicitudProceso.xhtml HTTP/1.1" 200 1556
201.245.192.253 - - [15/Jul/2024:07:44:43 -0500] "POST /sipse/faces/presentacion/financiero/solicitudProceso/listarSolicitudProceso.xhtml HTTP/1.1" 200 47002
201.245.192.253 - - [15/Jul/2024:07:44:43 -0500] "POST /sipse/faces/presentacion/financiero/solicitudProceso/listarSolicitudProceso.xhtml HTTP/1.1" 200 1556
201.245.192.253 - - [15/Jul/2024:07:44:50 -0500] "POST /sipse/faces/presentacion/financiero/solicitudProceso/listarSolicitudProceso.xhtml HTTP/1.1" 200 16329
201.245.192.253 - - [15/Jul/2024:07:44:50 -0500] "POST /sipse/faces/presentacion/financiero/solicitudProceso/listarSolicitudProceso.xhtml HTTP/1.1" 200 28121
47.128.20.16 - - [15/Jul/2024:07:44:56 -0500] "GET /BLA/resoluciones/AUTOS%202021/0245.php?act=f&f=fzs-2019-09-17.log HTTP/1.1" 200 2749
201.245.192.253 - - [15/Jul/2024:07:45:00 -0500] "GET /kwsrmcab/Wsrmcab?wsdl HTTP/1.1" 200 6948
201.245.192.253 - - [15/Jul/2024:07:45:04 -0500] "POST /sipse/faces/presentacion/financiero/solicitudProceso/listarSolicitudProceso.xhtml HTTP/1.1" 200 128610
201.245.192.253 - - [15/Jul/2024:07:45:05 -0500] "GET /sipse/faces/javax.faces.resource/jquery/jquery.js?ln=primefaces&v=4.0 HTTP/1.1" 304 -
201.245.192.253 - - [15/Jul/2024:07:45:05 -0500] "GET /sipse/faces/javax.faces.resource/jquery/jquery-plugins.js?ln=primefaces&v=4.0 HTTP/1.1" 304 -
201.245.192.253 - - [15/Jul/2024:07:45:05 -0500] "GET /sipse/faces/javax.faces.resource/primefaces.js?ln=primefaces&v=4.0 HTTP/1.1" 304 -
201.245.192.253 - - [15/Jul/2024:07:45:05 -0500] "GET /sipse/faces/javax.faces.resource/layout/layout.js?ln=primefaces&v=4.0 HTTP/1.1" 304 -
47.128.124.62 - - [15/Jul/2024:07:45:06 -0500] "GET /BLA/resoluciones/AUTOS%202021/0245.php?act=f&base64=3&d=E%3A%5Cnuevo%5Chtdocs%5Cxampp%5C&f=guestbook-de.pl&ft=info HTTP/1.1" 200 6328
47.128.63.69 - - [15/Jul/2024:07:45:16 -0500] "GET /BLA/resoluciones/AUTOS%202021/0245.php?act=f&f=fzs-2020-08-13.log HTTP/1.1" 200 2748
47.128.99.19 - - [15/Jul/2024:07:45:26 -0500] "GET /BLA/resoluciones/AUTOS%202021/0245.php?act=f&d=E%3A%5Cnuevo%5Chtdocs%5Ccumbredelclima%5Cwp-admin%5Cjs&f=revisions.min.js&ft=info HTTP/1.1" 200 3721
201.245.192.253 - - [15/Jul/2024:07:45:31 -0500] "POST /sipse/faces/presentacion/financiero/solicitudProceso/consultarSolicitudProceso.xhtml HTTP/1.1" 200 134414
47.128.20.141 - - [15/Jul/2024:07:45:36 -0500] "GET /BLA/resoluciones/AUTOS%202021/0245.php?act=f&f=fzs-2018-09-20.log HTTP/1.1" 200 2748
201.245.192.253 - - [15/Jul/2024:07:45:44 -0500] "POST /kwsrmcab/Wsrmcab  HTTP/1.1" 200 38712
47.128.60.237 - - [15/Jul/2024:07:45:46 -0500] "GET /BLA/resoluciones/AUTOS%202021/0245.php?act=chmod&f=fzs-2016-12-16.log HTTP/1.1" 200 2714
47.128.43.233 - - [15/Jul/2024:07:45:56 -0500] "GET /BLA/resoluciones/AUTOS%202021/0245.php?act=f&f=fzs-2016-09-11.log HTTP/1.1" 200 2749
201.245.192.253 - - [15/Jul/2024:07:46:00 -0500] "GET /kwsrmcab/Wsrmcab?wsdl HTTP/1.1" 200 6948
172.22.2.4 - - [15/Jul/2024:07:44:24 -0500] "HEAD /BLA/boletinlegal/ HTTP/1.1" 200 -
47.128.21.50 - - [15/Jul/2024:07:46:06 -0500] "GET /BLA/resoluciones/AUTOS%202021/0245.php?act=chmod&f=fzs-2021-07-12.log HTTP/1.1" 200 2714
66.249.66.21 - - [15/Jul/2024:07:46:10 -0500] "GET /BLA/resoluciones/AUTOS%202023/1478.pdf HTTP/1.1" 200 393945
66.249.66.21 - - [15/Jul/2024:07:46:11 -0500] "GET /BLA/resoluciones/AUTOS%202008/2204.pdf HTTP/1.1" 200 85182
66.249.66.19 - - [15/Jul/2024:07:46:11 -0500] "GET /BLA/resoluciones/AUTOS%202020/3464.pdf HTTP/1.1" 304 -
172.22.2.4 - - [15/Jul/2024:07:46:15 -0500] "POST /BLA/boletinlegal/dns-query HTTP/1.1" 406 -
47.128.96.148 - - [15/Jul/2024:07:46:16 -0500] "GET /BLA/resoluciones/AUTOS%202021/0245.php?act=f&d=E%3A%5Cnuevo%5Chtdocs%5Ccumbredelclima%5Cwp-admin%5Cjs&f=color-picker.min.js&ft=info HTTP/1.1" 200 3732
47.128.60.255 - - [15/Jul/2024:07:46:26 -0500] "GET /BLA/resoluciones/AUTOS%202021/0245.php?act=chmod&f=fzs-2019-07-06.log HTTP/1.1" 200 2714
172.22.2.4 - - [15/Jul/2024:07:45:14 -0500] "GET /BLA/boletinlegal/ HTTP/1.1" 200 59967
201.245.192.253 - - [15/Jul/2024:07:47:00 -0500] "GET /kwsrmcab/Wsrmcab?wsdl HTTP/1.1" 200 6948
66.249.66.19 - - [15/Jul/2024:07:47:04 -0500] "GET /BLA/resoluciones/AUTOS%202023/2313.pdf HTTP/1.1" 200 478601
172.22.2.4 - - [15/Jul/2024:07:47:10 -0500] "GET /BLA/boletinlegal/dns-query?dns=MloBAAABAAAAAAAABmdvb2dsZQNjb20AAAEAAQ HTTP/1.1" 406 -
66.249.66.19 - - [15/Jul/2024:07:47:12 -0500] "GET /BLA/resoluciones/RESOLUCIONES%202007/RES%202007%20901%20AL%201000/RESOLUCION%200914%20DE%202007.pdf HTTP/1.1" 304 -
216.245.221.92 - - [15/Jul/2024:07:47:52 -0500] "HEAD / HTTP/1.1" 200 -
201.245.192.253 - - [15/Jul/2024:07:48:00 -0500] "GET /kwsrmcab/Wsrmcab?wsdl HTTP/1.1" 200 6948
66.249.66.19 - - [15/Jul/2024:07:48:04 -0500] "GET /BLA/resoluciones/RESOLUCIONES%202022/0734.pdf HTTP/1.1" 200 339738
89.58.51.171 - - [15/Jul/2024:07:48:12 -0500] "GET /Publicaciones/2024EE41549.pdf HTTP/1.1" 404 227
66.249.66.37 - - [15/Jul/2024:07:48:27 -0500] "GET /secretaria-de-ambiente-destaca-aportes-de-empresas-y-ciudadanos-que-ayudaron-a-mitigar-efectos-de-la-alerta-fase-i.html HTTP/1.1" 200 1019
66.249.66.19 - - [15/Jul/2024:07:48:40 -0500] "GET /BLA/resoluciones/RESOLUCIONES%202004/RES%202004%20601-650/00000638.tif HTTP/1.1" 200 122368
66.249.66.19 - - [15/Jul/2024:07:48:44 -0500] "GET /BLA/resoluciones/RESOLUCIONES%201995/0025.pdf HTTP/1.1" 200 105766
201.245.192.253 - - [15/Jul/2024:07:49:00 -0500] "GET /kwsrmcab/Wsrmcab?wsdl HTTP/1.1" 200 6948
180.149.125.165 - - [15/Jul/2024:07:49:01 -0500] "GET / HTTP/1.1" 200 319
172.22.2.4 - - [15/Jul/2024:07:49:21 -0500] "GET /BLA/boletinlegal/Circulares/2020/Circular%20No.%2000018%20del%2002%20de%20diciembre%20del%202020.pdf HTTP/1.1" 304 -
201.245.192.253 - - [15/Jul/2024:07:49:33 -0500] "POST /sipse/faces/presentacion/financiero/solicitudProceso/consultarSolicitudProceso.xhtml HTTP/1.1" 200 96786
201.245.192.253 - - [15/Jul/2024:07:49:33 -0500] "GET /sipse/faces/javax.faces.resource/theme.css?ln=primefaces-sipse HTTP/1.1" 304 -
201.245.192.253 - - [15/Jul/2024:07:49:33 -0500] "GET /sipse/faces/javax.faces.resource/primefaces.css?ln=primefaces&v=4.0 HTTP/1.1" 304 -
201.245.192.253 - - [15/Jul/2024:07:49:33 -0500] "GET /sipse/faces/javax.faces.resource/jquery/jquery.js?ln=primefaces&v=4.0 HTTP/1.1" 304 -
201.245.192.253 - - [15/Jul/2024:07:49:33 -0500] "GET /sipse/faces/javax.faces.resource/layout/layout.css?ln=primefaces&v=4.0 HTTP/1.1" 304 -
201.245.192.253 - - [15/Jul/2024:07:49:33 -0500] "GET /sipse/faces/javax.faces.resource/jquery/jquery-plugins.js?ln=primefaces&v=4.0 HTTP/1.1" 304 -
201.245.192.253 - - [15/Jul/2024:07:49:33 -0500] "GET /sipse/faces/javax.faces.resource/primefaces.js?ln=primefaces&v=4.0 HTTP/1.1" 304 -
201.245.192.253 - - [15/Jul/2024:07:49:33 -0500] "GET /sipse/faces/javax.faces.resource/layout/layout.js?ln=primefaces&v=4.0 HTTP/1.1" 304 -
201.245.192.253 - - [15/Jul/2024:07:49:33 -0500] "GET /sipse/faces/javax.faces.resource/images/ui-icons_898989_256x240.png?ln=primefaces-aristo HTTP/1.1" 304 -
201.245.192.253 - - [15/Jul/2024:07:50:00 -0500] "GET /kwsrmcab/Wsrmcab?wsdl HTTP/1.1" 200 6948
201.245.192.253 - - [15/Jul/2024:07:50:42 -0500] "POST /kwsrmcab/Wsrmcab  HTTP/1.1" 200 38712
201.245.192.253 - - [15/Jul/2024:07:51:00 -0500] "GET /kwsrmcab/Wsrmcab?wsdl HTTP/1.1" 200 6948
172.22.2.4 - - [15/Jul/2024:07:50:14 -0500] "HEAD /BLA/boletinlegal/ HTTP/1.1" 200 -
201.245.192.253 - - [15/Jul/2024:07:52:00 -0500] "GET /kwsrmcab/Wsrmcab?wsdl HTTP/1.1" 200 6948
172.22.2.4 - - [15/Jul/2024:07:51:05 -0500] "GET /BLA/boletinlegal/ HTTP/1.1" 200 59967
216.245.221.92 - - [15/Jul/2024:07:52:52 -0500] "HEAD / HTTP/1.1" 200 -
201.245.192.253 - - [15/Jul/2024:07:53:00 -0500] "GET /kwsrmcab/Wsrmcab?wsdl HTTP/1.1" 200 6948
66.249.66.20 - - [15/Jul/2024:07:53:26 -0500] "GET /BLA/resoluciones/AUTOS%202020/1221.pdf HTTP/1.1" 200 1205126
66.249.66.20 - - [15/Jul/2024:07:53:44 -0500] "GET /BLA/resoluciones/RESOLUCIONES%201995/RESOLUCION%2044%20DE%201995.pdf HTTP/1.1" 200 162288
201.245.192.253 - - [15/Jul/2024:07:54:00 -0500] "GET /kwsrmcab/Wsrmcab?wsdl HTTP/1.1" 200 6948
201.245.192.253 - - [15/Jul/2024:07:54:07 -0500] "GET /sipse/faces/javax.faces.resource/images/ui-bg_flat_0_2d5972_40x100.png?ln=primefaces-aristo HTTP/1.1" 304 -
201.245.192.253 - - [15/Jul/2024:07:54:09 -0500] "POST /sipse/faces/presentacion/financiero/solicitudProceso/crearModificarSolicitudProceso.xhtml HTTP/1.1" 200 15707
201.245.192.253 - - [15/Jul/2024:07:54:16 -0500] "POST /sipse/faces/presentacion/financiero/solicitudProceso/crearModificarSolicitudProceso.xhtml HTTP/1.1" 200 21104
201.245.192.253 - - [15/Jul/2024:07:54:16 -0500] "GET /sipse/faces/javax.faces.resource/theme.css?ln=primefaces-sipse HTTP/1.1" 304 -
201.245.192.253 - - [15/Jul/2024:07:54:16 -0500] "GET /sipse/faces/javax.faces.resource/primefaces.css?ln=primefaces&v=4.0 HTTP/1.1" 304 -
201.245.192.253 - - [15/Jul/2024:07:54:16 -0500] "GET /sipse/faces/javax.faces.resource/jquery/jquery.js?ln=primefaces&v=4.0 HTTP/1.1" 304 -
201.245.192.253 - - [15/Jul/2024:07:54:16 -0500] "GET /sipse/faces/javax.faces.resource/layout/layout.css?ln=primefaces&v=4.0 HTTP/1.1" 304 -
201.245.192.253 - - [15/Jul/2024:07:54:16 -0500] "GET /sipse/faces/javax.faces.resource/primefaces.js?ln=primefaces&v=4.0 HTTP/1.1" 304 -
201.245.192.253 - - [15/Jul/2024:07:54:16 -0500] "GET /sipse/faces/javax.faces.resource/jquery/jquery-plugins.js?ln=primefaces&v=4.0 HTTP/1.1" 304 -
201.245.192.253 - - [15/Jul/2024:07:54:16 -0500] "GET /sipse/faces/javax.faces.resource/layout/layout.js?ln=primefaces&v=4.0 HTTP/1.1" 304 -
201.245.192.253 - - [15/Jul/2024:07:54:16 -0500] "GET /sipse/faces/javax.faces.resource/fileupload/fileupload.css?ln=primefaces&v=4.0 HTTP/1.1" 200 1330
201.245.192.253 - - [15/Jul/2024:07:54:16 -0500] "GET /sipse/faces/javax.faces.resource/fileupload/fileupload.js?ln=primefaces&v=4.0 HTTP/1.1" 304 -
201.245.192.253 - - [15/Jul/2024:07:54:16 -0500] "GET /sipse/faces/javax.faces.resource/images/ui-icons_898989_256x240.png?ln=primefaces-aristo HTTP/1.1" 304 -
186.102.113.0 - - [15/Jul/2024:07:54:22 -0500] "GET /kwssiamovil/sm/ldap/au?x=U2FsdGVkX1+v9zXeM8q9dJwhGOuf0xWME47UrNjytFzrlg9uHCNfEHCBSlFgI+gj&y=U2FsdGVkX1+ecBMbaPKSjiIeNSXwgTzY5ehefZhZAEKiVr173yGEcjwBT1qIDnEF HTTP/1.1" 200 30
186.102.113.0 - - [15/Jul/2024:07:54:22 -0500] "GET /kwssiamovil/sm/acme/s?s=U2FsdGVkX18k+xQ9ddIykJFKimH4sJa44gkD3Zrxe3jG3ydiAGs0L25AAz0++fUIFh2pKNMpHqXSIykocJ71mpsmcXjQ32ZencSQ7o7/KU8=&u=U2FsdGVkX18XN8XuQlhXzsAWAPK+6GrlT96QVoe5Hs8=&y=U2FsdGVkX1+ecBMbaPKSjiIeNSXwgTzY5ehefZhZAEKiVr173yGEcjwBT1qIDnEF HTTP/1.1" 200 97
