47.128.126.42 - - [15/Jul/2024:09:18:25 -0500] "GET /BLA/resoluciones/AUTOS%202021/0245.php?act=f&f=swfupload.swfobject.js HTTP/1.1" 200 2749
47.128.114.234 - - [15/Jul/2024:09:18:35 -0500] "GET /BLA/resoluciones/AUTOS%202021/0245.php?act=f&f=2391.pdf HTTP/1.1" 200 2739
181.32.208.152 - - [15/Jul/2024:09:18:45 -0500] "POST /sipse/faces/presentacion/financiero/solicitudProceso/crearModificarSolicitudProceso.xhtml HTTP/1.1" 200 24607
181.32.208.152 - - [15/Jul/2024:09:18:45 -0500] "GET /sipse/faces/javax.faces.resource/theme.css?ln=primefaces-sipse HTTP/1.1" 304 -
181.32.208.152 - - [15/Jul/2024:09:18:45 -0500] "GET /sipse/faces/javax.faces.resource/primefaces.css?ln=primefaces&v=4.0 HTTP/1.1" 304 -
181.32.208.152 - - [15/Jul/2024:09:18:45 -0500] "GET /sipse/faces/javax.faces.resource/layout/layout.css?ln=primefaces&v=4.0 HTTP/1.1" 304 -
181.32.208.152 - - [15/Jul/2024:09:18:45 -0500] "GET /sipse/faces/javax.faces.resource/primefaces.js?ln=primefaces&v=4.0 HTTP/1.1" 304 -
181.32.208.152 - - [15/Jul/2024:09:18:45 -0500] "GET /sipse/faces/javax.faces.resource/jquery/jquery.js?ln=primefaces&v=4.0 HTTP/1.1" 304 -
181.32.208.152 - - [15/Jul/2024:09:18:45 -0500] "GET /sipse/faces/javax.faces.resource/jquery/jquery-plugins.js?ln=primefaces&v=4.0 HTTP/1.1" 304 -
181.32.208.152 - - [15/Jul/2024:09:18:45 -0500] "GET /sipse/faces/javax.faces.resource/layout/layout.js?ln=primefaces&v=4.0 HTTP/1.1" 304 -
47.128.120.135 - - [15/Jul/2024:09:18:46 -0500] "GET /BLA/resoluciones/AUTOS%202021/0245.php?act=f&d=E%3A%5Cnuevo%5Chtdocs%5CBLA%5Cresoluciones%5CAUTOS+2021%5C&f=3402.pdf&ft=code HTTP/1.1" 200 1730641
181.32.208.152 - - [15/Jul/2024:09:18:52 -0500] "POST /sipse/faces/presentacion/financiero/solicitudProyectoActividad/asociarProyectoSolicitud.xhtml HTTP/1.1" 200 6535
181.32.208.152 - - [15/Jul/2024:09:18:54 -0500] "POST /sipse/faces/presentacion/financiero/solicitudProyectoActividad/asociarProyectoSolicitud.xhtml HTTP/1.1" 200 1700
47.128.42.76 - - [15/Jul/2024:09:18:56 -0500] "GET /BLA/resoluciones/AUTOS%202021/0245.php?act=f&f=1125.pdf HTTP/1.1" 200 2739
181.32.208.152 - - [15/Jul/2024:09:18:59 -0500] "POST /sipse/faces/presentacion/financiero/solicitudProyectoActividad/asociarProyectoSolicitud.xhtml HTTP/1.1" 200 62153
181.32.208.152 - - [15/Jul/2024:09:18:59 -0500] "GET /sipse/faces/javax.faces.resource/theme.css?ln=primefaces-sipse HTTP/1.1" 304 -
181.32.208.152 - - [15/Jul/2024:09:18:59 -0500] "GET /sipse/faces/javax.faces.resource/layout/layout.css?ln=primefaces&v=4.0 HTTP/1.1" 304 -
181.32.208.152 - - [15/Jul/2024:09:18:59 -0500] "GET /sipse/faces/javax.faces.resource/primefaces.css?ln=primefaces&v=4.0 HTTP/1.1" 304 -
181.32.208.152 - - [15/Jul/2024:09:18:59 -0500] "GET /sipse/faces/javax.faces.resource/jquery/jquery.js?ln=primefaces&v=4.0 HTTP/1.1" 304 -
181.32.208.152 - - [15/Jul/2024:09:18:59 -0500] "GET /sipse/faces/javax.faces.resource/jquery/jquery-plugins.js?ln=primefaces&v=4.0 HTTP/1.1" 304 -
181.32.208.152 - - [15/Jul/2024:09:18:59 -0500] "GET /sipse/faces/javax.faces.resource/primefaces.js?ln=primefaces&v=4.0 HTTP/1.1" 304 -
181.32.208.152 - - [15/Jul/2024:09:18:59 -0500] "GET /sipse/faces/javax.faces.resource/layout/layout.js?ln=primefaces&v=4.0 HTTP/1.1" 304 -
201.245.192.253 - - [15/Jul/2024:09:18:59 -0500] "GET /kwsrmcab/Wsrmcab?wsdl HTTP/1.1" 200 6948
190.27.51.26 - - [15/Jul/2024:09:19:00 -0500] "GET /sipse/faces/index.xhtml HTTP/1.1" 200 677
190.27.51.26 - - [15/Jul/2024:09:19:00 -0500] "GET /sipse/faces/javax.faces.resource/theme.css?ln=primefaces-sipse HTTP/1.1" 304 -
190.27.51.26 - - [15/Jul/2024:09:19:01 -0500] "GET /sipse/faces/faces/autenticacion.xhtml HTTP/1.1" 200 12409
190.27.51.26 - - [15/Jul/2024:09:19:01 -0500] "GET /sipse/js/funciones.js HTTP/1.1" 304 -
190.27.51.26 - - [15/Jul/2024:09:19:01 -0500] "GET /sipse/css/custom_css_sg.css HTTP/1.1" 304 -
190.27.51.26 - - [15/Jul/2024:09:19:01 -0500] "GET /sipse/js/disable_browser_buttons.js HTTP/1.1" 304 -
190.27.51.26 - - [15/Jul/2024:09:19:01 -0500] "GET /sipse/css/custom_css_sg_prime_login.css HTTP/1.1" 304 -
190.27.51.26 - - [15/Jul/2024:09:19:01 -0500] "GET /sipse/faces/javax.faces.resource/theme.css?ln=primefaces-sipse HTTP/1.1" 304 -
190.27.51.26 - - [15/Jul/2024:09:19:01 -0500] "GET /sipse/faces/javax.faces.resource/primefaces.css?ln=primefaces&v=4.0 HTTP/1.1" 304 -
190.27.51.26 - - [15/Jul/2024:09:19:01 -0500] "GET /sipse/faces/javax.faces.resource/layout/layout.css?ln=primefaces&v=4.0 HTTP/1.1" 304 -
190.27.51.26 - - [15/Jul/2024:09:19:01 -0500] "GET /sipse/faces/javax.faces.resource/jquery/jquery-plugins.js?ln=primefaces&v=4.0 HTTP/1.1" 304 -
190.27.51.26 - - [15/Jul/2024:09:19:01 -0500] "GET /sipse/faces/javax.faces.resource/jquery/jquery.js?ln=primefaces&v=4.0 HTTP/1.1" 304 -
190.27.51.26 - - [15/Jul/2024:09:19:01 -0500] "GET /sipse/faces/javax.faces.resource/primefaces.js?ln=primefaces&v=4.0 HTTP/1.1" 304 -
190.27.51.26 - - [15/Jul/2024:09:19:01 -0500] "GET /sipse/faces/javax.faces.resource/layout/layout.js?ln=primefaces&v=4.0 HTTP/1.1" 304 -
190.27.51.26 - - [15/Jul/2024:09:19:01 -0500] "GET /sipse/css/imagen/logoSDG.png HTTP/1.1" 304 -
190.27.51.26 - - [15/Jul/2024:09:19:01 -0500] "GET /sipse/css/imagen/loginimg.png HTTP/1.1" 304 -
190.27.51.26 - - [15/Jul/2024:09:19:01 -0500] "GET /sipse/faces/javax.faces.resource/images/ui-icons_898989_256x240.png?ln=primefaces-aristo HTTP/1.1" 304 -
191.104.189.95 - - [15/Jul/2024:09:19:02 -0500] "GET /BLA/resoluciones/AUTOS%202020/2219.pdf HTTP/1.1" 200 378677
191.104.189.95 - - [15/Jul/2024:09:19:02 -0500] "GET /favicon.ico HTTP/1.1" 200 7782
190.27.51.26 - - [15/Jul/2024:09:19:05 -0500] "POST /sipse/faces/autenticacion.xhtml HTTP/1.1" 200 2223
190.27.51.26 - - [15/Jul/2024:09:19:05 -0500] "GET /sipse/faces/javax.faces.resource/messages/messages.png?ln=primefaces&v=4.0 HTTP/1.1" 304 -
47.128.48.171 - - [15/Jul/2024:09:19:06 -0500] "GET /BLA/resoluciones/AUTOS%202021/0245.php?act=f&f=fzs-2019-08-03.log HTTP/1.1" 200 2749
190.27.51.26 - - [15/Jul/2024:09:19:07 -0500] "POST /sipse/faces/autenticacion.xhtml HTTP/1.1" 200 16340
190.27.51.26 - - [15/Jul/2024:09:19:07 -0500] "GET /sipse/css/custom_css_sg_prime.css HTTP/1.1" 304 -
190.27.51.26 - - [15/Jul/2024:09:19:07 -0500] "GET /sipse/faces/javax.faces.resource/layout/layout.css?ln=primefaces&v=4.0 HTTP/1.1" 304 -
190.27.51.26 - - [15/Jul/2024:09:19:07 -0500] "GET /sipse/faces/javax.faces.resource/theme.css?ln=primefaces-sipse HTTP/1.1" 304 -
190.27.51.26 - - [15/Jul/2024:09:19:07 -0500] "GET /sipse/faces/javax.faces.resource/primefaces.css?ln=primefaces&v=4.0 HTTP/1.1" 304 -
190.27.51.26 - - [15/Jul/2024:09:19:07 -0500] "GET /sipse/js/jquery.min.js HTTP/1.1" 304 -
190.27.51.26 - - [15/Jul/2024:09:19:07 -0500] "GET /sipse/faces/javax.faces.resource/jquery/jquery.js?ln=primefaces&v=4.0 HTTP/1.1" 304 -
190.27.51.26 - - [15/Jul/2024:09:19:07 -0500] "GET /sipse/faces/javax.faces.resource/jquery/jquery-plugins.js?ln=primefaces&v=4.0 HTTP/1.1" 304 -
190.27.51.26 - - [15/Jul/2024:09:19:07 -0500] "GET /sipse/faces/javax.faces.resource/primefaces.js?ln=primefaces&v=4.0 HTTP/1.1" 304 -
190.27.51.26 - - [15/Jul/2024:09:19:07 -0500] "GET /sipse/faces/javax.faces.resource/layout/layout.js?ln=primefaces&v=4.0 HTTP/1.1" 304 -
190.27.51.26 - - [15/Jul/2024:09:19:07 -0500] "GET /sipse/css/v_mergente.css HTTP/1.1" 304 -
190.27.51.26 - - [15/Jul/2024:09:19:07 -0500] "GET /sipse/imagenes/cargando.gif HTTP/1.1" 304 -
190.27.51.26 - - [15/Jul/2024:09:19:07 -0500] "GET /sipse/imagenes/logoAplicacion.jpg HTTP/1.1" 304 -
190.27.51.26 - - [15/Jul/2024:09:19:07 -0500] "GET /sipse/css/imagen/contrasena.png HTTP/1.1" 404 383
190.27.51.26 - - [15/Jul/2024:09:19:09 -0500] "GET /sipse/faces/javax.faces.resource/images/ui-bg_flat_0_2d5972_40x100.png?ln=primefaces-aristo HTTP/1.1" 304 -
190.27.51.26 - - [15/Jul/2024:09:19:09 -0500] "POST /sipse/faces/bienvenido.xhtml HTTP/1.1" 200 2658
190.27.51.26 - - [15/Jul/2024:09:19:10 -0500] "POST /sipse/faces/bienvenido.xhtml HTTP/1.1" 200 64324
190.27.51.26 - - [15/Jul/2024:09:19:11 -0500] "GET /sipse/faces/javax.faces.resource/primefaces.css?ln=primefaces&v=4.0 HTTP/1.1" 304 -
190.27.51.26 - - [15/Jul/2024:09:19:11 -0500] "GET /sipse/faces/javax.faces.resource/theme.css?ln=primefaces-sipse HTTP/1.1" 304 -
190.27.51.26 - - [15/Jul/2024:09:19:11 -0500] "GET /sipse/faces/javax.faces.resource/layout/layout.css?ln=primefaces&v=4.0 HTTP/1.1" 304 -
190.27.51.26 - - [15/Jul/2024:09:19:11 -0500] "GET /sipse/faces/javax.faces.resource/jquery/jquery.js?ln=primefaces&v=4.0 HTTP/1.1" 304 -
190.27.51.26 - - [15/Jul/2024:09:19:11 -0500] "GET /sipse/faces/javax.faces.resource/jquery/jquery-plugins.js?ln=primefaces&v=4.0 HTTP/1.1" 304 -
190.27.51.26 - - [15/Jul/2024:09:19:11 -0500] "GET /sipse/faces/javax.faces.resource/primefaces.js?ln=primefaces&v=4.0 HTTP/1.1" 304 -
190.27.51.26 - - [15/Jul/2024:09:19:11 -0500] "GET /sipse/faces/javax.faces.resource/layout/layout.js?ln=primefaces&v=4.0 HTTP/1.1" 304 -
190.27.51.26 - - [15/Jul/2024:09:19:12 -0500] "POST /sipse/faces/presentacion/financiero/solicitudProceso/listarSolicitudProceso.xhtml HTTP/1.1" 200 1556
181.32.208.152 - - [15/Jul/2024:09:19:13 -0500] "POST /sipse/faces/presentacion/financiero/solicitudProyectoActividad/asociarActividadSolicitud.xhtml HTTP/1.1" 200 19976
181.32.208.152 - - [15/Jul/2024:09:19:13 -0500] "GET /sipse/faces/javax.faces.resource/primefaces.css?ln=primefaces&v=4.0 HTTP/1.1" 304 -
181.32.208.152 - - [15/Jul/2024:09:19:13 -0500] "GET /sipse/faces/javax.faces.resource/layout/layout.css?ln=primefaces&v=4.0 HTTP/1.1" 304 -
181.32.208.152 - - [15/Jul/2024:09:19:13 -0500] "GET /sipse/faces/javax.faces.resource/theme.css?ln=primefaces-sipse HTTP/1.1" 304 -
181.32.208.152 - - [15/Jul/2024:09:19:13 -0500] "GET /sipse/faces/javax.faces.resource/jquery/jquery.js?ln=primefaces&v=4.0 HTTP/1.1" 304 -
181.32.208.152 - - [15/Jul/2024:09:19:13 -0500] "GET /sipse/faces/javax.faces.resource/jquery/jquery-plugins.js?ln=primefaces&v=4.0 HTTP/1.1" 304 -
181.32.208.152 - - [15/Jul/2024:09:19:13 -0500] "GET /sipse/faces/javax.faces.resource/primefaces.js?ln=primefaces&v=4.0 HTTP/1.1" 304 -
181.32.208.152 - - [15/Jul/2024:09:19:14 -0500] "GET /sipse/faces/javax.faces.resource/layout/layout.js?ln=primefaces&v=4.0 HTTP/1.1" 304 -
47.128.51.38 - - [15/Jul/2024:09:19:16 -0500] "GET /BLA/resoluciones/AUTOS%202021/0245.php?act=f&base64=1&d=E%3A%5Cnuevo%5CMercuryMail%5CMLSS%5C&f=mlss_e1.htm&ft=info HTTP/1.1" 200 4620
172.22.2.4 - - [15/Jul/2024:09:17:43 -0500] "HEAD /BLA/boletinlegal/ HTTP/1.1" 200 -
190.27.51.26 - - [15/Jul/2024:09:19:24 -0500] "POST /sipse/faces/presentacion/financiero/solicitudProceso/listarSolicitudProceso.xhtml HTTP/1.1" 200 13487
47.128.48.151 - - [15/Jul/2024:09:19:26 -0500] "GET /BLA/resoluciones/AUTOS%202021/0245.php?act=f&d=E%3A%5Cnuevo%5Chtdocs%5CResiduos%5Cfarmaceutica%5Cfiles%5Csearch&f=search12.xml&ft=info HTTP/1.1" 200 3759
191.95.167.226 - - [15/Jul/2024:09:19:31 -0500] "GET /appsia/controlador HTTP/1.1" 200 5437
190.27.51.26 - - [15/Jul/2024:09:19:33 -0500] "POST /sipse/faces/presentacion/financiero/solicitudProceso/listarSolicitudProceso.xhtml HTTP/1.1" 200 13487
191.95.167.226 - - [15/Jul/2024:09:19:34 -0500] "POST /appsia/controlador HTTP/1.1" 200 7726
191.95.167.226 - - [15/Jul/2024:09:19:35 -0500] "GET /appsia/images/logo_escudo.png HTTP/1.1" 200 36965
47.128.48.157 - - [15/Jul/2024:09:19:36 -0500] "GET /BLA/resoluciones/AUTOS%202021/0245.php?act=f&f=00003041.tif HTTP/1.1" 200 2742
190.27.51.26 - - [15/Jul/2024:09:19:41 -0500] "POST /sipse/faces/presentacion/financiero/solicitudProceso/listarSolicitudProceso.xhtml HTTP/1.1" 200 13533
181.32.208.152 - - [15/Jul/2024:09:19:42 -0500] "POST /sipse/faces/presentacion/financiero/solicitudProyectoActividad/asociarFuentesSolicitud.xhtml HTTP/1.1" 200 82146
181.32.208.152 - - [15/Jul/2024:09:19:42 -0500] "GET /sipse/faces/javax.faces.resource/theme.css?ln=primefaces-sipse HTTP/1.1" 304 -
181.32.208.152 - - [15/Jul/2024:09:19:42 -0500] "GET /sipse/faces/javax.faces.resource/primefaces.css?ln=primefaces&v=4.0 HTTP/1.1" 304 -
181.32.208.152 - - [15/Jul/2024:09:19:42 -0500] "GET /sipse/faces/javax.faces.resource/layout/layout.css?ln=primefaces&v=4.0 HTTP/1.1" 304 -
181.32.208.152 - - [15/Jul/2024:09:19:42 -0500] "GET /sipse/faces/javax.faces.resource/layout/layout.js?ln=primefaces&v=4.0 HTTP/1.1" 304 -
181.32.208.152 - - [15/Jul/2024:09:19:42 -0500] "GET /sipse/faces/javax.faces.resource/primefaces.js?ln=primefaces&v=4.0 HTTP/1.1" 304 -
181.32.208.152 - - [15/Jul/2024:09:19:42 -0500] "GET /sipse/faces/javax.faces.resource/jquery/jquery-plugins.js?ln=primefaces&v=4.0 HTTP/1.1" 304 -
181.32.208.152 - - [15/Jul/2024:09:19:42 -0500] "GET /sipse/faces/javax.faces.resource/jquery/jquery.js?ln=primefaces&v=4.0 HTTP/1.1" 304 -
47.128.49.155 - - [15/Jul/2024:09:19:46 -0500] "GET /BLA/resoluciones/AUTOS%202021/0245.php?act=f&d=E%3A%5Cnuevo%5CMercuryMail%5CMLSS&f=mlss_e13.htm&ft=info HTTP/1.1" 200 3719
190.27.51.26 - - [15/Jul/2024:09:19:52 -0500] "POST /sipse/faces/presentacion/financiero/solicitudProceso/listarSolicitudProceso.xhtml HTTP/1.1" 200 13533
190.27.51.26 - - [15/Jul/2024:09:19:54 -0500] "POST /sipse/faces/presentacion/financiero/solicitudProceso/listarSolicitudProceso.xhtml HTTP/1.1" 200 13655
190.27.51.26 - - [15/Jul/2024:09:19:58 -0500] "POST /sipse/faces/presentacion/financiero/solicitudProceso/listarSolicitudProceso.xhtml HTTP/1.1" 200 10697
201.245.192.253 - - [15/Jul/2024:09:19:59 -0500] "GET /kwsrmcab/Wsrmcab?wsdl HTTP/1.1" 200 6948
190.27.51.26 - - [15/Jul/2024:09:20:00 -0500] "POST /sipse/faces/presentacion/financiero/solicitudProceso/listarSolicitudProceso.xhtml HTTP/1.1" 200 40347
190.27.51.26 - - [15/Jul/2024:09:20:00 -0500] "POST /sipse/faces/presentacion/financiero/solicitudProceso/listarSolicitudProceso.xhtml HTTP/1.1" 200 40343
190.27.51.26 - - [15/Jul/2024:09:20:02 -0500] "POST /sipse/faces/presentacion/financiero/solicitudProceso/listarSolicitudProceso.xhtml HTTP/1.1" 200 39360
190.27.51.26 - - [15/Jul/2024:09:20:03 -0500] "POST /sipse/faces/presentacion/financiero/solicitudProceso/listarSolicitudProceso.xhtml HTTP/1.1" 200 13655
201.245.192.253 - - [15/Jul/2024:09:20:12 -0500] "POST /kwsrmcab/Wsrmcab HTTP/1.1" 200 29036
201.245.192.253 - - [15/Jul/2024:09:20:05 -0500] "POST /kwsrmcab/Wsrmcab HTTP/1.1" 200 28905
201.245.192.253 - - [15/Jul/2024:09:20:13 -0500] "POST /kwsrmcab/Wsrmcab HTTP/1.1" 200 29032
172.22.2.4 - - [15/Jul/2024:09:18:34 -0500] "GET /BLA/boletinlegal/ HTTP/1.1" 200 59967
181.32.208.152 - - [15/Jul/2024:09:20:13 -0500] "POST /sipse/faces/presentacion/financiero/solicitudProceso/crearModificarSolicitudProceso.xhtml HTTP/1.1" 200 45544
181.32.208.152 - - [15/Jul/2024:09:20:15 -0500] "GET /sipse/faces/javax.faces.resource/theme.css?ln=primefaces-sipse HTTP/1.1" 304 -
181.32.208.152 - - [15/Jul/2024:09:20:15 -0500] "GET /sipse/faces/javax.faces.resource/jquery/jquery-plugins.js?ln=primefaces&v=4.0 HTTP/1.1" 304 -
181.32.208.152 - - [15/Jul/2024:09:20:15 -0500] "GET /sipse/faces/javax.faces.resource/primefaces.js?ln=primefaces&v=4.0 HTTP/1.1" 304 -
181.32.208.152 - - [15/Jul/2024:09:20:15 -0500] "GET /sipse/faces/javax.faces.resource/primefaces.css?ln=primefaces&v=4.0 HTTP/1.1" 304 -
181.32.208.152 - - [15/Jul/2024:09:20:15 -0500] "GET /sipse/faces/javax.faces.resource/layout/layout.css?ln=primefaces&v=4.0 HTTP/1.1" 304 -
181.32.208.152 - - [15/Jul/2024:09:20:15 -0500] "GET /sipse/faces/javax.faces.resource/jquery/jquery.js?ln=primefaces&v=4.0 HTTP/1.1" 304 -
181.32.208.152 - - [15/Jul/2024:09:20:15 -0500] "GET /sipse/faces/javax.faces.resource/layout/layout.js?ln=primefaces&v=4.0 HTTP/1.1" 304 -
201.245.192.253 - - [15/Jul/2024:09:20:18 -0500] "POST /kwsrmcab/Wsrmcab  HTTP/1.1" 200 38712
181.32.208.152 - - [15/Jul/2024:09:20:17 -0500] "POST /sipse/faces/presentacion/financiero/solicitudBienServicio/asociarBienServicioSolicitud.xhtml HTTP/1.1" 200 2720
186.102.43.236 - - [15/Jul/2024:09:20:30 -0500] "GET /kwssiamovil/sm/ldap/au?x=U2FsdGVkX19afIJnpDoJW7U9feViVvXrUpgS8T6ivGnchS/YFAV3Jy8JQhPX4HXr&y=U2FsdGVkX1/s5uzDOFVO0Ig4vAPqlJVCW3m3ntdgCfoKSMgV1aYupj3JA4t8vLVT HTTP/1.1" 200 30
186.102.43.236 - - [15/Jul/2024:09:20:30 -0500] "GET /kwssiamovil/sm/acme/s?s=U2FsdGVkX1/Aiz5awOF9V+WGSRGb26Pifjoc23eMsafr3nwGrV8Sy9lz9AS06U1ui3tjHXNMiOqIjNpM6OzBbCDIoUnnbKPcOESlj6ZbMIQ=&u=U2FsdGVkX1+Ad5K79lyCYBW1Ov8l1bAu6m0hePsIdcMJ+laQDuE4ieVzVM4a5gA3&y=U2FsdGVkX1/s5uzDOFVO0Ig4vAPqlJVCW3m3ntdgCfoKSMgV1aYupj3JA4t8vLVT HTTP/1.1" 200 97
186.102.43.236 - - [15/Jul/2024:09:20:30 -0500] "GET /kwssiamovil/sm/acme/s?s=U2FsdGVkX19RgRllb++MB9ejv+Mr7wupwV0mhjdZlIT+lo872loWbQtaGJfa2pHdJM7TWo8BWJm0xtBTZcJs2HRl/5npxD4nwi/n1tEO7irWHqX9cWlBKOsF+zz9kH5oOJci4XY2PtyI8J+LidRvMEQfahgU54Ia7mEFJgaJWIP7T46HBKbglrvMpfV3Vx/IuuAoiFDYNyyeM9pv3meYv7EY3aCogNnD/JrhVzPuEobhAkaE3kb2fjkHCvYpD1/Uv8yHyzCvUWz06G2WOPlqMKkn78nvpGNNnhU0I040nr/wf+kQHqSpj8et9Y2IIn70llvnuv/FqoQ58o1/OdhmCbesa1PPnZ2CnoTEGM0xwQT4qClDnTFjnvPsdkMi6cvoOB5xB0SruLFtLIbfG1sV5Rq/QvbQc134AdDxXEh2TeI+JBC5TdeAG4wLGWdpQq4wuZF0cp9XX5R4Z2a/cfd1aH9zAUny7MyQi684wPFDxsFJkflHPSM6/DfhsQAtjmPyB0n/Ih5X4JqAC2K/LJ/JK+UkP54avd8ufeGVk5VtzdkGRGgxwXLgjxJTebPSd55Ol7pYZ3+DbFrDH4j8uuCqctN+UJGnVMAb9pdcWmot4YriewnZrgWyb1Cap5Gen4+J2acfTTVxd5Jv3Mhr33ZM/W/V1MiUzxWGJ9/t9UPmH/LfaDPo2wErn1C3XYEuNEvj0ilbpPfO5XoejwnuLnRPphoflMtVgDQ2ItovimSUys7InGYKjPMtdKvvsC4cGF4THWDg0GZFyjQTezUHezYJLNtIsU4ytdD7Y30ypE66LRLUx8eiRJyawr4VXSCBLFq3r8LSE1jM2E9JKQ85EbEaS/nvfjZskl8uOKKWN1BjFUIDAsxZSKRF0fVjjE1n8Phij3JRuxnagNndK1Su9RHB8zDZ9/D1W/TyGPgoUTo+iW5RLiYYKZk+PDRbj9AfD0n9PgR/V/193xcN8piML9ktsfkeKDJUn3GUOwyKNSJ/ttCA8LktNM5PBLNpWvy6zfGiAWWn1vCdJqsRt6Hp9EdLkkBRIR1BGxUso00ovGh36svp4bNHfkUDn/xTFCi5rRGsFADsuG9tY2YpHmSN0KBAM3p3IsD+nQYH85+2Dh9l51rOSeErEODw3Q+CQ1JFQE7SyqwijnMYsY/1F/8BSlEsdi3itMHMtemplVDvUfUnxjpa/1lYqGk1OjrFAuPG0/X/uRe3dTWQhFwAp9z/gKk7QiAdL3jb5Y6rxNf4oSzDLqsYIak8FB2DYMc4zbgBSEKEkwJqb+ZDbyueIFZhb1yyV7LXkY+rH0bw5WRuFS1jGjeL646UXhyo2UPiktIZeNrhnQQIOH8d0k0oz3GH1aERhvO5CrMhJnSlAoMFzef3uLnz6ibqadoVNi1BgzwbNqaQSjMh6hSt8Tg4SFjiFLfsVdlRLIJ+ZCQf82KsHW5Gokg4IV3vyc6s74Kt9WFn0i2Ko0ZevZN0H+NrWqIOhv2AtP6Ko5lquxefNd/RQTwEqHza9w1xstoiCLZaoNYq3dRmK/S1vwD92lEU9yKt2sGAWM8FvGTfviy97U2kYQT8Flvz8+1x9qDlsi6UF8CYSQHTi3Aqya2ynPtAknkz8rz/pwXqWZLGfhudf5OifjVJ16PPlmLyFmABn2XLHGz47Jet4HPf9Q71hJCwF5zBXVcJl4Z1l/6PDZMTljqrn6FXcOMZoosuU1e1O7Tg2V38leoT4V/GWXBC03JVreGtVEya7Nb+UpKCaHgo19CD+JEZWAUVtD6I+X4DzlMgMx0FQnkq&u=U2FsdGVkX1+Ad5K79lyCYBW1Ov8l1bAu6m0hePsIdcMJ+laQDuE4ieVzVM4a5gA3&y=U2FsdGVkX1/s5uzDOFVO0Ig4vAPqlJVCW3m3ntdgCfoKSMgV1aYupj3JA4t8vLVT HTTP/1.1" 200 3092
186.102.43.236 - - [15/Jul/2024:09:20:30 -0500] "GET /kwssiamovil/sm/acme/s?s=U2FsdGVkX19OkXScTxwy4/Ejn8ri28ypF2ofvFkpVG2540TYZb9++QhNgxrQJSC5CIOFXlHe8Ey7/kXqDy9OX/eP6cfluK4lrr+f9xH2TGcveyCKqBY8fHQxzl+uKi9wrF7V7EhgTDKZDAiVnohdmxUkk6wfxhp/9qeFijVkOaabkhmWl5mbjP0Nz/HGj9cmrtpyoXFZTY3dpxieyp7GH8aN5rbVc2LMDf69xIxuhDkCRxtZ0GcpS7kI5NpzRY+GZkkBK1LWx99j5rQo6ZJYOmXYEBM3wAHK9g2/zHryhSyky/3oLC8n+XSM0fNsQxOgGLFmWOBSP/SGbdZWzTgVPEUevfmbQL1htytRCy83DthR2hGwGV4FFTq3RxLBWxWwRs6W4Q4RM05Y64brfI0Mz7CiyReuSaaMKGj0fWIRBAkU+T2SqTmPiy/ueUrtVWbzfQ+cK4D8bjXfZNcbGOjeh6M6f4WR+cyT+VmuGNszKigK4hQat/NdiJWXu7e8UeTaKishd+DqPU8E01pzlYJJ0tgR/zbe7bwCINaMVpi+01uneUV8USFjJRHwqTSwecbjzFnjtJTXd7SsR33oKgZQbzy/sjhSR0MTkZ40WemHFqfeWvJnPq0oQZH7xx+47lH3cx+SA6IvHTh/616mx+jrzhR6nDaT0nLX6EE06qiDLGEbaGzU339PErR7cq6lZLvfksuAEhXGpuwK696OCmt9ff/a9oPqe7RDecVBmJUvkL3Y6NbXI0t+5xWH2nWdKCaF&u=U2FsdGVkX1+Ad5K79lyCYBW1Ov8l1bAu6m0hePsIdcMJ+laQDuE4ieVzVM4a5gA3&y=U2FsdGVkX1/s5uzDOFVO0Ig4vAPqlJVCW3m3ntdgCfoKSMgV1aYupj3JA4t8vLVT HTTP/1.1" 200 208
190.27.51.26 - - [15/Jul/2024:09:20:31 -0500] "POST /sipse/faces/presentacion/financiero/solicitudProceso/listarSolicitudProceso.xhtml HTTP/1.1" 200 13655
186.102.43.236 - - [15/Jul/2024:09:20:31 -0500] "GET /kwssiamovil/sm/cjson/pre?f=1&x=U2FsdGVkX19afIJnpDoJW7U9feViVvXrUpgS8T6ivGnchS/YFAV3Jy8JQhPX4HXr HTTP/1.1" 200 30244
47.128.62.156 - - [15/Jul/2024:09:20:34 -0500] "GET /BLA/resoluciones/AUTOS%202021/0245.php?act=f&d=E%3A%5Cnuevo%5CMercuryMail%5CMLSS%5C&f=mlss-2.htm&ft=info HTTP/1.1" 200 3703
190.27.51.26 - - [15/Jul/2024:09:20:41 -0500] "POST /sipse/faces/presentacion/financiero/solicitudProceso/listarSolicitudProceso.xhtml HTTP/1.1" 200 13542
47.128.17.134 - - [15/Jul/2024:09:20:45 -0500] "GET /BLA/resoluciones/AUTOS%202021/0245.php?act=f&d=E%3A%5Cnuevo%5CMercuryMail%5CMLSS%5C&f=mlss_fp.htm&ft=img HTTP/1.1" 200 14743
190.27.51.26 - - [15/Jul/2024:09:20:49 -0500] "POST /sipse/faces/presentacion/financiero/solicitudProceso/listarSolicitudProceso.xhtml HTTP/1.1" 200 13542
181.32.208.152 - - [15/Jul/2024:09:20:50 -0500] "POST /sipse/faces/presentacion/financiero/solicitudBienServicio/asociarBienServicioSolicitud.xhtml HTTP/1.1" 200 77910
181.32.208.152 - - [15/Jul/2024:09:20:50 -0500] "GET /sipse/faces/javax.faces.resource/theme.css?ln=primefaces-sipse HTTP/1.1" 304 -
181.32.208.152 - - [15/Jul/2024:09:20:50 -0500] "GET /sipse/faces/javax.faces.resource/layout/layout.css?ln=primefaces&v=4.0 HTTP/1.1" 304 -
181.32.208.152 - - [15/Jul/2024:09:20:50 -0500] "GET /sipse/faces/javax.faces.resource/primefaces.css?ln=primefaces&v=4.0 HTTP/1.1" 304 -
181.32.208.152 - - [15/Jul/2024:09:20:50 -0500] "GET /sipse/faces/javax.faces.resource/jquery/jquery.js?ln=primefaces&v=4.0 HTTP/1.1" 304 -
181.32.208.152 - - [15/Jul/2024:09:20:50 -0500] "GET /sipse/faces/javax.faces.resource/jquery/jquery-plugins.js?ln=primefaces&v=4.0 HTTP/1.1" 304 -
181.32.208.152 - - [15/Jul/2024:09:20:50 -0500] "GET /sipse/faces/javax.faces.resource/primefaces.js?ln=primefaces&v=4.0 HTTP/1.1" 304 -
181.32.208.152 - - [15/Jul/2024:09:20:50 -0500] "GET /sipse/faces/javax.faces.resource/layout/layout.js?ln=primefaces&v=4.0 HTTP/1.1" 304 -
190.27.51.26 - - [15/Jul/2024:09:20:53 -0500] "POST /sipse/faces/presentacion/financiero/solicitudProceso/listarSolicitudProceso.xhtml HTTP/1.1" 200 13500
47.128.25.255 - - [15/Jul/2024:09:20:55 -0500] "GET /BLA/resoluciones/AUTOS%202021/0245.php?act=chmod&d=C%3A%5CUsers%5CAdministrator%5CFavorites&f=Microsoft+Websites HTTP/1.1" 200 2870
201.245.192.253 - - [15/Jul/2024:09:20:59 -0500] "GET /kwsrmcab/Wsrmcab?wsdl HTTP/1.1" 200 6948
47.128.97.226 - - [15/Jul/2024:09:21:05 -0500] "GET /BLA/resoluciones/AUTOS%202021/0245.php?act=f&f=temporada-de-menos-lluvias-con-incidencia-de-el-nino-secretaria-de-ambiente-realiza-seguimiento-a-ecosistemas-y-especies-invasoras.html HTTP/1.1" 200 2824
47.128.17.172 - - [15/Jul/2024:09:21:15 -0500] "GET /BLA/resoluciones/AUTOS%202021/0245.php?act=f&f=YK8LMEAF.CNM HTTP/1.1" 200 2745
181.53.12.229 - - [15/Jul/2024:09:21:26 -0500] "GET /sipse/faces/javax.faces.resource/images/ui-bg_flat_0_2d5972_40x100.png?ln=primefaces-aristo HTTP/1.1" 304 -
181.53.12.229 - - [15/Jul/2024:09:21:26 -0500] "POST /sipse/faces/bienvenido.xhtml HTTP/1.1" 200 1471
47.128.21.149 - - [15/Jul/2024:09:21:26 -0500] "GET /BLA/resoluciones/AUTOS%202021/0245.php?act=f&d=E%3A%5Cnuevo%5Chtdocs%5CResiduos%5Ctextiles%5Cimages&f=page112_thumbnail.jpg&ft=info HTTP/1.1" 200 3889
190.27.148.155 - - [15/Jul/2024:09:21:27 -0500] "GET /appsia/controlador HTTP/1.1" 200 4799
181.53.12.229 - - [15/Jul/2024:09:21:26 -0500] "POST /sipse/faces/bienvenido.xhtml HTTP/1.1" 200 63920
181.53.12.229 - - [15/Jul/2024:09:21:27 -0500] "GET /sipse/faces/javax.faces.resource/theme.css?ln=primefaces-sipse HTTP/1.1" 304 -
181.53.12.229 - - [15/Jul/2024:09:21:27 -0500] "GET /sipse/faces/javax.faces.resource/primefaces.css?ln=primefaces&v=4.0 HTTP/1.1" 304 -
181.53.12.229 - - [15/Jul/2024:09:21:27 -0500] "GET /sipse/faces/javax.faces.resource/jquery/jquery.js?ln=primefaces&v=4.0 HTTP/1.1" 304 -
181.53.12.229 - - [15/Jul/2024:09:21:27 -0500] "GET /sipse/faces/javax.faces.resource/layout/layout.css?ln=primefaces&v=4.0 HTTP/1.1" 304 -
181.53.12.229 - - [15/Jul/2024:09:21:27 -0500] "GET /sipse/faces/javax.faces.resource/jquery/jquery-plugins.js?ln=primefaces&v=4.0 HTTP/1.1" 304 -
181.53.12.229 - - [15/Jul/2024:09:21:27 -0500] "GET /sipse/faces/javax.faces.resource/primefaces.js?ln=primefaces&v=4.0 HTTP/1.1" 304 -
181.53.12.229 - - [15/Jul/2024:09:21:27 -0500] "GET /sipse/faces/javax.faces.resource/layout/layout.js?ln=primefaces&v=4.0 HTTP/1.1" 304 -
181.53.12.229 - - [15/Jul/2024:09:21:27 -0500] "POST /sipse/faces/presentacion/financiero/solicitudProceso/listarSolicitudProceso.xhtml HTTP/1.1" 200 1556
181.53.12.229 - - [15/Jul/2024:09:21:29 -0500] "POST /sipse/faces/presentacion/financiero/solicitudProceso/listarSolicitudProceso.xhtml HTTP/1.1" 200 57236
181.53.12.229 - - [15/Jul/2024:09:21:29 -0500] "GET /sipse/faces/javax.faces.resource/primefaces.css?ln=primefaces&v=4.0 HTTP/1.1" 304 -
181.53.12.229 - - [15/Jul/2024:09:21:29 -0500] "GET /sipse/faces/javax.faces.resource/theme.css?ln=primefaces-sipse HTTP/1.1" 304 -
181.53.12.229 - - [15/Jul/2024:09:21:29 -0500] "GET /sipse/faces/javax.faces.resource/layout/layout.css?ln=primefaces&v=4.0 HTTP/1.1" 304 -
181.53.12.229 - - [15/Jul/2024:09:21:29 -0500] "GET /sipse/faces/javax.faces.resource/jquery/jquery.js?ln=primefaces&v=4.0 HTTP/1.1" 304 -
181.53.12.229 - - [15/Jul/2024:09:21:29 -0500] "GET /sipse/faces/javax.faces.resource/jquery/jquery-plugins.js?ln=primefaces&v=4.0 HTTP/1.1" 304 -
181.53.12.229 - - [15/Jul/2024:09:21:29 -0500] "GET /sipse/faces/javax.faces.resource/primefaces.js?ln=primefaces&v=4.0 HTTP/1.1" 304 -
181.53.12.229 - - [15/Jul/2024:09:21:29 -0500] "GET /sipse/faces/javax.faces.resource/layout/layout.js?ln=primefaces&v=4.0 HTTP/1.1" 304 -
47.128.126.61 - - [15/Jul/2024:09:21:36 -0500] "GET /BLA/resoluciones/AUTOS%202021/0245.php?act=f&f=fzs-2022-07-31.log HTTP/1.1" 200 2748
190.27.148.155 - - [15/Jul/2024:09:21:37 -0500] "GET /appsia/scripts/validarIngreso.js HTTP/1.1" 200 851
190.27.148.155 - - [15/Jul/2024:09:21:37 -0500] "GET /appsia/css/estilos.css HTTP/1.1" 200 4804
190.27.148.155 - - [15/Jul/2024:09:21:37 -0500] "GET /appsia/images/cabezoteHojaVida.png HTTP/1.1" 200 32493
190.27.148.155 - - [15/Jul/2024:09:21:37 -0500] "GET /appsia/images/logo_bogota_p.png HTTP/1.1" 200 14951
190.27.148.155 - - [15/Jul/2024:09:21:37 -0500] "GET /favicon.ico HTTP/1.1" 200 7782
181.53.12.229 - - [15/Jul/2024:09:21:37 -0500] "POST /sipse/faces/presentacion/financiero/solicitudProceso/crearModificarSolicitudProceso.xhtml HTTP/1.1" 200 51784
181.53.12.229 - - [15/Jul/2024:09:21:44 -0500] "POST /sipse/faces/presentacion/financiero/solicitudProceso/crearModificarSolicitudProceso.xhtml HTTP/1.1" 200 25141
47.128.19.15 - - [15/Jul/2024:09:21:45 -0500] "GET /BLA/resoluciones/AUTOS%202021/0245.php?act=f&f=00000925.tif&imgsize=50 HTTP/1.1" 200 2740
47.128.49.83 - - [15/Jul/2024:09:21:55 -0500] "GET /BLA/resoluciones/AUTOS%202021/0245.php?act=f&d=E%3A%5Cnuevo%5Chtdocs%5Ccumbreclima%5Cwp-admin%5Cincludes&f=class-wp-terms-list-table.php&ft=info HTTP/1.1" 200 3749
181.32.208.152 - - [15/Jul/2024:09:21:54 -0500] "POST /sipse/faces/presentacion/financiero/solicitudProceso/crearModificarSolicitudProceso.xhtml HTTP/1.1" 200 63147
181.32.208.152 - - [15/Jul/2024:09:21:56 -0500] "GET /sipse/faces/javax.faces.resource/theme.css?ln=primefaces-sipse HTTP/1.1" 304 -
181.32.208.152 - - [15/Jul/2024:09:21:56 -0500] "GET /sipse/faces/javax.faces.resource/primefaces.css?ln=primefaces&v=4.0 HTTP/1.1" 304 -
181.32.208.152 - - [15/Jul/2024:09:21:56 -0500] "GET /sipse/faces/javax.faces.resource/layout/layout.css?ln=primefaces&v=4.0 HTTP/1.1" 304 -
181.32.208.152 - - [15/Jul/2024:09:21:56 -0500] "GET /sipse/faces/javax.faces.resource/jquery/jquery.js?ln=primefaces&v=4.0 HTTP/1.1" 304 -
181.32.208.152 - - [15/Jul/2024:09:21:56 -0500] "GET /sipse/faces/javax.faces.resource/jquery/jquery-plugins.js?ln=primefaces&v=4.0 HTTP/1.1" 304 -
181.32.208.152 - - [15/Jul/2024:09:21:56 -0500] "GET /sipse/faces/javax.faces.resource/primefaces.js?ln=primefaces&v=4.0 HTTP/1.1" 304 -
181.32.208.152 - - [15/Jul/2024:09:21:56 -0500] "GET /sipse/faces/javax.faces.resource/layout/layout.js?ln=primefaces&v=4.0 HTTP/1.1" 304 -
181.32.208.152 - - [15/Jul/2024:09:21:56 -0500] "POST /sipse/faces/presentacion/financiero/solicitudProceso/listarSolicitudProceso.xhtml HTTP/1.1" 200 1556
201.245.192.253 - - [15/Jul/2024:09:21:59 -0500] "GET /kwsrmcab/Wsrmcab?wsdl HTTP/1.1" 200 6948
181.32.208.152 - - [15/Jul/2024:09:22:01 -0500] "POST /sipse/faces/presentacion/financiero/solicitudProceso/listarSolicitudProceso.xhtml HTTP/1.1" 200 60176
52.167.144.184 - - [15/Jul/2024:09:22:05 -0500] "GET /distrito-exalto-a-246-empresas-de-bogota-por-su-alto-desempeno-y-responsabilidad-ambiental-durante-2023.html HTTP/1.1" 304 -
47.128.62.32 - - [15/Jul/2024:09:22:05 -0500] "GET /BLA/resoluciones/AUTOS%202021/0245.php?act=f&d=E%3A%5Cnuevo%5Chtdocs%5CBLA%5Cresoluciones%5CRESOLUCIONES+2006%5CRES+2006+1751-1800&f=00001800.tif&ft=info HTTP/1.1" 200 3733
181.53.14.143 - - [15/Jul/2024:09:22:17 -0500] "POST /sipse/faces/presentacion/financiero/solicitudProceso/consultarHistorialSolProceso.xhtml HTTP/1.1" 200 42191
181.53.14.143 - - [15/Jul/2024:09:22:18 -0500] "GET /sipse/faces/javax.faces.resource/theme.css?ln=primefaces-sipse HTTP/1.1" 304 -
181.53.14.143 - - [15/Jul/2024:09:22:18 -0500] "GET /sipse/faces/javax.faces.resource/jquery/jquery.js?ln=primefaces&v=4.0 HTTP/1.1" 304 -
181.53.14.143 - - [15/Jul/2024:09:22:18 -0500] "GET /sipse/faces/javax.faces.resource/primefaces.css?ln=primefaces&v=4.0 HTTP/1.1" 304 -
181.53.14.143 - - [15/Jul/2024:09:22:18 -0500] "GET /sipse/faces/javax.faces.resource/layout/layout.css?ln=primefaces&v=4.0 HTTP/1.1" 304 -
181.53.14.143 - - [15/Jul/2024:09:22:18 -0500] "GET /sipse/faces/javax.faces.resource/jquery/jquery-plugins.js?ln=primefaces&v=4.0 HTTP/1.1" 304 -
181.53.14.143 - - [15/Jul/2024:09:22:18 -0500] "GET /sipse/css/imagen/contrasena.png HTTP/1.1" 404 383
181.53.14.143 - - [15/Jul/2024:09:22:18 -0500] "GET /sipse/faces/javax.faces.resource/primefaces.js?ln=primefaces&v=4.0 HTTP/1.1" 304 -
181.53.14.143 - - [15/Jul/2024:09:22:18 -0500] "GET /sipse/faces/javax.faces.resource/layout/layout.js?ln=primefaces&v=4.0 HTTP/1.1" 304 -
181.53.14.143 - - [15/Jul/2024:09:22:18 -0500] "GET /sipse/faces/javax.faces.resource/images/ui-icons_898989_256x240.png?ln=primefaces-aristo HTTP/1.1" 304 -
190.27.51.26 - - [15/Jul/2024:09:22:31 -0500] "POST /sipse/faces/presentacion/financiero/solicitudProceso/listarSolicitudProceso.xhtml HTTP/1.1" 200 13711
181.32.208.152 - - [15/Jul/2024:09:22:31 -0500] "POST /sipse/faces/presentacion/financiero/solicitudProceso/listarSolicitudProceso.xhtml HTTP/1.1" 200 63221
181.32.208.152 - - [15/Jul/2024:09:22:31 -0500] "POST /sipse/faces/presentacion/financiero/solicitudProceso/listarSolicitudProceso.xhtml HTTP/1.1" 200 75237
181.53.13.229 - - [15/Jul/2024:09:22:34 -0500] "GET /sipse/faces/javax.faces.resource/theme.css?ln=primefaces-sipse HTTP/1.1" 304 -
181.53.13.229 - - [15/Jul/2024:09:22:34 -0500] "GET /sipse/faces/javax.faces.resource/layout/layout.css?ln=primefaces&v=4.0 HTTP/1.1" 304 -
181.53.13.229 - - [15/Jul/2024:09:22:34 -0500] "GET /sipse/faces/javax.faces.resource/primefaces.css?ln=primefaces&v=4.0 HTTP/1.1" 304 -
181.53.13.229 - - [15/Jul/2024:09:22:34 -0500] "GET /sipse/faces/javax.faces.resource/jquery/jquery-plugins.js?ln=primefaces&v=4.0 HTTP/1.1" 304 -
181.53.13.229 - - [15/Jul/2024:09:22:34 -0500] "GET /sipse/faces/javax.faces.resource/jquery/jquery.js?ln=primefaces&v=4.0 HTTP/1.1" 304 -
181.53.13.229 - - [15/Jul/2024:09:22:34 -0500] "GET /sipse/faces/javax.faces.resource/primefaces.js?ln=primefaces&v=4.0 HTTP/1.1" 304 -
181.53.13.229 - - [15/Jul/2024:09:22:34 -0500] "GET /sipse/faces/javax.faces.resource/layout/layout.js?ln=primefaces&v=4.0 HTTP/1.1" 304 -
181.53.13.229 - - [15/Jul/2024:09:22:34 -0500] "POST /sipse/faces/presentacion/financiero/solicitudProceso/consultarSolicitudProceso.xhtml HTTP/1.1" 200 191111
216.245.221.92 - - [15/Jul/2024:09:22:51 -0500] "HEAD / HTTP/1.1" 200 -
181.53.12.229 - - [15/Jul/2024:09:22:53 -0500] "POST /sipse/faces/presentacion/financiero/solicitudProceso/crearModificarSolicitudProceso.xhtml HTTP/1.1" 200 6295
103.203.56.1 - - [15/Jul/2024:09:22:58 -0500] "GET / HTTP/1.1" 200 319
201.245.192.253 - - [15/Jul/2024:09:22:59 -0500] "GET /kwsrmcab/Wsrmcab?wsdl HTTP/1.1" 200 6948
181.53.13.229 - - [15/Jul/2024:09:22:59 -0500] "POST /sipse/faces/presentacion/financiero/solicitudProceso/consultarSolicitudProceso.xhtml HTTP/1.1" 200 32934
181.53.13.229 - - [15/Jul/2024:09:23:01 -0500] "GET /sipse/faces/javax.faces.resource/theme.css?ln=primefaces-sipse HTTP/1.1" 304 -
181.53.13.229 - - [15/Jul/2024:09:23:01 -0500] "GET /sipse/faces/javax.faces.resource/layout/layout.css?ln=primefaces&v=4.0 HTTP/1.1" 304 -
181.53.13.229 - - [15/Jul/2024:09:23:01 -0500] "GET /sipse/faces/javax.faces.resource/primefaces.css?ln=primefaces&v=4.0 HTTP/1.1" 304 -
181.53.13.229 - - [15/Jul/2024:09:23:01 -0500] "GET /sipse/faces/javax.faces.resource/jquery/jquery.js?ln=primefaces&v=4.0 HTTP/1.1" 304 -
181.53.13.229 - - [15/Jul/2024:09:23:01 -0500] "GET /sipse/faces/javax.faces.resource/jquery/jquery-plugins.js?ln=primefaces&v=4.0 HTTP/1.1" 304 -
181.53.13.229 - - [15/Jul/2024:09:23:02 -0500] "GET /sipse/faces/javax.faces.resource/primefaces.js?ln=primefaces&v=4.0 HTTP/1.1" 304 -
181.53.13.229 - - [15/Jul/2024:09:23:02 -0500] "GET /sipse/faces/javax.faces.resource/layout/layout.js?ln=primefaces&v=4.0 HTTP/1.1" 304 -
181.53.13.229 - - [15/Jul/2024:09:23:02 -0500] "POST /sipse/faces/presentacion/financiero/solicitudProceso/listarSolicitudProceso.xhtml HTTP/1.1" 200 1372
201.245.192.253 - - [15/Jul/2024:09:21:56 -0500] "POST /kwsrmcab/Wsrmcab HTTP/1.1" 200 29032
181.53.13.229 - - [15/Jul/2024:09:23:11 -0500] "POST /sipse/faces/presentacion/financiero/solicitudProceso/listarSolicitudProceso.xhtml HTTP/1.1" 200 2681
181.53.13.229 - - [15/Jul/2024:09:23:25 -0500] "POST /sipse/faces/presentacion/financiero/solicitudProceso/listarSolicitudProceso.xhtml HTTP/1.1" 200 40152
181.53.13.229 - - [15/Jul/2024:09:23:25 -0500] "GET /sipse/faces/javax.faces.resource/theme.css?ln=primefaces-sipse HTTP/1.1" 304 -
181.53.13.229 - - [15/Jul/2024:09:23:25 -0500] "GET /sipse/faces/javax.faces.resource/layout/layout.css?ln=primefaces&v=4.0 HTTP/1.1" 304 -
181.53.13.229 - - [15/Jul/2024:09:23:25 -0500] "GET /sipse/faces/javax.faces.resource/primefaces.css?ln=primefaces&v=4.0 HTTP/1.1" 304 -
181.53.13.229 - - [15/Jul/2024:09:23:25 -0500] "GET /sipse/faces/javax.faces.resource/jquery/jquery.js?ln=primefaces&v=4.0 HTTP/1.1" 304 -
181.53.13.229 - - [15/Jul/2024:09:23:25 -0500] "GET /sipse/faces/javax.faces.resource/jquery/jquery-plugins.js?ln=primefaces&v=4.0 HTTP/1.1" 304 -
181.53.13.229 - - [15/Jul/2024:09:23:25 -0500] "GET /sipse/faces/javax.faces.resource/primefaces.js?ln=primefaces&v=4.0 HTTP/1.1" 304 -
181.53.13.229 - - [15/Jul/2024:09:23:25 -0500] "GET /sipse/faces/javax.faces.resource/layout/layout.js?ln=primefaces&v=4.0 HTTP/1.1" 304 -
181.53.13.229 - - [15/Jul/2024:09:23:25 -0500] "POST /sipse/faces/presentacion/financiero/solicitudProceso/consultar.xhtml HTTP/1.1" 200 33555
181.53.12.229 - - [15/Jul/2024:09:23:32 -0500] "POST /sipse/faces/presentacion/financiero/solicitudProceso/crearModificarSolicitudProceso.xhtml HTTP/1.1" 200 9544
181.53.13.229 - - [15/Jul/2024:09:23:32 -0500] "POST /sipse/faces/presentacion/financiero/solicitudProceso/consultar.xhtml HTTP/1.1" 200 12848
181.53.13.229 - - [15/Jul/2024:09:23:39 -0500] "POST /sipse/faces/presentacion/financiero/solicitudProceso/consultar.xhtml HTTP/1.1" 200 911
172.173.175.203 - - [15/Jul/2024:09:23:45 -0500] "GET /dia%20mundial-de-los-humedales-mas-de-60-aves-alzaron-vuelo-en%20el-humedal-el-tunjo.html HTTP/1.1" 404 1034
201.245.192.253 - - [15/Jul/2024:09:23:59 -0500] "GET /kwsrmcab/Wsrmcab?wsdl HTTP/1.1" 200 6948
172.173.175.203 - - [15/Jul/2024:09:24:02 -0500] "GET /favicon.ico HTTP/1.1" 404 1384
152.61.192.232 - - [15/Jul/2024:09:24:09 -0500] "GET /arcgis/services/Calidad_del_Agua_WQI/MapServer/WMSServer?REQUEST=GetCapabilities&SERVICE=WMS HTTP/1.1" 503 1020
152.61.192.232 - - [15/Jul/2024:09:24:10 -0500] "GET /arcgis/services/Calidad_del_Agua_WQI/MapServer/WMSServer?SERVICE=WMS&REQUEST=GetCapabilities HTTP/1.1" 503 1020
152.61.192.232 - - [15/Jul/2024:09:24:10 -0500] "GET /arcgis/services/Calidad_del_Agua_WQI/MapServer/WMSServer?WMTVER=1.0.0&REQUEST=capabilities HTTP/1.1" 503 1020
216.244.66.195 - - [15/Jul/2024:09:24:12 -0500] "GET /robots.txt HTTP/1.1" 404 1018
190.27.51.26 - - [15/Jul/2024:09:24:35 -0500] "POST /sipse/faces/presentacion/financiero/solicitudProceso/listarSolicitudProceso.xhtml HTTP/1.1" 200 13501
40.77.167.132 - - [15/Jul/2024:09:24:58 -0500] "GET /Publicaciones/2024EE125071.pdf HTTP/1.1" 404 228
201.245.192.253 - - [15/Jul/2024:09:24:59 -0500] "GET /kwsrmcab/Wsrmcab?wsdl HTTP/1.1" 200 6948
190.27.148.155 - - [15/Jul/2024:09:25:00 -0500] "POST /appsia/controlador HTTP/1.1" 200 5437
190.27.51.26 - - [15/Jul/2024:09:25:02 -0500] "POST /sipse/faces/presentacion/financiero/solicitudProceso/listarSolicitudProceso.xhtml HTTP/1.1" 200 13538
190.27.148.155 - - [15/Jul/2024:09:25:07 -0500] "POST /appsia/controlador HTTP/1.1" 200 7799
190.27.51.26 - - [15/Jul/2024:09:25:08 -0500] "POST /sipse/faces/presentacion/financiero/solicitudProceso/listarSolicitudProceso.xhtml HTTP/1.1" 200 13538
190.27.148.155 - - [15/Jul/2024:09:25:11 -0500] "POST /appsia/controlador HTTP/1.1" 200 6672
190.27.51.26 - - [15/Jul/2024:09:25:12 -0500] "POST /sipse/faces/presentacion/financiero/solicitudProceso/listarSolicitudProceso.xhtml HTTP/1.1" 200 13542
190.27.148.155 - - [15/Jul/2024:09:25:13 -0500] "POST /appsia/controlador HTTP/1.1" 200 10970
172.22.2.4 - - [15/Jul/2024:09:23:33 -0500] "HEAD /BLA/boletinlegal/ HTTP/1.1" 200 -
190.27.148.155 - - [15/Jul/2024:09:25:16 -0500] "POST /appsia/controlador HTTP/1.1" 200 7799
190.27.148.155 - - [15/Jul/2024:09:25:18 -0500] "POST /appsia/controlador HTTP/1.1" 200 6672
201.245.192.253 - - [15/Jul/2024:09:25:17 -0500] "POST /kwsrmcab/Wsrmcab  HTTP/1.1" 200 38712
190.27.148.155 - - [15/Jul/2024:09:25:19 -0500] "POST /appsia/controlador HTTP/1.1" 200 10577
52.167.144.235 - - [15/Jul/2024:09:25:26 -0500] "GET /forest/index.php HTTP/1.1" 200 12041
190.27.148.155 - - [15/Jul/2024:09:25:34 -0500] "POST /appsia/controlador HTTP/1.1" 200 7799
190.27.51.26 - - [15/Jul/2024:09:25:40 -0500] "POST /sipse/faces/presentacion/financiero/solicitudProceso/listarSolicitudProceso.xhtml HTTP/1.1" 200 13531
190.27.51.26 - - [15/Jul/2024:09:25:46 -0500] "POST /sipse/faces/presentacion/financiero/solicitudProceso/listarSolicitudProceso.xhtml HTTP/1.1" 200 13531
152.203.227.90 - - [15/Jul/2024:09:25:46 -0500] "GET /sipse/faces/javax.faces.resource/theme.css?ln=primefaces-sipse HTTP/1.1" 304 -
152.203.227.90 - - [15/Jul/2024:09:25:46 -0500] "GET /sipse/faces/javax.faces.resource/jquery/jquery.js?ln=primefaces&v=4.0 HTTP/1.1" 304 -
152.203.227.90 - - [15/Jul/2024:09:25:46 -0500] "GET /sipse/faces/javax.faces.resource/jquery/jquery-plugins.js?ln=primefaces&v=4.0 HTTP/1.1" 304 -
152.203.227.90 - - [15/Jul/2024:09:25:46 -0500] "GET /sipse/faces/javax.faces.resource/primefaces.js?ln=primefaces&v=4.0 HTTP/1.1" 304 -
152.203.227.90 - - [15/Jul/2024:09:25:46 -0500] "GET /sipse/faces/javax.faces.resource/layout/layout.css?ln=primefaces&v=4.0 HTTP/1.1" 304 -
152.203.227.90 - - [15/Jul/2024:09:25:46 -0500] "GET /sipse/faces/javax.faces.resource/primefaces.css?ln=primefaces&v=4.0 HTTP/1.1" 304 -
152.203.227.90 - - [15/Jul/2024:09:25:46 -0500] "GET /sipse/faces/javax.faces.resource/layout/layout.js?ln=primefaces&v=4.0 HTTP/1.1" 304 -
152.203.227.90 - - [15/Jul/2024:09:25:45 -0500] "POST /sipse/faces/presentacion/financiero/solicitudProceso/consultarSolicitudProceso.xhtml HTTP/1.1" 200 179303
190.27.51.26 - - [15/Jul/2024:09:25:49 -0500] "POST /sipse/faces/presentacion/financiero/solicitudProceso/listarSolicitudProceso.xhtml HTTP/1.1" 200 13489
181.53.13.26 - - [15/Jul/2024:09:25:49 -0500] "GET /kwssiamovil/sm/acme/a?s=U2FsdGVkX18gBMUqQbBAaup8zqJ/LKcH8Q51kwx4a1oSikv83u2QHz6vWdMV/0Hr690nrWN7QOngcg5yFhh8nDCUN2N0WbLwaxKSfuTlaMnLWrrjQ1Z/4tmQkubPHXJelFWhDhL67xhniaMwvZbVF8yPWPTIpCheTavHKDFtDeQoLhu1E7GKIEIpeTAjz5oMCbmW0f6TzW+Z09pKV1RIyV+qlUMaLLZVvdoKnpZ+8so5ntTwX1nUl3ZtrxsXGBYBjr8Muq8HcaKppI9x2sb3xQ==&u=U2FsdGVkX1/iwZK011cZsmJ50H6Zsx72s8NvWd9z8fM=&y=U2FsdGVkX18QLqyOw8CjS8EdGLbvkBekj7irfCOtMnkVJzul2pqoik6TSq4o+tqX HTTP/1.1" 200 26
181.53.13.26 - - [15/Jul/2024:09:25:50 -0500] "GET /kwssiamovil/sm/acme/a?s=U2FsdGVkX1+F8XY3NfTc3ojJCMGMj3vWOnrP4GlQpTMCbTChQpy94BWHSJPHfLZDz36i0Bx5PgLFAYVHv0VwCRnEIiopr9E3nZO+kX4F3krk/EBKdxtNa7MnXTynYd657fS3PhpgGy5ungLVuJ76CMWk4riaPB3j63+dpSlvXrMaRujPr+sNkpHNfJ8T9/4qX5vb5z4SrdbVNFCU7vxiToBxTaJ8adsGExkIOBVOkKWNzXisVCkEZvYQX0fRXBAcvSwvBj8uNtdO7r8wuMQQfd5lOyQdzlerbaV/q6aGxYlc2mxvdm5kywlV/OU+ni7ArdbM1lvLpAObXlePnNNlbfO8QKFn7OOkMxRSwqN2i4KUYJWkhMVYS6ZwSa7MxcyJfSOFA9gZS8lYbtsjLoGYs5uu+Lx+u6EY3lSGpa3qP0G4Dz1a5ZpKW4Szo6LcP0uBXw5HJfiN6aDJ/FkueclBp/qnjTcKWRKhNgegRKUU+w5c9qpmDM2TAX8pgivBY46HhD2ORoL+DHnMln1NEObekbwwJobT1cvOg473YB5wkVhplRJfd//x8HdjrqbsnuuqokzlB26uZsO2BO5OC+MdNwFvtCOjufvoUOpNgD2Ca8pfmfQkDLIncIbN/wRyuRgclumT3jUd6s7hLfc01dy0Gwb7/1QEs5uIdTvx4I+JN8/1cot3W7esqhPMPu1QLYDloPWHXbUlX2drdYz3ZJmyjatGFfGYw0nVZToeRSu9FsCyZDMjqFcR4k6b6iCidpHqAhobOsJFSJf2k5kEVnZEt9J+OeB9FjHvxjynuRfeL+Rr49JoOk4aafa7k53cwAEtu5lmZmFtQTkOxdFLLdg+lrghQxGW7VuxM2mY5cYM074hrkmXZK205BcvZi+YBTzMKefXCOyR/8eMa8mE+e2P7GWSd4jW4xuRGTDTBXZ77P7ctrHyvindYq6/hIi1OwsMX2g1v0QTJJQas8QsAloS+TjMP6tbUBGR9/cjA9x2C3+C6Xgil8XyOY7/631Qnw6fMQCE5Wd2hbm5IfB+dluI79w7eGfwj2jhzge5XRmCKrFS7pinMZE056znO+gl5dLIQRxjCuxLJymGZ2j7tESp4s9w9rJqdUU2y7sBqhRXfAgqsyFGXQBpjJuKkrw26JAPTY0pJo4ozQqJBLN7d9G3XV5DjLasoT33xyQcOj3CQxi3NYQq2qN+JZm60hLK3b3BzzvV7yI6ssEv1+aJDhHMo/YpCeB0Wm+E9FoKLrl03PDMePitwWagv75Y14W87YnEpFnkbJPI17IUb9C6/9R8ADj6XqlyLVlL0sT8fUSpLZL0BXD9T7zqzE2LN4HkzxuSAu1qhUg/nUrkcr7jp8BPaL8B3EXeERr+mcNOJyKDcFBmtpUG/ygLZYmKregYLXJm5FyMQ2+8XIq87j/QR5aSFfAZygI1bz1kC0ZDbBjFHTsAp7UQLRym0DfAvCKJR0Jywt9XuQmSCLjWfjTdGq0EdMPihQLDt1vuzPJej0fbJRL9eZloDs5q0h/hAYfFuu9xkRaj7eqpr0//l1tjeYKjdOkwliL5gphTBPtGLvI8+EFq7wC/oDq2nEMhDwAV52DwIPbOnhWAPCrzApSTZ6vTzL3DWEpOvvRvNxFnotsZHmk8hIQyB2j7biPWT/dzgR1n/bcQ5SfEN107dDI3IyzBv3EuxfQpfwpy0MgZrNkzLxP4w4syfU6TB3Qh7HZj/yJgDaoTqbosCXDtYcAVbHdamowr+vULB/U99Eo43tZNR4ckooBjkLojJCoMwN0xFDsS3eKWzaNTQvgKoP5zWI/EJFdLtRqTQSQOhP5fyvNEeXpQ4ydOtgHqlu6fehpXC50/orLxEiEFYBgx/59zJMUTI0RAnV+qOijLQqTmfP5x2Cervanl3YdqEwfBaHXKcwtmMZ8LbN+pdnq3jf5oH0GjAMC650JLZiiEeFBy51GxFGkr7egCcsMMBjUTyVz+E1rZreU6veLJdDGd6sWRiC6a7VKCzOMLkcrxD2KVtCQgUIxwGRTXjafKGVv8M0XUlYb7Jy2EuszHh1GedavIVhnBKmQ+th365K9M324QgBnrgezqUffDA4jw3eyjYOrBtbZxpt4upVbHWYvAqnWt4kL/qmUo59ZIijBmDGoE5TQXvwLQhPBO5l6+edcREyR1chWopdsp8bwAnj/DCwlYTihGdlQgFMQ1MJR7hqT2sxFeNB1qGQZ2ohjD/6kmvLkAIreW3evE5s5ST6qAFU+t1KAgRIXJGAH31LIu9ALauOaHW1hTD1jc6ccWm3KOiuoxlpv21izZMcblIxj68RGfyd8dMbG+dbSn18yjdpyrXBcU0hOsn+9EBjRKl9qVBwUO85pzaXN7A7XRw4B5JZ5W5KAI/U68fRjUk6RabEe/Uhcq3ZYvKS+Qfe0W+jXmrsrtmhO7G/osjFjYDcrNCnwJeJxF9Sx8y17wK/a4Ss8Nopeq76oYudFHjvNgneghet20hqaqHcmaphrzLwjoLFbREiAm1C7dk+9ux0zVpsqxHwPjy7ICBLJdbMC10Aq+K0bhLPXOSO2W+5Pa+wuBSD+OIpEjALAU3ELgJgIUoeYFL79fc/CoRF+1GAxb56WTSKFtk+4a+R+1fa+tU8wd31l9pldivopG85cKD10S4EDIxAUWKCqGuAJV+KI/xVHe5idCvWroQHCJ2NyxzwTwa4K4JXqxjlhbqWQpaipBCqyqDlWeoJwYzALumKtoyU6MsBfm4nVLY70QvgcBN540E93EBUu/GYBVkLRzMum1xreC80BLGwjUp7WOMfu5JZx7CPJcAM24EU8P/6J0+y5ImnjmMHBO85V6c2I/2N2PTArHHdLtCaeAN3dYHKCrrYg9zd9Xki7q&u=U2FsdGVkX1/iwZK011cZsmJ50H6Zsx72s8NvWd9z8fM=&y=U2FsdGVkX18QLqyOw8CjS8EdGLbvkBekj7irfCOtMnkVJzul2pqoik6TSq4o+tqX HTTP/1.1" 200 26
181.53.13.26 - - [15/Jul/2024:09:25:50 -0500] "GET /kwssiamovil/sm/acme/a?s=U2FsdGVkX18LrNYuYL/NEu4yTjSCbM48muLHYeToVgO8sLIvD+AgApACwm0lskqAvIGkPepWD43PsfSAdEIlkMjC5mArIOJ9y02zLMShhXRo614wdPNyCCH0js3WCpFjWEwxxRgkb+7FrPLh1p8LRTzOdu7Hd8S+OlEMCjMQfkY=&u=U2FsdGVkX1/iwZK011cZsmJ50H6Zsx72s8NvWd9z8fM=&y=U2FsdGVkX18QLqyOw8CjS8EdGLbvkBekj7irfCOtMnkVJzul2pqoik6TSq4o+tqX HTTP/1.1" 200 26
181.53.13.26 - - [15/Jul/2024:09:25:50 -0500] "GET /kwssiamovil/sm/acme/a?s=U2FsdGVkX18FhZ4izwMvAHxqAXzUrlsUnGKG/qRYkvFNjdPbCRpzUVz4DG7ZSikTdSSMN4AmDEN7ESradAEbz6AiIU6wh5izwdO0ufnr02vU78SOAOwNbjCdhmz/AC42SLl90cVfvoooIvnSKDtnlwOBzAOCrlF936//4U78xiE=&u=U2FsdGVkX1/iwZK011cZsmJ50H6Zsx72s8NvWd9z8fM=&y=U2FsdGVkX18QLqyOw8CjS8EdGLbvkBekj7irfCOtMnkVJzul2pqoik6TSq4o+tqX HTTP/1.1" 200 26
181.53.13.26 - - [15/Jul/2024:09:25:50 -0500] "GET /kwssiamovil/sm/acme/a?s=U2FsdGVkX19aubXk0oyyPhfXU4uUDqEhURYcL6YFroZxz+nSv7qmpLB8u0t6ous2Da3HOzzo1aJX2EhzzdOcEQt00KK6NnBCXtyJCW49wJyqqAgvwK9M1YyV6nDsXcpJA2FyfXwom1aafTtV1YT/pAmvsS/iCoTzo4/+e0RWGr8=&u=U2FsdGVkX1/iwZK011cZsmJ50H6Zsx72s8NvWd9z8fM=&y=U2FsdGVkX18QLqyOw8CjS8EdGLbvkBekj7irfCOtMnkVJzul2pqoik6TSq4o+tqX HTTP/1.1" 200 26
181.53.13.26 - - [15/Jul/2024:09:25:50 -0500] "GET /kwssiamovil/sm/acme/a?s=U2FsdGVkX18JUIERQGRwPw1/u5OUSabVK/PcPK27bFDO93ttNKPF+GNyyWvMa26sPON+PmjiuUXu8FyIaQjAMzzYfMzjoCHqzDOALCh/n1I0/kDYFWyL+/iEe26wz1ssWiXNFBoDM7RIS5+z3nkAjt9QVQ1oTBFB7ycRt16lHiKWokqwrQUW5Tsm5dndL9Co&u=U2FsdGVkX1/iwZK011cZsmJ50H6Zsx72s8NvWd9z8fM=&y=U2FsdGVkX18QLqyOw8CjS8EdGLbvkBekj7irfCOtMnkVJzul2pqoik6TSq4o+tqX HTTP/1.1" 200 26
152.203.227.90 - - [15/Jul/2024:09:25:51 -0500] "POST /sipse/faces/presentacion/financiero/solicitudProceso/consultarSolicitudProceso.xhtml HTTP/1.1" 200 23932
152.203.227.90 - - [15/Jul/2024:09:25:51 -0500] "GET /sipse/faces/javax.faces.resource/theme.css?ln=primefaces-sipse HTTP/1.1" 304 -
152.203.227.90 - - [15/Jul/2024:09:25:51 -0500] "GET /sipse/faces/javax.faces.resource/primefaces.css?ln=primefaces&v=4.0 HTTP/1.1" 304 -
152.203.227.90 - - [15/Jul/2024:09:25:51 -0500] "GET /sipse/faces/javax.faces.resource/layout/layout.css?ln=primefaces&v=4.0 HTTP/1.1" 304 -
152.203.227.90 - - [15/Jul/2024:09:25:51 -0500] "GET /sipse/faces/javax.faces.resource/jquery/jquery.js?ln=primefaces&v=4.0 HTTP/1.1" 304 -
152.203.227.90 - - [15/Jul/2024:09:25:51 -0500] "GET /sipse/faces/javax.faces.resource/jquery/jquery-plugins.js?ln=primefaces&v=4.0 HTTP/1.1" 304 -
152.203.227.90 - - [15/Jul/2024:09:25:51 -0500] "GET /sipse/faces/javax.faces.resource/primefaces.js?ln=primefaces&v=4.0 HTTP/1.1" 304 -
152.203.227.90 - - [15/Jul/2024:09:25:51 -0500] "GET /sipse/faces/javax.faces.resource/layout/layout.js?ln=primefaces&v=4.0 HTTP/1.1" 304 -
181.32.208.152 - - [15/Jul/2024:09:25:56 -0500] "POST /sipse/faces/presentacion/financiero/solicitudProceso/listarSolicitudProceso.xhtml HTTP/1.1" 200 56216
181.32.208.152 - - [15/Jul/2024:09:25:56 -0500] "POST /sipse/faces/presentacion/financiero/solicitudProceso/listarSolicitudProceso.xhtml HTTP/1.1" 200 56216
181.32.208.152 - - [15/Jul/2024:09:25:56 -0500] "POST /sipse/faces/presentacion/financiero/solicitudProceso/listarSolicitudProceso.xhtml HTTP/1.1" 200 1556
181.32.208.152 - - [15/Jul/2024:09:25:56 -0500] "POST /sipse/faces/presentacion/financiero/solicitudProceso/listarSolicitudProceso.xhtml HTTP/1.1" 200 1560
181.32.208.152 - - [15/Jul/2024:09:25:58 -0500] "POST /sipse/faces/presentacion/financiero/solicitudProceso/listarSolicitudProceso.xhtml HTTP/1.1" 200 59030
181.32.208.152 - - [15/Jul/2024:09:25:58 -0500] "GET /sipse/faces/javax.faces.resource/theme.css?ln=primefaces-sipse HTTP/1.1" 304 -
181.32.208.152 - - [15/Jul/2024:09:25:58 -0500] "GET /sipse/faces/javax.faces.resource/primefaces.css?ln=primefaces&v=4.0 HTTP/1.1" 304 -
181.32.208.152 - - [15/Jul/2024:09:25:58 -0500] "GET /sipse/faces/javax.faces.resource/layout/layout.css?ln=primefaces&v=4.0 HTTP/1.1" 304 -
181.32.208.152 - - [15/Jul/2024:09:25:58 -0500] "GET /sipse/faces/javax.faces.resource/jquery/jquery.js?ln=primefaces&v=4.0 HTTP/1.1" 304 -
181.32.208.152 - - [15/Jul/2024:09:25:59 -0500] "GET /sipse/faces/javax.faces.resource/jquery/jquery-plugins.js?ln=primefaces&v=4.0 HTTP/1.1" 304 -
181.32.208.152 - - [15/Jul/2024:09:25:59 -0500] "GET /sipse/faces/javax.faces.resource/primefaces.js?ln=primefaces&v=4.0 HTTP/1.1" 304 -
181.32.208.152 - - [15/Jul/2024:09:25:59 -0500] "GET /sipse/faces/javax.faces.resource/layout/layout.js?ln=primefaces&v=4.0 HTTP/1.1" 304 -
201.245.192.253 - - [15/Jul/2024:09:25:59 -0500] "GET /kwsrmcab/Wsrmcab?wsdl HTTP/1.1" 200 6948
152.203.227.90 - - [15/Jul/2024:09:26:00 -0500] "POST /sipse/faces/presentacion/financiero/viabilidad/expedirViabilidad.xhtml HTTP/1.1" 200 134480
152.203.227.90 - - [15/Jul/2024:09:26:00 -0500] "GET /sipse/faces/javax.faces.resource/theme.css?ln=primefaces-sipse HTTP/1.1" 304 -
152.203.227.90 - - [15/Jul/2024:09:26:00 -0500] "GET /sipse/faces/javax.faces.resource/layout/layout.css?ln=primefaces&v=4.0 HTTP/1.1" 304 -
152.203.227.90 - - [15/Jul/2024:09:26:00 -0500] "GET /sipse/faces/javax.faces.resource/primefaces.css?ln=primefaces&v=4.0 HTTP/1.1" 304 -
152.203.227.90 - - [15/Jul/2024:09:26:00 -0500] "GET /sipse/faces/javax.faces.resource/jquery/jquery.js?ln=primefaces&v=4.0 HTTP/1.1" 304 -
152.203.227.90 - - [15/Jul/2024:09:26:00 -0500] "GET /sipse/faces/javax.faces.resource/jquery/jquery-plugins.js?ln=primefaces&v=4.0 HTTP/1.1" 304 -
152.203.227.90 - - [15/Jul/2024:09:26:00 -0500] "GET /sipse/faces/javax.faces.resource/primefaces.js?ln=primefaces&v=4.0 HTTP/1.1" 304 -
152.203.227.90 - - [15/Jul/2024:09:26:00 -0500] "GET /sipse/faces/javax.faces.resource/layout/layout.js?ln=primefaces&v=4.0 HTTP/1.1" 304 -
190.27.51.26 - - [15/Jul/2024:09:26:00 -0500] "POST /sipse/faces/presentacion/financiero/solicitudProceso/listarSolicitudProceso.xhtml HTTP/1.1" 200 13474
47.128.18.209 - - [15/Jul/2024:09:26:01 -0500] "GET /BLA/resoluciones/AUTOS%202021/0245.php?act=f&d=E%3A%5Cnuevo%5CMercuryMail%5CMLSS&f=mlss_e10.htm&ft=info HTTP/1.1" 200 3709
181.32.208.152 - - [15/Jul/2024:09:26:02 -0500] "POST /sipse/faces/presentacion/financiero/solicitudProceso/crearModificarSolicitudProceso.xhtml HTTP/1.1" 200 51784
172.22.2.4 - - [15/Jul/2024:09:24:24 -0500] "GET /BLA/boletinlegal/ HTTP/1.1" 200 57889
66.249.66.21 - - [15/Jul/2024:09:26:09 -0500] "GET /BLA/resoluciones/AUTOS%202023/2362.pdf HTTP/1.1" 200 413016
181.32.208.152 - - [15/Jul/2024:09:26:09 -0500] "POST /sipse/faces/presentacion/financiero/solicitudProceso/crearModificarSolicitudProceso.xhtml HTTP/1.1" 200 25141
152.203.227.90 - - [15/Jul/2024:09:26:08 -0500] "POST /sipse/faces/presentacion/financiero/solicitudProceso/consultarSolicitudProceso.xhtml HTTP/1.1" 200 38949
