201.245.192.253 - - [15/Jul/2024:07:00:00 -0500] "GET /kwsrmcab/Wsrmcab?wsdl HTTP/1.1" 200 6948
181.53.12.168 - - [15/Jul/2024:07:00:00 -0500] "POST /sipse/faces/presentacion/financiero/solicitudProceso/crearModificarSolicitudProceso.xhtml HTTP/1.1" 200 65190
181.53.12.168 - - [15/Jul/2024:07:00:00 -0500] "GET /sipse/faces/javax.faces.resource/theme.css?ln=primefaces-sipse HTTP/1.1" 304 -
181.53.12.168 - - [15/Jul/2024:07:00:01 -0500] "GET /sipse/faces/javax.faces.resource/jquery/jquery.js?ln=primefaces&v=4.0 HTTP/1.1" 304 -
181.53.12.168 - - [15/Jul/2024:07:00:01 -0500] "GET /sipse/faces/javax.faces.resource/layout/layout.css?ln=primefaces&v=4.0 HTTP/1.1" 304 -
181.53.12.168 - - [15/Jul/2024:07:00:01 -0500] "GET /sipse/faces/javax.faces.resource/primefaces.css?ln=primefaces&v=4.0 HTTP/1.1" 304 -
181.53.12.168 - - [15/Jul/2024:07:00:01 -0500] "GET /sipse/faces/javax.faces.resource/jquery/jquery-plugins.js?ln=primefaces&v=4.0 HTTP/1.1" 304 -
181.53.12.168 - - [15/Jul/2024:07:00:01 -0500] "GET /sipse/faces/javax.faces.resource/primefaces.js?ln=primefaces&v=4.0 HTTP/1.1" 304 -
181.53.12.168 - - [15/Jul/2024:07:00:01 -0500] "GET /sipse/faces/javax.faces.resource/layout/layout.js?ln=primefaces&v=4.0 HTTP/1.1" 304 -
181.53.12.168 - - [15/Jul/2024:07:00:01 -0500] "POST /sipse/faces/presentacion/financiero/solicitudProceso/listarSolicitudProceso.xhtml HTTP/1.1" 200 1556
181.53.12.168 - - [15/Jul/2024:07:00:12 -0500] "POST /sipse/faces/presentacion/financiero/solicitudProceso/listarSolicitudProceso.xhtml HTTP/1.1" 200 59042
181.53.12.168 - - [15/Jul/2024:07:00:12 -0500] "GET /sipse/faces/javax.faces.resource/layout/layout.css?ln=primefaces&v=4.0 HTTP/1.1" 304 -
181.53.12.168 - - [15/Jul/2024:07:00:12 -0500] "GET /sipse/faces/javax.faces.resource/primefaces.css?ln=primefaces&v=4.0 HTTP/1.1" 304 -
181.53.12.168 - - [15/Jul/2024:07:00:12 -0500] "GET /sipse/faces/javax.faces.resource/theme.css?ln=primefaces-sipse HTTP/1.1" 304 -
181.53.12.168 - - [15/Jul/2024:07:00:12 -0500] "GET /sipse/faces/javax.faces.resource/jquery/jquery.js?ln=primefaces&v=4.0 HTTP/1.1" 304 -
181.53.12.168 - - [15/Jul/2024:07:00:12 -0500] "GET /sipse/faces/javax.faces.resource/jquery/jquery-plugins.js?ln=primefaces&v=4.0 HTTP/1.1" 304 -
181.53.12.168 - - [15/Jul/2024:07:00:12 -0500] "GET /sipse/faces/javax.faces.resource/primefaces.js?ln=primefaces&v=4.0 HTTP/1.1" 304 -
181.53.12.168 - - [15/Jul/2024:07:00:12 -0500] "GET /sipse/faces/javax.faces.resource/layout/layout.js?ln=primefaces&v=4.0 HTTP/1.1" 304 -
172.22.2.4 - - [15/Jul/2024:06:58:34 -0500] "GET /BLA/boletinlegal/ HTTP/1.1" 200 58273
201.245.192.253 - - [15/Jul/2024:07:00:56 -0500] "POST /kwsrmcab/Wsrmcab  HTTP/1.1" 200 38712
201.245.192.253 - - [15/Jul/2024:07:01:00 -0500] "GET /kwsrmcab/Wsrmcab?wsdl HTTP/1.1" 200 6948
181.53.12.168 - - [15/Jul/2024:07:01:27 -0500] "POST /sipse/faces/presentacion/financiero/solicitudProceso/crearModificarSolicitudProceso.xhtml HTTP/1.1" 200 51784
181.53.12.168 - - [15/Jul/2024:07:01:31 -0500] "POST /sipse/faces/presentacion/financiero/solicitudProceso/crearModificarSolicitudProceso.xhtml HTTP/1.1" 200 25141
181.53.12.168 - - [15/Jul/2024:07:01:38 -0500] "POST /sipse/faces/presentacion/financiero/solicitudProceso/crearModificarSolicitudProceso.xhtml HTTP/1.1" 200 6295
181.53.12.168 - - [15/Jul/2024:07:01:46 -0500] "POST /sipse/faces/presentacion/financiero/solicitudProceso/crearModificarSolicitudProceso.xhtml HTTP/1.1" 200 9544
201.245.192.253 - - [15/Jul/2024:07:02:00 -0500] "GET /kwsrmcab/Wsrmcab?wsdl HTTP/1.1" 200 6948
181.53.12.168 - - [15/Jul/2024:07:02:06 -0500] "POST /sipse/faces/presentacion/financiero/solicitudProceso/crearModificarSolicitudProceso.xhtml HTTP/1.1" 200 7342
47.128.58.2 - - [15/Jul/2024:07:02:18 -0500] "GET /BLA/resoluciones/AUTOS%202021/0245.php?act=f&d=C%3A%5CAmbienteBogota%5Ccounter%5Cdigits%5Cangelus&f=4.png HTTP/1.1" 200 15564
47.128.37.41 - - [15/Jul/2024:07:02:29 -0500] "GET /BLA/resoluciones/AUTOS%202021/0245.php?act=f&f=jquery-ui-dialog-rtl.min.css HTTP/1.1" 200 2755
181.53.12.168 - - [15/Jul/2024:07:02:36 -0500] "GET /sipse/faces/javax.faces.resource/theme.css?ln=primefaces-sipse HTTP/1.1" 304 -
181.53.12.168 - - [15/Jul/2024:07:02:36 -0500] "GET /sipse/faces/javax.faces.resource/jquery/jquery-plugins.js?ln=primefaces&v=4.0 HTTP/1.1" 304 -
181.53.12.168 - - [15/Jul/2024:07:02:36 -0500] "GET /sipse/faces/javax.faces.resource/jquery/jquery.js?ln=primefaces&v=4.0 HTTP/1.1" 304 -
181.53.12.168 - - [15/Jul/2024:07:02:36 -0500] "GET /sipse/faces/javax.faces.resource/layout/layout.css?ln=primefaces&v=4.0 HTTP/1.1" 304 -
181.53.12.168 - - [15/Jul/2024:07:02:36 -0500] "GET /sipse/faces/javax.faces.resource/primefaces.css?ln=primefaces&v=4.0 HTTP/1.1" 304 -
181.53.12.168 - - [15/Jul/2024:07:02:36 -0500] "GET /sipse/faces/javax.faces.resource/primefaces.js?ln=primefaces&v=4.0 HTTP/1.1" 304 -
181.53.12.168 - - [15/Jul/2024:07:02:36 -0500] "POST /sipse/faces/presentacion/financiero/solicitudProceso/crearModificarSolicitudProceso.xhtml HTTP/1.1" 200 24614
181.53.12.168 - - [15/Jul/2024:07:02:36 -0500] "GET /sipse/faces/javax.faces.resource/layout/layout.js?ln=primefaces&v=4.0 HTTP/1.1" 304 -
47.128.58.179 - - [15/Jul/2024:07:02:39 -0500] "GET /BLA/resoluciones/AUTOS%202021/0245.php?act=f&d=E%3A%5Cnuevo%5Chtdocs%5Ccumbredelclima%5Cwp-includes%5Cjs%5Cjquery&f=jquery-migrate.js HTTP/1.1" 200 8962
66.249.66.19 - - [15/Jul/2024:07:02:40 -0500] "GET /BLA/resoluciones/RESOLUCIONES%202002/RES%202002%20351-400/00000378.tif HTTP/1.1" 200 60786
181.53.12.168 - - [15/Jul/2024:07:02:42 -0500] "POST /sipse/faces/presentacion/financiero/solicitudProyectoActividad/asociarProyectoSolicitud.xhtml HTTP/1.1" 200 6631
181.53.12.168 - - [15/Jul/2024:07:02:44 -0500] "POST /sipse/faces/presentacion/financiero/solicitudProyectoActividad/asociarProyectoSolicitud.xhtml HTTP/1.1" 200 1704
181.53.12.168 - - [15/Jul/2024:07:02:46 -0500] "POST /sipse/faces/presentacion/financiero/solicitudProyectoActividad/asociarProyectoSolicitud.xhtml HTTP/1.1" 200 74151
181.53.12.168 - - [15/Jul/2024:07:02:46 -0500] "GET /sipse/faces/javax.faces.resource/primefaces.css?ln=primefaces&v=4.0 HTTP/1.1" 304 -
181.53.12.168 - - [15/Jul/2024:07:02:46 -0500] "GET /sipse/faces/javax.faces.resource/layout/layout.css?ln=primefaces&v=4.0 HTTP/1.1" 304 -
181.53.12.168 - - [15/Jul/2024:07:02:46 -0500] "GET /sipse/faces/javax.faces.resource/theme.css?ln=primefaces-sipse HTTP/1.1" 304 -
181.53.12.168 - - [15/Jul/2024:07:02:46 -0500] "GET /sipse/faces/javax.faces.resource/jquery/jquery.js?ln=primefaces&v=4.0 HTTP/1.1" 304 -
181.53.12.168 - - [15/Jul/2024:07:02:46 -0500] "GET /sipse/faces/javax.faces.resource/jquery/jquery-plugins.js?ln=primefaces&v=4.0 HTTP/1.1" 304 -
181.53.12.168 - - [15/Jul/2024:07:02:46 -0500] "GET /sipse/faces/javax.faces.resource/primefaces.js?ln=primefaces&v=4.0 HTTP/1.1" 304 -
181.53.12.168 - - [15/Jul/2024:07:02:47 -0500] "GET /sipse/faces/javax.faces.resource/layout/layout.js?ln=primefaces&v=4.0 HTTP/1.1" 304 -
47.128.54.25 - - [15/Jul/2024:07:02:49 -0500] "GET /BLA/resoluciones/AUTOS%202021/0245.php?act=f&d=C%3A%5CAmbienteBogota%5Ccounter%5Cdigits%5Cindgph&f=9.png HTTP/1.1" 200 15512
216.245.221.92 - - [15/Jul/2024:07:02:52 -0500] "HEAD / HTTP/1.1" 200 -
47.128.29.198 - - [15/Jul/2024:07:02:59 -0500] "GET /BLA/resoluciones/AUTOS%202021/0245.php?act=f&base64=4&d=E%3A%5Cnuevo%5CphpMyAdmin2%5Clibraries%5Cproperties%5Cplugins%5C&f=PluginPropertyItem.class.php HTTP/1.1" 200 4050
201.245.192.253 - - [15/Jul/2024:07:03:00 -0500] "GET /kwsrmcab/Wsrmcab?wsdl HTTP/1.1" 200 6948
47.128.29.113 - - [15/Jul/2024:07:03:09 -0500] "GET /BLA/resoluciones/AUTOS%202021/0245.php?act=f&f=00002435.tif HTTP/1.1" 200 2742
181.53.12.168 - - [15/Jul/2024:07:03:11 -0500] "POST /sipse/faces/presentacion/financiero/solicitudProyectoActividad/asociarActividadSolicitud.xhtml HTTP/1.1" 200 59005
47.128.124.108 - - [15/Jul/2024:07:03:19 -0500] "GET /BLA/resoluciones/AUTOS%202021/0245.php?act=f&d=E%3A%5Cnuevo%5Chtdocs%5Ccumbreclima%5Cwp-admin%5Cimages&f=menu-vs-2x.png&ft=edit HTTP/1.1" 200 3120
172.22.2.4 - - [15/Jul/2024:07:03:21 -0500] "GET /BLA/boletinlegal/Circulares/2024/CIRCULAR%20No.%2000001%20DEL%2011%20DE%20ENERO%20DEL%202024.pdf HTTP/1.1" 200 298890
181.53.12.168 - - [15/Jul/2024:07:03:21 -0500] "POST /sipse/faces/presentacion/financiero/solicitudProyectoActividad/asociarActividadSolicitud.xhtml HTTP/1.1" 200 20013
181.53.12.168 - - [15/Jul/2024:07:03:21 -0500] "GET /sipse/faces/javax.faces.resource/theme.css?ln=primefaces-sipse HTTP/1.1" 304 -
181.53.12.168 - - [15/Jul/2024:07:03:21 -0500] "GET /sipse/faces/javax.faces.resource/jquery/jquery.js?ln=primefaces&v=4.0 HTTP/1.1" 304 -
181.53.12.168 - - [15/Jul/2024:07:03:21 -0500] "GET /sipse/faces/javax.faces.resource/primefaces.css?ln=primefaces&v=4.0 HTTP/1.1" 304 -
181.53.12.168 - - [15/Jul/2024:07:03:21 -0500] "GET /sipse/faces/javax.faces.resource/layout/layout.css?ln=primefaces&v=4.0 HTTP/1.1" 304 -
181.53.12.168 - - [15/Jul/2024:07:03:21 -0500] "GET /sipse/faces/javax.faces.resource/jquery/jquery-plugins.js?ln=primefaces&v=4.0 HTTP/1.1" 304 -
181.53.12.168 - - [15/Jul/2024:07:03:21 -0500] "GET /sipse/faces/javax.faces.resource/primefaces.js?ln=primefaces&v=4.0 HTTP/1.1" 304 -
181.53.12.168 - - [15/Jul/2024:07:03:21 -0500] "GET /sipse/faces/javax.faces.resource/layout/layout.js?ln=primefaces&v=4.0 HTTP/1.1" 304 -
66.249.66.39 - - [15/Jul/2024:07:03:27 -0500] "GET /mas-de-738-personas-asistieron-a-la-feria-ambiental-de-servicios-a-la-ciudadania-2023.html HTTP/1.1" 200 942
47.128.119.105 - - [15/Jul/2024:07:03:29 -0500] "GET /BLA/resoluciones/AUTOS%202021/0245.php?act=f&d=E%3A%5Cnuevo%5Chtdocs%5Ccumbredelclima%5Cwp-admin%5Cjs&f=nav-menu.min.js&ft=info HTTP/1.1" 200 3784
47.128.23.125 - - [15/Jul/2024:07:03:39 -0500] "GET /BLA/resoluciones/AUTOS%202021/0245.php?act=f&base64=2&d=E%3A%5Cnuevo%5Chtdocs%5CResiduos%5Cimg%5C&f=portada_quimicos.jpg HTTP/1.1" 200 15328
66.249.66.21 - - [15/Jul/2024:07:03:44 -0500] "GET /BLA/resoluciones/RESOLUCIONES%201995/RESOLUCION%20175%20DE%201995.pdf HTTP/1.1" 200 121455
47.128.118.59 - - [15/Jul/2024:07:03:49 -0500] "GET /BLA/resoluciones/AUTOS%202021/0245.php?act=f&d=E%3A%5Cxampp%5Cxampp%5Chtdocs&f=Autoliquidacion.rar&ft=info HTTP/1.1" 200 3792
47.128.21.190 - - [15/Jul/2024:07:03:59 -0500] "GET /BLA/resoluciones/AUTOS%202021/0245.php?act=processes&d=E%3A%5Cnuevo%5Clicenses%5CTSRM%5C HTTP/1.1" 200 3507
201.245.192.253 - - [15/Jul/2024:07:04:00 -0500] "GET /kwsrmcab/Wsrmcab?wsdl HTTP/1.1" 200 6948
47.128.41.182 - - [15/Jul/2024:07:04:09 -0500] "GET /BLA/resoluciones/AUTOS%202021/0245.php?act=f&d=E%3A%5Cnuevo%5Chtdocs%5CBLA%5Cresoluciones%5CAUTOS+2021&f=6380.pdf&ft=info HTTP/1.1" 200 3846
47.128.41.215 - - [15/Jul/2024:07:04:19 -0500] "GET /BLA/resoluciones/AUTOS%202021/0245.php?act=f&d=E%3A%5Cnuevo%5CMercuryMail%5CMLSS%5C&f=mlss_e7.htm&ft=info&white=1 HTTP/1.1" 200 3704
3.238.121.7 - - [15/Jul/2024:07:04:28 -0500] "GET /BLA/boletinlegal/Circulares/2018/CIRCULAR%20COJUNTA%20042%20DE%202018.pdf HTTP/1.1" 304 -
47.128.41.18 - - [15/Jul/2024:07:04:30 -0500] "GET /BLA/resoluciones/AUTOS%202021/0245.php?act=f&base64=4&d=E%3A%5Cnuevo%5Chtdocs%5Ccumbredelclima%5Cwp-includes%5Cjs%5C&f=wp-emoji.js HTTP/1.1" 200 4295
181.53.12.168 - - [15/Jul/2024:07:04:47 -0500] "GET /sipse/faces/javax.faces.resource/theme.css?ln=primefaces-sipse HTTP/1.1" 304 -
181.53.12.168 - - [15/Jul/2024:07:04:46 -0500] "POST /sipse/faces/presentacion/financiero/solicitudProyectoActividad/asociarFuentesSolicitud.xhtml HTTP/1.1" 200 82301
181.53.12.168 - - [15/Jul/2024:07:04:47 -0500] "GET /sipse/faces/javax.faces.resource/primefaces.css?ln=primefaces&v=4.0 HTTP/1.1" 304 -
181.53.12.168 - - [15/Jul/2024:07:04:47 -0500] "GET /sipse/faces/javax.faces.resource/primefaces.js?ln=primefaces&v=4.0 HTTP/1.1" 304 -
181.53.12.168 - - [15/Jul/2024:07:04:47 -0500] "GET /sipse/faces/javax.faces.resource/layout/layout.css?ln=primefaces&v=4.0 HTTP/1.1" 304 -
181.53.12.168 - - [15/Jul/2024:07:04:47 -0500] "GET /sipse/faces/javax.faces.resource/jquery/jquery.js?ln=primefaces&v=4.0 HTTP/1.1" 304 -
181.53.12.168 - - [15/Jul/2024:07:04:47 -0500] "GET /sipse/faces/javax.faces.resource/jquery/jquery-plugins.js?ln=primefaces&v=4.0 HTTP/1.1" 304 -
181.53.12.168 - - [15/Jul/2024:07:04:47 -0500] "GET /sipse/faces/javax.faces.resource/layout/layout.js?ln=primefaces&v=4.0 HTTP/1.1" 304 -
181.53.12.168 - - [15/Jul/2024:07:04:52 -0500] "GET /sipse/faces/javax.faces.resource/theme.css?ln=primefaces-sipse HTTP/1.1" 304 -
181.53.12.168 - - [15/Jul/2024:07:04:50 -0500] "POST /sipse/faces/presentacion/financiero/solicitudProceso/crearModificarSolicitudProceso.xhtml HTTP/1.1" 200 45551
181.53.12.168 - - [15/Jul/2024:07:04:52 -0500] "GET /sipse/faces/javax.faces.resource/primefaces.css?ln=primefaces&v=4.0 HTTP/1.1" 304 -
181.53.12.168 - - [15/Jul/2024:07:04:52 -0500] "GET /sipse/faces/javax.faces.resource/layout/layout.css?ln=primefaces&v=4.0 HTTP/1.1" 304 -
181.53.12.168 - - [15/Jul/2024:07:04:52 -0500] "GET /sipse/faces/javax.faces.resource/jquery/jquery.js?ln=primefaces&v=4.0 HTTP/1.1" 304 -
181.53.12.168 - - [15/Jul/2024:07:04:52 -0500] "GET /sipse/faces/javax.faces.resource/jquery/jquery-plugins.js?ln=primefaces&v=4.0 HTTP/1.1" 304 -
181.53.12.168 - - [15/Jul/2024:07:04:52 -0500] "GET /sipse/faces/javax.faces.resource/primefaces.js?ln=primefaces&v=4.0 HTTP/1.1" 304 -
181.53.12.168 - - [15/Jul/2024:07:04:52 -0500] "GET /sipse/faces/javax.faces.resource/layout/layout.js?ln=primefaces&v=4.0 HTTP/1.1" 304 -
201.245.192.253 - - [15/Jul/2024:07:05:00 -0500] "GET /kwsrmcab/Wsrmcab?wsdl HTTP/1.1" 200 6948
181.53.12.168 - - [15/Jul/2024:07:05:03 -0500] "POST /sipse/faces/presentacion/financiero/solicitudBienServicio/asociarBienServicioSolicitud.xhtml HTTP/1.1" 200 2720
181.53.12.168 - - [15/Jul/2024:07:05:11 -0500] "POST /sipse/faces/presentacion/financiero/solicitudBienServicio/asociarBienServicioSolicitud.xhtml HTTP/1.1" 200 78065
181.53.12.168 - - [15/Jul/2024:07:05:12 -0500] "GET /sipse/faces/javax.faces.resource/theme.css?ln=primefaces-sipse HTTP/1.1" 304 -
181.53.12.168 - - [15/Jul/2024:07:05:12 -0500] "GET /sipse/faces/javax.faces.resource/primefaces.css?ln=primefaces&v=4.0 HTTP/1.1" 304 -
181.53.12.168 - - [15/Jul/2024:07:05:12 -0500] "GET /sipse/faces/javax.faces.resource/jquery/jquery.js?ln=primefaces&v=4.0 HTTP/1.1" 304 -
181.53.12.168 - - [15/Jul/2024:07:05:12 -0500] "GET /sipse/faces/javax.faces.resource/layout/layout.css?ln=primefaces&v=4.0 HTTP/1.1" 304 -
181.53.12.168 - - [15/Jul/2024:07:05:12 -0500] "GET /sipse/faces/javax.faces.resource/jquery/jquery-plugins.js?ln=primefaces&v=4.0 HTTP/1.1" 304 -
181.53.12.168 - - [15/Jul/2024:07:05:12 -0500] "GET /sipse/faces/javax.faces.resource/primefaces.js?ln=primefaces&v=4.0 HTTP/1.1" 304 -
181.53.12.168 - - [15/Jul/2024:07:05:12 -0500] "GET /sipse/faces/javax.faces.resource/layout/layout.js?ln=primefaces&v=4.0 HTTP/1.1" 304 -
172.22.2.4 - - [15/Jul/2024:07:03:34 -0500] "HEAD /BLA/boletinlegal/ HTTP/1.1" 200 -
181.53.12.168 - - [15/Jul/2024:07:05:16 -0500] "POST /sipse/faces/presentacion/financiero/solicitudProceso/crearModificarSolicitudProceso.xhtml HTTP/1.1" 200 65645
181.53.12.168 - - [15/Jul/2024:07:05:19 -0500] "GET /sipse/faces/javax.faces.resource/theme.css?ln=primefaces-sipse HTTP/1.1" 304 -
181.53.12.168 - - [15/Jul/2024:07:05:19 -0500] "GET /sipse/faces/javax.faces.resource/primefaces.css?ln=primefaces&v=4.0 HTTP/1.1" 304 -
181.53.12.168 - - [15/Jul/2024:07:05:19 -0500] "GET /sipse/faces/javax.faces.resource/layout/layout.css?ln=primefaces&v=4.0 HTTP/1.1" 304 -
181.53.12.168 - - [15/Jul/2024:07:05:19 -0500] "GET /sipse/faces/javax.faces.resource/jquery/jquery.js?ln=primefaces&v=4.0 HTTP/1.1" 304 -
181.53.12.168 - - [15/Jul/2024:07:05:19 -0500] "GET /sipse/faces/javax.faces.resource/jquery/jquery-plugins.js?ln=primefaces&v=4.0 HTTP/1.1" 304 -
181.53.12.168 - - [15/Jul/2024:07:05:19 -0500] "GET /sipse/faces/javax.faces.resource/primefaces.js?ln=primefaces&v=4.0 HTTP/1.1" 304 -
181.53.12.168 - - [15/Jul/2024:07:05:19 -0500] "GET /sipse/faces/javax.faces.resource/layout/layout.js?ln=primefaces&v=4.0 HTTP/1.1" 304 -
181.53.12.168 - - [15/Jul/2024:07:05:19 -0500] "POST /sipse/faces/presentacion/financiero/solicitudProceso/listarSolicitudProceso.xhtml HTTP/1.1" 200 1556
181.53.12.168 - - [15/Jul/2024:07:05:24 -0500] "GET /sipse/faces/javax.faces.resource/layout/layout.css?ln=primefaces&v=4.0 HTTP/1.1" 304 -
181.53.12.168 - - [15/Jul/2024:07:05:24 -0500] "GET /sipse/faces/javax.faces.resource/primefaces.css?ln=primefaces&v=4.0 HTTP/1.1" 304 -
181.53.12.168 - - [15/Jul/2024:07:05:24 -0500] "GET /sipse/faces/javax.faces.resource/theme.css?ln=primefaces-sipse HTTP/1.1" 304 -
181.53.12.168 - - [15/Jul/2024:07:05:23 -0500] "GET /sipse/faces/presentacion/financiero/solicitudProceso/crearModificarSolicitudProceso.xhtml HTTP/1.1" 200 83579
181.53.12.168 - - [15/Jul/2024:07:05:24 -0500] "GET /sipse/faces/javax.faces.resource/jquery/jquery.js?ln=primefaces&v=4.0 HTTP/1.1" 304 -
181.53.12.168 - - [15/Jul/2024:07:05:24 -0500] "GET /sipse/faces/javax.faces.resource/primefaces.js?ln=primefaces&v=4.0 HTTP/1.1" 304 -
181.53.12.168 - - [15/Jul/2024:07:05:24 -0500] "GET /sipse/faces/javax.faces.resource/jquery/jquery-plugins.js?ln=primefaces&v=4.0 HTTP/1.1" 304 -
181.53.12.168 - - [15/Jul/2024:07:05:24 -0500] "GET /sipse/faces/javax.faces.resource/layout/layout.js?ln=primefaces&v=4.0 HTTP/1.1" 304 -
216.244.66.195 - - [15/Jul/2024:07:05:28 -0500] "GET /BLA/resoluciones/AUTOS%202022/5508.pdf HTTP/1.1" 200 362407
66.249.66.20 - - [15/Jul/2024:07:05:35 -0500] "GET /BLA/resoluciones/AUTOS%202023/05878.pdf HTTP/1.1" 200 421410
66.249.66.20 - - [15/Jul/2024:07:05:35 -0500] "GET /BLA/resoluciones/AUTOS%202008/0225.pdf HTTP/1.1" 200 107626
216.244.66.195 - - [15/Jul/2024:07:05:38 -0500] "GET /BLA/resoluciones/RESOLUCIONES%202017/2992.pdf HTTP/1.1" 200 756881
201.245.192.253 - - [15/Jul/2024:07:05:54 -0500] "POST /kwsrmcab/Wsrmcab  HTTP/1.1" 200 38712
201.245.192.253 - - [15/Jul/2024:07:06:00 -0500] "GET /kwsrmcab/Wsrmcab?wsdl HTTP/1.1" 200 6948
172.22.2.4 - - [15/Jul/2024:07:04:25 -0500] "GET /BLA/boletinlegal/ HTTP/1.1" 200 54300
216.244.66.195 - - [15/Jul/2024:07:06:19 -0500] "GET /BLA/resoluciones/RESOLUCIONES%202017/3371.pdf HTTP/1.1" 200 275117
181.53.12.168 - - [15/Jul/2024:07:06:26 -0500] "POST /sipse/faces/presentacion/financiero/solicitudProceso/crearModificarSolicitudProceso.xhtml HTTP/1.1" 200 65190
181.53.12.168 - - [15/Jul/2024:07:06:26 -0500] "GET /sipse/faces/javax.faces.resource/theme.css?ln=primefaces-sipse HTTP/1.1" 304 -
181.53.12.168 - - [15/Jul/2024:07:06:26 -0500] "GET /sipse/faces/javax.faces.resource/jquery/jquery.js?ln=primefaces&v=4.0 HTTP/1.1" 304 -
181.53.12.168 - - [15/Jul/2024:07:06:26 -0500] "GET /sipse/faces/javax.faces.resource/primefaces.css?ln=primefaces&v=4.0 HTTP/1.1" 304 -
181.53.12.168 - - [15/Jul/2024:07:06:26 -0500] "GET /sipse/faces/javax.faces.resource/layout/layout.css?ln=primefaces&v=4.0 HTTP/1.1" 304 -
181.53.12.168 - - [15/Jul/2024:07:06:26 -0500] "GET /sipse/faces/javax.faces.resource/jquery/jquery-plugins.js?ln=primefaces&v=4.0 HTTP/1.1" 304 -
181.53.12.168 - - [15/Jul/2024:07:06:26 -0500] "GET /sipse/faces/javax.faces.resource/primefaces.js?ln=primefaces&v=4.0 HTTP/1.1" 304 -
181.53.12.168 - - [15/Jul/2024:07:06:26 -0500] "GET /sipse/faces/javax.faces.resource/layout/layout.js?ln=primefaces&v=4.0 HTTP/1.1" 304 -
47.128.20.255 - - [15/Jul/2024:07:06:26 -0500] "GET /BLA/resoluciones/AUTOS%202021/0245.php?act=f&d=E%3A%5Cnuevo%5Chtdocs%5Ccumbredelclima%5Cwp-admin%5Cjs&f=press-this.js&ft=info HTTP/1.1" 200 3725
181.53.12.168 - - [15/Jul/2024:07:06:26 -0500] "POST /sipse/faces/presentacion/financiero/solicitudProceso/listarSolicitudProceso.xhtml HTTP/1.1" 200 1556
181.53.12.168 - - [15/Jul/2024:07:06:28 -0500] "POST /sipse/faces/presentacion/financiero/solicitudProceso/listarSolicitudProceso.xhtml HTTP/1.1" 200 59042
181.53.12.168 - - [15/Jul/2024:07:06:28 -0500] "GET /sipse/faces/javax.faces.resource/theme.css?ln=primefaces-sipse HTTP/1.1" 304 -
181.53.12.168 - - [15/Jul/2024:07:06:28 -0500] "GET /sipse/faces/javax.faces.resource/primefaces.css?ln=primefaces&v=4.0 HTTP/1.1" 304 -
181.53.12.168 - - [15/Jul/2024:07:06:28 -0500] "GET /sipse/faces/javax.faces.resource/layout/layout.css?ln=primefaces&v=4.0 HTTP/1.1" 304 -
181.53.12.168 - - [15/Jul/2024:07:06:28 -0500] "GET /sipse/faces/javax.faces.resource/jquery/jquery.js?ln=primefaces&v=4.0 HTTP/1.1" 304 -
181.53.12.168 - - [15/Jul/2024:07:06:28 -0500] "GET /sipse/faces/javax.faces.resource/jquery/jquery-plugins.js?ln=primefaces&v=4.0 HTTP/1.1" 304 -
181.53.12.168 - - [15/Jul/2024:07:06:28 -0500] "GET /sipse/faces/javax.faces.resource/primefaces.js?ln=primefaces&v=4.0 HTTP/1.1" 304 -
181.53.12.168 - - [15/Jul/2024:07:06:28 -0500] "GET /sipse/faces/javax.faces.resource/layout/layout.js?ln=primefaces&v=4.0 HTTP/1.1" 304 -
181.53.12.168 - - [15/Jul/2024:07:06:31 -0500] "POST /sipse/faces/presentacion/financiero/solicitudProceso/crearModificarSolicitudProceso.xhtml HTTP/1.1" 200 51784
66.249.66.19 - - [15/Jul/2024:07:06:35 -0500] "GET /BLA/resoluciones/AUTOS%202008/2621.pdf HTTP/1.1" 200 78389
181.53.12.168 - - [15/Jul/2024:07:06:36 -0500] "POST /sipse/faces/presentacion/financiero/solicitudProceso/crearModificarSolicitudProceso.xhtml HTTP/1.1" 200 25141
47.128.38.89 - - [15/Jul/2024:07:06:37 -0500] "GET /BLA/resoluciones/AUTOS%202021/0245.php?act=f&d=E%3A%5Cnuevo%5CphpMyAdmin2%5Clibraries%5Cplugins%5Cexport&f=ExportPdf.class.php&ft=info HTTP/1.1" 200 3790
181.53.12.168 - - [15/Jul/2024:07:06:42 -0500] "POST /sipse/faces/presentacion/financiero/solicitudProceso/crearModificarSolicitudProceso.xhtml HTTP/1.1" 200 6295
47.128.21.183 - - [15/Jul/2024:07:06:47 -0500] "GET /BLA/resoluciones/AUTOS%202021/0245.php?act=f&f=bogota-una-de-la-nueva-clase-de-119-ciudades-mundiales-nombradas-lideres-climaticos-en-la-a-list-de-cdp-del-2023.html HTTP/1.1" 200 2812
181.53.12.168 - - [15/Jul/2024:07:06:49 -0500] "POST /sipse/faces/presentacion/financiero/solicitudProceso/crearModificarSolicitudProceso.xhtml HTTP/1.1" 200 9544
216.244.66.195 - - [15/Jul/2024:07:06:50 -0500] "GET /BLA/resoluciones/RESOLUCIONES%202017/3735.pdf HTTP/1.1" 200 280458
47.128.55.21 - - [15/Jul/2024:07:06:57 -0500] "GET /BLA/resoluciones/AUTOS%202021/0245.php?act=f&f=fzs-2020-02-18.log HTTP/1.1" 200 2748
201.245.192.253 - - [15/Jul/2024:07:07:00 -0500] "GET /kwsrmcab/Wsrmcab?wsdl HTTP/1.1" 200 6948
47.128.38.94 - - [15/Jul/2024:07:07:07 -0500] "GET /BLA/resoluciones/AUTOS%202021/0245.php?act=chmod&f=fzs-2016-02-16.log HTTP/1.1" 200 2714
181.53.12.168 - - [15/Jul/2024:07:07:10 -0500] "POST /sipse/faces/presentacion/financiero/solicitudProceso/crearModificarSolicitudProceso.xhtml HTTP/1.1" 200 7342
47.128.37.96 - - [15/Jul/2024:07:07:17 -0500] "GET /BLA/resoluciones/AUTOS%202021/0245.php?act=chmod&f=fzs-2019-05-01.log HTTP/1.1" 200 2714
216.244.66.195 - - [15/Jul/2024:07:07:19 -0500] "GET /BLA/resoluciones/RESOLUCIONES%202019/0420.pdf HTTP/1.1" 200 229678
47.128.124.126 - - [15/Jul/2024:07:07:27 -0500] "GET /BLA/resoluciones/AUTOS%202021/0245.php?act=chmod&f=fzs-2016-01-07.log HTTP/1.1" 200 2714
181.53.12.168 - - [15/Jul/2024:07:07:29 -0500] "GET /sipse/faces/javax.faces.resource/theme.css?ln=primefaces-sipse HTTP/1.1" 304 -
181.53.12.168 - - [15/Jul/2024:07:07:29 -0500] "GET /sipse/faces/javax.faces.resource/primefaces.css?ln=primefaces&v=4.0 HTTP/1.1" 304 -
181.53.12.168 - - [15/Jul/2024:07:07:29 -0500] "POST /sipse/faces/presentacion/financiero/solicitudProceso/crearModificarSolicitudProceso.xhtml HTTP/1.1" 200 24614
181.53.12.168 - - [15/Jul/2024:07:07:29 -0500] "GET /sipse/faces/javax.faces.resource/layout/layout.css?ln=primefaces&v=4.0 HTTP/1.1" 304 -
181.53.12.168 - - [15/Jul/2024:07:07:29 -0500] "GET /sipse/faces/javax.faces.resource/jquery/jquery.js?ln=primefaces&v=4.0 HTTP/1.1" 304 -
181.53.12.168 - - [15/Jul/2024:07:07:29 -0500] "GET /sipse/faces/javax.faces.resource/jquery/jquery-plugins.js?ln=primefaces&v=4.0 HTTP/1.1" 304 -
181.53.12.168 - - [15/Jul/2024:07:07:29 -0500] "GET /sipse/faces/javax.faces.resource/layout/layout.js?ln=primefaces&v=4.0 HTTP/1.1" 304 -
181.53.12.168 - - [15/Jul/2024:07:07:29 -0500] "GET /sipse/faces/javax.faces.resource/primefaces.js?ln=primefaces&v=4.0 HTTP/1.1" 304 -
181.53.12.168 - - [15/Jul/2024:07:07:34 -0500] "POST /sipse/faces/presentacion/financiero/solicitudProyectoActividad/asociarProyectoSolicitud.xhtml HTTP/1.1" 200 6631
181.53.12.168 - - [15/Jul/2024:07:07:37 -0500] "POST /sipse/faces/presentacion/financiero/solicitudProyectoActividad/asociarProyectoSolicitud.xhtml HTTP/1.1" 200 1704
47.128.45.64 - - [15/Jul/2024:07:07:37 -0500] "GET /BLA/resoluciones/AUTOS%202021/0245.php?act=f&d=E%3A%5Cnuevo%5Chtdocs%5CResiduos%5Cfarmaceutica%5Cfiles%5Csearch&f=search83.xml&ft=info HTTP/1.1" 200 3720
181.53.12.168 - - [15/Jul/2024:07:07:39 -0500] "POST /sipse/faces/presentacion/financiero/solicitudProyectoActividad/asociarProyectoSolicitud.xhtml HTTP/1.1" 200 74151
181.53.12.168 - - [15/Jul/2024:07:07:39 -0500] "GET /sipse/faces/javax.faces.resource/theme.css?ln=primefaces-sipse HTTP/1.1" 304 -
181.53.12.168 - - [15/Jul/2024:07:07:39 -0500] "GET /sipse/faces/javax.faces.resource/primefaces.css?ln=primefaces&v=4.0 HTTP/1.1" 304 -
181.53.12.168 - - [15/Jul/2024:07:07:39 -0500] "GET /sipse/faces/javax.faces.resource/layout/layout.css?ln=primefaces&v=4.0 HTTP/1.1" 304 -
181.53.12.168 - - [15/Jul/2024:07:07:39 -0500] "GET /sipse/faces/javax.faces.resource/jquery/jquery.js?ln=primefaces&v=4.0 HTTP/1.1" 304 -
181.53.12.168 - - [15/Jul/2024:07:07:39 -0500] "GET /sipse/faces/javax.faces.resource/jquery/jquery-plugins.js?ln=primefaces&v=4.0 HTTP/1.1" 304 -
181.53.12.168 - - [15/Jul/2024:07:07:39 -0500] "GET /sipse/faces/javax.faces.resource/primefaces.js?ln=primefaces&v=4.0 HTTP/1.1" 304 -
181.53.12.168 - - [15/Jul/2024:07:07:39 -0500] "GET /sipse/faces/javax.faces.resource/layout/layout.js?ln=primefaces&v=4.0 HTTP/1.1" 304 -
47.128.53.17 - - [15/Jul/2024:07:07:47 -0500] "GET /BLA/resoluciones/AUTOS%202021/0245.php?act=f&f=server_collations.lib.php HTTP/1.1" 200 2749
181.53.12.168 - - [15/Jul/2024:07:07:50 -0500] "POST /sipse/faces/presentacion/financiero/solicitudProyectoActividad/asociarActividadSolicitud.xhtml HTTP/1.1" 200 59005
216.244.66.195 - - [15/Jul/2024:07:07:51 -0500] "GET /BLA/resoluciones/RESOLUCIONES%202019/2059.pdf HTTP/1.1" 200 423671
216.245.221.92 - - [15/Jul/2024:07:07:52 -0500] "HEAD / HTTP/1.1" 200 -
181.53.12.168 - - [15/Jul/2024:07:07:56 -0500] "POST /sipse/faces/presentacion/financiero/solicitudProyectoActividad/asociarActividadSolicitud.xhtml HTTP/1.1" 200 20013
181.53.12.168 - - [15/Jul/2024:07:07:56 -0500] "GET /sipse/faces/javax.faces.resource/theme.css?ln=primefaces-sipse HTTP/1.1" 304 -
181.53.12.168 - - [15/Jul/2024:07:07:56 -0500] "GET /sipse/faces/javax.faces.resource/primefaces.css?ln=primefaces&v=4.0 HTTP/1.1" 304 -
181.53.12.168 - - [15/Jul/2024:07:07:56 -0500] "GET /sipse/faces/javax.faces.resource/layout/layout.css?ln=primefaces&v=4.0 HTTP/1.1" 304 -
181.53.12.168 - - [15/Jul/2024:07:07:56 -0500] "GET /sipse/faces/javax.faces.resource/jquery/jquery.js?ln=primefaces&v=4.0 HTTP/1.1" 304 -
181.53.12.168 - - [15/Jul/2024:07:07:56 -0500] "GET /sipse/faces/javax.faces.resource/jquery/jquery-plugins.js?ln=primefaces&v=4.0 HTTP/1.1" 304 -
181.53.12.168 - - [15/Jul/2024:07:07:56 -0500] "GET /sipse/faces/javax.faces.resource/primefaces.js?ln=primefaces&v=4.0 HTTP/1.1" 304 -
181.53.12.168 - - [15/Jul/2024:07:07:56 -0500] "GET /sipse/faces/javax.faces.resource/layout/layout.js?ln=primefaces&v=4.0 HTTP/1.1" 304 -
47.128.127.156 - - [15/Jul/2024:07:07:58 -0500] "GET /BLA/resoluciones/AUTOS%202021/0245.php?act=f&f=plan.htm HTTP/1.1" 200 2739
201.245.192.253 - - [15/Jul/2024:07:08:00 -0500] "GET /kwsrmcab/Wsrmcab?wsdl HTTP/1.1" 200 6948
172.22.2.4 - - [15/Jul/2024:07:08:15 -0500] "GET /BLA/boletinlegal/normativa.php HTTP/1.1" 200 8397
172.22.2.4 - - [15/Jul/2024:07:08:16 -0500] "GET /BLA/boletinlegal/favicon.ico HTTP/1.1" 404 1334
216.244.66.195 - - [15/Jul/2024:07:08:22 -0500] "GET /BLA/resoluciones/RESOLUCIONES%202019/3719.pdf HTTP/1.1" 200 448638
172.22.2.4 - - [15/Jul/2024:07:08:25 -0500] "GET /BLA/boletinlegal/consulta_normativa.php?tipo=Decreto&sector=Aire&ano=2022&resuelve=gas HTTP/1.1" 200 454
172.22.2.4 - - [15/Jul/2024:07:08:25 -0500] "GET /BLA/boletinlegal/consulta_normativa.php?tipo=Decreto&sector=Aire&ano=2022&resuelve=gas HTTP/1.1" 200 454
172.22.2.4 - - [15/Jul/2024:07:08:25 -0500] "GET /BLA/boletinlegal/consulta_normativa.php?tipo=Decreto&sector=Aire&ano=2022&resuelve=gas HTTP/1.1" 200 454
181.53.12.168 - - [15/Jul/2024:07:08:26 -0500] "GET /sipse/faces/javax.faces.resource/theme.css?ln=primefaces-sipse HTTP/1.1" 304 -
181.53.12.168 - - [15/Jul/2024:07:08:26 -0500] "POST /sipse/faces/presentacion/financiero/solicitudProyectoActividad/asociarFuentesSolicitud.xhtml HTTP/1.1" 200 82332
181.53.12.168 - - [15/Jul/2024:07:08:26 -0500] "GET /sipse/faces/javax.faces.resource/layout/layout.css?ln=primefaces&v=4.0 HTTP/1.1" 304 -
181.53.12.168 - - [15/Jul/2024:07:08:26 -0500] "GET /sipse/faces/javax.faces.resource/primefaces.css?ln=primefaces&v=4.0 HTTP/1.1" 304 -
181.53.12.168 - - [15/Jul/2024:07:08:26 -0500] "GET /sipse/faces/javax.faces.resource/jquery/jquery.js?ln=primefaces&v=4.0 HTTP/1.1" 304 -
181.53.12.168 - - [15/Jul/2024:07:08:26 -0500] "GET /sipse/faces/javax.faces.resource/primefaces.js?ln=primefaces&v=4.0 HTTP/1.1" 304 -
181.53.12.168 - - [15/Jul/2024:07:08:26 -0500] "GET /sipse/faces/javax.faces.resource/jquery/jquery-plugins.js?ln=primefaces&v=4.0 HTTP/1.1" 304 -
181.53.12.168 - - [15/Jul/2024:07:08:26 -0500] "GET /sipse/faces/javax.faces.resource/layout/layout.js?ln=primefaces&v=4.0 HTTP/1.1" 304 -
172.22.2.4 - - [15/Jul/2024:07:08:33 -0500] "GET /BLA/boletinlegal/consulta_normativa.php?tipo=Decreto&sector=competencia-estructura&ano=2022&resuelve=gas HTTP/1.1" 200 454
172.22.2.4 - - [15/Jul/2024:07:08:34 -0500] "GET /BLA/boletinlegal/consulta_normativa.php?tipo=Decreto&sector=competencia-estructura&ano=2022&resuelve=gas HTTP/1.1" 200 454
181.53.12.168 - - [15/Jul/2024:07:08:35 -0500] "GET /sipse/faces/javax.faces.resource/theme.css?ln=primefaces-sipse HTTP/1.1" 304 -
181.53.12.168 - - [15/Jul/2024:07:08:33 -0500] "POST /sipse/faces/presentacion/financiero/solicitudProceso/crearModificarSolicitudProceso.xhtml HTTP/1.1" 200 45551
181.53.12.168 - - [15/Jul/2024:07:08:35 -0500] "GET /sipse/faces/javax.faces.resource/primefaces.css?ln=primefaces&v=4.0 HTTP/1.1" 304 -
181.53.12.168 - - [15/Jul/2024:07:08:35 -0500] "GET /sipse/faces/javax.faces.resource/jquery/jquery-plugins.js?ln=primefaces&v=4.0 HTTP/1.1" 304 -
181.53.12.168 - - [15/Jul/2024:07:08:35 -0500] "GET /sipse/faces/javax.faces.resource/layout/layout.css?ln=primefaces&v=4.0 HTTP/1.1" 304 -
181.53.12.168 - - [15/Jul/2024:07:08:35 -0500] "GET /sipse/faces/javax.faces.resource/jquery/jquery.js?ln=primefaces&v=4.0 HTTP/1.1" 304 -
181.53.12.168 - - [15/Jul/2024:07:08:35 -0500] "GET /sipse/faces/javax.faces.resource/layout/layout.js?ln=primefaces&v=4.0 HTTP/1.1" 304 -
181.53.12.168 - - [15/Jul/2024:07:08:35 -0500] "GET /sipse/faces/javax.faces.resource/primefaces.js?ln=primefaces&v=4.0 HTTP/1.1" 304 -
66.249.66.19 - - [15/Jul/2024:07:08:36 -0500] "GET /BLA/resoluciones/AUTOS%202023/1485.pdf HTTP/1.1" 200 466665
172.22.2.4 - - [15/Jul/2024:07:08:41 -0500] "GET /BLA/boletinlegal/consulta_normativa.php?tipo=Decreto&sector=concesion&ano=2022&resuelve=gas HTTP/1.1" 200 454
66.249.66.19 - - [15/Jul/2024:07:08:44 -0500] "GET /BLA/resoluciones/RESOLUCIONES%201995/0141.pdf HTTP/1.1" 200 176959
172.22.2.4 - - [15/Jul/2024:07:08:46 -0500] "GET /BLA/boletinlegal/consulta_normativa.php?tipo=Decreto&sector=emisiones&ano=2022&resuelve=gas HTTP/1.1" 200 454
172.22.2.4 - - [15/Jul/2024:07:08:51 -0500] "GET /BLA/boletinlegal/consulta_normativa.php?tipo=Decreto&sector=fauna&ano=2022&resuelve=gas HTTP/1.1" 200 454
172.22.2.4 - - [15/Jul/2024:07:08:55 -0500] "GET /BLA/boletinlegal/consulta_normativa.php?tipo=Decreto&sector=flora&ano=2022&resuelve=gas HTTP/1.1" 200 454
181.53.12.168 - - [15/Jul/2024:07:08:53 -0500] "POST /sipse/faces/presentacion/financiero/solicitudBienServicio/asociarBienServicioSolicitud.xhtml HTTP/1.1" 200 2720
201.245.192.253 - - [15/Jul/2024:07:09:00 -0500] "GET /kwsrmcab/Wsrmcab?wsdl HTTP/1.1" 200 6948
172.22.2.4 - - [15/Jul/2024:07:09:00 -0500] "GET /BLA/boletinlegal/consulta_normativa.php?tipo=Decreto&sector=hidrocarburos&ano=2022&resuelve=gas HTTP/1.1" 200 454
172.22.2.4 - - [15/Jul/2024:07:09:00 -0500] "GET /BLA/boletinlegal/consulta_normativa.php?tipo=Decreto&sector=hidrocarburos&ano=2022&resuelve=gas HTTP/1.1" 200 454
181.53.12.168 - - [15/Jul/2024:07:09:02 -0500] "POST /sipse/faces/presentacion/financiero/solicitudBienServicio/asociarBienServicioSolicitud.xhtml HTTP/1.1" 200 78096
181.53.12.168 - - [15/Jul/2024:07:09:03 -0500] "GET /sipse/faces/javax.faces.resource/theme.css?ln=primefaces-sipse HTTP/1.1" 304 -
181.53.12.168 - - [15/Jul/2024:07:09:03 -0500] "GET /sipse/faces/javax.faces.resource/jquery/jquery.js?ln=primefaces&v=4.0 HTTP/1.1" 304 -
181.53.12.168 - - [15/Jul/2024:07:09:03 -0500] "GET /sipse/faces/javax.faces.resource/primefaces.css?ln=primefaces&v=4.0 HTTP/1.1" 304 -
181.53.12.168 - - [15/Jul/2024:07:09:03 -0500] "GET /sipse/faces/javax.faces.resource/jquery/jquery-plugins.js?ln=primefaces&v=4.0 HTTP/1.1" 304 -
181.53.12.168 - - [15/Jul/2024:07:09:03 -0500] "GET /sipse/faces/javax.faces.resource/layout/layout.css?ln=primefaces&v=4.0 HTTP/1.1" 304 -
181.53.12.168 - - [15/Jul/2024:07:09:03 -0500] "GET /sipse/faces/javax.faces.resource/primefaces.js?ln=primefaces&v=4.0 HTTP/1.1" 304 -
181.53.12.168 - - [15/Jul/2024:07:09:03 -0500] "GET /sipse/faces/javax.faces.resource/layout/layout.js?ln=primefaces&v=4.0 HTTP/1.1" 304 -
172.22.2.4 - - [15/Jul/2024:07:09:05 -0500] "GET /BLA/boletinlegal/consulta_normativa.php?tipo=Decreto&sector=humedales&ano=2022&resuelve=gas HTTP/1.1" 200 454
181.53.12.168 - - [15/Jul/2024:07:09:05 -0500] "POST /sipse/faces/presentacion/financiero/solicitudProceso/crearModificarSolicitudProceso.xhtml HTTP/1.1" 200 65645
181.53.12.168 - - [15/Jul/2024:07:09:08 -0500] "GET /sipse/faces/javax.faces.resource/theme.css?ln=primefaces-sipse HTTP/1.1" 304 -
181.53.12.168 - - [15/Jul/2024:07:09:08 -0500] "GET /sipse/faces/javax.faces.resource/primefaces.css?ln=primefaces&v=4.0 HTTP/1.1" 304 -
181.53.12.168 - - [15/Jul/2024:07:09:08 -0500] "GET /sipse/faces/javax.faces.resource/jquery/jquery.js?ln=primefaces&v=4.0 HTTP/1.1" 304 -
181.53.12.168 - - [15/Jul/2024:07:09:08 -0500] "GET /sipse/faces/javax.faces.resource/layout/layout.css?ln=primefaces&v=4.0 HTTP/1.1" 304 -
181.53.12.168 - - [15/Jul/2024:07:09:08 -0500] "GET /sipse/faces/javax.faces.resource/jquery/jquery-plugins.js?ln=primefaces&v=4.0 HTTP/1.1" 304 -
181.53.12.168 - - [15/Jul/2024:07:09:08 -0500] "GET /sipse/faces/javax.faces.resource/primefaces.js?ln=primefaces&v=4.0 HTTP/1.1" 304 -
181.53.12.168 - - [15/Jul/2024:07:09:08 -0500] "GET /sipse/faces/javax.faces.resource/layout/layout.js?ln=primefaces&v=4.0 HTTP/1.1" 304 -
181.53.12.168 - - [15/Jul/2024:07:09:08 -0500] "POST /sipse/faces/presentacion/financiero/solicitudProceso/listarSolicitudProceso.xhtml HTTP/1.1" 200 1556
172.22.2.4 - - [15/Jul/2024:07:09:10 -0500] "GET /BLA/boletinlegal/consulta_normativa.php?tipo=Decreto&sector=licencia&ano=2022&resuelve=gas HTTP/1.1" 200 454
172.22.2.4 - - [15/Jul/2024:07:09:10 -0500] "GET /BLA/boletinlegal/consulta_normativa.php?tipo=Decreto&sector=licencia&ano=2022&resuelve=gas HTTP/1.1" 200 454
181.53.12.168 - - [15/Jul/2024:07:09:14 -0500] "GET /sipse/faces/javax.faces.resource/theme.css?ln=primefaces-sipse HTTP/1.1" 304 -
181.53.12.168 - - [15/Jul/2024:07:09:14 -0500] "GET /sipse/faces/javax.faces.resource/primefaces.css?ln=primefaces&v=4.0 HTTP/1.1" 304 -
181.53.12.168 - - [15/Jul/2024:07:09:13 -0500] "GET /sipse/faces/presentacion/financiero/solicitudProceso/crearModificarSolicitudProceso.xhtml HTTP/1.1" 200 83610
181.53.12.168 - - [15/Jul/2024:07:09:14 -0500] "GET /sipse/faces/javax.faces.resource/layout/layout.css?ln=primefaces&v=4.0 HTTP/1.1" 304 -
181.53.12.168 - - [15/Jul/2024:07:09:14 -0500] "GET /sipse/faces/javax.faces.resource/jquery/jquery.js?ln=primefaces&v=4.0 HTTP/1.1" 304 -
181.53.12.168 - - [15/Jul/2024:07:09:14 -0500] "GET /sipse/faces/javax.faces.resource/jquery/jquery-plugins.js?ln=primefaces&v=4.0 HTTP/1.1" 304 -
181.53.12.168 - - [15/Jul/2024:07:09:14 -0500] "GET /sipse/faces/javax.faces.resource/primefaces.js?ln=primefaces&v=4.0 HTTP/1.1" 304 -
181.53.12.168 - - [15/Jul/2024:07:09:14 -0500] "GET /sipse/faces/javax.faces.resource/layout/layout.js?ln=primefaces&v=4.0 HTTP/1.1" 304 -
172.22.2.4 - - [15/Jul/2024:07:09:16 -0500] "GET /BLA/boletinlegal/consulta_normativa.php?tipo=Decreto&sector=mineria&ano=2022&resuelve=gas HTTP/1.1" 200 454
172.22.2.4 - - [15/Jul/2024:07:09:17 -0500] "GET /BLA/boletinlegal/consulta_normativa.php?tipo=Decreto&sector=mineria&ano=2022&resuelve=gas HTTP/1.1" 200 454
172.22.2.4 - - [15/Jul/2024:07:09:23 -0500] "GET /BLA/boletinlegal/consulta_normativa.php?tipo=Decreto&sector=pma&ano=2022&resuelve=gas HTTP/1.1" 200 454
172.22.2.4 - - [15/Jul/2024:07:09:23 -0500] "GET /BLA/boletinlegal/consulta_normativa.php?tipo=Decreto&sector=pma&ano=2022&resuelve=gas HTTP/1.1" 200 454
172.22.2.4 - - [15/Jul/2024:07:09:28 -0500] "GET /BLA/boletinlegal/consulta_normativa.php?tipo=Decreto&sector=publicidad&ano=2022&resuelve=gas HTTP/1.1" 200 454
172.22.2.4 - - [15/Jul/2024:07:09:28 -0500] "GET /BLA/boletinlegal/consulta_normativa.php?tipo=Decreto&sector=publicidad&ano=2022&resuelve=gas HTTP/1.1" 200 454
172.22.2.4 - - [15/Jul/2024:07:09:33 -0500] "GET /BLA/boletinlegal/consulta_normativa.php?tipo=Decreto&sector=residuos&ano=2022&resuelve=gas HTTP/1.1" 200 454
172.22.2.4 - - [15/Jul/2024:07:09:33 -0500] "GET /BLA/boletinlegal/consulta_normativa.php?tipo=Decreto&sector=residuos&ano=2022&resuelve=gas HTTP/1.1" 200 454
216.244.66.195 - - [15/Jul/2024:07:09:36 -0500] "GET /BLA/resoluciones/AUTOS%202009/1157.pdf HTTP/1.1" 200 79109
66.249.66.21 - - [15/Jul/2024:07:09:36 -0500] "GET /BLA/resoluciones/RESOLUCIONES%202007/RES%202007%20901%20AL%201000/RESOLUCION%200942%20DE%202007.pdf HTTP/1.1" 304 -
172.22.2.4 - - [15/Jul/2024:07:09:37 -0500] "GET /BLA/boletinlegal/consulta_normativa.php?tipo=Decreto&sector=ruido&ano=2022&resuelve=gas HTTP/1.1" 200 454
172.22.2.4 - - [15/Jul/2024:07:09:38 -0500] "GET /BLA/boletinlegal/consulta_normativa.php?tipo=Decreto&sector=ruido&ano=2022&resuelve=gas HTTP/1.1" 200 454
172.22.2.4 - - [15/Jul/2024:07:09:46 -0500] "GET /BLA/boletinlegal/consulta_normativa.php?tipo=Decreto&sector=residuos&ano=2022&resuelve=gas HTTP/1.1" 200 454
172.22.2.4 - - [15/Jul/2024:07:09:46 -0500] "GET /BLA/boletinlegal/consulta_normativa.php?tipo=Decreto&sector=residuos&ano=2022&resuelve=gas HTTP/1.1" 200 454
201.245.192.253 - - [15/Jul/2024:07:10:00 -0500] "GET /kwsrmcab/Wsrmcab?wsdl HTTP/1.1" 200 6948
66.249.66.19 - - [15/Jul/2024:07:10:00 -0500] "GET /BLA/resoluciones/AUTOS%202023/09069.pdf HTTP/1.1" 200 384099
216.244.66.195 - - [15/Jul/2024:07:10:01 -0500] "GET /BLA/resoluciones/AUTOS%202009/1471.pdf HTTP/1.1" 200 170634
172.22.2.4 - - [15/Jul/2024:07:08:35 -0500] "GET /BLA/boletinlegal/ HTTP/1.1" 200 53195
172.22.2.4 - - [15/Jul/2024:07:10:08 -0500] "GET /BLA/boletinlegal/consulta_normativa.php?tipo=Decreto&sector=salvoconductos&ano=2022&resuelve=gas HTTP/1.1" 200 454
172.22.2.4 - - [15/Jul/2024:07:10:08 -0500] "GET /BLA/boletinlegal/consulta_normativa.php?tipo=Decreto&sector=salvoconductos&ano=2022&resuelve=gas HTTP/1.1" 200 454
172.22.2.4 - - [15/Jul/2024:07:10:14 -0500] "GET /BLA/boletinlegal/consulta_normativa.php?tipo=Decreto&sector=silvicultura&ano=2022&resuelve=gas HTTP/1.1" 200 454
172.22.2.4 - - [15/Jul/2024:07:10:14 -0500] "GET /BLA/boletinlegal/consulta_normativa.php?tipo=Decreto&sector=silvicultura&ano=2022&resuelve=gas HTTP/1.1" 200 454
172.22.2.4 - - [15/Jul/2024:07:10:20 -0500] "GET /BLA/boletinlegal/consulta_normativa.php?tipo=Decreto&sector=vertimientos&ano=2022&resuelve=gas HTTP/1.1" 200 454
172.22.2.4 - - [15/Jul/2024:07:10:20 -0500] "GET /BLA/boletinlegal/consulta_normativa.php?tipo=Decreto&sector=vertimientos&ano=2022&resuelve=gas HTTP/1.1" 200 454
216.244.66.195 - - [15/Jul/2024:07:10:29 -0500] "GET /BLA/resoluciones/AUTOS%202009/1524.pdf HTTP/1.1" 200 97150
66.249.66.19 - - [15/Jul/2024:07:10:37 -0500] "GET /autoliquidacion/Auto%20Declaraci%C3%B3nTr%C3%A1mite%20de%20Licenciamiento%20Urban%C3%ADstico%20y%20Actos%20de%20Reconocimiento%20de%20Usos%20Industriales/Anexo%201.%20Formato%20de%20calificaci%C3%B3n%20de%20usos%20industrial.pdf HTTP/1.1" 200 403314
66.249.66.19 - - [15/Jul/2024:07:10:39 -0500] "GET /BLA/resoluciones/RESOLUCIONES%202021/5441.pdf HTTP/1.1" 200 393532
47.128.33.180 - - [15/Jul/2024:07:10:43 -0500] "GET /BLA/resoluciones/AUTOS%202021/0245.php?act=f&f=fzs-2022-07-04.log&ft=edit&d=E%3A%5Cnuevo%5Chtdocs%5CBLA%5Cresoluciones%5CAUTOS+2021%5C&c=1 HTTP/1.1" 200 3124
216.244.66.195 - - [15/Jul/2024:07:10:52 -0500] "GET /BLA/resoluciones/AUTOS%202009/1663.pdf HTTP/1.1" 200 160868
47.128.97.243 - - [15/Jul/2024:07:10:53 -0500] "GET /BLA/resoluciones/AUTOS%202021/0245.php?act=f&d=E%3A%5Cnuevo%5Chtdocs%5CResiduos%5Cfarmaceutica%5Cfiles%5Csearch&f=search95.xml&ft=info HTTP/1.1" 200 3726
201.245.192.253 - - [15/Jul/2024:07:10:53 -0500] "POST /kwsrmcab/Wsrmcab  HTTP/1.1" 200 38712
201.245.192.253 - - [15/Jul/2024:07:11:00 -0500] "GET /kwsrmcab/Wsrmcab?wsdl HTTP/1.1" 200 6948
47.128.49.233 - - [15/Jul/2024:07:11:03 -0500] "GET /BLA/resoluciones/AUTOS%202021/0245.php?act=f&d=E%3A%5Cnuevo%5Chtdocs%5CResiduos%5Cfarmaceutica%5Cfiles%5Csearch&f=search29.xml&ft=info HTTP/1.1" 200 3720
172.22.2.4 - - [15/Jul/2024:07:09:24 -0500] "HEAD /BLA/boletinlegal/ HTTP/1.1" 200 -
47.128.60.121 - - [15/Jul/2024:07:11:13 -0500] "GET /BLA/resoluciones/AUTOS%202021/0245.php?act=f&d=E%3A%5Cnuevo%5Chtdocs%5CResiduos%5Cfarmaceutica%5Cfiles%5Csearch&f=search34.xml&ft=info HTTP/1.1" 200 3753
216.244.66.195 - - [15/Jul/2024:07:11:14 -0500] "GET /BLA/resoluciones/AUTOS%202009/2117.pdf HTTP/1.1" 200 89409
181.53.12.168 - - [15/Jul/2024:07:11:19 -0500] "POST /sipse/faces/presentacion/financiero/solicitudProceso/crearModificarSolicitudProceso.xhtml HTTP/1.1" 200 65190
181.53.12.168 - - [15/Jul/2024:07:11:20 -0500] "GET /sipse/faces/javax.faces.resource/theme.css?ln=primefaces-sipse HTTP/1.1" 304 -
181.53.12.168 - - [15/Jul/2024:07:11:20 -0500] "GET /sipse/faces/javax.faces.resource/jquery/jquery.js?ln=primefaces&v=4.0 HTTP/1.1" 304 -
181.53.12.168 - - [15/Jul/2024:07:11:20 -0500] "GET /sipse/faces/javax.faces.resource/layout/layout.css?ln=primefaces&v=4.0 HTTP/1.1" 304 -
181.53.12.168 - - [15/Jul/2024:07:11:20 -0500] "GET /sipse/faces/javax.faces.resource/primefaces.css?ln=primefaces&v=4.0 HTTP/1.1" 304 -
181.53.12.168 - - [15/Jul/2024:07:11:20 -0500] "GET /sipse/faces/javax.faces.resource/jquery/jquery-plugins.js?ln=primefaces&v=4.0 HTTP/1.1" 304 -
181.53.12.168 - - [15/Jul/2024:07:11:20 -0500] "GET /sipse/faces/javax.faces.resource/primefaces.js?ln=primefaces&v=4.0 HTTP/1.1" 304 -
181.53.12.168 - - [15/Jul/2024:07:11:20 -0500] "GET /sipse/faces/javax.faces.resource/layout/layout.js?ln=primefaces&v=4.0 HTTP/1.1" 304 -
181.53.12.168 - - [15/Jul/2024:07:11:20 -0500] "POST /sipse/faces/presentacion/financiero/solicitudProceso/listarSolicitudProceso.xhtml HTTP/1.1" 200 1556
181.53.12.168 - - [15/Jul/2024:07:11:22 -0500] "POST /sipse/faces/presentacion/financiero/solicitudProceso/listarSolicitudProceso.xhtml HTTP/1.1" 200 59042
181.53.12.168 - - [15/Jul/2024:07:11:22 -0500] "GET /sipse/faces/javax.faces.resource/layout/layout.css?ln=primefaces&v=4.0 HTTP/1.1" 304 -
181.53.12.168 - - [15/Jul/2024:07:11:22 -0500] "GET /sipse/faces/javax.faces.resource/theme.css?ln=primefaces-sipse HTTP/1.1" 304 -
181.53.12.168 - - [15/Jul/2024:07:11:22 -0500] "GET /sipse/faces/javax.faces.resource/primefaces.css?ln=primefaces&v=4.0 HTTP/1.1" 304 -
181.53.12.168 - - [15/Jul/2024:07:11:22 -0500] "GET /sipse/faces/javax.faces.resource/jquery/jquery.js?ln=primefaces&v=4.0 HTTP/1.1" 304 -
181.53.12.168 - - [15/Jul/2024:07:11:22 -0500] "GET /sipse/faces/javax.faces.resource/jquery/jquery-plugins.js?ln=primefaces&v=4.0 HTTP/1.1" 304 -
181.53.12.168 - - [15/Jul/2024:07:11:22 -0500] "GET /sipse/faces/javax.faces.resource/primefaces.js?ln=primefaces&v=4.0 HTTP/1.1" 304 -
181.53.12.168 - - [15/Jul/2024:07:11:22 -0500] "GET /sipse/faces/javax.faces.resource/layout/layout.js?ln=primefaces&v=4.0 HTTP/1.1" 304 -
47.128.44.138 - - [15/Jul/2024:07:11:23 -0500] "GET /BLA/resoluciones/AUTOS%202021/0245.php?act=f&d=E%3A%5Cnuevo%5Chtdocs%5CBLA%5Cresoluciones%5CRESOLUCIONES+2006%5CRES+2006+301-350&f=00000335.tif&ft=info HTTP/1.1" 200 3732
181.53.12.168 - - [15/Jul/2024:07:11:25 -0500] "POST /sipse/faces/presentacion/financiero/solicitudProceso/crearModificarSolicitudProceso.xhtml HTTP/1.1" 200 51784
181.53.12.168 - - [15/Jul/2024:07:11:30 -0500] "POST /sipse/faces/presentacion/financiero/solicitudProceso/crearModificarSolicitudProceso.xhtml HTTP/1.1" 200 25141
47.128.60.231 - - [15/Jul/2024:07:11:33 -0500] "GET /BLA/resoluciones/AUTOS%202021/0245.php?act=f&d=E%3A%5Cnuevo%5CMercuryMail%5CMLSS%5C&f=mlss_ok.htm&ft=img HTTP/1.1" 200 14741
181.53.12.168 - - [15/Jul/2024:07:11:35 -0500] "POST /sipse/faces/presentacion/financiero/solicitudProceso/crearModificarSolicitudProceso.xhtml HTTP/1.1" 200 6295
216.244.66.195 - - [15/Jul/2024:07:11:35 -0500] "GET /BLA/resoluciones/AUTOS%202009/2120.pdf HTTP/1.1" 200 97690
66.249.66.19 - - [15/Jul/2024:07:11:39 -0500] "GET /BLA/resoluciones/AUTOS%202008/1359.pdf HTTP/1.1" 200 105550
181.53.12.168 - - [15/Jul/2024:07:11:42 -0500] "POST /sipse/faces/presentacion/financiero/solicitudProceso/crearModificarSolicitudProceso.xhtml HTTP/1.1" 200 9544
47.128.47.68 - - [15/Jul/2024:07:11:43 -0500] "GET /BLA/resoluciones/AUTOS%202021/0245.php?act=f&f=0802.pdf HTTP/1.1" 200 3033
47.128.54.174 - - [15/Jul/2024:07:11:53 -0500] "GET /BLA/resoluciones/AUTOS%202021/0245.php?act=f&d=E%3A%5Cnuevo%5Chtdocs%5CResiduos%5Cimpresion&f=impresion.html&ft=info HTTP/1.1" 200 3730
172.22.2.4 - - [15/Jul/2024:07:10:15 -0500] "GET /BLA/boletinlegal/ HTTP/1.1" 200 57889
216.244.66.195 - - [15/Jul/2024:07:11:55 -0500] "GET /BLA/resoluciones/AUTOS%202009/2307.pdf HTTP/1.1" 200 138899
181.53.12.168 - - [15/Jul/2024:07:12:00 -0500] "POST /sipse/faces/presentacion/financiero/solicitudProceso/crearModificarSolicitudProceso.xhtml HTTP/1.1" 200 7342
201.245.192.253 - - [15/Jul/2024:07:12:00 -0500] "GET /kwsrmcab/Wsrmcab?wsdl HTTP/1.1" 200 6948
47.128.62.110 - - [15/Jul/2024:07:12:03 -0500] "GET /BLA/resoluciones/AUTOS%202021/0245.php?act=f&d=E%3A%5Cnuevo%5Chtdocs%5Ccumbredelclima%5Cwp-includes%5Cjs%5Cjcrop&f=jquery.Jcrop.min.js&ft=info HTTP/1.1" 200 3832
47.128.54.144 - - [15/Jul/2024:07:12:13 -0500] "GET /BLA/resoluciones/AUTOS%202021/0245.php?act=f&f=fzs-2019-08-23.log HTTP/1.1" 200 2749
216.244.66.195 - - [15/Jul/2024:07:12:14 -0500] "GET /BLA/resoluciones/AUTOS%202009/2405.pdf HTTP/1.1" 200 101511
181.53.12.168 - - [15/Jul/2024:07:12:22 -0500] "POST /sipse/faces/presentacion/financiero/solicitudProceso/crearModificarSolicitudProceso.xhtml HTTP/1.1" 200 24614
181.53.12.168 - - [15/Jul/2024:07:12:22 -0500] "GET /sipse/faces/javax.faces.resource/theme.css?ln=primefaces-sipse HTTP/1.1" 304 -
181.53.12.168 - - [15/Jul/2024:07:12:22 -0500] "GET /sipse/faces/javax.faces.resource/primefaces.js?ln=primefaces&v=4.0 HTTP/1.1" 304 -
181.53.12.168 - - [15/Jul/2024:07:12:22 -0500] "GET /sipse/faces/javax.faces.resource/layout/layout.css?ln=primefaces&v=4.0 HTTP/1.1" 304 -
181.53.12.168 - - [15/Jul/2024:07:12:22 -0500] "GET /sipse/faces/javax.faces.resource/primefaces.css?ln=primefaces&v=4.0 HTTP/1.1" 304 -
181.53.12.168 - - [15/Jul/2024:07:12:22 -0500] "GET /sipse/faces/javax.faces.resource/jquery/jquery-plugins.js?ln=primefaces&v=4.0 HTTP/1.1" 304 -
181.53.12.168 - - [15/Jul/2024:07:12:22 -0500] "GET /sipse/faces/javax.faces.resource/jquery/jquery.js?ln=primefaces&v=4.0 HTTP/1.1" 304 -
181.53.12.168 - - [15/Jul/2024:07:12:22 -0500] "GET /sipse/faces/javax.faces.resource/layout/layout.js?ln=primefaces&v=4.0 HTTP/1.1" 304 -
181.53.12.168 - - [15/Jul/2024:07:12:26 -0500] "POST /sipse/faces/presentacion/financiero/solicitudProyectoActividad/asociarProyectoSolicitud.xhtml HTTP/1.1" 200 6631
181.53.12.168 - - [15/Jul/2024:07:12:29 -0500] "POST /sipse/faces/presentacion/financiero/solicitudProyectoActividad/asociarProyectoSolicitud.xhtml HTTP/1.1" 200 1704
216.244.66.195 - - [15/Jul/2024:07:12:32 -0500] "GET /BLA/resoluciones/AUTOS%202009/2589.pdf HTTP/1.1" 200 81794
181.53.12.168 - - [15/Jul/2024:07:12:34 -0500] "POST /sipse/faces/presentacion/financiero/solicitudProyectoActividad/asociarProyectoSolicitud.xhtml HTTP/1.1" 200 6998
181.53.12.168 - - [15/Jul/2024:07:12:36 -0500] "POST /sipse/faces/presentacion/financiero/solicitudProyectoActividad/asociarProyectoSolicitud.xhtml HTTP/1.1" 200 74151
181.53.12.168 - - [15/Jul/2024:07:12:36 -0500] "GET /sipse/faces/javax.faces.resource/primefaces.css?ln=primefaces&v=4.0 HTTP/1.1" 304 -
181.53.12.168 - - [15/Jul/2024:07:12:36 -0500] "GET /sipse/faces/javax.faces.resource/theme.css?ln=primefaces-sipse HTTP/1.1" 304 -
181.53.12.168 - - [15/Jul/2024:07:12:36 -0500] "GET /sipse/faces/javax.faces.resource/layout/layout.css?ln=primefaces&v=4.0 HTTP/1.1" 304 -
181.53.12.168 - - [15/Jul/2024:07:12:36 -0500] "GET /sipse/faces/javax.faces.resource/jquery/jquery.js?ln=primefaces&v=4.0 HTTP/1.1" 304 -
181.53.12.168 - - [15/Jul/2024:07:12:37 -0500] "GET /sipse/faces/javax.faces.resource/jquery/jquery-plugins.js?ln=primefaces&v=4.0 HTTP/1.1" 304 -
181.53.12.168 - - [15/Jul/2024:07:12:37 -0500] "GET /sipse/faces/javax.faces.resource/primefaces.js?ln=primefaces&v=4.0 HTTP/1.1" 304 -
181.53.12.168 - - [15/Jul/2024:07:12:37 -0500] "GET /sipse/faces/javax.faces.resource/layout/layout.js?ln=primefaces&v=4.0 HTTP/1.1" 304 -
