66.249.66.21 - - [16/Jul/2024:06:58:18 -0500] "GET /BLA/resoluciones/RESOLUCIONES%202007/RES%202007%201501%20AL%201600/RESOLUCION%201529%20%20DE%202007.pdf HTTP/1.1" 200 495406
66.249.66.4 - - [16/Jul/2024:06:58:18 -0500] "GET /BLA/resoluciones/AUTOS%202008/0261.pdf HTTP/1.1" 200 137312
66.249.66.2 - - [16/Jul/2024:06:58:19 -0500] "GET /BLA/resoluciones/AUTOS%202008/0848.pdf HTTP/1.1" 200 75875
66.249.66.3 - - [16/Jul/2024:06:58:19 -0500] "GET /BLA/resoluciones/AUTOS%202008/2429.pdf HTTP/1.1" 200 184834
66.249.66.4 - - [16/Jul/2024:06:58:20 -0500] "GET /BLA/resoluciones/AUTOS%202008/1658.pdf HTTP/1.1" 200 246524
201.245.192.253 - - [16/Jul/2024:06:58:55 -0500] "GET /kwsrmcab/Wsrmcab?wsdl HTTP/1.1" 200 6948
66.249.66.20 - - [16/Jul/2024:06:59:22 -0500] "GET /BLA/resoluciones/RESOLUCIONES%202023/02522.pdf HTTP/1.1" 200 590077
66.249.66.19 - - [16/Jul/2024:06:59:23 -0500] "GET /BLA/resoluciones/AUTOS%202008/1032.pdf HTTP/1.1" 200 84942
66.249.66.23 - - [16/Jul/2024:06:59:23 -0500] "GET /BLA/resoluciones/RESOLUCIONES%202023/2704.pdf HTTP/1.1" 200 376708
201.245.192.253 - - [16/Jul/2024:06:59:55 -0500] "GET /kwsrmcab/Wsrmcab?wsdl HTTP/1.1" 200 6948
66.249.66.20 - - [16/Jul/2024:07:00:24 -0500] "GET /BLA/resoluciones/RESOLUCIONES%202023/0605.pdf HTTP/1.1" 200 382255
201.245.192.253 - - [16/Jul/2024:07:00:30 -0500] "POST /kwsrmcab/Wsrmcab  HTTP/1.1" 200 213
201.245.192.253 - - [16/Jul/2024:07:00:55 -0500] "GET /kwsrmcab/Wsrmcab?wsdl HTTP/1.1" 200 6948
66.249.66.22 - - [16/Jul/2024:07:01:24 -0500] "GET /BLA/resoluciones/RESOLUCIONES%202023/02842.pdf HTTP/1.1" 200 351568
201.245.192.253 - - [16/Jul/2024:07:01:55 -0500] "GET /kwsrmcab/Wsrmcab?wsdl HTTP/1.1" 200 6948
216.245.221.92 - - [16/Jul/2024:07:01:59 -0500] "HEAD / HTTP/1.1" 200 -
66.249.66.20 - - [16/Jul/2024:07:02:25 -0500] "GET /Publicaciones/2024EE130182.pdf HTTP/1.1" 404 228
66.249.66.22 - - [16/Jul/2024:07:02:25 -0500] "GET /BLA/resoluciones/RESOLUCIONES%202023/1199.pdf HTTP/1.1" 200 378268
172.22.2.4 - - [16/Jul/2024:07:00:59 -0500] "HEAD /BLA/boletinlegal/ HTTP/1.1" 200 -
66.249.66.20 - - [16/Jul/2024:07:02:48 -0500] "GET /BLA/resoluciones/RESOLUCIONES%202002/RES%202002%201701-1750/20021744.tif HTTP/1.1" 200 42886
201.245.192.253 - - [16/Jul/2024:07:02:55 -0500] "GET /kwsrmcab/Wsrmcab?wsdl HTTP/1.1" 200 6948
66.249.66.19 - - [16/Jul/2024:07:03:26 -0500] "GET /BLA/resoluciones/RESOLUCIONES%202023/0874.pdf HTTP/1.1" 200 351492
172.22.2.4 - - [16/Jul/2024:07:01:50 -0500] "GET /BLA/boletinlegal/ HTTP/1.1" 200 60380
172.22.2.4 - - [16/Jul/2024:07:03:40 -0500] "GET /BLA/boletinlegal/favicon.ico HTTP/1.1" 404 1018
201.245.192.253 - - [16/Jul/2024:07:03:55 -0500] "GET /kwsrmcab/Wsrmcab?wsdl HTTP/1.1" 200 6948
172.22.2.4 - - [16/Jul/2024:07:03:30 -0500] "GET /BLA/boletinlegal/ HTTP/1.1" 200 32715
201.245.192.253 - - [16/Jul/2024:07:04:55 -0500] "GET /kwsrmcab/Wsrmcab?wsdl HTTP/1.1" 200 6948
66.249.66.19 - - [16/Jul/2024:07:05:26 -0500] "GET /BLA/resoluciones/RESOLUCIONES%202023/0097.pdf HTTP/1.1" 200 389977
201.245.192.253 - - [16/Jul/2024:07:05:55 -0500] "GET /kwsrmcab/Wsrmcab?wsdl HTTP/1.1" 200 6948
201.245.192.253 - - [16/Jul/2024:07:05:29 -0500] "POST /kwsrmcab/Wsrmcab  HTTP/1.1" 200 213
66.249.66.21 - - [16/Jul/2024:07:06:27 -0500] "GET /BLA/resoluciones/RESOLUCIONES%202023/1039.pdf HTTP/1.1" 200 544625
66.249.66.20 - - [16/Jul/2024:07:06:27 -0500] "GET /BLA/resoluciones/AUTOS%202008/1641.pdf HTTP/1.1" 200 72627
201.245.192.253 - - [16/Jul/2024:07:06:55 -0500] "GET /kwsrmcab/Wsrmcab?wsdl HTTP/1.1" 200 6948
216.245.221.92 - - [16/Jul/2024:07:06:59 -0500] "HEAD / HTTP/1.1" 200 -
162.55.35.116 - - [16/Jul/2024:07:07:16 -0500] "GET / HTTP/1.1" 200 4720
66.249.66.19 - - [16/Jul/2024:07:07:28 -0500] "GET /BLA/resoluciones/RESOLUCIONES%202023/0187.pdf HTTP/1.1" 200 429505
114.119.135.172 - - [16/Jul/2024:07:07:35 -0500] "GET /BLA/resoluciones/index.php?dir=Notificaciones/REGISTROS%2B2016/&sort=date&order=desc HTTP/1.1" 200 14364
200.118.16.19 - - [16/Jul/2024:07:07:48 -0500] "GET /sipse/faces/index.xhtml HTTP/1.1" 200 677
200.118.16.19 - - [16/Jul/2024:07:07:48 -0500] "GET /sipse/faces/javax.faces.resource/theme.css?ln=primefaces-sipse HTTP/1.1" 304 -
200.118.16.19 - - [16/Jul/2024:07:07:48 -0500] "GET /sipse/faces/faces/autenticacion.xhtml HTTP/1.1" 200 12410
200.118.16.19 - - [16/Jul/2024:07:07:48 -0500] "GET /sipse/js/disable_browser_buttons.js HTTP/1.1" 304 -
200.118.16.19 - - [16/Jul/2024:07:07:48 -0500] "GET /sipse/js/funciones.js HTTP/1.1" 304 -
200.118.16.19 - - [16/Jul/2024:07:07:48 -0500] "GET /sipse/css/custom_css_sg.css HTTP/1.1" 304 -
200.118.16.19 - - [16/Jul/2024:07:07:48 -0500] "GET /sipse/faces/javax.faces.resource/theme.css?ln=primefaces-sipse HTTP/1.1" 304 -
200.118.16.19 - - [16/Jul/2024:07:07:48 -0500] "GET /sipse/faces/javax.faces.resource/primefaces.css?ln=primefaces&v=4.0 HTTP/1.1" 304 -
200.118.16.19 - - [16/Jul/2024:07:07:48 -0500] "GET /sipse/css/custom_css_sg_prime_login.css HTTP/1.1" 304 -
200.118.16.19 - - [16/Jul/2024:07:07:48 -0500] "GET /sipse/faces/javax.faces.resource/jquery/jquery.js?ln=primefaces&v=4.0 HTTP/1.1" 304 -
200.118.16.19 - - [16/Jul/2024:07:07:48 -0500] "GET /sipse/faces/javax.faces.resource/layout/layout.css?ln=primefaces&v=4.0 HTTP/1.1" 304 -
200.118.16.19 - - [16/Jul/2024:07:07:48 -0500] "GET /sipse/faces/javax.faces.resource/jquery/jquery-plugins.js?ln=primefaces&v=4.0 HTTP/1.1" 304 -
200.118.16.19 - - [16/Jul/2024:07:07:48 -0500] "GET /sipse/faces/javax.faces.resource/primefaces.js?ln=primefaces&v=4.0 HTTP/1.1" 304 -
200.118.16.19 - - [16/Jul/2024:07:07:48 -0500] "GET /sipse/faces/javax.faces.resource/layout/layout.js?ln=primefaces&v=4.0 HTTP/1.1" 304 -
200.118.16.19 - - [16/Jul/2024:07:07:48 -0500] "GET /sipse/css/imagen/loginimg.png HTTP/1.1" 304 -
200.118.16.19 - - [16/Jul/2024:07:07:48 -0500] "GET /sipse/css/imagen/logoSDG.png HTTP/1.1" 304 -
200.118.16.19 - - [16/Jul/2024:07:07:48 -0500] "GET /sipse/faces/javax.faces.resource/images/ui-icons_898989_256x240.png?ln=primefaces-aristo HTTP/1.1" 304 -
200.118.16.19 - - [16/Jul/2024:07:07:52 -0500] "POST /sipse/faces/autenticacion.xhtml HTTP/1.1" 200 2221
200.118.16.19 - - [16/Jul/2024:07:07:52 -0500] "GET /sipse/faces/javax.faces.resource/messages/messages.png?ln=primefaces&v=4.0 HTTP/1.1" 304 -
200.118.16.19 - - [16/Jul/2024:07:07:53 -0500] "POST /sipse/faces/autenticacion.xhtml HTTP/1.1" 200 16337
200.118.16.19 - - [16/Jul/2024:07:07:54 -0500] "GET /sipse/css/custom_css_sg_prime.css HTTP/1.1" 304 -
200.118.16.19 - - [16/Jul/2024:07:07:54 -0500] "GET /sipse/faces/javax.faces.resource/layout/layout.css?ln=primefaces&v=4.0 HTTP/1.1" 304 -
200.118.16.19 - - [16/Jul/2024:07:07:54 -0500] "GET /sipse/faces/javax.faces.resource/theme.css?ln=primefaces-sipse HTTP/1.1" 304 -
200.118.16.19 - - [16/Jul/2024:07:07:54 -0500] "GET /sipse/faces/javax.faces.resource/primefaces.css?ln=primefaces&v=4.0 HTTP/1.1" 304 -
200.118.16.19 - - [16/Jul/2024:07:07:54 -0500] "GET /sipse/js/jquery.min.js HTTP/1.1" 304 -
200.118.16.19 - - [16/Jul/2024:07:07:54 -0500] "GET /sipse/faces/javax.faces.resource/jquery/jquery.js?ln=primefaces&v=4.0 HTTP/1.1" 304 -
200.118.16.19 - - [16/Jul/2024:07:07:54 -0500] "GET /sipse/faces/javax.faces.resource/jquery/jquery-plugins.js?ln=primefaces&v=4.0 HTTP/1.1" 304 -
200.118.16.19 - - [16/Jul/2024:07:07:54 -0500] "GET /sipse/faces/javax.faces.resource/primefaces.js?ln=primefaces&v=4.0 HTTP/1.1" 304 -
200.118.16.19 - - [16/Jul/2024:07:07:54 -0500] "GET /sipse/faces/javax.faces.resource/layout/layout.js?ln=primefaces&v=4.0 HTTP/1.1" 304 -
200.118.16.19 - - [16/Jul/2024:07:07:54 -0500] "GET /sipse/css/v_mergente.css HTTP/1.1" 304 -
200.118.16.19 - - [16/Jul/2024:07:07:54 -0500] "GET /sipse/imagenes/cargando.gif HTTP/1.1" 304 -
200.118.16.19 - - [16/Jul/2024:07:07:54 -0500] "GET /sipse/css/imagen/contrasena.png HTTP/1.1" 404 383
200.118.16.19 - - [16/Jul/2024:07:07:54 -0500] "GET /sipse/imagenes/logoAplicacion.jpg HTTP/1.1" 304 -
201.245.192.253 - - [16/Jul/2024:07:07:55 -0500] "GET /kwsrmcab/Wsrmcab?wsdl HTTP/1.1" 200 6948
200.118.16.19 - - [16/Jul/2024:07:07:57 -0500] "POST /sipse/faces/bienvenido.xhtml HTTP/1.1" 200 2658
200.118.16.19 - - [16/Jul/2024:07:07:57 -0500] "GET /sipse/faces/javax.faces.resource/images/ui-bg_flat_0_2d5972_40x100.png?ln=primefaces-aristo HTTP/1.1" 304 -
200.118.16.19 - - [16/Jul/2024:07:07:58 -0500] "POST /sipse/faces/bienvenido.xhtml HTTP/1.1" 200 64085
200.118.16.19 - - [16/Jul/2024:07:07:59 -0500] "GET /sipse/faces/javax.faces.resource/theme.css?ln=primefaces-sipse HTTP/1.1" 304 -
200.118.16.19 - - [16/Jul/2024:07:07:59 -0500] "GET /sipse/faces/javax.faces.resource/layout/layout.css?ln=primefaces&v=4.0 HTTP/1.1" 304 -
200.118.16.19 - - [16/Jul/2024:07:07:59 -0500] "GET /sipse/faces/javax.faces.resource/primefaces.css?ln=primefaces&v=4.0 HTTP/1.1" 304 -
200.118.16.19 - - [16/Jul/2024:07:07:59 -0500] "GET /sipse/faces/javax.faces.resource/jquery/jquery.js?ln=primefaces&v=4.0 HTTP/1.1" 304 -
200.118.16.19 - - [16/Jul/2024:07:07:59 -0500] "GET /sipse/faces/javax.faces.resource/jquery/jquery-plugins.js?ln=primefaces&v=4.0 HTTP/1.1" 304 -
200.118.16.19 - - [16/Jul/2024:07:07:59 -0500] "GET /sipse/faces/javax.faces.resource/primefaces.js?ln=primefaces&v=4.0 HTTP/1.1" 304 -
200.118.16.19 - - [16/Jul/2024:07:07:59 -0500] "GET /sipse/faces/javax.faces.resource/layout/layout.js?ln=primefaces&v=4.0 HTTP/1.1" 304 -
200.118.16.19 - - [16/Jul/2024:07:07:59 -0500] "POST /sipse/faces/presentacion/financiero/solicitudProceso/listarSolicitudProceso.xhtml HTTP/1.1" 200 1556
200.118.16.19 - - [16/Jul/2024:07:08:08 -0500] "POST /sipse/faces/presentacion/financiero/solicitudProceso/listarSolicitudProceso.xhtml HTTP/1.1" 200 14582
200.118.16.19 - - [16/Jul/2024:07:08:13 -0500] "POST /sipse/faces/presentacion/financiero/solicitudProceso/listarSolicitudProceso.xhtml HTTP/1.1" 200 113808
200.118.16.19 - - [16/Jul/2024:07:08:13 -0500] "GET /sipse/faces/javax.faces.resource/layout/layout.css?ln=primefaces&v=4.0 HTTP/1.1" 304 -
200.118.16.19 - - [16/Jul/2024:07:08:13 -0500] "GET /sipse/faces/javax.faces.resource/primefaces.css?ln=primefaces&v=4.0 HTTP/1.1" 304 -
200.118.16.19 - - [16/Jul/2024:07:08:13 -0500] "GET /sipse/faces/javax.faces.resource/theme.css?ln=primefaces-sipse HTTP/1.1" 304 -
200.118.16.19 - - [16/Jul/2024:07:08:13 -0500] "GET /sipse/faces/javax.faces.resource/jquery/jquery.js?ln=primefaces&v=4.0 HTTP/1.1" 304 -
200.118.16.19 - - [16/Jul/2024:07:08:13 -0500] "GET /sipse/faces/javax.faces.resource/jquery/jquery-plugins.js?ln=primefaces&v=4.0 HTTP/1.1" 304 -
200.118.16.19 - - [16/Jul/2024:07:08:13 -0500] "GET /sipse/faces/javax.faces.resource/primefaces.js?ln=primefaces&v=4.0 HTTP/1.1" 304 -
200.118.16.19 - - [16/Jul/2024:07:08:13 -0500] "GET /sipse/faces/javax.faces.resource/layout/layout.js?ln=primefaces&v=4.0 HTTP/1.1" 304 -
200.118.16.19 - - [16/Jul/2024:07:08:17 -0500] "POST /sipse/faces/presentacion/financiero/solicitudProceso/consultarSolicitudProceso.xhtml HTTP/1.1" 200 31804
200.118.16.19 - - [16/Jul/2024:07:08:17 -0500] "GET /sipse/faces/javax.faces.resource/theme.css?ln=primefaces-sipse HTTP/1.1" 304 -
200.118.16.19 - - [16/Jul/2024:07:08:17 -0500] "GET /sipse/faces/javax.faces.resource/primefaces.css?ln=primefaces&v=4.0 HTTP/1.1" 304 -
200.118.16.19 - - [16/Jul/2024:07:08:17 -0500] "GET /sipse/faces/javax.faces.resource/layout/layout.css?ln=primefaces&v=4.0 HTTP/1.1" 304 -
200.118.16.19 - - [16/Jul/2024:07:08:17 -0500] "GET /sipse/faces/javax.faces.resource/jquery/jquery.js?ln=primefaces&v=4.0 HTTP/1.1" 304 -
200.118.16.19 - - [16/Jul/2024:07:08:17 -0500] "GET /sipse/faces/javax.faces.resource/jquery/jquery-plugins.js?ln=primefaces&v=4.0 HTTP/1.1" 304 -
200.118.16.19 - - [16/Jul/2024:07:08:17 -0500] "GET /sipse/faces/javax.faces.resource/primefaces.js?ln=primefaces&v=4.0 HTTP/1.1" 304 -
200.118.16.19 - - [16/Jul/2024:07:08:17 -0500] "GET /sipse/faces/javax.faces.resource/layout/layout.js?ln=primefaces&v=4.0 HTTP/1.1" 304 -
172.22.2.4 - - [16/Jul/2024:07:06:49 -0500] "HEAD /BLA/boletinlegal/ HTTP/1.1" 200 -
216.244.66.195 - - [16/Jul/2024:07:08:47 -0500] "GET /robots.txt HTTP/1.1" 404 1018
201.245.192.253 - - [16/Jul/2024:07:08:55 -0500] "GET /kwsrmcab/Wsrmcab?wsdl HTTP/1.1" 200 6948
172.22.2.4 - - [16/Jul/2024:07:07:40 -0500] "GET /BLA/boletinlegal/ HTTP/1.1" 200 59967
52.167.144.191 - - [16/Jul/2024:07:09:28 -0500] "GET /BLA/resoluciones/RESOLUCIONES%202008/2288.pdf HTTP/1.1" 200 363168
66.249.66.21 - - [16/Jul/2024:07:09:29 -0500] "GET /BLA/resoluciones/RESOLUCIONES%202023/1882.pdf HTTP/1.1" 200 499754
66.249.66.19 - - [16/Jul/2024:07:09:29 -0500] "GET /BLA/resoluciones/AUTOS%202008/1524.pdf HTTP/1.1" 200 342780
52.167.144.145 - - [16/Jul/2024:07:09:35 -0500] "GET /en-dia-internacional-de-la-tierra-secretaria-de-ambiente-presenta-libro-digital-de-relatos-escritos-por-ciudadanos.html HTTP/1.1" 200 1033
172.22.2.4 - - [16/Jul/2024:07:09:53 -0500] "GET /BLA/boletinlegal/actos.php HTTP/1.1" 200 9738
172.22.2.4 - - [16/Jul/2024:07:09:53 -0500] "GET /BLA/boletinlegal/styles2.css HTTP/1.1" 200 1838
172.22.2.4 - - [16/Jul/2024:07:09:54 -0500] "GET /BLA/boletinlegal/js/ajax_actos.js HTTP/1.1" 200 1322
172.22.2.4 - - [16/Jul/2024:07:09:54 -0500] "GET /BLA/boletinlegal/niceforms-default.css HTTP/1.1" 200 6694
172.22.2.4 - - [16/Jul/2024:07:09:54 -0500] "GET /BLA/boletinlegal/style.css HTTP/1.1" 200 9406
172.22.2.4 - - [16/Jul/2024:07:09:54 -0500] "GET /BLA/boletinlegal/niceforms.js HTTP/1.1" 200 22876
172.22.2.4 - - [16/Jul/2024:07:09:54 -0500] "GET /BLA/boletinlegal/js/lib.js HTTP/1.1" 200 6474
172.22.2.4 - - [16/Jul/2024:07:09:54 -0500] "GET /BLA/boletinlegal/js/popup.js HTTP/1.1" 200 1270
172.22.2.4 - - [16/Jul/2024:07:09:54 -0500] "GET /BLA/boletinlegal/js/jquery1.js HTTP/1.1" 200 29846
172.22.2.4 - - [16/Jul/2024:07:09:54 -0500] "GET /BLA/boletinlegal/images/cabezote%20BLEGAL.jpg HTTP/1.1" 200 118164
172.22.2.4 - - [16/Jul/2024:07:09:54 -0500] "GET /BLA/boletinlegal/images/subscribe-icon-big.png HTTP/1.1" 200 47702
172.22.2.4 - - [16/Jul/2024:07:09:54 -0500] "GET /BLA/boletinlegal/images/historia.png HTTP/1.1" 200 52775
172.22.2.4 - - [16/Jul/2024:07:09:54 -0500] "GET /BLA/boletinlegal/images/registro-usuarios.png HTTP/1.1" 200 8106
172.22.2.4 - - [16/Jul/2024:07:09:54 -0500] "GET /BLA/boletinlegal/images/green-yellow-blue-pink-th.png HTTP/1.1" 200 7394
172.22.2.4 - - [16/Jul/2024:07:09:54 -0500] "GET /BLA/boletinlegal/images/icono-email.png HTTP/1.1" 200 5544
172.22.2.4 - - [16/Jul/2024:07:09:54 -0500] "GET /BLA/boletinlegal/images/tel.png HTTP/1.1" 200 14477
172.22.2.4 - - [16/Jul/2024:07:09:54 -0500] "GET /BLA/boletinlegal/images/body_bg.jpg HTTP/1.1" 200 1601
172.22.2.4 - - [16/Jul/2024:07:09:54 -0500] "GET /BLA/boletinlegal/images/menu_lft.gif HTTP/1.1" 200 1713
172.22.2.4 - - [16/Jul/2024:07:09:54 -0500] "GET /BLA/boletinlegal/images/menu_rght.gif HTTP/1.1" 200 1627
172.22.2.4 - - [16/Jul/2024:07:09:54 -0500] "GET /BLA/boletinlegal/images/bg_top.jpg HTTP/1.1" 200 522
172.22.2.4 - - [16/Jul/2024:07:09:54 -0500] "GET /BLA/boletinlegal/images/menu_bg.jpg HTTP/1.1" 200 620
172.22.2.4 - - [16/Jul/2024:07:09:54 -0500] "GET /BLA/boletinlegal/images/hover.jpg HTTP/1.1" 200 640
172.22.2.4 - - [16/Jul/2024:07:09:54 -0500] "GET /BLA/boletinlegal/images/text.jpg HTTP/1.1" 200 568
172.22.2.4 - - [16/Jul/2024:07:09:54 -0500] "GET /BLA/boletinlegal/images/footer_bg.jpg HTTP/1.1" 200 586
172.22.2.4 - - [16/Jul/2024:07:09:54 -0500] "GET /BLA/boletinlegal/images/footer_bg_l.jpg HTTP/1.1" 200 776
172.22.2.4 - - [16/Jul/2024:07:09:54 -0500] "GET /BLA/boletinlegal/img/0.png HTTP/1.1" 200 110
172.22.2.4 - - [16/Jul/2024:07:09:54 -0500] "GET /BLA/boletinlegal/img/select-left.png HTTP/1.1" 200 263
172.22.2.4 - - [16/Jul/2024:07:09:54 -0500] "GET /BLA/boletinlegal/img/select-right.png HTTP/1.1" 200 44019
172.22.2.4 - - [16/Jul/2024:07:09:54 -0500] "GET /BLA/boletinlegal/img/button-left.png HTTP/1.1" 200 57071
172.22.2.4 - - [16/Jul/2024:07:09:54 -0500] "GET /BLA/boletinlegal/img/button.png HTTP/1.1" 200 43241
172.22.2.4 - - [16/Jul/2024:07:09:54 -0500] "GET /BLA/boletinlegal/img/button-right.png HTTP/1.1" 200 57878
172.22.2.4 - - [16/Jul/2024:07:09:54 -0500] "GET /BLA/boletinlegal/favicon.ico HTTP/1.1" 404 1326
201.245.192.253 - - [16/Jul/2024:07:09:55 -0500] "GET /kwsrmcab/Wsrmcab?wsdl HTTP/1.1" 200 6948
172.22.2.4 - - [16/Jul/2024:07:10:11 -0500] "GET /BLA/boletinlegal/consulta_actos.php?tipo=resoluciones&no=2727&usuario=&sector=&fecha=2019&resuelve= HTTP/1.1" 200 626
172.22.2.4 - - [16/Jul/2024:07:10:24 -0500] "GET /BLA/boletinlegal/consulta_actos.php?tipo=resoluciones&no=02727&usuario=&sector=&fecha=2019&resuelve= HTTP/1.1" 200 626
172.22.2.4 - - [16/Jul/2024:07:10:26 -0500] "GET /BLA/boletinlegal/consulta_actos.php?tipo=resoluciones&no=02727&usuario=&sector=&fecha=2019&resuelve= HTTP/1.1" 200 626
172.22.2.4 - - [16/Jul/2024:07:10:31 -0500] "GET /BLA/boletinlegal/consulta_actos.php?tipo=resoluciones&no=02727&usuario=&sector=&fecha=2019&resuelve= HTTP/1.1" 200 626
172.22.2.4 - - [16/Jul/2024:07:10:35 -0500] "GET /BLA/boletinlegal/consulta_actos.php?tipo=resoluciones&no=2727&usuario=&sector=&fecha=2019&resuelve= HTTP/1.1" 200 626
172.22.2.4 - - [16/Jul/2024:07:10:36 -0500] "GET /BLA/boletinlegal/consulta_actos.php?tipo=resoluciones&no=2727&usuario=&sector=&fecha=2019&resuelve= HTTP/1.1" 200 626
172.22.2.4 - - [16/Jul/2024:07:10:37 -0500] "GET /BLA/boletinlegal/consulta_actos.php?tipo=resoluciones&no=2727&usuario=&sector=&fecha=2019&resuelve= HTTP/1.1" 200 626
172.22.2.4 - - [16/Jul/2024:07:10:37 -0500] "GET /BLA/boletinlegal/consulta_actos.php?tipo=resoluciones&no=2727&usuario=&sector=&fecha=2019&resuelve= HTTP/1.1" 200 626
201.245.192.253 - - [16/Jul/2024:07:10:55 -0500] "GET /kwsrmcab/Wsrmcab?wsdl HTTP/1.1" 200 6948
185.191.126.213 - - [16/Jul/2024:07:10:57 -0500] "GET / HTTP/1.1" 200 319
172.22.2.4 - - [16/Jul/2024:07:11:07 -0500] "GET /BLA/boletinlegal/consulta_actos.php?tipo=resoluciones&no=2382&usuario=&sector=&fecha=2021&resuelve= HTTP/1.1" 200 1164
172.22.2.4 - - [16/Jul/2024:07:11:08 -0500] "GET /BLA/boletinlegal/images/pdf.gif HTTP/1.1" 200 567
201.245.192.253 - - [16/Jul/2024:07:10:27 -0500] "POST /kwsrmcab/Wsrmcab  HTTP/1.1" 200 213
66.249.66.19 - - [16/Jul/2024:07:11:30 -0500] "GET /BLA/resoluciones/RESOLUCIONES%202023/0673.pdf HTTP/1.1" 200 397979
172.22.2.4 - - [16/Jul/2024:07:09:51 -0500] "GET /BLA/boletinlegal/ HTTP/1.1" 200 62310
201.245.192.253 - - [16/Jul/2024:07:11:55 -0500] "GET /kwsrmcab/Wsrmcab?wsdl HTTP/1.1" 200 6948
216.245.221.92 - - [16/Jul/2024:07:11:59 -0500] "HEAD / HTTP/1.1" 200 -
66.249.66.20 - - [16/Jul/2024:07:12:30 -0500] "GET /BLA/resoluciones/RESOLUCIONES%202023/0942.pdf HTTP/1.1" 200 494818
201.245.192.253 - - [16/Jul/2024:07:12:55 -0500] "GET /kwsrmcab/Wsrmcab?wsdl HTTP/1.1" 200 6948
200.118.16.19 - - [16/Jul/2024:07:13:09 -0500] "POST /sipse/faces/presentacion/financiero/solicitudProceso/consultarHistorialSolProceso.xhtml HTTP/1.1" 200 39352
200.118.16.19 - - [16/Jul/2024:07:13:09 -0500] "GET /sipse/faces/javax.faces.resource/theme.css?ln=primefaces-sipse HTTP/1.1" 304 -
200.118.16.19 - - [16/Jul/2024:07:13:09 -0500] "GET /sipse/faces/javax.faces.resource/layout/layout.css?ln=primefaces&v=4.0 HTTP/1.1" 304 -
200.118.16.19 - - [16/Jul/2024:07:13:09 -0500] "GET /sipse/faces/javax.faces.resource/primefaces.css?ln=primefaces&v=4.0 HTTP/1.1" 304 -
200.118.16.19 - - [16/Jul/2024:07:13:09 -0500] "GET /sipse/faces/javax.faces.resource/jquery/jquery.js?ln=primefaces&v=4.0 HTTP/1.1" 304 -
200.118.16.19 - - [16/Jul/2024:07:13:09 -0500] "GET /sipse/faces/javax.faces.resource/jquery/jquery-plugins.js?ln=primefaces&v=4.0 HTTP/1.1" 304 -
200.118.16.19 - - [16/Jul/2024:07:13:10 -0500] "GET /sipse/faces/javax.faces.resource/primefaces.js?ln=primefaces&v=4.0 HTTP/1.1" 304 -
200.118.16.19 - - [16/Jul/2024:07:13:10 -0500] "GET /sipse/faces/javax.faces.resource/layout/layout.js?ln=primefaces&v=4.0 HTTP/1.1" 304 -
200.118.16.19 - - [16/Jul/2024:07:13:10 -0500] "POST /sipse/faces/presentacion/financiero/solicitudProceso/listarSolicitudProceso.xhtml HTTP/1.1" 200 1420
200.118.16.19 - - [16/Jul/2024:07:13:14 -0500] "POST /sipse/faces/presentacion/financiero/solicitudProceso/listarSolicitudProceso.xhtml HTTP/1.1" 200 14582
200.118.16.19 - - [16/Jul/2024:07:13:18 -0500] "POST /sipse/faces/presentacion/financiero/solicitudProceso/listarSolicitudProceso.xhtml HTTP/1.1" 200 113808
200.118.16.19 - - [16/Jul/2024:07:13:19 -0500] "GET /sipse/faces/javax.faces.resource/primefaces.css?ln=primefaces&v=4.0 HTTP/1.1" 304 -
200.118.16.19 - - [16/Jul/2024:07:13:19 -0500] "GET /sipse/faces/javax.faces.resource/theme.css?ln=primefaces-sipse HTTP/1.1" 304 -
200.118.16.19 - - [16/Jul/2024:07:13:19 -0500] "GET /sipse/faces/javax.faces.resource/layout/layout.css?ln=primefaces&v=4.0 HTTP/1.1" 304 -
200.118.16.19 - - [16/Jul/2024:07:13:19 -0500] "GET /sipse/faces/javax.faces.resource/jquery/jquery.js?ln=primefaces&v=4.0 HTTP/1.1" 304 -
200.118.16.19 - - [16/Jul/2024:07:13:19 -0500] "GET /sipse/faces/javax.faces.resource/jquery/jquery-plugins.js?ln=primefaces&v=4.0 HTTP/1.1" 304 -
200.118.16.19 - - [16/Jul/2024:07:13:19 -0500] "GET /sipse/faces/javax.faces.resource/primefaces.js?ln=primefaces&v=4.0 HTTP/1.1" 304 -
200.118.16.19 - - [16/Jul/2024:07:13:19 -0500] "GET /sipse/faces/javax.faces.resource/layout/layout.js?ln=primefaces&v=4.0 HTTP/1.1" 304 -
200.118.16.19 - - [16/Jul/2024:07:13:23 -0500] "POST /sipse/faces/presentacion/financiero/solicitudProceso/consultarSolicitudProceso.xhtml HTTP/1.1" 200 1080648
66.249.66.19 - - [16/Jul/2024:07:13:31 -0500] "GET /BLA/resoluciones/AUTOS%202008/3103.pdf HTTP/1.1" 200 71666
66.249.66.19 - - [16/Jul/2024:07:13:31 -0500] "GET /BLA/resoluciones/RESOLUCIONES%202023/1447.pdf HTTP/1.1" 200 312722
201.245.192.253 - - [16/Jul/2024:07:13:55 -0500] "GET /kwsrmcab/Wsrmcab?wsdl HTTP/1.1" 200 6948
172.22.2.4 - - [16/Jul/2024:07:12:39 -0500] "HEAD /BLA/boletinlegal/ HTTP/1.1" 200 -
172.22.2.4 - - [16/Jul/2024:07:14:37 -0500] "GET /BLA/boletinlegal/jurisprudencia/analisis/CUADRO%20SENTENCIA%20T-299%20DE%202008.doc HTTP/1.1" 200 40960
201.245.192.253 - - [16/Jul/2024:07:14:55 -0500] "GET /kwsrmcab/Wsrmcab?wsdl HTTP/1.1" 200 6948
172.22.2.4 - - [16/Jul/2024:07:13:30 -0500] "GET /BLA/boletinlegal/ HTTP/1.1" 200 56191
52.167.144.206 - - [16/Jul/2024:07:15:12 -0500] "GET /BLA/resoluciones/index.php?dir=RESOLUCIONES+2007%2FRES+2007+801+AL+900%2F HTTP/1.1" 200 26642
201.245.192.253 - - [16/Jul/2024:07:15:26 -0500] "POST /kwsrmcab/Wsrmcab  HTTP/1.1" 200 213
66.249.66.21 - - [16/Jul/2024:07:15:31 -0500] "GET /BLA/resoluciones/RESOLUCIONES%202023/01823.pdf HTTP/1.1" 200 392012
190.158.100.67 - - [16/Jul/2024:07:15:33 -0500] "POST /sipse/faces/presentacion/financiero/solicitudProceso/consultarSolicitudProceso.xhtml HTTP/1.1" 200 6022
190.158.100.67 - - [16/Jul/2024:07:15:35 -0500] "POST /sipse/faces/presentacion/financiero/solicitudProceso/consultarSolicitudProceso.xhtml HTTP/1.1" 200 37362
190.158.100.67 - - [16/Jul/2024:07:15:35 -0500] "GET /sipse/faces/javax.faces.resource/primefaces.css?ln=primefaces&v=4.0 HTTP/1.1" 304 -
190.158.100.67 - - [16/Jul/2024:07:15:35 -0500] "GET /sipse/faces/javax.faces.resource/jquery/jquery.js?ln=primefaces&v=4.0 HTTP/1.1" 304 -
190.158.100.67 - - [16/Jul/2024:07:15:36 -0500] "GET /sipse/faces/javax.faces.resource/theme.css?ln=primefaces-sipse HTTP/1.1" 304 -
190.158.100.67 - - [16/Jul/2024:07:15:36 -0500] "GET /sipse/faces/javax.faces.resource/layout/layout.css?ln=primefaces&v=4.0 HTTP/1.1" 304 -
190.158.100.67 - - [16/Jul/2024:07:15:36 -0500] "GET /sipse/faces/javax.faces.resource/jquery/jquery-plugins.js?ln=primefaces&v=4.0 HTTP/1.1" 304 -
190.158.100.67 - - [16/Jul/2024:07:15:36 -0500] "GET /sipse/faces/javax.faces.resource/primefaces.js?ln=primefaces&v=4.0 HTTP/1.1" 304 -
190.158.100.67 - - [16/Jul/2024:07:15:36 -0500] "GET /sipse/faces/javax.faces.resource/layout/layout.js?ln=primefaces&v=4.0 HTTP/1.1" 304 -
190.158.100.67 - - [16/Jul/2024:07:15:36 -0500] "GET /sipse/css/imagen/contrasena.png HTTP/1.1" 404 383
190.158.100.67 - - [16/Jul/2024:07:15:36 -0500] "GET /sipse/faces/javax.faces.resource/images/ui-icons_898989_256x240.png?ln=primefaces-aristo HTTP/1.1" 304 -
190.158.100.67 - - [16/Jul/2024:07:15:36 -0500] "GET /sipse/faces/javax.faces.resource/images/ui-bg_flat_0_2d5972_40x100.png?ln=primefaces-aristo HTTP/1.1" 304 -
190.158.100.67 - - [16/Jul/2024:07:15:36 -0500] "POST /sipse/faces/presentacion/financiero/solicitudProceso/listarSolicitudProceso.xhtml HTTP/1.1" 200 1404
190.158.100.67 - - [16/Jul/2024:07:15:38 -0500] "POST /sipse/faces/presentacion/financiero/solicitudProceso/listarSolicitudProceso.xhtml HTTP/1.1" 200 60205
190.158.100.67 - - [16/Jul/2024:07:15:38 -0500] "GET /sipse/faces/javax.faces.resource/theme.css?ln=primefaces-sipse HTTP/1.1" 304 -
190.158.100.67 - - [16/Jul/2024:07:15:38 -0500] "GET /sipse/faces/javax.faces.resource/primefaces.css?ln=primefaces&v=4.0 HTTP/1.1" 304 -
190.158.100.67 - - [16/Jul/2024:07:15:38 -0500] "GET /sipse/faces/javax.faces.resource/layout/layout.css?ln=primefaces&v=4.0 HTTP/1.1" 304 -
190.158.100.67 - - [16/Jul/2024:07:15:38 -0500] "GET /sipse/faces/javax.faces.resource/jquery/jquery.js?ln=primefaces&v=4.0 HTTP/1.1" 304 -
190.158.100.67 - - [16/Jul/2024:07:15:38 -0500] "GET /sipse/faces/javax.faces.resource/jquery/jquery-plugins.js?ln=primefaces&v=4.0 HTTP/1.1" 304 -
190.158.100.67 - - [16/Jul/2024:07:15:38 -0500] "GET /sipse/faces/javax.faces.resource/primefaces.js?ln=primefaces&v=4.0 HTTP/1.1" 304 -
190.158.100.67 - - [16/Jul/2024:07:15:38 -0500] "GET /sipse/faces/javax.faces.resource/layout/layout.js?ln=primefaces&v=4.0 HTTP/1.1" 304 -
190.158.100.67 - - [16/Jul/2024:07:15:46 -0500] "POST /sipse/faces/presentacion/financiero/solicitudProceso/crearModificarSolicitudProceso.xhtml HTTP/1.1" 200 51784
208.56.21.14 - - [16/Jul/2024:07:15:48 -0500] "GET /BLA/resoluciones/RESOLUCIONES%202021/4392.pdf HTTP/1.1" 200 384115
208.56.21.14 - - [16/Jul/2024:07:15:48 -0500] "GET /favicon.ico HTTP/1.1" 200 7782
201.245.192.253 - - [16/Jul/2024:07:15:55 -0500] "GET /kwsrmcab/Wsrmcab?wsdl HTTP/1.1" 200 6948
190.158.100.67 - - [16/Jul/2024:07:16:07 -0500] "POST /sipse/faces/presentacion/financiero/solicitudProceso/crearModificarSolicitudProceso.xhtml HTTP/1.1" 200 25141
66.249.66.19 - - [16/Jul/2024:07:16:32 -0500] "GET /BLA/resoluciones/RESOLUCIONES%202023/0674.pdf HTTP/1.1" 200 678956
66.249.66.20 - - [16/Jul/2024:07:16:32 -0500] "GET /BLA/resoluciones/AUTOS%202008/0313.pdf HTTP/1.1" 200 104358
201.245.192.253 - - [16/Jul/2024:07:16:55 -0500] "GET /kwsrmcab/Wsrmcab?wsdl HTTP/1.1" 200 6948
216.245.221.92 - - [16/Jul/2024:07:16:59 -0500] "HEAD / HTTP/1.1" 200 -
47.128.56.179 - - [16/Jul/2024:07:17:22 -0500] "GET /BLA/resoluciones/AUTOS%202021/0245.php?act=f&d=E%3A%5Cnuevo%5Chtdocs%5CBLA%5Cresoluciones%5CRESOLUCIONES+2006%5CRES+2006+2001-2050&f=00002013.tif HTTP/1.1" 200 17696
190.158.100.67 - - [16/Jul/2024:07:17:24 -0500] "POST /sipse/faces/presentacion/financiero/solicitudProceso/crearModificarSolicitudProceso.xhtml HTTP/1.1" 200 6295
66.249.66.19 - - [16/Jul/2024:07:17:34 -0500] "GET /BLA/resoluciones/RESOLUCIONES%202023/0381.pdf HTTP/1.1" 200 364652
66.249.66.21 - - [16/Jul/2024:07:17:34 -0500] "GET /BLA/resoluciones/AUTOS%202020/1552.pdf HTTP/1.1" 200 378111
190.158.100.67 - - [16/Jul/2024:07:17:43 -0500] "POST /sipse/faces/presentacion/financiero/solicitudProceso/crearModificarSolicitudProceso.xhtml HTTP/1.1" 200 9544
201.245.192.253 - - [16/Jul/2024:07:17:55 -0500] "GET /kwsrmcab/Wsrmcab?wsdl HTTP/1.1" 200 6948
161.18.153.187 - - [16/Jul/2024:07:18:12 -0500] "GET /BLA/resoluciones/RESOLUCIONES%20CONJUNTAS/Resolucion%20conjunta%20No.%20001-2017.pdf HTTP/1.1" 200 332456
161.18.153.187 - - [16/Jul/2024:07:18:12 -0500] "GET /favicon.ico HTTP/1.1" 200 7782
190.158.100.67 - - [16/Jul/2024:07:18:32 -0500] "POST /sipse/faces/presentacion/financiero/solicitudProceso/crearModificarSolicitudProceso.xhtml HTTP/1.1" 200 7342
66.249.66.19 - - [16/Jul/2024:07:18:35 -0500] "GET /BLA/resoluciones/RESOLUCIONES%202023/0875.pdf HTTP/1.1" 200 2118292
172.22.2.4 - - [16/Jul/2024:07:18:37 -0500] "GET /BLA/boletinlegal/Directivas/2011/Directiva%20No.%201%20del%205%20de%20Abril%20de%202011.pdf HTTP/1.1" 200 971292
201.245.192.253 - - [16/Jul/2024:07:18:55 -0500] "GET /kwsrmcab/Wsrmcab?wsdl HTTP/1.1" 200 6948
66.249.66.21 - - [16/Jul/2024:07:19:36 -0500] "GET /BLA/resoluciones/RESOLUCIONES%202023/0092.pdf HTTP/1.1" 200 485061
201.245.192.253 - - [16/Jul/2024:07:19:55 -0500] "GET /kwsrmcab/Wsrmcab?wsdl HTTP/1.1" 200 6948
201.245.192.253 - - [16/Jul/2024:07:20:07 -0500] "POST /kwsrmcab/Wsrmcab HTTP/1.1" 200 29037
201.245.192.253 - - [16/Jul/2024:07:20:00 -0500] "POST /kwsrmcab/Wsrmcab HTTP/1.1" 200 29194
201.245.192.253 - - [16/Jul/2024:07:20:09 -0500] "POST /kwsrmcab/Wsrmcab HTTP/1.1" 200 29042
172.22.2.4 - - [16/Jul/2024:07:18:29 -0500] "HEAD /BLA/boletinlegal/ HTTP/1.1" 200 -
190.158.100.67 - - [16/Jul/2024:07:20:36 -0500] "GET /sipse/faces/javax.faces.resource/primefaces.css?ln=primefaces&v=4.0 HTTP/1.1" 304 -
190.158.100.67 - - [16/Jul/2024:07:20:36 -0500] "GET /sipse/faces/javax.faces.resource/layout/layout.css?ln=primefaces&v=4.0 HTTP/1.1" 304 -
190.158.100.67 - - [16/Jul/2024:07:20:36 -0500] "GET /sipse/faces/javax.faces.resource/theme.css?ln=primefaces-sipse HTTP/1.1" 304 -
190.158.100.67 - - [16/Jul/2024:07:20:36 -0500] "GET /sipse/faces/javax.faces.resource/jquery/jquery.js?ln=primefaces&v=4.0 HTTP/1.1" 304 -
190.158.100.67 - - [16/Jul/2024:07:20:36 -0500] "GET /sipse/faces/javax.faces.resource/primefaces.js?ln=primefaces&v=4.0 HTTP/1.1" 304 -
190.158.100.67 - - [16/Jul/2024:07:20:36 -0500] "GET /sipse/faces/javax.faces.resource/jquery/jquery-plugins.js?ln=primefaces&v=4.0 HTTP/1.1" 304 -
190.158.100.67 - - [16/Jul/2024:07:20:36 -0500] "GET /sipse/faces/javax.faces.resource/layout/layout.js?ln=primefaces&v=4.0 HTTP/1.1" 304 -
190.158.100.67 - - [16/Jul/2024:07:20:35 -0500] "POST /sipse/faces/presentacion/financiero/solicitudProceso/crearModificarSolicitudProceso.xhtml HTTP/1.1" 200 24605
190.158.100.67 - - [16/Jul/2024:07:20:36 -0500] "GET /sipse/faces/javax.faces.resource/images/ui-icons_898989_256x240.png?ln=primefaces-aristo HTTP/1.1" 304 -
66.249.66.20 - - [16/Jul/2024:07:20:36 -0500] "GET /BLA/resoluciones/RESOLUCIONES%202023/02825.pdf HTTP/1.1" 200 461078
66.249.66.21 - - [16/Jul/2024:07:20:37 -0500] "GET /BLA/resoluciones/RESOLUCIONES%202023/0725.pdf HTTP/1.1" 200 515027
190.158.100.67 - - [16/Jul/2024:07:20:54 -0500] "GET /sipse/faces/javax.faces.resource/images/ui-bg_flat_0_2d5972_40x100.png?ln=primefaces-aristo HTTP/1.1" 304 -
190.158.100.67 - - [16/Jul/2024:07:20:54 -0500] "POST /sipse/faces/presentacion/financiero/solicitudProyectoActividad/asociarProyectoSolicitud.xhtml HTTP/1.1" 200 6681
201.245.192.253 - - [16/Jul/2024:07:20:55 -0500] "GET /kwsrmcab/Wsrmcab?wsdl HTTP/1.1" 200 6948
190.158.100.67 - - [16/Jul/2024:07:20:55 -0500] "POST /sipse/faces/presentacion/financiero/solicitudProyectoActividad/asociarProyectoSolicitud.xhtml HTTP/1.1" 200 1700
190.158.100.67 - - [16/Jul/2024:07:20:57 -0500] "POST /sipse/faces/presentacion/financiero/solicitudProyectoActividad/asociarProyectoSolicitud.xhtml HTTP/1.1" 200 76406
190.158.100.67 - - [16/Jul/2024:07:20:58 -0500] "GET /sipse/faces/javax.faces.resource/theme.css?ln=primefaces-sipse HTTP/1.1" 304 -
190.158.100.67 - - [16/Jul/2024:07:20:58 -0500] "GET /sipse/faces/javax.faces.resource/primefaces.css?ln=primefaces&v=4.0 HTTP/1.1" 304 -
190.158.100.67 - - [16/Jul/2024:07:20:58 -0500] "GET /sipse/faces/javax.faces.resource/jquery/jquery.js?ln=primefaces&v=4.0 HTTP/1.1" 304 -
190.158.100.67 - - [16/Jul/2024:07:20:58 -0500] "GET /sipse/faces/javax.faces.resource/layout/layout.css?ln=primefaces&v=4.0 HTTP/1.1" 304 -
190.158.100.67 - - [16/Jul/2024:07:20:58 -0500] "GET /sipse/faces/javax.faces.resource/jquery/jquery-plugins.js?ln=primefaces&v=4.0 HTTP/1.1" 304 -
190.158.100.67 - - [16/Jul/2024:07:20:58 -0500] "GET /sipse/faces/javax.faces.resource/primefaces.js?ln=primefaces&v=4.0 HTTP/1.1" 304 -
190.158.100.67 - - [16/Jul/2024:07:20:58 -0500] "GET /sipse/faces/javax.faces.resource/layout/layout.js?ln=primefaces&v=4.0 HTTP/1.1" 304 -
172.22.2.4 - - [16/Jul/2024:07:19:20 -0500] "GET /BLA/boletinlegal/ HTTP/1.1" 200 57889
47.128.99.134 - - [16/Jul/2024:07:21:04 -0500] "GET /BLA/resoluciones/AUTOS%202021/0245.php?act=f&c=1&f=7206.pdf HTTP/1.1" 200 2739
190.158.100.67 - - [16/Jul/2024:07:21:06 -0500] "POST /sipse/faces/presentacion/financiero/solicitudProyectoActividad/asociarActividadSolicitud.xhtml HTTP/1.1" 200 61008
47.128.98.69 - - [16/Jul/2024:07:21:14 -0500] "GET /BLA/resoluciones/AUTOS%202021/0245.php?act=f&c=1&f=fzs-2015-12-14.log HTTP/1.1" 200 2749
190.158.100.67 - - [16/Jul/2024:07:21:17 -0500] "POST /sipse/faces/presentacion/financiero/solicitudProyectoActividad/asociarActividadSolicitud.xhtml HTTP/1.1" 200 60832
47.128.35.123 - - [16/Jul/2024:07:21:24 -0500] "GET /BLA/resoluciones/AUTOS%202021/0245.php?act=f&d=E%3A%5Cnuevo%5Chtdocs%5CBLA%5Cresoluciones%5CRESOLUCIONES+2006%5CRES+2006+501-550&f=00000537.tif HTTP/1.1" 200 17587
190.158.100.67 - - [16/Jul/2024:07:21:30 -0500] "POST /sipse/faces/presentacion/financiero/solicitudProyectoActividad/asociarActividadSolicitud.xhtml HTTP/1.1" 200 20076
190.158.100.67 - - [16/Jul/2024:07:21:30 -0500] "GET /sipse/faces/javax.faces.resource/theme.css?ln=primefaces-sipse HTTP/1.1" 304 -
190.158.100.67 - - [16/Jul/2024:07:21:30 -0500] "GET /sipse/faces/javax.faces.resource/jquery/jquery.js?ln=primefaces&v=4.0 HTTP/1.1" 304 -
190.158.100.67 - - [16/Jul/2024:07:21:30 -0500] "GET /sipse/faces/javax.faces.resource/primefaces.css?ln=primefaces&v=4.0 HTTP/1.1" 304 -
190.158.100.67 - - [16/Jul/2024:07:21:30 -0500] "GET /sipse/faces/javax.faces.resource/layout/layout.css?ln=primefaces&v=4.0 HTTP/1.1" 304 -
190.158.100.67 - - [16/Jul/2024:07:21:30 -0500] "GET /sipse/faces/javax.faces.resource/jquery/jquery-plugins.js?ln=primefaces&v=4.0 HTTP/1.1" 304 -
190.158.100.67 - - [16/Jul/2024:07:21:31 -0500] "GET /sipse/faces/javax.faces.resource/primefaces.js?ln=primefaces&v=4.0 HTTP/1.1" 304 -
190.158.100.67 - - [16/Jul/2024:07:21:31 -0500] "GET /sipse/faces/javax.faces.resource/layout/layout.js?ln=primefaces&v=4.0 HTTP/1.1" 304 -
47.128.16.98 - - [16/Jul/2024:07:21:34 -0500] "GET /BLA/resoluciones/AUTOS%202021/0245.php?act=f&c=1&f=fzs-2022-04-03.log HTTP/1.1" 200 2748
66.249.66.20 - - [16/Jul/2024:07:21:37 -0500] "GET /BLA/resoluciones/RESOLUCIONES%202023/2005.pdf HTTP/1.1" 200 488932
47.128.113.63 - - [16/Jul/2024:07:21:44 -0500] "GET /BLA/resoluciones/AUTOS%202021/0245.php?act=f&f=fzs-2019-09-11.log&ft=edit&d=E%3A%5Cnuevo%5Chtdocs%5CBLA%5Cresoluciones%5CAUTOS+2021%5C&c=1 HTTP/1.1" 200 3126
66.249.66.20 - - [16/Jul/2024:07:21:48 -0500] "GET /BLA/resoluciones/RESOLUCIONES%202004/RES%202004%201351-1400/00001361.tif HTTP/1.1" 200 126874
201.245.192.253 - - [16/Jul/2024:07:20:25 -0500] "POST /kwsrmcab/Wsrmcab  HTTP/1.1" 200 213
201.245.192.253 - - [16/Jul/2024:07:21:51 -0500] "POST /kwsrmcab/Wsrmcab HTTP/1.1" 200 29042
47.128.30.148 - - [16/Jul/2024:07:21:55 -0500] "GET /BLA/resoluciones/AUTOS%202021/0245.php?act=f&c=1&f=fzs-2020-04-17.log HTTP/1.1" 200 2748
201.245.192.253 - - [16/Jul/2024:07:21:55 -0500] "GET /kwsrmcab/Wsrmcab?wsdl HTTP/1.1" 200 6948
216.245.221.92 - - [16/Jul/2024:07:21:59 -0500] "HEAD / HTTP/1.1" 200 -
47.128.114.159 - - [16/Jul/2024:07:22:04 -0500] "GET /BLA/resoluciones/AUTOS%202021/0245.php?act=f&f=00001051.tif HTTP/1.1" 200 2741
47.128.27.5 - - [16/Jul/2024:07:22:14 -0500] "GET /BLA/resoluciones/AUTOS%202021/0245.php?act=f&d=E%3A%5Cnuevo%5CMercuryMail%5CRESOURCE&f=readme.1st&ft=info HTTP/1.1" 200 3593
47.128.58.68 - - [16/Jul/2024:07:22:24 -0500] "GET /BLA/resoluciones/AUTOS%202021/0245.php?act=f&c=1&f=fzs-2016-05-15.log HTTP/1.1" 200 2749
47.128.119.195 - - [16/Jul/2024:07:22:34 -0500] "GET /BLA/resoluciones/AUTOS%202021/0245.php?act=ls&d=E%3A%5Cnuevo%5Chtdocs%5CBLA%5Cresoluciones%5CRESOLUCIONES+2006%5CRES+2006+2201-2250%5C&sort=1a HTTP/1.1" 200 5930
201.245.192.253 - - [16/Jul/2024:07:22:55 -0500] "GET /kwsrmcab/Wsrmcab?wsdl HTTP/1.1" 200 6948
201.245.192.253 - - [16/Jul/2024:07:23:55 -0500] "GET /kwsrmcab/Wsrmcab?wsdl HTTP/1.1" 200 6948
66.249.66.21 - - [16/Jul/2024:07:23:56 -0500] "GET /BLA/resoluciones/RESOLUCIONES%202023/0357.pdf HTTP/1.1" 200 431633
66.249.66.21 - - [16/Jul/2024:07:23:57 -0500] "GET /BLA/resoluciones/AUTOS%202008/2246.pdf HTTP/1.1" 200 194678
190.158.100.67 - - [16/Jul/2024:07:24:11 -0500] "GET /sipse/faces/javax.faces.resource/theme.css?ln=primefaces-sipse HTTP/1.1" 304 -
190.158.100.67 - - [16/Jul/2024:07:24:12 -0500] "GET /sipse/faces/javax.faces.resource/primefaces.css?ln=primefaces&v=4.0 HTTP/1.1" 304 -
190.158.100.67 - - [16/Jul/2024:07:24:12 -0500] "GET /sipse/faces/javax.faces.resource/layout/layout.css?ln=primefaces&v=4.0 HTTP/1.1" 304 -
190.158.100.67 - - [16/Jul/2024:07:24:12 -0500] "GET /sipse/faces/javax.faces.resource/jquery/jquery.js?ln=primefaces&v=4.0 HTTP/1.1" 304 -
190.158.100.67 - - [16/Jul/2024:07:24:12 -0500] "GET /sipse/faces/javax.faces.resource/primefaces.js?ln=primefaces&v=4.0 HTTP/1.1" 304 -
190.158.100.67 - - [16/Jul/2024:07:24:12 -0500] "GET /sipse/faces/javax.faces.resource/jquery/jquery-plugins.js?ln=primefaces&v=4.0 HTTP/1.1" 304 -
190.158.100.67 - - [16/Jul/2024:07:24:12 -0500] "GET /sipse/faces/javax.faces.resource/layout/layout.js?ln=primefaces&v=4.0 HTTP/1.1" 304 -
190.158.100.67 - - [16/Jul/2024:07:24:11 -0500] "POST /sipse/faces/presentacion/financiero/solicitudProyectoActividad/asociarFuentesSolicitud.xhtml HTTP/1.1" 200 83500
190.158.100.67 - - [16/Jul/2024:07:24:12 -0500] "GET /sipse/faces/javax.faces.resource/images/ui-icons_898989_256x240.png?ln=primefaces-aristo HTTP/1.1" 304 -
190.158.100.67 - - [16/Jul/2024:07:24:12 -0500] "GET /sipse/css/imagen/contrasena.png HTTP/1.1" 404 383
66.249.66.19 - - [16/Jul/2024:07:24:55 -0500] "GET /BLA/resoluciones/RESOLUCIONES%202007/RES%202007%20701%20AL%20800/RESOLUCION%200759%20DE%202007.pdf HTTP/1.1" 200 318884
201.245.192.253 - - [16/Jul/2024:07:24:55 -0500] "GET /kwsrmcab/Wsrmcab?wsdl HTTP/1.1" 200 6948
66.249.66.19 - - [16/Jul/2024:07:24:55 -0500] "GET /BLA/resoluciones/RESOLUCIONES%202007/RES%202007%20901%20AL%201000/RESOLUCION%200906%20DE%202007.pdf HTTP/1.1" 200 260694
66.249.66.19 - - [16/Jul/2024:07:24:56 -0500] "GET /BLA/resoluciones/RESOLUCIONES%202007/RES%202007%20101%20AL%20200/RESOLUCION%200191%20DE%202007.pdf HTTP/1.1" 200 71785
66.249.66.20 - - [16/Jul/2024:07:24:56 -0500] "GET /BLA/resoluciones/RESOLUCIONES%202007/RES%202007%20801%20AL%20900/RESOLUCION%200848%20%20DE%202007.pdf HTTP/1.1" 200 648285
66.249.66.21 - - [16/Jul/2024:07:24:57 -0500] "GET /BLA/resoluciones/RESOLUCIONES%202007/RES%202007%20901%20AL%201000/RESOLUCION%200998%20DE%202007.pdf HTTP/1.1" 200 382240
66.249.66.19 - - [16/Jul/2024:07:24:57 -0500] "GET /BLA/resoluciones/AUTOS%202020/2567.pdf HTTP/1.1" 200 362670
66.249.66.20 - - [16/Jul/2024:07:24:58 -0500] "GET /BLA/resoluciones/RESOLUCIONES%202007/RES%202007%201801%20AL%201900/RESOLUCION%201812%20DE%202007.pdf HTTP/1.1" 200 472274
66.249.66.20 - - [16/Jul/2024:07:24:58 -0500] "GET /BLA/resoluciones/RESOLUCIONES%202007/RES%202007%20101%20AL%20200/RESOLUCION%200143%20DE%202007.pdf HTTP/1.1" 200 249157
66.249.66.21 - - [16/Jul/2024:07:24:58 -0500] "GET /BLA/resoluciones/RESOLUCIONES%202007/RES%202007%20901%20AL%201000/RESOLUCION%200952%20DE%202007.pdf HTTP/1.1" 200 224840
66.249.66.19 - - [16/Jul/2024:07:24:59 -0500] "GET /BLA/resoluciones/RESOLUCIONES%202007/RES%202007%20901%20AL%201000/RESOLUCION%200917%20DE%202007.pdf HTTP/1.1" 200 160040
66.249.66.19 - - [16/Jul/2024:07:24:59 -0500] "GET /BLA/resoluciones/RESOLUCIONES%202007/4090.pdf HTTP/1.1" 200 10343476
66.249.66.20 - - [16/Jul/2024:07:25:02 -0500] "GET /BLA/resoluciones/AUTOS%202008/2668.pdf HTTP/1.1" 200 87323
66.249.66.20 - - [16/Jul/2024:07:25:03 -0500] "GET /BLA/resoluciones/AUTOS%202008/1357.pdf HTTP/1.1" 200 226067
66.249.66.5 - - [16/Jul/2024:07:25:03 -0500] "GET /BLA/resoluciones/RESOLUCIONES%202007/RES%202007%201501%20AL%201600/RESOLUCION%201556%20DE%202007.pdf HTTP/1.1" 200 664981
66.249.66.3 - - [16/Jul/2024:07:25:04 -0500] "GET /BLA/resoluciones/AUTOS%202008/2684.pdf HTTP/1.1" 200 84427
66.249.66.5 - - [16/Jul/2024:07:25:04 -0500] "GET /BLA/resoluciones/AUTOS%202008/3400.pdf HTTP/1.1" 200 102819
66.249.66.19 - - [16/Jul/2024:07:25:04 -0500] "GET /BLA/resoluciones/AUTOS%202008/1103.pdf HTTP/1.1" 200 89355
66.249.66.19 - - [16/Jul/2024:07:25:05 -0500] "GET /BLA/resoluciones/AUTOS%202008/0326.pdf HTTP/1.1" 200 85160
66.249.66.22 - - [16/Jul/2024:07:25:05 -0500] "GET /BLA/resoluciones/AUTOS%202008/2657.pdf HTTP/1.1" 200 74884
66.249.66.21 - - [16/Jul/2024:07:25:06 -0500] "GET /BLA/resoluciones/AUTOS%202008/0603.pdf HTTP/1.1" 200 180042
66.249.66.1 - - [16/Jul/2024:07:25:06 -0500] "GET /BLA/resoluciones/AUTOS%202008/0147.pdf HTTP/1.1" 200 149587
66.249.66.21 - - [16/Jul/2024:07:25:07 -0500] "GET /BLA/resoluciones/AUTOS%202008/3010.pdf HTTP/1.1" 200 121686
66.249.66.1 - - [16/Jul/2024:07:25:07 -0500] "GET /BLA/resoluciones/RESOLUCIONES%202007/RES%202007%204301%20AL%204352/RESOLUCION%204345%20DE%202007.pdf HTTP/1.1" 200 231448
66.249.66.1 - - [16/Jul/2024:07:25:08 -0500] "GET /BLA/resoluciones/AUTOS%202008/1406.pdf HTTP/1.1" 200 241102
66.249.66.21 - - [16/Jul/2024:07:25:08 -0500] "GET /BLA/resoluciones/AUTOS%202008/1797.pdf HTTP/1.1" 200 187089
66.249.66.1 - - [16/Jul/2024:07:25:09 -0500] "GET /BLA/resoluciones/RESOLUCIONES%202007/RES%202007%20501%20AL%20600/RESOLUCION%200537%20DE%202007.pdf HTTP/1.1" 200 607843
66.249.66.20 - - [16/Jul/2024:07:25:09 -0500] "GET /BLA/resoluciones/AUTOS%202008/0044.pdf HTTP/1.1" 200 98289
66.249.66.1 - - [16/Jul/2024:07:25:10 -0500] "GET /BLA/resoluciones/AUTOS%202008/3273.pdf HTTP/1.1" 200 59144
66.249.66.2 - - [16/Jul/2024:07:25:10 -0500] "GET /BLA/resoluciones/AUTOS%202008/3092.pdf HTTP/1.1" 200 56285
66.249.66.4 - - [16/Jul/2024:07:25:11 -0500] "GET /BLA/resoluciones/RESOLUCIONES%202007/RES%202007%201726%20AL%201800/RESOLUCION%201732%20DE%202007.pdf HTTP/1.1" 200 348181
66.249.66.23 - - [16/Jul/2024:07:25:11 -0500] "GET /BLA/resoluciones/AUTOS%202008/2541.pdf HTTP/1.1" 200 88805
66.249.66.2 - - [16/Jul/2024:07:25:12 -0500] "GET /BLA/resoluciones/AUTOS%202008/0047.pdf HTTP/1.1" 200 86207
66.249.66.21 - - [16/Jul/2024:07:25:12 -0500] "GET /BLA/resoluciones/AUTOS%202008/0824.pdf HTTP/1.1" 200 209039
66.249.66.3 - - [16/Jul/2024:07:25:12 -0500] "GET /BLA/resoluciones/AUTOS%202008/0365.pdf HTTP/1.1" 200 153127
66.249.66.20 - - [16/Jul/2024:07:25:13 -0500] "GET /BLA/resoluciones/AUTOS%202008/0118.pdf HTTP/1.1" 200 138063
66.249.66.22 - - [16/Jul/2024:07:25:13 -0500] "GET /BLA/resoluciones/AUTOS%202008/1139.pdf HTTP/1.1" 200 67683
66.249.66.3 - - [16/Jul/2024:07:25:14 -0500] "GET /BLA/resoluciones/AUTOS%202008/2714.pdf HTTP/1.1" 200 120223
66.249.66.4 - - [16/Jul/2024:07:25:14 -0500] "GET /BLA/resoluciones/AUTOS%202008/1388.pdf HTTP/1.1" 200 86051
66.249.66.2 - - [16/Jul/2024:07:25:15 -0500] "GET /BLA/resoluciones/RESOLUCIONES%202007/RES%202007%201501%20AL%201600/RESOLUCION%201508%20DE%202007.pdf HTTP/1.1" 200 340254
66.249.66.3 - - [16/Jul/2024:07:25:15 -0500] "GET /BLA/resoluciones/RESOLUCIONES%202007/RES%202007%201726%20AL%201800/RESOLUCION%201731%20DE%202007.pdf HTTP/1.1" 200 166623
66.249.66.21 - - [16/Jul/2024:07:25:16 -0500] "GET /BLA/resoluciones/AUTOS%202008/2467.pdf HTTP/1.1" 200 150585
66.249.66.1 - - [16/Jul/2024:07:25:16 -0500] "GET /BLA/resoluciones/AUTOS%202008/0141.pdf HTTP/1.1" 200 193364
66.249.66.22 - - [16/Jul/2024:07:25:17 -0500] "GET /BLA/resoluciones/AUTOS%202008/1454.pdf HTTP/1.1" 200 101707
66.249.66.23 - - [16/Jul/2024:07:25:17 -0500] "GET /BLA/resoluciones/AUTOS%202008/0505.pdf HTTP/1.1" 200 67861
66.249.66.1 - - [16/Jul/2024:07:25:17 -0500] "GET /BLA/resoluciones/AUTOS%202008/1131.pdf HTTP/1.1" 200 67374
66.249.66.23 - - [16/Jul/2024:07:25:18 -0500] "GET /BLA/resoluciones/RESOLUCIONES%202007/RES%202007%201501%20AL%201600/RESOLUCION%201554%20DE%202007.pdf HTTP/1.1" 200 814708
66.249.66.1 - - [16/Jul/2024:07:25:18 -0500] "GET /BLA/resoluciones/AUTOS%202008/1082.pdf HTTP/1.1" 200 318942
66.249.66.22 - - [16/Jul/2024:07:25:19 -0500] "GET /BLA/resoluciones/AUTOS%202008/1994.pdf HTTP/1.1" 200 83035
66.249.66.1 - - [16/Jul/2024:07:25:19 -0500] "GET /BLA/resoluciones/AUTOS%202008/2533.pdf HTTP/1.1" 200 97496
66.249.66.1 - - [16/Jul/2024:07:25:20 -0500] "GET /BLA/resoluciones/AUTOS%202008/1787.pdf HTTP/1.1" 200 201062
66.249.66.1 - - [16/Jul/2024:07:25:20 -0500] "GET /BLA/resoluciones/AUTOS%202008/1915.pdf HTTP/1.1" 200 93442
66.249.66.22 - - [16/Jul/2024:07:25:21 -0500] "GET /BLA/resoluciones/AUTOS%202008/0821.pdf HTTP/1.1" 200 97988
66.249.66.20 - - [16/Jul/2024:07:25:21 -0500] "GET /BLA/resoluciones/AUTOS%202008/2339.pdf HTTP/1.1" 200 122398
66.249.66.23 - - [16/Jul/2024:07:25:22 -0500] "GET /BLA/resoluciones/AUTOS%202008/3191.pdf HTTP/1.1" 200 222714
66.249.66.23 - - [16/Jul/2024:07:25:22 -0500] "GET /BLA/resoluciones/AUTOS%202008/0019.pdf HTTP/1.1" 200 123503
66.249.66.19 - - [16/Jul/2024:07:25:23 -0500] "GET /BLA/resoluciones/AUTOS%202008/0855.pdf HTTP/1.1" 200 80478
66.249.66.21 - - [16/Jul/2024:07:25:23 -0500] "GET /BLA/resoluciones/AUTOS%202008/2558.pdf HTTP/1.1" 200 270582
66.249.66.20 - - [16/Jul/2024:07:25:23 -0500] "GET /BLA/resoluciones/AUTOS%202008/0878.pdf HTTP/1.1" 200 120134
66.249.66.20 - - [16/Jul/2024:07:25:24 -0500] "GET /BLA/resoluciones/RESOLUCIONES%202007/RES%202007%20701%20AL%20800/RESOLUCION%200729%20DE%202007.pdf HTTP/1.1" 200 241203
66.249.66.20 - - [16/Jul/2024:07:25:24 -0500] "GET /BLA/resoluciones/AUTOS%202008/0006.pdf HTTP/1.1" 200 97301
66.249.66.23 - - [16/Jul/2024:07:25:25 -0500] "GET /BLA/resoluciones/AUTOS%202008/1640.pdf HTTP/1.1" 200 62668
66.249.66.20 - - [16/Jul/2024:07:25:25 -0500] "GET /BLA/resoluciones/AUTOS%202008/1188.pdf HTTP/1.1" 200 423855
66.249.66.23 - - [16/Jul/2024:07:25:26 -0500] "GET /BLA/resoluciones/AUTOS%202008/0659.pdf HTTP/1.1" 200 172671
66.249.66.20 - - [16/Jul/2024:07:25:26 -0500] "GET /BLA/resoluciones/RESOLUCIONES%202007/RES%202007%20501%20AL%20600/RESOLUCION%200574%20DE%202007.pdf HTTP/1.1" 200 510389
66.249.66.20 - - [16/Jul/2024:07:25:27 -0500] "GET /BLA/resoluciones/AUTOS%202008/0241.pdf HTTP/1.1" 200 104508
66.249.66.21 - - [16/Jul/2024:07:25:27 -0500] "GET /BLA/resoluciones/AUTOS%202008/2625.pdf HTTP/1.1" 200 115621
66.249.66.19 - - [16/Jul/2024:07:25:27 -0500] "GET /BLA/resoluciones/RESOLUCIONES%202007/RES%202007%203701%20AL%203800/RESOLUCION%203705%20DE%202007.pdf HTTP/1.1" 200 267175
66.249.66.20 - - [16/Jul/2024:07:25:28 -0500] "GET /BLA/resoluciones/AUTOS%202008/0303.pdf HTTP/1.1" 200 99578
66.249.66.22 - - [16/Jul/2024:07:25:28 -0500] "GET /BLA/resoluciones/AUTOS%202008/3025.pdf HTTP/1.1" 200 82405
66.249.66.21 - - [16/Jul/2024:07:25:29 -0500] "GET /BLA/resoluciones/AUTOS%202008/1827.pdf HTTP/1.1" 200 191079
66.249.66.23 - - [16/Jul/2024:07:25:29 -0500] "GET /BLA/resoluciones/AUTOS%202008/0447.pdf HTTP/1.1" 200 619073
66.249.66.19 - - [16/Jul/2024:07:25:30 -0500] "GET /BLA/resoluciones/AUTOS%202008/1583.pdf HTTP/1.1" 200 82810
66.249.66.20 - - [16/Jul/2024:07:25:30 -0500] "GET /BLA/resoluciones/RESOLUCIONES%202007/RES%202007%20101%20AL%20200/RESOLUCION%200135%20DE%202007.pdf HTTP/1.1" 200 347906
66.249.66.19 - - [16/Jul/2024:07:25:31 -0500] "GET /BLA/resoluciones/RESOLUCIONES%202007/RES%202007%201501%20AL%201600/RESOLUCION%201573%20DE%202007.pdf HTTP/1.1" 200 744004
66.249.66.20 - - [16/Jul/2024:07:25:31 -0500] "GET /BLA/resoluciones/AUTOS%202008/3420.pdf HTTP/1.1" 200 58131
66.249.66.20 - - [16/Jul/2024:07:25:32 -0500] "GET /BLA/resoluciones/AUTOS%202008/2487.pdf HTTP/1.1" 200 134936
66.249.66.1 - - [16/Jul/2024:07:25:32 -0500] "GET /BLA/resoluciones/AUTOS%202008/1597.pdf HTTP/1.1" 200 287935
66.249.66.2 - - [16/Jul/2024:07:25:33 -0500] "GET /BLA/resoluciones/AUTOS%202008/2434.pdf HTTP/1.1" 200 98238
66.249.66.20 - - [16/Jul/2024:07:25:33 -0500] "GET /BLA/resoluciones/AUTOS%202008/0805.pdf HTTP/1.1" 200 83909
66.249.66.21 - - [16/Jul/2024:07:25:33 -0500] "GET /BLA/resoluciones/AUTOS%202008/1134.pdf HTTP/1.1" 200 60523
66.249.66.19 - - [16/Jul/2024:07:25:34 -0500] "GET /BLA/resoluciones/AUTOS%202008/3347.pdf HTTP/1.1" 200 94998
66.249.66.23 - - [16/Jul/2024:07:25:34 -0500] "GET /BLA/resoluciones/AUTOS%202008/3176.pdf HTTP/1.1" 200 197883
66.249.66.1 - - [16/Jul/2024:07:25:35 -0500] "GET /BLA/resoluciones/AUTOS%202008/0849.pdf HTTP/1.1" 200 94696
66.249.66.1 - - [16/Jul/2024:07:25:35 -0500] "GET /BLA/resoluciones/AUTOS%202008/0230.pdf HTTP/1.1" 200 160846
66.249.66.23 - - [16/Jul/2024:07:25:36 -0500] "GET /BLA/resoluciones/AUTOS%202008/3454.pdf HTTP/1.1" 200 94604
66.249.66.22 - - [16/Jul/2024:07:25:36 -0500] "GET /BLA/resoluciones/RESOLUCIONES%202007/RES%202007%20701%20AL%20800/RESOLUCION%200792%20DE%202007.pdf HTTP/1.1" 200 163177
66.249.66.3 - - [16/Jul/2024:07:25:37 -0500] "GET /BLA/resoluciones/AUTOS%202008/2423.pdf HTTP/1.1" 200 101743
66.249.66.23 - - [16/Jul/2024:07:25:37 -0500] "GET /BLA/resoluciones/RESOLUCIONES%202007/RES%202007%201726%20AL%201800/RESOLUCION%201745%20DE%202007.pdf HTTP/1.1" 200 657860
66.249.66.19 - - [16/Jul/2024:07:25:37 -0500] "GET /BLA/resoluciones/AUTOS%202008/0509.pdf HTTP/1.1" 200 111470
66.249.66.19 - - [16/Jul/2024:07:25:38 -0500] "GET /BLA/resoluciones/AUTOS%202008/1497.pdf HTTP/1.1" 200 302840
66.249.66.23 - - [16/Jul/2024:07:25:38 -0500] "GET /BLA/resoluciones/AUTOS%202008/1159.pdf HTTP/1.1" 200 145873
66.249.66.23 - - [16/Jul/2024:07:25:39 -0500] "GET /BLA/resoluciones/RESOLUCIONES%202007/RES%202007%20701%20AL%20800/RESOLUCION%200768%20DE%202007.pdf HTTP/1.1" 200 182492
66.249.66.3 - - [16/Jul/2024:07:25:39 -0500] "GET /BLA/resoluciones/AUTOS%202020/4293.pdf HTTP/1.1" 200 436156
66.249.66.19 - - [16/Jul/2024:07:25:40 -0500] "GET /BLA/resoluciones/AUTOS%202008/2967.pdf HTTP/1.1" 200 88629
