201.245.192.253 - - [16/Jul/2024:03:52:56 -0500] "GET /kwsrmcab/Wsrmcab?wsdl HTTP/1.1" 200 6948
201.245.192.253 - - [16/Jul/2024:03:51:25 -0500] "POST /kwsrmcab/Wsrmcab  HTTP/1.1" 200 213
66.249.66.19 - - [16/Jul/2024:03:53:06 -0500] "GET /BLA/resoluciones/RESOLUCIONES%202023/1045.pdf HTTP/1.1" 200 327752
66.249.66.19 - - [16/Jul/2024:03:53:19 -0500] "GET /BLA/resoluciones/RESOLUCIONES%202023/2462.pdf HTTP/1.1" 200 510251
66.249.66.19 - - [16/Jul/2024:03:53:21 -0500] "GET /BLA/resoluciones/RESOLUCIONES%202023/2842.pdf HTTP/1.1" 200 13709029
172.22.2.4 - - [16/Jul/2024:03:53:22 -0500] "GET /BLA/boletinlegal/Circulares/2023/CIRCULAR%20No.%2000005%20DEL%2013%20DE%20JUNIO%20DEL%202023.pdf HTTP/1.1" 200 3638854
66.249.66.19 - - [16/Jul/2024:03:53:28 -0500] "GET /BLA/resoluciones/RESOLUCIONES%202023/1274.pdf HTTP/1.1" 200 453592
69.171.249.114 - - [16/Jul/2024:03:53:38 -0500] "GET /bogota-se-alista-para-la-feria-de-emprendimiento-verde.html HTTP/1.1" 200 862
69.171.249.114 - - [16/Jul/2024:03:53:38 -0500] "GET /del-22-al-26-de-noviembre-se-realizara-la-semana-ecoempresarial-en-bogota.html HTTP/1.1" 200 860
69.171.249.3 - - [16/Jul/2024:03:53:38 -0500] "GET /del-22-al-26-de-noviembre-se-realizara-la-semana-ecoempresarial-en-bogota.html HTTP/1.1" 200 860
69.171.249.4 - - [16/Jul/2024:03:53:38 -0500] "GET /negocios-verdes-verificados-por-la-secretaria-de-ambiente-participaran-en-bioexpo-2021.html HTTP/1.1" 200 978
69.171.249.3 - - [16/Jul/2024:03:53:38 -0500] "GET /bogota-se-alista-para-la-feria-de-emprendimiento-verde.html HTTP/1.1" 200 862
69.171.249.9 - - [16/Jul/2024:03:53:38 -0500] "GET /negocios-verdes-verificados-por-la-secretaria-de-ambiente-participaran-en-bioexpo-2021.html HTTP/1.1" 200 978
66.240.236.109 - - [16/Jul/2024:03:53:49 -0500] "GET / HTTP/1.1" 200 319
201.245.192.253 - - [16/Jul/2024:03:53:56 -0500] "GET /kwsrmcab/Wsrmcab?wsdl HTTP/1.1" 200 6948
66.249.66.22 - - [16/Jul/2024:03:54:29 -0500] "GET /BLA/resoluciones/RESOLUCIONES%202023/0372.pdf HTTP/1.1" 200 352732
66.249.66.20 - - [16/Jul/2024:03:54:29 -0500] "GET /BLA/resoluciones/AUTOS%202008/2656.pdf HTTP/1.1" 304 -
66.249.66.21 - - [16/Jul/2024:03:54:36 -0500] "GET /BLA/resoluciones/RESOLUCIONES%202023/00841.pdf HTTP/1.1" 200 367058
201.245.192.253 - - [16/Jul/2024:03:54:56 -0500] "GET /kwsrmcab/Wsrmcab?wsdl HTTP/1.1" 200 6948
66.249.66.19 - - [16/Jul/2024:03:54:58 -0500] "GET /BLA/resoluciones/RESOLUCIONES%202023/1209.pdf HTTP/1.1" 200 389830
66.249.66.19 - - [16/Jul/2024:03:54:59 -0500] "GET /BLA/resoluciones/AUTOS%202008/0566.pdf HTTP/1.1" 200 92739
66.249.66.22 - - [16/Jul/2024:03:54:59 -0500] "GET /BLA/resoluciones/AUTOS%202008/0727.pdf HTTP/1.1" 200 77063
66.249.66.19 - - [16/Jul/2024:03:54:59 -0500] "GET /BLA/resoluciones/RESOLUCIONES%202007/RES%202007%20901%20AL%201000/RESOLUCION%200972%20DE%202007.pdf HTTP/1.1" 200 230111
66.249.66.22 - - [16/Jul/2024:03:55:00 -0500] "GET /BLA/resoluciones/AUTOS%202008/0323.pdf HTTP/1.1" 200 103605
66.249.66.22 - - [16/Jul/2024:03:55:00 -0500] "GET /BLA/resoluciones/AUTOS%202008/3388.pdf HTTP/1.1" 200 100842
66.249.66.19 - - [16/Jul/2024:03:55:01 -0500] "GET /BLA/resoluciones/AUTOS%202008/1905.pdf HTTP/1.1" 200 64241
66.249.66.22 - - [16/Jul/2024:03:55:01 -0500] "GET /BLA/resoluciones/AUTOS%202008/2882.pdf HTTP/1.1" 200 263626
66.249.66.23 - - [16/Jul/2024:03:55:02 -0500] "GET /BLA/resoluciones/AUTOS%202008/2476.pdf HTTP/1.1" 200 207529
66.249.66.21 - - [16/Jul/2024:03:55:02 -0500] "GET /BLA/resoluciones/RESOLUCIONES%202007/RES%202007%201726%20AL%201800/RESOLUCION%201778%20DE%202007.pdf HTTP/1.1" 200 984979
66.249.66.20 - - [16/Jul/2024:03:55:03 -0500] "GET /BLA/resoluciones/AUTOS%202008/1975.pdf HTTP/1.1" 200 96466
66.249.66.20 - - [16/Jul/2024:03:55:03 -0500] "GET /BLA/resoluciones/AUTOS%202008/1955.pdf HTTP/1.1" 200 94747
66.249.66.20 - - [16/Jul/2024:03:55:04 -0500] "GET /BLA/resoluciones/RESOLUCIONES%202023/1019.pdf HTTP/1.1" 200 2704098
66.249.66.19 - - [16/Jul/2024:03:55:04 -0500] "GET /BLA/resoluciones/RESOLUCIONES%202007/RES%202007%203401%20AL%203500/RESOLUCION%203484%20DE%202007.pdf HTTP/1.1" 200 820548
66.249.66.20 - - [16/Jul/2024:03:55:05 -0500] "GET /BLA/resoluciones/AUTOS%202008/2430.pdf HTTP/1.1" 200 266784
66.249.66.21 - - [16/Jul/2024:03:55:05 -0500] "GET /BLA/resoluciones/AUTOS%202020/2979.pdf HTTP/1.1" 200 382575
66.249.66.20 - - [16/Jul/2024:03:55:05 -0500] "GET /BLA/resoluciones/RESOLUCIONES%202007/RES%202007%203701%20AL%203800/RESOLUCION%203752%20DE%202007.pdf HTTP/1.1" 200 1136304
66.249.66.21 - - [16/Jul/2024:03:55:06 -0500] "GET /BLA/resoluciones/RESOLUCIONES%202007/RES%202007%201726%20AL%201800/RESOLUCION%201792%20DE%202007.pdf HTTP/1.1" 200 1042799
66.249.66.22 - - [16/Jul/2024:03:55:06 -0500] "GET /BLA/resoluciones/RESOLUCIONES%202007/RES%202007%203401%20AL%203500/RESOLUCION%203462%20%20DE%202007.pdf HTTP/1.1" 200 331625
66.249.66.22 - - [16/Jul/2024:03:55:07 -0500] "GET /BLA/resoluciones/AUTOS%202008/0935.pdf HTTP/1.1" 200 271426
66.249.66.19 - - [16/Jul/2024:03:55:07 -0500] "GET /BLA/resoluciones/AUTOS%202008/0382.pdf HTTP/1.1" 200 63424
66.249.66.21 - - [16/Jul/2024:03:55:08 -0500] "GET /BLA/resoluciones/AUTOS%202008/1666.pdf HTTP/1.1" 200 146908
66.249.66.1 - - [16/Jul/2024:03:55:08 -0500] "GET /BLA/resoluciones/AUTOS%202008/1374.pdf HTTP/1.1" 200 75769
66.249.66.20 - - [16/Jul/2024:03:55:09 -0500] "GET /BLA/resoluciones/RESOLUCIONES%202007/RES%202007%203701%20AL%203800/RESOLUCION%203768%20DE%202007.pdf HTTP/1.1" 200 28277
66.249.66.19 - - [16/Jul/2024:03:55:09 -0500] "GET /BLA/resoluciones/AUTOS%202008/3150.pdf HTTP/1.1" 200 416225
66.249.66.23 - - [16/Jul/2024:03:55:10 -0500] "GET /BLA/resoluciones/AUTOS%202008/3322.pdf HTTP/1.1" 200 59063
66.249.66.2 - - [16/Jul/2024:03:55:10 -0500] "GET /BLA/resoluciones/RESOLUCIONES%202007/RES%202007%20701%20AL%20800/RESOLUCION%200793%20DE%202007.pdf HTTP/1.1" 200 139010
66.249.66.23 - - [16/Jul/2024:03:55:10 -0500] "GET /BLA/resoluciones/RESOLUCIONES%202007/RES%202007%201501%20AL%201600/RESOLUCION%201562%20DE%202007.pdf HTTP/1.1" 200 221241
66.249.66.23 - - [16/Jul/2024:03:55:11 -0500] "GET /BLA/resoluciones/RESOLUCIONES%202007/RES%202007%203701%20AL%203800/RESOLUCION%203701%20DE%202007.pdf HTTP/1.1" 200 585358
66.249.66.22 - - [16/Jul/2024:03:55:11 -0500] "GET /BLA/resoluciones/RESOLUCIONES%202007/RES%202007%20701%20AL%20800/RESOLUCION%200701%20DE%202007.pdf HTTP/1.1" 200 754774
66.249.66.21 - - [16/Jul/2024:03:55:12 -0500] "GET /BLA/resoluciones/RESOLUCIONES%202007/RES%202007%201501%20AL%201600/RESOLUCION%201571%20DE%202007.pdf HTTP/1.1" 200 419005
66.249.66.21 - - [16/Jul/2024:03:55:12 -0500] "GET /BLA/resoluciones/AUTOS%202008/2616.pdf HTTP/1.1" 200 67492
66.249.66.20 - - [16/Jul/2024:03:55:13 -0500] "GET /BLA/resoluciones/RESOLUCIONES%202007/RES%202007%203701%20AL%203800/RESOLUCION%203773%20DE%202007.pdf HTTP/1.1" 200 28468
66.249.66.19 - - [16/Jul/2024:03:55:13 -0500] "GET /BLA/resoluciones/AUTOS%202008/1589.pdf HTTP/1.1" 200 133806
66.249.66.19 - - [16/Jul/2024:03:55:14 -0500] "GET /BLA/resoluciones/AUTOS%202008/1105.pdf HTTP/1.1" 200 46456
66.249.66.21 - - [16/Jul/2024:03:55:14 -0500] "GET /BLA/resoluciones/AUTOS%202008/2273.pdf HTTP/1.1" 200 177568
66.249.66.20 - - [16/Jul/2024:03:55:15 -0500] "GET /BLA/resoluciones/AUTOS%202008/0642.pdf HTTP/1.1" 200 87045
66.249.66.21 - - [16/Jul/2024:03:55:15 -0500] "GET /BLA/resoluciones/AUTOS%202008/0968.pdf HTTP/1.1" 200 86147
66.249.66.22 - - [16/Jul/2024:03:55:15 -0500] "GET /BLA/resoluciones/AUTOS%202008/1365.pdf HTTP/1.1" 200 69533
66.249.66.20 - - [16/Jul/2024:03:55:16 -0500] "GET /BLA/resoluciones/AUTOS%202008/0338.pdf HTTP/1.1" 200 142586
66.249.66.21 - - [16/Jul/2024:03:55:17 -0500] "GET /BLA/resoluciones/RESOLUCIONES%202023/1069.pdf HTTP/1.1" 200 458517
66.249.66.21 - - [16/Jul/2024:03:55:50 -0500] "GET /BLA/resoluciones/RESOLUCIONES%202023/1601.pdf HTTP/1.1" 200 394251
201.245.192.253 - - [16/Jul/2024:03:55:56 -0500] "GET /kwsrmcab/Wsrmcab?wsdl HTTP/1.1" 200 6948
172.22.2.4 - - [16/Jul/2024:03:54:20 -0500] "HEAD /BLA/boletinlegal/ HTTP/1.1" 200 -
66.249.66.19 - - [16/Jul/2024:03:56:10 -0500] "GET /BLA/resoluciones/RESOLUCIONES%202023/1525.pdf HTTP/1.1" 200 395373
66.249.66.20 - - [16/Jul/2024:03:56:20 -0500] "GET /BLA/resoluciones/RESOLUCIONES%202023/2663.pdf HTTP/1.1" 200 477318
201.245.192.253 - - [16/Jul/2024:03:56:23 -0500] "POST /kwsrmcab/Wsrmcab  HTTP/1.1" 200 213
66.249.66.20 - - [16/Jul/2024:03:56:23 -0500] "GET /BLA/resoluciones/RESOLUCIONES%202023/1831.pdf HTTP/1.1" 200 482175
66.249.66.19 - - [16/Jul/2024:03:56:36 -0500] "GET /BLA/resoluciones/RESOLUCIONES%202023/00665.pdf HTTP/1.1" 200 494600
172.22.2.4 - - [16/Jul/2024:03:55:11 -0500] "GET /BLA/boletinlegal/ HTTP/1.1" 200 52783
66.249.66.19 - - [16/Jul/2024:03:56:51 -0500] "GET /BLA/resoluciones/RESOLUCIONES%202023/02362.pdf HTTP/1.1" 200 421241
201.245.192.253 - - [16/Jul/2024:03:56:56 -0500] "GET /kwsrmcab/Wsrmcab?wsdl HTTP/1.1" 200 6948
216.245.221.92 - - [16/Jul/2024:03:57:01 -0500] "HEAD / HTTP/1.1" 200 -
66.249.66.19 - - [16/Jul/2024:03:57:02 -0500] "GET /BLA/resoluciones/RESOLUCIONES%202023/1817.pdf HTTP/1.1" 200 486419
66.249.66.19 - - [16/Jul/2024:03:57:37 -0500] "GET /BLA/resoluciones/RESOLUCIONES%202023/0603.pdf HTTP/1.1" 200 394980
49.51.206.130 - - [16/Jul/2024:03:57:48 -0500] "GET / HTTP/1.1" 200 319
66.249.66.19 - - [16/Jul/2024:03:57:53 -0500] "GET /BLA/resoluciones/RESOLUCIONES%202023/1210.pdf HTTP/1.1" 200 389849
201.245.192.253 - - [16/Jul/2024:03:57:56 -0500] "GET /kwsrmcab/Wsrmcab?wsdl HTTP/1.1" 200 6948
66.249.66.19 - - [16/Jul/2024:03:58:05 -0500] "GET /BLA/resoluciones/AUTOS%202008/2395.pdf HTTP/1.1" 200 125004
66.249.66.21 - - [16/Jul/2024:03:58:21 -0500] "GET /BLA/resoluciones/RESOLUCIONES%202023/1841.pdf HTTP/1.1" 200 445152
66.249.66.20 - - [16/Jul/2024:03:58:34 -0500] "GET /BLA/resoluciones/RESOLUCIONES%202023/0428.pdf HTTP/1.1" 200 947622
66.249.66.19 - - [16/Jul/2024:03:58:39 -0500] "GET /BLA/resoluciones/RESOLUCIONES%202023/02645.pdf HTTP/1.1" 200 599030
66.249.66.19 - - [16/Jul/2024:03:58:47 -0500] "GET /BLA/resoluciones/RESOLUCIONES%202023/01699.pdf HTTP/1.1" 200 875222
201.245.192.253 - - [16/Jul/2024:03:58:56 -0500] "GET /kwsrmcab/Wsrmcab?wsdl HTTP/1.1" 200 6948
66.249.66.19 - - [16/Jul/2024:03:59:00 -0500] "GET /BLA/resoluciones/RESOLUCIONES%202023/1225.pdf HTTP/1.1" 200 544225
66.249.66.20 - - [16/Jul/2024:03:59:10 -0500] "GET /BLA/resoluciones/RESOLUCIONES%202023/1256.pdf HTTP/1.1" 200 387186
66.249.66.21 - - [16/Jul/2024:03:59:13 -0500] "GET /BLA/resoluciones/RESOLUCIONES%202023/1292.pdf HTTP/1.1" 200 10409493
66.249.66.19 - - [16/Jul/2024:03:59:27 -0500] "GET /BLA/resoluciones/RESOLUCIONES%202023/02779.pdf HTTP/1.1" 200 454143
66.249.66.20 - - [16/Jul/2024:03:59:40 -0500] "GET /BLA/resoluciones/RESOLUCIONES%202023/1585.pdf HTTP/1.1" 200 440907
66.249.66.19 - - [16/Jul/2024:03:59:53 -0500] "GET /BLA/resoluciones/RESOLUCIONES%202023/1832.pdf HTTP/1.1" 200 366696
201.245.192.253 - - [16/Jul/2024:03:59:56 -0500] "GET /kwsrmcab/Wsrmcab?wsdl HTTP/1.1" 200 6948
172.22.2.4 - - [16/Jul/2024:04:00:04 -0500] "GET /BLA/boletinlegal/Circulares/2010/Circular%2006%20de%208%20de%20septiembre%20de%202010.pdf HTTP/1.1" 200 4657752
66.249.66.21 - - [16/Jul/2024:04:00:05 -0500] "GET /BLA/resoluciones/RESOLUCIONES%202023/0475.pdf HTTP/1.1" 200 422129
66.249.66.3 - - [16/Jul/2024:04:00:06 -0500] "GET /BLA/resoluciones/RESOLUCIONES%202023/01300.pdf HTTP/1.1" 200 487797
172.22.2.4 - - [16/Jul/2024:04:00:06 -0500] "GET /BLA/boletinlegal/Circulares/2010/Circular%2006%20de%208%20de%20septiembre%20de%202010.pdf HTTP/1.1" 206 3493314
172.22.2.4 - - [16/Jul/2024:04:00:13 -0500] "GET /BLA/boletinlegal/Circulares/2010/Circular%2006%20de%208%20de%20septiembre%20de%202010.pdf HTTP/1.1" 206 1164438
172.22.2.4 - - [16/Jul/2024:04:00:13 -0500] "GET /BLA/boletinlegal/Circulares/2010/Circular%2006%20de%208%20de%20septiembre%20de%202010.pdf HTTP/1.1" 206 2328876
47.128.38.9 - - [16/Jul/2024:04:00:17 -0500] "GET /BLA/resoluciones/AUTOS%202021/0245.php?act=f&d=E%3A%5Cnuevo%5CphpMyAdmin2%5Clibraries%5Cproperties%5C&f=PropertyItem.class.php&ft=html&white=1 HTTP/1.1" 200 566
172.22.2.4 - - [16/Jul/2024:04:00:29 -0500] "GET /BLA/boletinlegal/Circulares/2024/CIRCULAR%20No.%2000001%20DEL%2011%20DE%20ENERO%20DEL%202024.pdf HTTP/1.1" 200 298890
66.249.66.23 - - [16/Jul/2024:04:00:31 -0500] "GET /BLA/resoluciones/RESOLUCIONES%202023/2399.pdf HTTP/1.1" 200 548154
47.128.96.113 - - [16/Jul/2024:04:00:37 -0500] "GET /BLA/resoluciones/AUTOS%202021/0245.php?act=f&c=1&f=fzs-2020-07-17.log HTTP/1.1" 200 2748
66.249.66.20 - - [16/Jul/2024:04:00:45 -0500] "GET /BLA/resoluciones/RESOLUCIONES%202023/0388.pdf HTTP/1.1" 200 360154
172.22.2.4 - - [16/Jul/2024:04:00:47 -0500] "GET /BLA/boletinlegal/Circulares/2010/Circular%2006%20de%208%20de%20septiembre%20de%202010.pdf HTTP/1.1" 206 2328876
172.22.2.4 - - [16/Jul/2024:04:00:47 -0500] "GET /BLA/boletinlegal/Circulares/2010/Circular%2006%20de%208%20de%20septiembre%20de%202010.pdf HTTP/1.1" 206 3493314
47.128.16.141 - - [16/Jul/2024:04:00:48 -0500] "GET /BLA/resoluciones/AUTOS%202021/0245.php?act=f&d=E%3A%5Cnuevo%5Chtdocs%5CResiduos%5Cimpresion%5Cimages%5C&f=page75.swf&ft=html&white=1 HTTP/1.1" 200 17995
201.245.192.253 - - [16/Jul/2024:04:00:56 -0500] "GET /kwsrmcab/Wsrmcab?wsdl HTTP/1.1" 200 6948
47.128.53.172 - - [16/Jul/2024:04:00:58 -0500] "GET /BLA/resoluciones/AUTOS%202021/0245.php?act=f&d=E%3A%5Cnuevo%5Chtdocs%5CBLA%5Cresoluciones%5CAUTOS+2021&f=0823.pdf&ft=info HTTP/1.1" 200 3846
172.22.2.4 - - [16/Jul/2024:04:00:58 -0500] "GET /BLA/boletinlegal/Circulares/2010/Circular%2006%20de%208%20de%20septiembre%20de%202010.pdf HTTP/1.1" 206 1164438
66.249.66.20 - - [16/Jul/2024:04:01:06 -0500] "GET /Publicaciones/2023EE222017.pdf HTTP/1.1" 404 228
47.128.59.193 - - [16/Jul/2024:04:01:07 -0500] "GET /BLA/resoluciones/AUTOS%202021/0245.php?act=f&c=1&f=fzs-2018-12-03.log HTTP/1.1" 200 2749
66.249.66.19 - - [16/Jul/2024:04:01:09 -0500] "GET /BLA/resoluciones/RESOLUCIONES%202023/1263.pdf HTTP/1.1" 200 5163227
47.128.44.92 - - [16/Jul/2024:04:01:17 -0500] "GET /BLA/resoluciones/AUTOS%202021/0245.php?act=ls&d=E%3A%5Cnuevo%5Chtdocs%5Creq%5Ccss&sort=3a HTTP/1.1" 200 3690
201.245.192.253 - - [16/Jul/2024:04:01:22 -0500] "POST /kwsrmcab/Wsrmcab  HTTP/1.1" 200 213
47.128.40.46 - - [16/Jul/2024:04:01:27 -0500] "GET /BLA/resoluciones/AUTOS%202021/0245.php?act=f&d=E%3A%5Cnuevo%5Chtdocs%5Ccumbreclima%5C&f=prueba.php&ft=html&white=1 HTTP/1.1" 200 166
66.249.66.22 - - [16/Jul/2024:04:01:33 -0500] "GET /BLA/resoluciones/RESOLUCIONES%202023/1437.pdf HTTP/1.1" 200 551551
66.249.66.19 - - [16/Jul/2024:04:01:36 -0500] "GET /BLA/resoluciones/RESOLUCIONES%202023/0407.pdf HTTP/1.1" 200 396700
47.128.57.23 - - [16/Jul/2024:04:01:37 -0500] "GET /BLA/resoluciones/AUTOS%202021/0245.php?act=f&c=1&f=fzs-2017-05-03.log HTTP/1.1" 200 2749
66.249.66.20 - - [16/Jul/2024:04:01:47 -0500] "GET /BLA/resoluciones/RESOLUCIONES%202023/0696.pdf HTTP/1.1" 200 507695
47.128.41.188 - - [16/Jul/2024:04:01:48 -0500] "GET /BLA/resoluciones/AUTOS%202021/0245.php?act=f&d=E%3A%5Cnuevo%5Chtdocs%5CBLA%5Cresoluciones%5CRESOLUCIONES+2006%5CRES+2006+1151-1200&f=00001168.tif&ft=info HTTP/1.1" 200 3729
172.22.2.4 - - [16/Jul/2024:04:00:10 -0500] "HEAD /BLA/boletinlegal/ HTTP/1.1" 200 -
201.245.192.253 - - [16/Jul/2024:04:01:56 -0500] "GET /kwsrmcab/Wsrmcab?wsdl HTTP/1.1" 200 6948
66.249.66.19 - - [16/Jul/2024:04:02:00 -0500] "GET /BLA/resoluciones/RESOLUCIONES%202023/1438.pdf HTTP/1.1" 200 326122
216.245.221.92 - - [16/Jul/2024:04:02:01 -0500] "HEAD / HTTP/1.1" 200 -
17.241.75.76 - - [16/Jul/2024:04:02:12 -0500] "GET /BLA/boletinlegal/Circulares/2023/CIRCULAR%20No.%2000005%20DEL%2013%20DE%20JUNIO%20DEL%202023.pdf HTTP/1.1" 200 3638854
66.249.66.21 - - [16/Jul/2024:04:02:20 -0500] "GET /BLA/resoluciones/RESOLUCIONES%202023/1383.pdf HTTP/1.1" 200 390622
66.249.66.19 - - [16/Jul/2024:04:02:25 -0500] "GET /BLA/resoluciones/RESOLUCIONES%202023/0224.pdf HTTP/1.1" 200 357621
172.22.2.4 - - [16/Jul/2024:04:01:00 -0500] "GET /BLA/boletinlegal/ HTTP/1.1" 200 57485
201.245.192.253 - - [16/Jul/2024:04:02:56 -0500] "GET /kwsrmcab/Wsrmcab?wsdl HTTP/1.1" 200 6948
66.249.66.19 - - [16/Jul/2024:04:03:08 -0500] "GET /BLA/resoluciones/RESOLUCIONES%202022/5016.pdf HTTP/1.1" 304 -
66.249.66.20 - - [16/Jul/2024:04:03:16 -0500] "GET /BLA/resoluciones/RESOLUCIONES%202023/1380.pdf HTTP/1.1" 200 386115
66.249.66.19 - - [16/Jul/2024:04:03:40 -0500] "GET /BLA/resoluciones/RESOLUCIONES%202023/1296.pdf HTTP/1.1" 200 680262
66.249.66.19 - - [16/Jul/2024:04:03:43 -0500] "GET /BLA/resoluciones/RESOLUCIONES%202023/2236.pdf HTTP/1.1" 200 391426
201.245.192.253 - - [16/Jul/2024:04:03:56 -0500] "GET /kwsrmcab/Wsrmcab?wsdl HTTP/1.1" 200 6948
66.249.66.19 - - [16/Jul/2024:04:03:56 -0500] "GET /BLA/resoluciones/RESOLUCIONES%202023/01710.pdf HTTP/1.1" 200 774582
66.249.66.19 - - [16/Jul/2024:04:04:19 -0500] "GET /BLA/resoluciones/RESOLUCIONES%202023/1157.pdf HTTP/1.1" 200 1301491
66.249.66.19 - - [16/Jul/2024:04:04:28 -0500] "GET /BLA/resoluciones/RESOLUCIONES%202023/03167.pdf HTTP/1.1" 200 429039
66.249.66.19 - - [16/Jul/2024:04:04:32 -0500] "GET /BLA/resoluciones/RESOLUCIONES%202023/1038.pdf HTTP/1.1" 200 498627
201.245.192.253 - - [16/Jul/2024:04:04:56 -0500] "GET /kwsrmcab/Wsrmcab?wsdl HTTP/1.1" 200 6948
66.249.66.20 - - [16/Jul/2024:04:05:00 -0500] "GET /BLA/resoluciones/RESOLUCIONES%202023/0982.pdf HTTP/1.1" 200 469983
66.249.66.19 - - [16/Jul/2024:04:05:16 -0500] "GET /BLA/resoluciones/RESOLUCIONES%202023/1744.pdf HTTP/1.1" 200 378836
216.244.66.195 - - [16/Jul/2024:04:05:45 -0500] "GET /BLA/resoluciones/AUTOS%202012/0011.pdf HTTP/1.1" 200 389254
66.249.66.19 - - [16/Jul/2024:04:05:48 -0500] "GET /BLA/resoluciones/RESOLUCIONES%202023/0731.pdf HTTP/1.1" 200 390150
216.244.66.195 - - [16/Jul/2024:04:05:51 -0500] "GET /BLA/resoluciones/AUTOS%202012/0283.pdf HTTP/1.1" 200 605828
201.245.192.253 - - [16/Jul/2024:04:05:56 -0500] "GET /kwsrmcab/Wsrmcab?wsdl HTTP/1.1" 200 6948
17.241.219.16 - - [16/Jul/2024:04:06:03 -0500] "GET /BLA/boletinlegal/Circulares/2012/Circular%20No.%203%20del%2023%20de%20Marzo%20de%202012.pdf HTTP/1.1" 200 572950
66.249.66.19 - - [16/Jul/2024:04:06:08 -0500] "GET /BLA/resoluciones/RESOLUCIONES%202023/03234.pdf HTTP/1.1" 200 975006
66.249.66.20 - - [16/Jul/2024:04:06:14 -0500] "GET /BLA/resoluciones/RESOLUCIONES%202023/1326.pdf HTTP/1.1" 200 525974
66.249.66.20 - - [16/Jul/2024:04:06:26 -0500] "GET /BLA/resoluciones/RESOLUCIONES%202023/02249.pdf HTTP/1.1" 200 477003
216.244.66.195 - - [16/Jul/2024:04:06:29 -0500] "GET /BLA/resoluciones/AUTOS%202012/0390.pdf HTTP/1.1" 200 232014
201.245.192.253 - - [16/Jul/2024:04:06:56 -0500] "GET /kwsrmcab/Wsrmcab?wsdl HTTP/1.1" 200 6948
216.244.66.195 - - [16/Jul/2024:04:07:00 -0500] "GET /BLA/resoluciones/AUTOS%202012/0441.pdf HTTP/1.1" 200 156527
216.245.221.92 - - [16/Jul/2024:04:07:01 -0500] "HEAD / HTTP/1.1" 200 -
66.249.66.19 - - [16/Jul/2024:04:07:04 -0500] "GET /BLA/resoluciones/RESOLUCIONES%202023/1062.pdf HTTP/1.1" 200 334451
66.249.66.19 - - [16/Jul/2024:04:07:24 -0500] "GET /BLA/resoluciones/RESOLUCIONES%202023/03146.pdf HTTP/1.1" 200 606922
216.244.66.195 - - [16/Jul/2024:04:07:31 -0500] "GET /BLA/resoluciones/AUTOS%202012/0796.pdf HTTP/1.1" 200 162363
80.82.78.39 - - [16/Jul/2024:04:07:32 -0500] "GET / HTTP/1.1" 200 319
80.82.78.39 - - [16/Jul/2024:04:07:35 -0500] "\x16\x03\x01" 400 226
172.22.2.4 - - [16/Jul/2024:04:06:00 -0500] "HEAD /BLA/boletinlegal/ HTTP/1.1" 200 -
52.167.144.219 - - [16/Jul/2024:04:07:40 -0500] "GET /BLA/resoluciones/RESOLUCIONES%202023/0142.pdf HTTP/1.1" 200 406761
47.128.29.118 - - [16/Jul/2024:04:07:47 -0500] "GET /BLA/resoluciones/AUTOS%202021/0245.php?act=f&c=1&f=fzs-2020-07-13.log HTTP/1.1" 200 2748
66.249.66.19 - - [16/Jul/2024:04:07:55 -0500] "GET /BLA/resoluciones/RESOLUCIONES%202023/01889.pdf HTTP/1.1" 200 393668
201.245.192.253 - - [16/Jul/2024:04:07:56 -0500] "GET /kwsrmcab/Wsrmcab?wsdl HTTP/1.1" 200 6948
47.128.123.110 - - [16/Jul/2024:04:07:57 -0500] "GET /BLA/resoluciones/AUTOS%202021/0245.php?act=f&d=E%3A%5Cnuevo%5Chtdocs%5Ccumbredelclima%5Cwp-includes%5Cjs%5C&f=media-editor.min.js&ft=html&white=1 HTTP/1.1" 200 3635
216.244.66.195 - - [16/Jul/2024:04:07:59 -0500] "GET /BLA/resoluciones/AUTOS%202012/0966.pdf HTTP/1.1" 200 379921
47.128.32.170 - - [16/Jul/2024:04:08:07 -0500] "GET /BLA/resoluciones/AUTOS%202021/0245.php?act=ls&d=E%3A%5Cnuevo%5Chtdocs%5CBLA%5Cresoluciones%5CRESOLUCIONES+2006%5CRES+2006+2651-2700%5C&sort=3a HTTP/1.1" 200 5910
47.128.44.67 - - [16/Jul/2024:04:08:17 -0500] "GET /BLA/resoluciones/AUTOS%202021/0245.php?act=f&d=E%3A%5Cnuevo%5Chtdocs%5CBLA%5Cresoluciones%5CAUTOS+2021&f=0824.pdf&ft=info HTTP/1.1" 200 3846
66.249.66.19 - - [16/Jul/2024:04:08:21 -0500] "GET /BLA/resoluciones/RESOLUCIONES%202023/1679.pdf HTTP/1.1" 200 489911
49.81.229.107 - - [16/Jul/2024:04:08:22 -0500] "GET / HTTP/1.1" 200 319
47.128.37.158 - - [16/Jul/2024:04:08:27 -0500] "GET /BLA/resoluciones/AUTOS%202021/0245.php?act=f&c=1&f=fzs-2018-12-22.log HTTP/1.1" 200 2748
216.244.66.195 - - [16/Jul/2024:04:08:27 -0500] "GET /BLA/resoluciones/AUTOS%202012/1051.pdf HTTP/1.1" 200 206723
201.245.192.253 - - [16/Jul/2024:04:06:20 -0500] "POST /kwsrmcab/Wsrmcab  HTTP/1.1" 200 213
172.22.2.4 - - [16/Jul/2024:04:06:50 -0500] "GET /BLA/boletinlegal/ HTTP/1.1" 200 55442
66.249.66.19 - - [16/Jul/2024:04:08:33 -0500] "GET /BLA/resoluciones/RESOLUCIONES%202023/2637.pdf HTTP/1.1" 200 526048
47.128.23.45 - - [16/Jul/2024:04:08:37 -0500] "GET /BLA/resoluciones/AUTOS%202021/0245.php?act=f&d=E%3A%5Cnuevo%5Chtdocs%5CBLA%5Cresoluciones%5CRESOLUCIONES+2006%5CRES+2006+901-950&f=00000930.tif HTTP/1.1" 200 17588
66.249.66.19 - - [16/Jul/2024:04:08:46 -0500] "GET /BLA/resoluciones/RESOLUCIONES%202023/0507.pdf HTTP/1.1" 200 381089
47.128.63.90 - - [16/Jul/2024:04:08:47 -0500] "GET /BLA/resoluciones/AUTOS%202021/0245.php?act=f&c=1&f=fzs-2020-03-24.log HTTP/1.1" 200 2748
201.245.192.253 - - [16/Jul/2024:04:08:56 -0500] "GET /kwsrmcab/Wsrmcab?wsdl HTTP/1.1" 200 6948
47.128.120.215 - - [16/Jul/2024:04:08:57 -0500] "GET /BLA/resoluciones/AUTOS%202021/0245.php?act=f&c=1&f=7159.pdf HTTP/1.1" 200 2739
216.244.66.195 - - [16/Jul/2024:04:08:58 -0500] "GET /BLA/resoluciones/AUTOS%202012/1162.pdf HTTP/1.1" 200 261141
66.249.66.19 - - [16/Jul/2024:04:08:59 -0500] "GET /BLA/resoluciones/RESOLUCIONES%202023/1454.pdf HTTP/1.1" 200 462668
47.128.19.112 - - [16/Jul/2024:04:09:07 -0500] "GET /BLA/resoluciones/AUTOS%202021/0245.php?act=f&d=E%3A%5Cnuevo%5Chtdocs%5CBLA%5Cresoluciones%5CAUTOS+2021&f=0286.pdf&ft=info HTTP/1.1" 200 3845
66.249.66.19 - - [16/Jul/2024:04:09:11 -0500] "GET /BLA/resoluciones/RESOLUCIONES%202023/1792.pdf HTTP/1.1" 200 747917
66.249.66.20 - - [16/Jul/2024:04:09:24 -0500] "GET /BLA/resoluciones/RESOLUCIONES%202023/0215.pdf HTTP/1.1" 200 534788
216.244.66.195 - - [16/Jul/2024:04:09:26 -0500] "GET /BLA/resoluciones/AUTOS%202012/1163.pdf HTTP/1.1" 200 321037
66.249.66.21 - - [16/Jul/2024:04:09:50 -0500] "GET /BLA/resoluciones/RESOLUCIONES%202023/01667.pdf HTTP/1.1" 200 498183
47.128.117.152 - - [16/Jul/2024:04:00:28 -0500] "GET /BLA/resoluciones/AUTOS%202021/0245.php?act=f&d=E%3A%5Cnuevo%5Chtdocs%5Cvideos%5C&f=NuestraGente_Secretario.flv&ft=info&fullhexdump=1 HTTP/1.1" 200 10742
201.245.192.253 - - [16/Jul/2024:04:09:56 -0500] "GET /kwsrmcab/Wsrmcab?wsdl HTTP/1.1" 200 6948
66.249.66.22 - - [16/Jul/2024:04:10:02 -0500] "GET /BLA/resoluciones/RESOLUCIONES%202023/02874.pdf HTTP/1.1" 200 7793368
216.244.66.195 - - [16/Jul/2024:04:10:06 -0500] "GET /BLA/resoluciones/AUTOS%202012/1301.pdf HTTP/1.1" 200 189756
66.249.66.23 - - [16/Jul/2024:04:10:36 -0500] "GET /BLA/resoluciones/RESOLUCIONES%202023/0532.pdf HTTP/1.1" 200 424200
216.244.66.195 - - [16/Jul/2024:04:10:38 -0500] "GET /BLA/resoluciones/AUTOS%202012/1306.pdf HTTP/1.1" 200 191163
201.245.192.253 - - [16/Jul/2024:04:10:56 -0500] "GET /kwsrmcab/Wsrmcab?wsdl HTTP/1.1" 200 6948
216.244.66.195 - - [16/Jul/2024:04:11:09 -0500] "GET /BLA/resoluciones/AUTOS%202012/1403.pdf HTTP/1.1" 200 243033
201.245.192.253 - - [16/Jul/2024:04:11:18 -0500] "POST /kwsrmcab/Wsrmcab  HTTP/1.1" 200 213
66.249.66.19 - - [16/Jul/2024:04:11:40 -0500] "GET /BLA/resoluciones/RESOLUCIONES%202023/02696.pdf HTTP/1.1" 200 394309
216.244.66.195 - - [16/Jul/2024:04:11:40 -0500] "GET /BLA/resoluciones/AUTOS%202012/1517.pdf HTTP/1.1" 200 664656
201.245.192.253 - - [16/Jul/2024:04:11:56 -0500] "GET /kwsrmcab/Wsrmcab?wsdl HTTP/1.1" 200 6948
66.249.66.22 - - [16/Jul/2024:04:11:57 -0500] "GET /BLA/resoluciones/RESOLUCIONES%202023/1542.pdf HTTP/1.1" 200 381515
216.245.221.92 - - [16/Jul/2024:04:12:01 -0500] "HEAD / HTTP/1.1" 200 -
216.244.66.195 - - [16/Jul/2024:04:12:26 -0500] "GET /BLA/resoluciones/AUTOS%202012/1575.pdf HTTP/1.1" 200 411568
66.249.66.21 - - [16/Jul/2024:04:12:35 -0500] "GET /BLA/resoluciones/RESOLUCIONES%202023/1688.pdf HTTP/1.1" 200 622144
66.249.66.21 - - [16/Jul/2024:04:12:43 -0500] "GET /BLA/resoluciones/RESOLUCIONES%202023/0324.pdf HTTP/1.1" 200 816341
201.245.192.253 - - [16/Jul/2024:04:12:56 -0500] "GET /kwsrmcab/Wsrmcab?wsdl HTTP/1.1" 200 6948
216.244.66.195 - - [16/Jul/2024:04:13:00 -0500] "GET /BLA/resoluciones/AUTOS%202012/2040.pdf HTTP/1.1" 200 629956
172.22.2.4 - - [16/Jul/2024:04:11:50 -0500] "HEAD /BLA/boletinlegal/ HTTP/1.1" 200 -
216.244.66.195 - - [16/Jul/2024:04:13:41 -0500] "GET /BLA/resoluciones/AUTOS%202012/2551.pdf HTTP/1.1" 200 229978
66.249.66.19 - - [16/Jul/2024:04:13:47 -0500] "GET /BLA/resoluciones/RESOLUCIONES%202023/0535.pdf HTTP/1.1" 200 396924
66.249.66.20 - - [16/Jul/2024:04:13:51 -0500] "GET /BLA/resoluciones/RESOLUCIONES%202023/1739.pdf HTTP/1.1" 200 450673
201.245.192.253 - - [16/Jul/2024:04:13:56 -0500] "GET /kwsrmcab/Wsrmcab?wsdl HTTP/1.1" 200 6948
66.249.66.19 - - [16/Jul/2024:04:14:04 -0500] "GET /BLA/resoluciones/RESOLUCIONES%202023/02401.pdf HTTP/1.1" 200 551172
216.244.66.195 - - [16/Jul/2024:04:14:15 -0500] "GET /BLA/resoluciones/AUTOS%202012/2897.pdf HTTP/1.1" 200 1409986
172.22.2.4 - - [16/Jul/2024:04:12:40 -0500] "GET /BLA/boletinlegal/ HTTP/1.1" 200 51561
52.167.144.140 - - [16/Jul/2024:04:14:45 -0500] "GET /BLA/resoluciones/AUTOS%202023/1710.pdf HTTP/1.1" 304 -
201.245.192.253 - - [16/Jul/2024:04:14:56 -0500] "GET /kwsrmcab/Wsrmcab?wsdl HTTP/1.1" 200 6948
216.244.66.195 - - [16/Jul/2024:04:15:05 -0500] "GET /BLA/resoluciones/AUTOS%202012/2932.pdf HTTP/1.1" 200 378388
66.249.66.19 - - [16/Jul/2024:04:15:07 -0500] "GET /BLA/resoluciones/RESOLUCIONES%202023/00296.pdf HTTP/1.1" 200 444341
66.249.66.19 - - [16/Jul/2024:04:15:39 -0500] "GET /BLA/resoluciones/RESOLUCIONES%202023/02835.pdf HTTP/1.1" 200 423151
216.244.66.195 - - [16/Jul/2024:04:15:41 -0500] "GET /BLA/resoluciones/AUTOS%202013/0912.pdf HTTP/1.1" 200 985915
66.249.66.19 - - [16/Jul/2024:04:15:43 -0500] "GET /BLA/resoluciones/RESOLUCIONES%202023/0628.pdf HTTP/1.1" 200 379364
66.249.66.19 - - [16/Jul/2024:04:15:55 -0500] "GET /BLA/resoluciones/RESOLUCIONES%202023/01768.pdf HTTP/1.1" 200 414936
201.245.192.253 - - [16/Jul/2024:04:15:56 -0500] "GET /kwsrmcab/Wsrmcab?wsdl HTTP/1.1" 200 6948
66.249.66.19 - - [16/Jul/2024:04:15:58 -0500] "GET /BLA/resoluciones/RESOLUCIONES%202023/0503.pdf HTTP/1.1" 200 542615
66.249.66.19 - - [16/Jul/2024:04:16:11 -0500] "GET /BLA/resoluciones/RESOLUCIONES%202023/0506.pdf HTTP/1.1" 200 365690
201.245.192.253 - - [16/Jul/2024:04:16:17 -0500] "POST /kwsrmcab/Wsrmcab  HTTP/1.1" 200 213
172.22.2.4 - - [16/Jul/2024:04:16:23 -0500] "GET /BLA/boletinlegal/Directivas/2017/Directiva%20No.%2001%20del%2017%20de%20Enero%20de%202017.pdf HTTP/1.1" 200 2804310
66.249.66.19 - - [16/Jul/2024:04:16:24 -0500] "GET /BLA/resoluciones/RESOLUCIONES%202023/03032.pdf HTTP/1.1" 200 597547
216.244.66.195 - - [16/Jul/2024:04:16:27 -0500] "GET /BLA/resoluciones/AUTOS%202013/1080.pdf HTTP/1.1" 200 585061
172.22.2.4 - - [16/Jul/2024:04:16:31 -0500] "GET /BLA/boletinlegal/actos.php HTTP/1.1" 200 9738
66.249.66.19 - - [16/Jul/2024:04:16:44 -0500] "GET /BLA/resoluciones/RESOLUCIONES%202023/1045.pdf HTTP/1.1" 200 327752
201.245.192.253 - - [16/Jul/2024:04:16:56 -0500] "GET /kwsrmcab/Wsrmcab?wsdl HTTP/1.1" 200 6948
216.244.66.195 - - [16/Jul/2024:04:17:00 -0500] "GET /BLA/resoluciones/AUTOS%202013/1136.pdf HTTP/1.1" 200 1027254
216.245.221.92 - - [16/Jul/2024:04:17:00 -0500] "HEAD / HTTP/1.1" 200 -
66.249.66.19 - - [16/Jul/2024:04:17:02 -0500] "GET /BLA/resoluciones/RESOLUCIONES%202023/0850.pdf HTTP/1.1" 200 422945
66.249.66.20 - - [16/Jul/2024:04:17:14 -0500] "GET /BLA/resoluciones/RESOLUCIONES%202023/01880.pdf HTTP/1.1" 200 556982
66.249.66.20 - - [16/Jul/2024:04:17:27 -0500] "GET /BLA/resoluciones/RESOLUCIONES%202023/0837.pdf HTTP/1.1" 200 352925
216.244.66.195 - - [16/Jul/2024:04:17:42 -0500] "GET /BLA/resoluciones/AUTOS%202015/3455.pdf HTTP/1.1" 200 541646
66.249.66.19 - - [16/Jul/2024:04:17:47 -0500] "GET /BLA/resoluciones/RESOLUCIONES%202023/03204.pdf HTTP/1.1" 200 1473160
201.245.192.253 - - [16/Jul/2024:04:17:56 -0500] "GET /kwsrmcab/Wsrmcab?wsdl HTTP/1.1" 200 6948
66.249.66.19 - - [16/Jul/2024:04:18:00 -0500] "GET /BLA/resoluciones/RESOLUCIONES%202004/RES%202004%202351-2401/00002372.tif HTTP/1.1" 200 152306
216.244.66.195 - - [16/Jul/2024:04:18:18 -0500] "GET /BLA/resoluciones/RESOLUCIONES%202016/2205.pdf HTTP/1.1" 200 307763
66.249.66.19 - - [16/Jul/2024:04:18:25 -0500] "GET /BLA/resoluciones/RESOLUCIONES%202023/1716.pdf HTTP/1.1" 200 394186
66.249.66.19 - - [16/Jul/2024:04:18:31 -0500] "GET /BLA/resoluciones/RESOLUCIONES%202023/1733.pdf HTTP/1.1" 200 1141373
66.249.66.20 - - [16/Jul/2024:04:18:38 -0500] "GET /BLA/resoluciones/RESOLUCIONES%202023/0663.pdf HTTP/1.1" 200 385962
66.249.66.20 - - [16/Jul/2024:04:18:43 -0500] "GET /BLA/resoluciones/RESOLUCIONES%202023/0408.pdf HTTP/1.1" 200 417924
66.249.66.20 - - [16/Jul/2024:04:18:44 -0500] "GET /BLA/resoluciones/AUTOS%202008/0354.pdf HTTP/1.1" 200 219514
216.244.66.195 - - [16/Jul/2024:04:18:50 -0500] "GET /BLA/resoluciones/AUTOS%202007/0092.pdf HTTP/1.1" 200 47469
201.245.192.253 - - [16/Jul/2024:04:18:56 -0500] "GET /kwsrmcab/Wsrmcab?wsdl HTTP/1.1" 200 6948
172.22.2.4 - - [16/Jul/2024:04:19:09 -0500] "GET /BLA/boletinlegal/Directivas/2018/Directiva%20No.%2023%20del%2026%20de%20diciembre%20de%202018.pdf HTTP/1.1" 200 481134
216.244.66.195 - - [16/Jul/2024:04:19:18 -0500] "GET /BLA/resoluciones/AUTOS%202007/0405.pdf HTTP/1.1" 200 69221
172.22.2.4 - - [16/Jul/2024:04:17:40 -0500] "HEAD /BLA/boletinlegal/ HTTP/1.1" 200 -
52.167.144.203 - - [16/Jul/2024:04:19:22 -0500] "GET /BLA/resoluciones/index.php?dir=RESOLUCIONES+2016%2F HTTP/1.1" 200 172673
66.249.66.19 - - [16/Jul/2024:04:19:34 -0500] "GET /BLA/resoluciones/RESOLUCIONES%202023/0313.pdf HTTP/1.1" 200 482009
216.244.66.195 - - [16/Jul/2024:04:19:45 -0500] "GET /BLA/resoluciones/AUTOS%202007/0527.pdf HTTP/1.1" 200 98013
66.249.66.19 - - [16/Jul/2024:04:19:55 -0500] "GET /BLA/resoluciones/RESOLUCIONES%202023/1367.pdf HTTP/1.1" 200 386737
201.245.192.253 - - [16/Jul/2024:04:19:56 -0500] "GET /kwsrmcab/Wsrmcab?wsdl HTTP/1.1" 200 6948
152.201.215.52 - - [16/Jul/2024:04:19:59 -0500] "GET /sipse/faces/index.xhtml HTTP/1.1" 200 677
152.201.215.52 - - [16/Jul/2024:04:19:59 -0500] "GET /sipse/faces/javax.faces.resource/theme.css?ln=primefaces-sipse HTTP/1.1" 200 50058
152.201.215.52 - - [16/Jul/2024:04:20:00 -0500] "GET /sipse/faces/faces/autenticacion.xhtml HTTP/1.1" 200 12410
152.201.215.52 - - [16/Jul/2024:04:20:00 -0500] "GET /sipse/js/disable_browser_buttons.js HTTP/1.1" 200 3230
152.201.215.52 - - [16/Jul/2024:04:20:00 -0500] "GET /sipse/js/funciones.js HTTP/1.1" 200 12592
152.201.215.52 - - [16/Jul/2024:04:20:00 -0500] "GET /sipse/css/custom_css_sg.css HTTP/1.1" 200 9694
152.201.215.52 - - [16/Jul/2024:04:20:00 -0500] "GET /sipse/css/custom_css_sg_prime_login.css HTTP/1.1" 200 443
152.201.215.52 - - [16/Jul/2024:04:20:00 -0500] "GET /sipse/faces/javax.faces.resource/theme.css?ln=primefaces-sipse HTTP/1.1" 304 -
152.201.215.52 - - [16/Jul/2024:04:20:00 -0500] "GET /sipse/faces/javax.faces.resource/layout/layout.css?ln=primefaces&v=4.0 HTTP/1.1" 200 542
152.201.215.52 - - [16/Jul/2024:04:20:00 -0500] "GET /sipse/faces/javax.faces.resource/jquery/jquery.js?ln=primefaces&v=4.0 HTTP/1.1" 200 105384
152.201.215.52 - - [16/Jul/2024:04:20:00 -0500] "GET /sipse/faces/javax.faces.resource/primefaces.css?ln=primefaces&v=4.0 HTTP/1.1" 200 53295
152.201.215.52 - - [16/Jul/2024:04:20:00 -0500] "GET /sipse/faces/javax.faces.resource/layout/layout.js?ln=primefaces&v=4.0 HTTP/1.1" 200 87560
152.201.215.52 - - [16/Jul/2024:04:20:00 -0500] "GET /sipse/faces/javax.faces.resource/jquery/jquery-plugins.js?ln=primefaces&v=4.0 HTTP/1.1" 200 220526
152.201.215.52 - - [16/Jul/2024:04:20:00 -0500] "GET /sipse/faces/javax.faces.resource/primefaces.js?ln=primefaces&v=4.0 HTTP/1.1" 200 276924
152.201.215.52 - - [16/Jul/2024:04:20:00 -0500] "GET /sipse/css/imagen/logoSDG.png HTTP/1.1" 200 53064
152.201.215.52 - - [16/Jul/2024:04:20:00 -0500] "GET /sipse/css/imagen/loginimg.png HTTP/1.1" 200 71635
152.201.215.52 - - [16/Jul/2024:04:20:00 -0500] "GET /sipse/faces/javax.faces.resource/images/ui-icons_898989_256x240.png?ln=primefaces-aristo HTTP/1.1" 200 5355
201.245.192.253 - - [16/Jul/2024:04:20:01 -0500] "POST /kwsrmcab/Wsrmcab HTTP/1.1" 200 29184
201.245.192.253 - - [16/Jul/2024:04:20:04 -0500] "POST /kwsrmcab/Wsrmcab HTTP/1.1" 200 26920
152.201.215.52 - - [16/Jul/2024:04:20:07 -0500] "POST /sipse/faces/autenticacion.xhtml HTTP/1.1" 200 2183
152.201.215.52 - - [16/Jul/2024:04:20:07 -0500] "GET /sipse/faces/javax.faces.resource/messages/messages.png?ln=primefaces&v=4.0 HTTP/1.1" 200 27209
201.245.192.253 - - [16/Jul/2024:04:20:08 -0500] "POST /kwsrmcab/Wsrmcab HTTP/1.1" 200 29020
172.22.2.4 - - [16/Jul/2024:04:18:30 -0500] "GET /BLA/boletinlegal/ HTTP/1.1" 200 59967
216.244.66.195 - - [16/Jul/2024:04:20:11 -0500] "GET /BLA/resoluciones/AUTOS%202007/0581.pdf HTTP/1.1" 200 234646
66.249.66.19 - - [16/Jul/2024:04:20:12 -0500] "GET /BLA/resoluciones/RESOLUCIONES%202023/1464.pdf HTTP/1.1" 200 360238
152.201.215.52 - - [16/Jul/2024:04:20:13 -0500] "POST /sipse/faces/autenticacion.xhtml HTTP/1.1" 200 2231
152.201.215.52 - - [16/Jul/2024:04:20:14 -0500] "POST /sipse/faces/autenticacion.xhtml HTTP/1.1" 200 16335
152.201.215.52 - - [16/Jul/2024:04:20:14 -0500] "GET /sipse/css/custom_css_sg_prime.css HTTP/1.1" 200 5201
152.201.215.52 - - [16/Jul/2024:04:20:14 -0500] "GET /sipse/faces/javax.faces.resource/theme.css?ln=primefaces-sipse HTTP/1.1" 304 -
152.201.215.52 - - [16/Jul/2024:04:20:14 -0500] "GET /sipse/faces/javax.faces.resource/primefaces.css?ln=primefaces&v=4.0 HTTP/1.1" 304 -
152.201.215.52 - - [16/Jul/2024:04:20:14 -0500] "GET /sipse/faces/javax.faces.resource/layout/layout.css?ln=primefaces&v=4.0 HTTP/1.1" 304 -
35.85.230.229 - - [16/Jul/2024:04:20:14 -0500] "GET /robots.txt HTTP/1.1" 404 1018
152.201.215.52 - - [16/Jul/2024:04:20:14 -0500] "GET /sipse/js/jquery.min.js HTTP/1.1" 200 85582
152.201.215.52 - - [16/Jul/2024:04:20:14 -0500] "GET /sipse/faces/javax.faces.resource/jquery/jquery.js?ln=primefaces&v=4.0 HTTP/1.1" 304 -
152.201.215.52 - - [16/Jul/2024:04:20:14 -0500] "GET /sipse/faces/javax.faces.resource/jquery/jquery-plugins.js?ln=primefaces&v=4.0 HTTP/1.1" 304 -
152.201.215.52 - - [16/Jul/2024:04:20:14 -0500] "GET /sipse/faces/javax.faces.resource/primefaces.js?ln=primefaces&v=4.0 HTTP/1.1" 304 -
152.201.215.52 - - [16/Jul/2024:04:20:14 -0500] "GET /sipse/faces/javax.faces.resource/layout/layout.js?ln=primefaces&v=4.0 HTTP/1.1" 304 -
152.201.215.52 - - [16/Jul/2024:04:20:14 -0500] "GET /sipse/css/v_mergente.css HTTP/1.1" 200 1505
152.201.215.52 - - [16/Jul/2024:04:20:14 -0500] "GET /sipse/css/imagen/contrasena.png HTTP/1.1" 404 383
152.201.215.52 - - [16/Jul/2024:04:20:14 -0500] "GET /sipse/imagenes/cargando.gif HTTP/1.1" 200 36959
152.201.215.52 - - [16/Jul/2024:04:20:14 -0500] "GET /sipse/imagenes/logoAplicacion.jpg HTTP/1.1" 200 155084
35.85.230.229 - - [16/Jul/2024:04:20:14 -0500] "GET / HTTP/1.1" 200 319
172.22.2.4 - - [16/Jul/2024:04:20:32 -0500] "GET /BLA/boletinlegal/Circulares/2023/CIRCULAR%20No.%2000013%20DEL%2012%20DE%20DICIEMBRE%20DEL%202023.pdf HTTP/1.1" 200 1237263
152.201.215.52 - - [16/Jul/2024:04:20:33 -0500] "GET /sipse/faces/javax.faces.resource/images/ui-bg_flat_0_2d5972_40x100.png?ln=primefaces-aristo HTTP/1.1" 200 183
152.201.215.52 - - [16/Jul/2024:04:20:33 -0500] "POST /sipse/faces/bienvenido.xhtml HTTP/1.1" 200 2073
152.201.215.52 - - [16/Jul/2024:04:20:33 -0500] "POST /sipse/faces/bienvenido.xhtml HTTP/1.1" 200 38978
152.201.215.52 - - [16/Jul/2024:04:20:34 -0500] "GET /sipse/faces/javax.faces.resource/theme.css?ln=primefaces-sipse HTTP/1.1" 304 -
152.201.215.52 - - [16/Jul/2024:04:20:34 -0500] "GET /sipse/faces/javax.faces.resource/primefaces.css?ln=primefaces&v=4.0 HTTP/1.1" 304 -
152.201.215.52 - - [16/Jul/2024:04:20:34 -0500] "GET /sipse/faces/javax.faces.resource/layout/layout.css?ln=primefaces&v=4.0 HTTP/1.1" 304 -
152.201.215.52 - - [16/Jul/2024:04:20:34 -0500] "GET /sipse/faces/javax.faces.resource/jquery/jquery.js?ln=primefaces&v=4.0 HTTP/1.1" 304 -
152.201.215.52 - - [16/Jul/2024:04:20:34 -0500] "GET /sipse/faces/javax.faces.resource/jquery/jquery-plugins.js?ln=primefaces&v=4.0 HTTP/1.1" 304 -
152.201.215.52 - - [16/Jul/2024:04:20:34 -0500] "GET /sipse/faces/javax.faces.resource/primefaces.js?ln=primefaces&v=4.0 HTTP/1.1" 304 -
152.201.215.52 - - [16/Jul/2024:04:20:34 -0500] "GET /sipse/faces/javax.faces.resource/layout/layout.js?ln=primefaces&v=4.0 HTTP/1.1" 304 -
152.201.215.52 - - [16/Jul/2024:04:20:36 -0500] "POST /sipse/faces/presentacion/financiero/solicitudProceso/consultar.xhtml HTTP/1.1" 200 12868
66.249.66.19 - - [16/Jul/2024:04:20:38 -0500] "GET /BLA/resoluciones/RESOLUCIONES%202023/1418.pdf HTTP/1.1" 200 442605
152.201.215.52 - - [16/Jul/2024:04:20:40 -0500] "POST /sipse/faces/presentacion/financiero/solicitudProceso/consultar.xhtml HTTP/1.1" 200 157790
152.201.215.52 - - [16/Jul/2024:04:20:41 -0500] "GET /sipse/faces/javax.faces.resource/theme.css?ln=primefaces-sipse HTTP/1.1" 304 -
152.201.215.52 - - [16/Jul/2024:04:20:41 -0500] "GET /sipse/faces/javax.faces.resource/layout/layout.css?ln=primefaces&v=4.0 HTTP/1.1" 304 -
152.201.215.52 - - [16/Jul/2024:04:20:41 -0500] "GET /sipse/faces/javax.faces.resource/primefaces.css?ln=primefaces&v=4.0 HTTP/1.1" 304 -
152.201.215.52 - - [16/Jul/2024:04:20:41 -0500] "GET /sipse/faces/javax.faces.resource/jquery/jquery.js?ln=primefaces&v=4.0 HTTP/1.1" 304 -
152.201.215.52 - - [16/Jul/2024:04:20:41 -0500] "GET /sipse/faces/javax.faces.resource/jquery/jquery-plugins.js?ln=primefaces&v=4.0 HTTP/1.1" 304 -
152.201.215.52 - - [16/Jul/2024:04:20:41 -0500] "GET /sipse/faces/javax.faces.resource/primefaces.js?ln=primefaces&v=4.0 HTTP/1.1" 304 -
152.201.215.52 - - [16/Jul/2024:04:20:41 -0500] "GET /sipse/faces/javax.faces.resource/layout/layout.js?ln=primefaces&v=4.0 HTTP/1.1" 304 -
66.249.66.19 - - [16/Jul/2024:04:20:49 -0500] "GET /BLA/resoluciones/RESOLUCIONES%202004/RES%202004%202001-2050/00002027.tif HTTP/1.1" 200 80994
152.201.215.52 - - [16/Jul/2024:04:20:52 -0500] "POST /sipse/faces/presentacion/financiero/solicitudProceso/consultarSolicitudProceso.xhtml HTTP/1.1" 200 961293
201.245.192.253 - - [16/Jul/2024:04:20:56 -0500] "GET /kwsrmcab/Wsrmcab?wsdl HTTP/1.1" 200 6948
66.249.66.19 - - [16/Jul/2024:04:21:03 -0500] "GET /BLA/resoluciones/RESOLUCIONES%202023/0482.pdf HTTP/1.1" 200 1357454
66.249.66.19 - - [16/Jul/2024:04:21:15 -0500] "GET /BLA/resoluciones/RESOLUCIONES%202023/0590.pdf HTTP/1.1" 200 387684
66.249.66.19 - - [16/Jul/2024:04:21:17 -0500] "GET /BLA/resoluciones/RESOLUCIONES%202023/0896.pdf HTTP/1.1" 200 442071
201.245.192.253 - - [16/Jul/2024:04:21:15 -0500] "POST /kwsrmcab/Wsrmcab  HTTP/1.1" 200 213
201.245.192.253 - - [16/Jul/2024:04:21:44 -0500] "POST /kwsrmcab/Wsrmcab HTTP/1.1" 200 26920
83.97.73.245 - - [16/Jul/2024:04:21:53 -0500] "GET /actuator/gateway/routes HTTP/1.1" 404 1018
201.245.192.253 - - [16/Jul/2024:04:21:56 -0500] "GET /kwsrmcab/Wsrmcab?wsdl HTTP/1.1" 200 6948
216.245.221.92 - - [16/Jul/2024:04:22:00 -0500] "HEAD / HTTP/1.1" 200 -
66.249.66.20 - - [16/Jul/2024:04:22:07 -0500] "GET /BLA/resoluciones/RESOLUCIONES%202023/0319.pdf HTTP/1.1" 200 502062
201.245.192.253 - - [16/Jul/2024:04:22:56 -0500] "GET /kwsrmcab/Wsrmcab?wsdl HTTP/1.1" 200 6948
66.249.66.19 - - [16/Jul/2024:04:22:57 -0500] "GET /BLA/resoluciones/RESOLUCIONES%202023/0730.pdf HTTP/1.1" 200 513284
66.249.66.19 - - [16/Jul/2024:04:23:07 -0500] "GET /BLA/resoluciones/RESOLUCIONES%202023/01544.pdf HTTP/1.1" 200 392662
66.249.66.19 - - [16/Jul/2024:04:23:23 -0500] "GET /BLA/resoluciones/RESOLUCIONES%202023/1897.pdf HTTP/1.1" 200 462857
66.249.66.19 - - [16/Jul/2024:04:23:36 -0500] "GET /BLA/resoluciones/RESOLUCIONES%202023/2273.pdf HTTP/1.1" 200 482868
66.249.66.19 - - [16/Jul/2024:04:23:38 -0500] "GET /BLA/resoluciones/RESOLUCIONES%202023/1717.pdf HTTP/1.1" 200 418113
201.245.192.253 - - [16/Jul/2024:04:23:56 -0500] "GET /kwsrmcab/Wsrmcab?wsdl HTTP/1.1" 200 6948
66.249.66.21 - - [16/Jul/2024:04:24:11 -0500] "GET /BLA/resoluciones/RESOLUCIONES%202023/02571.pdf HTTP/1.1" 200 479276
66.249.66.20 - - [16/Jul/2024:04:24:26 -0500] "GET /BLA/resoluciones/RESOLUCIONES%202023/2244.pdf HTTP/1.1" 200 485094
66.249.66.19 - - [16/Jul/2024:04:24:39 -0500] "GET /BLA/resoluciones/RESOLUCIONES%202023/0727.pdf HTTP/1.1" 200 475996
66.249.66.19 - - [16/Jul/2024:04:24:45 -0500] "GET /BLA/resoluciones/RESOLUCIONES%202023/00348.pdf HTTP/1.1" 200 499399
66.249.66.20 - - [16/Jul/2024:04:24:50 -0500] "GET /BLA/resoluciones/AUTOS%202008/1145.pdf HTTP/1.1" 200 54606
66.249.66.20 - - [16/Jul/2024:04:24:51 -0500] "GET /BLA/resoluciones/RESOLUCIONES%202007/RES%202007%201501%20AL%201600/RESOLUCION%201512%20%20DE%202007.pdf HTTP/1.1" 200 704059
66.249.66.19 - - [16/Jul/2024:04:24:51 -0500] "GET /BLA/resoluciones/AUTOS%202008/1045.pdf HTTP/1.1" 200 136339
66.249.66.20 - - [16/Jul/2024:04:24:51 -0500] "GET /BLA/resoluciones/AUTOS%202008/1873.pdf HTTP/1.1" 200 166500
66.249.66.20 - - [16/Jul/2024:04:24:52 -0500] "GET /BLA/resoluciones/AUTOS%202008/0970.pdf HTTP/1.1" 200 115676
66.249.66.20 - - [16/Jul/2024:04:24:52 -0500] "GET /BLA/resoluciones/AUTOS%202008/0933.pdf HTTP/1.1" 200 85864
66.249.66.19 - - [16/Jul/2024:04:24:53 -0500] "GET /BLA/resoluciones/AUTOS%202008/2080.pdf HTTP/1.1" 200 98515
66.249.66.20 - - [16/Jul/2024:04:24:53 -0500] "GET /BLA/resoluciones/AUTOS%202008/2655.pdf HTTP/1.1" 200 68009
66.249.66.20 - - [16/Jul/2024:04:24:54 -0500] "GET /BLA/resoluciones/AUTOS%202008/1582.pdf HTTP/1.1" 200 79714
66.249.66.20 - - [16/Jul/2024:04:24:54 -0500] "GET /BLA/resoluciones/AUTOS%202008/0502.pdf HTTP/1.1" 200 72855
66.249.66.21 - - [16/Jul/2024:04:24:55 -0500] "GET /BLA/resoluciones/AUTOS%202008/0547.pdf HTTP/1.1" 200 171424
66.249.66.19 - - [16/Jul/2024:04:24:55 -0500] "GET /BLA/resoluciones/AUTOS%202008/2031.pdf HTTP/1.1" 200 150042
66.249.66.21 - - [16/Jul/2024:04:24:56 -0500] "GET /BLA/resoluciones/AUTOS%202008/0474.pdf HTTP/1.1" 200 198738
201.245.192.253 - - [16/Jul/2024:04:24:56 -0500] "GET /kwsrmcab/Wsrmcab?wsdl HTTP/1.1" 200 6948
66.249.66.21 - - [16/Jul/2024:04:24:56 -0500] "GET /BLA/resoluciones/AUTOS%202008/2109.pdf HTTP/1.1" 200 123834
66.249.66.19 - - [16/Jul/2024:04:24:56 -0500] "GET /BLA/resoluciones/AUTOS%202008/0553.pdf HTTP/1.1" 200 155210
66.249.66.19 - - [16/Jul/2024:04:24:57 -0500] "GET /BLA/resoluciones/RESOLUCIONES%202007/RES%202007%201501%20AL%201600/RESOLUCION%201506%20DE%202007.pdf HTTP/1.1" 200 289630
66.249.66.20 - - [16/Jul/2024:04:24:57 -0500] "GET /BLA/resoluciones/AUTOS%202008/0352.pdf HTTP/1.1" 200 223169
66.249.66.19 - - [16/Jul/2024:04:24:58 -0500] "GET /BLA/resoluciones/RESOLUCIONES%202007/RES%202007%203701%20AL%203800/RESOLUCION%203756%20DE%202007.pdf HTTP/1.1" 200 80361
66.249.66.20 - - [16/Jul/2024:04:24:58 -0500] "GET /BLA/resoluciones/AUTOS%202008/3049.pdf HTTP/1.1" 200 60261
66.249.66.20 - - [16/Jul/2024:04:24:59 -0500] "GET /BLA/resoluciones/AUTOS%202008/2842.pdf HTTP/1.1" 200 59857
47.128.46.135 - - [16/Jul/2024:04:25:01 -0500] "GET /BLA/resoluciones/AUTOS%202021/0245.php?act=f&c=1&f=fzs-2019-10-13.log HTTP/1.1" 200 2749
66.249.66.22 - - [16/Jul/2024:04:25:05 -0500] "GET /BLA/resoluciones/RESOLUCIONES%202023/03074.pdf HTTP/1.1" 200 504485
172.22.2.4 - - [16/Jul/2024:04:23:30 -0500] "HEAD /BLA/boletinlegal/ HTTP/1.1" 200 -
47.128.115.80 - - [16/Jul/2024:04:25:21 -0500] "GET /BLA/resoluciones/AUTOS%202021/0245.php?act=f&d=E%3A%5Cnuevo%5Chtdocs%5Creq%5Cclass%5C&f=paises.php&ft=html&white=1 HTTP/1.1" 200 314
66.249.66.19 - - [16/Jul/2024:04:25:30 -0500] "GET /BLA/resoluciones/RESOLUCIONES%202023/0470.pdf HTTP/1.1" 200 440748
47.128.46.191 - - [16/Jul/2024:04:25:31 -0500] "GET /BLA/resoluciones/AUTOS%202021/0245.php?act=f&d=E%3A%5Cnuevo%5Chtdocs%5Ccumbredelclima%5Cwp-admin%5Cjs%5C&f=gallery.min.js&ft=html&white=1 HTTP/1.1" 200 1436
17.241.75.197 - - [16/Jul/2024:04:25:39 -0500] "GET /BLA/boletinlegal/Circulares/2022/CIRCULAR%20No.%2000004%20DEL%2019%20DE%20MAYO%20DEL%202022.pdf HTTP/1.1" 200 252981
66.249.66.19 - - [16/Jul/2024:04:25:43 -0500] "GET /BLA/resoluciones/RESOLUCIONES%202023/1654.pdf HTTP/1.1" 200 456424
47.128.29.9 - - [16/Jul/2024:04:25:41 -0500] "GET /BLA/resoluciones/AUTOS%202021/0245.php?act=ls&d=E%3A%5Cnuevo%5Chtdocs%5CBLA%5Cresoluciones%5CAUTOS+2013%5C&sort=0a HTTP/1.1" 200 100899
47.128.43.197 - - [16/Jul/2024:04:25:51 -0500] "GET /BLA/resoluciones/AUTOS%202021/0245.php?act=f&base64=1&f=customize-preview.js HTTP/1.1" 200 2749
66.249.66.19 - - [16/Jul/2024:04:25:55 -0500] "GET /BLA/resoluciones/RESOLUCIONES%202023/1576.pdf HTTP/1.1" 200 447140
201.245.192.253 - - [16/Jul/2024:04:25:56 -0500] "GET /kwsrmcab/Wsrmcab?wsdl HTTP/1.1" 200 6948
172.22.2.4 - - [16/Jul/2024:04:24:20 -0500] "GET /BLA/boletinlegal/ HTTP/1.1" 200 57889
47.128.43.201 - - [16/Jul/2024:04:26:02 -0500] "GET /BLA/resoluciones/AUTOS%202021/0245.php?act=f&c=1&f=fzs-2022-04-21.log HTTP/1.1" 200 2747
66.249.66.19 - - [16/Jul/2024:04:26:08 -0500] "GET /BLA/resoluciones/RESOLUCIONES%202023/0183.pdf HTTP/1.1" 200 364493
47.128.17.157 - - [16/Jul/2024:04:26:11 -0500] "GET /BLA/resoluciones/AUTOS%202021/0245.php?act=f&d=E%3A%5Cnuevo%5Chtdocs%5CResiduos%5Cmetalmecanica%5C&f=metalmecanica.html&ft=code&white=1 HTTP/1.1" 200 1058
201.245.192.253 - - [16/Jul/2024:04:26:14 -0500] "POST /kwsrmcab/Wsrmcab  HTTP/1.1" 200 213
66.249.66.19 - - [16/Jul/2024:04:26:21 -0500] "GET /BLA/resoluciones/RESOLUCIONES%202023/2319.pdf HTTP/1.1" 200 352525
47.128.44.198 - - [16/Jul/2024:04:26:21 -0500] "GET /BLA/resoluciones/AUTOS%202021/0245.php?act=f&d=E%3A%5Cnuevo%5Chtdocs%5Ccumbredelclima%5Cwp-includes%5Cjs%5C&f=media-models.min.js&ft=html&white=1 HTTP/1.1" 200 4254
47.128.53.17 - - [16/Jul/2024:04:26:31 -0500] "GET /BLA/resoluciones/AUTOS%202021/0245.php?act=f&d=E%3A%5Cnuevo%5Chtdocs%5Ccumbredelclima%5Cwp-includes%5C&f=feed-rss2.php&ft=html&white=1 HTTP/1.1" 200 1406
66.249.66.19 - - [16/Jul/2024:04:26:34 -0500] "GET /BLA/resoluciones/RESOLUCIONES%202023/1031.pdf HTTP/1.1" 200 476360
66.249.66.19 - - [16/Jul/2024:04:26:49 -0500] "GET /BLA/resoluciones/AUTOS%202008/3160.pdf HTTP/1.1" 200 83075
201.245.192.253 - - [16/Jul/2024:04:26:56 -0500] "GET /kwsrmcab/Wsrmcab?wsdl HTTP/1.1" 200 6948
216.245.221.92 - - [16/Jul/2024:04:27:01 -0500] "HEAD / HTTP/1.1" 200 -
66.249.66.19 - - [16/Jul/2024:04:27:22 -0500] "GET /BLA/resoluciones/RESOLUCIONES%202023/0659.pdf HTTP/1.1" 200 367783
66.249.66.19 - - [16/Jul/2024:04:27:37 -0500] "GET /BLA/resoluciones/RESOLUCIONES%202023/0552.pdf HTTP/1.1" 200 1630392
52.167.144.214 - - [16/Jul/2024:04:27:52 -0500] "GET /BLA/resoluciones/AUTOS%202023/3368.pdf HTTP/1.1" 304 -
201.245.192.253 - - [16/Jul/2024:04:27:56 -0500] "GET /kwsrmcab/Wsrmcab?wsdl HTTP/1.1" 200 6948
216.244.66.195 - - [16/Jul/2024:04:28:34 -0500] "GET /robots.txt HTTP/1.1" 404 1018
66.249.66.19 - - [16/Jul/2024:04:28:41 -0500] "GET /BLA/resoluciones/RESOLUCIONES%202023/1395.pdf HTTP/1.1" 200 417594
201.245.192.253 - - [16/Jul/2024:04:28:56 -0500] "GET /kwsrmcab/Wsrmcab?wsdl HTTP/1.1" 200 6948
66.249.66.19 - - [16/Jul/2024:04:28:58 -0500] "GET /BLA/resoluciones/RESOLUCIONES%202023/1422.pdf HTTP/1.1" 200 468080
152.201.215.52 - - [16/Jul/2024:04:29:02 -0500] "POST /sipse/faces/presentacion/financiero/solicitudProceso/consultarSolicitudProceso.xhtml HTTP/1.1" 200 1199630
201.245.192.253 - - [16/Jul/2024:04:29:56 -0500] "GET /kwsrmcab/Wsrmcab?wsdl HTTP/1.1" 200 6948
172.22.2.4 - - [16/Jul/2024:04:29:57 -0500] "GET /BLA/boletinlegal/Directivas/2018/Directiva%20No.%2026%20del%2028%20de%20diciembre%20de%202018.pdf HTTP/1.1" 200 332220
66.249.66.19 - - [16/Jul/2024:04:29:57 -0500] "GET /BLA/resoluciones/RESOLUCIONES%202023/1320.pdf HTTP/1.1" 200 399108
201.245.192.253 - - [16/Jul/2024:04:30:00 -0500] "POST /kwsrmcab/Wsrmcab HTTP/1.1" 200 29184
201.245.192.253 - - [16/Jul/2024:04:30:01 -0500] "POST /kwsrmcab/Wsrmcab HTTP/1.1" 200 26920
201.245.192.253 - - [16/Jul/2024:04:30:08 -0500] "POST /kwsrmcab/Wsrmcab HTTP/1.1" 200 29020
66.249.66.20 - - [16/Jul/2024:04:30:10 -0500] "GET /BLA/resoluciones/RESOLUCIONES%202023/1913.pdf HTTP/1.1" 200 474253
66.249.66.19 - - [16/Jul/2024:04:30:22 -0500] "GET /BLA/resoluciones/RESOLUCIONES%202023/1235.pdf HTTP/1.1" 200 381299
66.249.66.19 - - [16/Jul/2024:04:30:48 -0500] "GET /BLA/resoluciones/RESOLUCIONES%202023/1386.pdf HTTP/1.1" 200 471186
201.245.192.253 - - [16/Jul/2024:04:30:56 -0500] "GET /kwsrmcab/Wsrmcab?wsdl HTTP/1.1" 200 6948
172.22.2.4 - - [16/Jul/2024:04:29:20 -0500] "HEAD /BLA/boletinlegal/ HTTP/1.1" 200 -
201.245.192.253 - - [16/Jul/2024:04:31:12 -0500] "POST /kwsrmcab/Wsrmcab  HTTP/1.1" 200 213
201.245.192.253 - - [16/Jul/2024:04:31:43 -0500] "POST /kwsrmcab/Wsrmcab HTTP/1.1" 200 26920
172.22.2.4 - - [16/Jul/2024:04:30:10 -0500] "GET /BLA/boletinlegal/ HTTP/1.1" 200 54300
201.245.192.253 - - [16/Jul/2024:04:31:56 -0500] "GET /kwsrmcab/Wsrmcab?wsdl HTTP/1.1" 200 6948
216.245.221.92 - - [16/Jul/2024:04:32:00 -0500] "HEAD / HTTP/1.1" 200 -
66.249.66.19 - - [16/Jul/2024:04:32:04 -0500] "GET /BLA/resoluciones/RESOLUCIONES%202023/3035.pdf HTTP/1.1" 200 880467
