186.80.108.8 - - [16/Jul/2024:06:17:36 -0500] "GET /sipse/faces/javax.faces.resource/theme.css?ln=primefaces-sipse HTTP/1.1" 304 -
186.80.108.8 - - [16/Jul/2024:06:17:36 -0500] "GET /sipse/faces/javax.faces.resource/primefaces.css?ln=primefaces&v=4.0 HTTP/1.1" 304 -
186.80.108.8 - - [16/Jul/2024:06:17:36 -0500] "GET /sipse/faces/javax.faces.resource/layout/layout.css?ln=primefaces&v=4.0 HTTP/1.1" 304 -
186.80.108.8 - - [16/Jul/2024:06:17:36 -0500] "GET /sipse/faces/javax.faces.resource/jquery/jquery.js?ln=primefaces&v=4.0 HTTP/1.1" 304 -
186.80.108.8 - - [16/Jul/2024:06:17:36 -0500] "GET /sipse/faces/javax.faces.resource/jquery/jquery-plugins.js?ln=primefaces&v=4.0 HTTP/1.1" 304 -
186.80.108.8 - - [16/Jul/2024:06:17:36 -0500] "GET /sipse/faces/javax.faces.resource/primefaces.js?ln=primefaces&v=4.0 HTTP/1.1" 304 -
186.80.108.8 - - [16/Jul/2024:06:17:36 -0500] "GET /sipse/faces/javax.faces.resource/layout/layout.js?ln=primefaces&v=4.0 HTTP/1.1" 304 -
186.80.108.8 - - [16/Jul/2024:06:17:39 -0500] "POST /sipse/faces/presentacion/financiero/solicitudProceso/consultarSolicitudProceso.xhtml HTTP/1.1" 200 5515
172.22.2.4 - - [16/Jul/2024:06:17:45 -0500] "GET /BLA/boletinlegal/Circulares/2012/Circular%20No.%2015%20del%2022%20de%20octubre%20de%202012.pdf HTTP/1.1" 200 486506
201.245.192.253 - - [16/Jul/2024:06:15:42 -0500] "POST /kwsrmcab/Wsrmcab  HTTP/1.1" 200 213
201.245.192.253 - - [16/Jul/2024:06:17:55 -0500] "GET /kwsrmcab/Wsrmcab?wsdl HTTP/1.1" 200 6948
186.80.108.8 - - [16/Jul/2024:06:18:35 -0500] "GET /sipse/faces/javax.faces.resource/theme.css?ln=primefaces-sipse HTTP/1.1" 304 -
186.80.108.8 - - [16/Jul/2024:06:18:35 -0500] "GET /sipse/faces/javax.faces.resource/primefaces.css?ln=primefaces&v=4.0 HTTP/1.1" 304 -
186.80.108.8 - - [16/Jul/2024:06:18:35 -0500] "GET /sipse/faces/javax.faces.resource/jquery/jquery.js?ln=primefaces&v=4.0 HTTP/1.1" 304 -
186.80.108.8 - - [16/Jul/2024:06:18:35 -0500] "GET /sipse/faces/javax.faces.resource/layout/layout.css?ln=primefaces&v=4.0 HTTP/1.1" 304 -
186.80.108.8 - - [16/Jul/2024:06:18:35 -0500] "GET /sipse/faces/javax.faces.resource/primefaces.js?ln=primefaces&v=4.0 HTTP/1.1" 304 -
186.80.108.8 - - [16/Jul/2024:06:18:35 -0500] "GET /sipse/faces/javax.faces.resource/jquery/jquery-plugins.js?ln=primefaces&v=4.0 HTTP/1.1" 304 -
186.80.108.8 - - [16/Jul/2024:06:18:35 -0500] "GET /sipse/faces/javax.faces.resource/layout/layout.js?ln=primefaces&v=4.0 HTTP/1.1" 304 -
186.80.108.8 - - [16/Jul/2024:06:18:35 -0500] "POST /sipse/faces/presentacion/financiero/solicitudProceso/consultarSolicitudProceso.xhtml HTTP/1.1" 200 61268
186.80.108.8 - - [16/Jul/2024:06:18:35 -0500] "POST /sipse/faces/presentacion/financiero/solicitudProceso/listarSolicitudProceso.xhtml HTTP/1.1" 200 1544
186.80.108.8 - - [16/Jul/2024:06:18:36 -0500] "POST /sipse/faces/presentacion/financiero/solicitudProceso/listarSolicitudProceso.xhtml HTTP/1.1" 200 1540
186.80.108.8 - - [16/Jul/2024:06:18:41 -0500] "POST /sipse/faces/presentacion/financiero/solicitudProceso/listarSolicitudProceso.xhtml HTTP/1.1" 200 132969
186.80.108.8 - - [16/Jul/2024:06:18:41 -0500] "GET /sipse/faces/javax.faces.resource/theme.css?ln=primefaces-sipse HTTP/1.1" 304 -
186.80.108.8 - - [16/Jul/2024:06:18:41 -0500] "GET /sipse/faces/javax.faces.resource/primefaces.css?ln=primefaces&v=4.0 HTTP/1.1" 304 -
186.80.108.8 - - [16/Jul/2024:06:18:41 -0500] "GET /sipse/faces/javax.faces.resource/layout/layout.css?ln=primefaces&v=4.0 HTTP/1.1" 304 -
186.80.108.8 - - [16/Jul/2024:06:18:41 -0500] "GET /sipse/faces/javax.faces.resource/jquery/jquery.js?ln=primefaces&v=4.0 HTTP/1.1" 304 -
186.80.108.8 - - [16/Jul/2024:06:18:41 -0500] "GET /sipse/faces/javax.faces.resource/jquery/jquery-plugins.js?ln=primefaces&v=4.0 HTTP/1.1" 304 -
186.80.108.8 - - [16/Jul/2024:06:18:42 -0500] "GET /sipse/faces/javax.faces.resource/primefaces.js?ln=primefaces&v=4.0 HTTP/1.1" 304 -
186.80.108.8 - - [16/Jul/2024:06:18:42 -0500] "GET /sipse/faces/javax.faces.resource/layout/layout.js?ln=primefaces&v=4.0 HTTP/1.1" 304 -
186.80.108.8 - - [16/Jul/2024:06:18:50 -0500] "POST /sipse/faces/presentacion/financiero/solicitudProceso/consultarSolicitudProceso.xhtml HTTP/1.1" 200 57345
186.80.108.8 - - [16/Jul/2024:06:18:51 -0500] "GET /sipse/faces/javax.faces.resource/theme.css?ln=primefaces-sipse HTTP/1.1" 304 -
186.80.108.8 - - [16/Jul/2024:06:18:51 -0500] "GET /sipse/faces/javax.faces.resource/primefaces.css?ln=primefaces&v=4.0 HTTP/1.1" 304 -
186.80.108.8 - - [16/Jul/2024:06:18:51 -0500] "GET /sipse/faces/javax.faces.resource/jquery/jquery.js?ln=primefaces&v=4.0 HTTP/1.1" 304 -
186.80.108.8 - - [16/Jul/2024:06:18:51 -0500] "GET /sipse/faces/javax.faces.resource/layout/layout.css?ln=primefaces&v=4.0 HTTP/1.1" 304 -
186.80.108.8 - - [16/Jul/2024:06:18:51 -0500] "GET /sipse/faces/javax.faces.resource/jquery/jquery-plugins.js?ln=primefaces&v=4.0 HTTP/1.1" 304 -
186.80.108.8 - - [16/Jul/2024:06:18:51 -0500] "GET /sipse/faces/javax.faces.resource/primefaces.js?ln=primefaces&v=4.0 HTTP/1.1" 304 -
186.80.108.8 - - [16/Jul/2024:06:18:51 -0500] "GET /sipse/faces/javax.faces.resource/layout/layout.js?ln=primefaces&v=4.0 HTTP/1.1" 304 -
186.80.108.8 - - [16/Jul/2024:06:18:51 -0500] "POST /sipse/faces/presentacion/financiero/solicitudProceso/listarSolicitudProceso.xhtml HTTP/1.1" 200 50729
186.80.108.8 - - [16/Jul/2024:06:18:52 -0500] "POST /sipse/faces/presentacion/financiero/solicitudProceso/listarSolicitudProceso.xhtml HTTP/1.1" 200 1544
186.80.108.8 - - [16/Jul/2024:06:18:52 -0500] "POST /sipse/faces/presentacion/financiero/solicitudProceso/listarSolicitudProceso.xhtml HTTP/1.1" 200 1540
201.245.192.253 - - [16/Jul/2024:06:18:55 -0500] "GET /kwsrmcab/Wsrmcab?wsdl HTTP/1.1" 200 6948
186.80.108.8 - - [16/Jul/2024:06:19:02 -0500] "POST /sipse/faces/presentacion/financiero/solicitudProceso/listarSolicitudProceso.xhtml HTTP/1.1" 200 136550
186.80.108.8 - - [16/Jul/2024:06:19:03 -0500] "GET /sipse/faces/javax.faces.resource/theme.css?ln=primefaces-sipse HTTP/1.1" 304 -
186.80.108.8 - - [16/Jul/2024:06:19:03 -0500] "GET /sipse/faces/javax.faces.resource/primefaces.css?ln=primefaces&v=4.0 HTTP/1.1" 304 -
186.80.108.8 - - [16/Jul/2024:06:19:03 -0500] "GET /sipse/faces/javax.faces.resource/layout/layout.css?ln=primefaces&v=4.0 HTTP/1.1" 304 -
186.80.108.8 - - [16/Jul/2024:06:19:03 -0500] "GET /sipse/faces/javax.faces.resource/jquery/jquery.js?ln=primefaces&v=4.0 HTTP/1.1" 304 -
186.80.108.8 - - [16/Jul/2024:06:19:03 -0500] "GET /sipse/faces/javax.faces.resource/jquery/jquery-plugins.js?ln=primefaces&v=4.0 HTTP/1.1" 304 -
186.80.108.8 - - [16/Jul/2024:06:19:03 -0500] "GET /sipse/faces/javax.faces.resource/primefaces.js?ln=primefaces&v=4.0 HTTP/1.1" 304 -
186.80.108.8 - - [16/Jul/2024:06:19:03 -0500] "GET /sipse/faces/javax.faces.resource/layout/layout.js?ln=primefaces&v=4.0 HTTP/1.1" 304 -
186.80.108.8 - - [16/Jul/2024:06:19:05 -0500] "POST /sipse/faces/presentacion/financiero/solicitudProceso/consultarSolicitudProceso.xhtml HTTP/1.1" 200 5515
47.128.40.42 - - [16/Jul/2024:06:19:19 -0500] "GET /BLA/resoluciones/AUTOS%202021/0245.php?act=f&d=C%3A%5CAmbienteBogota%5Ccounter%5Cdigits%5Ckatt165%5C&f=0.png&white=1 HTTP/1.1" 200 1069
47.128.38.176 - - [16/Jul/2024:06:19:29 -0500] "GET /BLA/resoluciones/AUTOS%202021/0245.php?act=f&d=C%3A%5CAmbienteBogota%5Ccounter%5Cdigits%5Ckatt165%5C&f=1.png&white=1 HTTP/1.1" 200 1044
47.128.40.255 - - [16/Jul/2024:06:19:39 -0500] "GET /BLA/resoluciones/AUTOS%202021/0245.php?act=f&d=C%3A%5CAmbienteBogota%5Ccounter%5Cdigits%5Cirons%5C&f=8.png&white=1 HTTP/1.1" 200 952
17.241.227.173 - - [16/Jul/2024:06:19:45 -0500] "GET /BLA/boletinlegal/Circulares/2023/CIRCULAR%20No.%2000009%20DEL%2010%20DE%20OCTUBRE%20DEL%202023.pdf HTTP/1.1" 200 529599
47.128.40.62 - - [16/Jul/2024:06:19:49 -0500] "GET /BLA/resoluciones/AUTOS%202021/0245.php?act=f&d=C%3A%5CAmbienteBogota%5Ccounter%5Cdigits%5Ckatt165%5C&f=5.png&white=1 HTTP/1.1" 200 1054
201.245.192.253 - - [16/Jul/2024:06:19:55 -0500] "GET /kwsrmcab/Wsrmcab?wsdl HTTP/1.1" 200 6948
47.128.38.162 - - [16/Jul/2024:06:19:59 -0500] "GET /BLA/resoluciones/AUTOS%202021/0245.php?act=f&d=C%3A%5CAmbienteBogota%5Ccounter%5Cdigits%5Clcars%5C&f=7.png&white=1 HTTP/1.1" 200 297
201.245.192.253 - - [16/Jul/2024:06:20:00 -0500] "POST /kwsrmcab/Wsrmcab HTTP/1.1" 200 29201
201.245.192.253 - - [16/Jul/2024:06:20:00 -0500] "POST /kwsrmcab/Wsrmcab HTTP/1.1" 200 26923
201.245.192.253 - - [16/Jul/2024:06:20:08 -0500] "POST /kwsrmcab/Wsrmcab HTTP/1.1" 200 29023
47.128.31.148 - - [16/Jul/2024:06:20:09 -0500] "GET /BLA/resoluciones/AUTOS%202021/0245.php?act=f&d=C%3A%5CAmbienteBogota%5Ccounter%5Cdigits%5Cparty%5C&f=7.png&white=1 HTTP/1.1" 200 709
47.128.31.138 - - [16/Jul/2024:06:20:19 -0500] "GET /BLA/resoluciones/AUTOS%202021/0245.php?act=f&d=E%3A%5Cnuevo%5Chtdocs%5CBLA%5Cresoluciones%5CRESOLUCIONES+2006%5CRES+2006+1401-1450&f=00001426.tif HTTP/1.1" 200 17697
47.128.51.149 - - [16/Jul/2024:06:20:29 -0500] "GET /BLA/resoluciones/AUTOS%202021/0245.php?act=f&d=C%3A%5CAmbienteBogota%5Ccounter%5Cdigits%5Cbrush%5C&f=0.png&white=1 HTTP/1.1" 200 175
47.128.18.226 - - [16/Jul/2024:06:20:40 -0500] "GET /BLA/resoluciones/AUTOS%202021/0245.php?act=f&d=C%3A%5CAmbienteBogota%5Ccounter%5Cdigits%5Cmgold%5C&f=9.png&white=1 HTTP/1.1" 200 668
47.128.18.216 - - [16/Jul/2024:06:20:49 -0500] "GET /BLA/resoluciones/AUTOS%202021/0245.php?act=f&d=C%3A%5CAmbienteBogota%5Ccounter%5Cdigits%5Cparty%5C&f=5.png&white=1 HTTP/1.1" 200 1332
201.245.192.253 - - [16/Jul/2024:06:20:55 -0500] "GET /kwsrmcab/Wsrmcab?wsdl HTTP/1.1" 200 6948
186.80.108.8 - - [16/Jul/2024:06:21:25 -0500] "GET /sipse/faces/javax.faces.resource/theme.css?ln=primefaces-sipse HTTP/1.1" 304 -
186.80.108.8 - - [16/Jul/2024:06:21:25 -0500] "GET /sipse/faces/javax.faces.resource/primefaces.css?ln=primefaces&v=4.0 HTTP/1.1" 304 -
186.80.108.8 - - [16/Jul/2024:06:21:25 -0500] "GET /sipse/faces/javax.faces.resource/jquery/jquery.js?ln=primefaces&v=4.0 HTTP/1.1" 304 -
186.80.108.8 - - [16/Jul/2024:06:21:25 -0500] "GET /sipse/faces/javax.faces.resource/layout/layout.css?ln=primefaces&v=4.0 HTTP/1.1" 304 -
186.80.108.8 - - [16/Jul/2024:06:21:25 -0500] "GET /sipse/faces/javax.faces.resource/primefaces.js?ln=primefaces&v=4.0 HTTP/1.1" 304 -
186.80.108.8 - - [16/Jul/2024:06:21:25 -0500] "GET /sipse/faces/javax.faces.resource/jquery/jquery-plugins.js?ln=primefaces&v=4.0 HTTP/1.1" 304 -
186.80.108.8 - - [16/Jul/2024:06:21:25 -0500] "GET /sipse/faces/javax.faces.resource/layout/layout.js?ln=primefaces&v=4.0 HTTP/1.1" 304 -
186.80.108.8 - - [16/Jul/2024:06:21:25 -0500] "POST /sipse/faces/presentacion/financiero/solicitudProceso/consultarSolicitudProceso.xhtml HTTP/1.1" 200 61268
186.80.108.8 - - [16/Jul/2024:06:21:25 -0500] "POST /sipse/faces/presentacion/financiero/solicitudProceso/listarSolicitudProceso.xhtml HTTP/1.1" 200 1544
186.80.108.8 - - [16/Jul/2024:06:21:26 -0500] "POST /sipse/faces/presentacion/financiero/solicitudProceso/listarSolicitudProceso.xhtml HTTP/1.1" 200 1540
186.80.108.8 - - [16/Jul/2024:06:21:40 -0500] "POST /sipse/faces/presentacion/financiero/solicitudProceso/listarSolicitudProceso.xhtml HTTP/1.1" 200 136395
186.80.108.8 - - [16/Jul/2024:06:21:40 -0500] "GET /sipse/faces/javax.faces.resource/primefaces.css?ln=primefaces&v=4.0 HTTP/1.1" 304 -
186.80.108.8 - - [16/Jul/2024:06:21:40 -0500] "GET /sipse/faces/javax.faces.resource/theme.css?ln=primefaces-sipse HTTP/1.1" 304 -
186.80.108.8 - - [16/Jul/2024:06:21:40 -0500] "GET /sipse/faces/javax.faces.resource/layout/layout.css?ln=primefaces&v=4.0 HTTP/1.1" 304 -
186.80.108.8 - - [16/Jul/2024:06:21:40 -0500] "GET /sipse/faces/javax.faces.resource/jquery/jquery.js?ln=primefaces&v=4.0 HTTP/1.1" 304 -
186.80.108.8 - - [16/Jul/2024:06:21:40 -0500] "GET /sipse/faces/javax.faces.resource/jquery/jquery-plugins.js?ln=primefaces&v=4.0 HTTP/1.1" 304 -
186.80.108.8 - - [16/Jul/2024:06:21:40 -0500] "GET /sipse/faces/javax.faces.resource/primefaces.js?ln=primefaces&v=4.0 HTTP/1.1" 304 -
186.80.108.8 - - [16/Jul/2024:06:21:40 -0500] "GET /sipse/faces/javax.faces.resource/layout/layout.js?ln=primefaces&v=4.0 HTTP/1.1" 304 -
186.80.108.8 - - [16/Jul/2024:06:21:44 -0500] "POST /sipse/faces/presentacion/financiero/solicitudProceso/consultarSolicitudProceso.xhtml HTTP/1.1" 200 5515
172.22.2.4 - - [16/Jul/2024:06:20:09 -0500] "HEAD /BLA/boletinlegal/ HTTP/1.1" 200 -
201.245.192.253 - - [16/Jul/2024:06:20:40 -0500] "POST /kwsrmcab/Wsrmcab  HTTP/1.1" 200 213
201.245.192.253 - - [16/Jul/2024:06:21:52 -0500] "POST /kwsrmcab/Wsrmcab HTTP/1.1" 200 26923
66.249.66.20 - - [16/Jul/2024:06:21:55 -0500] "GET /BLA/resoluciones/RESOLUCIONES%202023/1837.pdf HTTP/1.1" 200 494369
201.245.192.253 - - [16/Jul/2024:06:21:55 -0500] "GET /kwsrmcab/Wsrmcab?wsdl HTTP/1.1" 200 6948
216.245.221.92 - - [16/Jul/2024:06:21:59 -0500] "HEAD / HTTP/1.1" 200 -
172.22.2.4 - - [16/Jul/2024:06:21:00 -0500] "GET /BLA/boletinlegal/ HTTP/1.1" 200 57889
186.80.108.8 - - [16/Jul/2024:06:22:51 -0500] "POST /sipse/faces/presentacion/financiero/solicitudProceso/consultarSolicitudProceso.xhtml HTTP/1.1" 200 911
186.80.108.8 - - [16/Jul/2024:06:22:53 -0500] "GET /sipse/faces/presentacion/financiero/solicitudProceso/faces/autenticacion HTTP/1.1" 302 -
186.80.108.8 - - [16/Jul/2024:06:22:53 -0500] "GET /sipse/faces/javax.faces.resource/theme.css?ln=primefaces-sipse HTTP/1.1" 304 -
186.80.108.8 - - [16/Jul/2024:06:22:53 -0500] "GET /sipse/faces/autenticacion.xhtml HTTP/1.1" 200 12410
186.80.108.8 - - [16/Jul/2024:06:22:53 -0500] "GET /sipse/faces/javax.faces.resource/primefaces.css?ln=primefaces&v=4.0 HTTP/1.1" 304 -
186.80.108.8 - - [16/Jul/2024:06:22:53 -0500] "GET /sipse/faces/javax.faces.resource/primefaces.js?ln=primefaces&v=4.0 HTTP/1.1" 304 -
186.80.108.8 - - [16/Jul/2024:06:22:53 -0500] "GET /sipse/faces/javax.faces.resource/layout/layout.css?ln=primefaces&v=4.0 HTTP/1.1" 304 -
186.80.108.8 - - [16/Jul/2024:06:22:53 -0500] "GET /sipse/faces/javax.faces.resource/jquery/jquery.js?ln=primefaces&v=4.0 HTTP/1.1" 304 -
186.80.108.8 - - [16/Jul/2024:06:22:53 -0500] "GET /sipse/faces/javax.faces.resource/jquery/jquery-plugins.js?ln=primefaces&v=4.0 HTTP/1.1" 304 -
186.80.108.8 - - [16/Jul/2024:06:22:53 -0500] "GET /sipse/faces/javax.faces.resource/layout/layout.js?ln=primefaces&v=4.0 HTTP/1.1" 304 -
201.245.192.253 - - [16/Jul/2024:06:22:55 -0500] "GET /kwsrmcab/Wsrmcab?wsdl HTTP/1.1" 200 6948
186.80.108.8 - - [16/Jul/2024:06:22:56 -0500] "POST /sipse/faces/autenticacion.xhtml HTTP/1.1" 200 11164
186.80.108.8 - - [16/Jul/2024:06:22:56 -0500] "GET /sipse/faces/javax.faces.resource/primefaces.css?ln=primefaces&v=4.0 HTTP/1.1" 304 -
186.80.108.8 - - [16/Jul/2024:06:22:56 -0500] "GET /sipse/faces/javax.faces.resource/theme.css?ln=primefaces-sipse HTTP/1.1" 304 -
186.80.108.8 - - [16/Jul/2024:06:22:56 -0500] "GET /sipse/faces/javax.faces.resource/jquery/jquery.js?ln=primefaces&v=4.0 HTTP/1.1" 304 -
186.80.108.8 - - [16/Jul/2024:06:22:56 -0500] "GET /sipse/faces/javax.faces.resource/layout/layout.css?ln=primefaces&v=4.0 HTTP/1.1" 304 -
186.80.108.8 - - [16/Jul/2024:06:22:56 -0500] "GET /sipse/faces/javax.faces.resource/jquery/jquery-plugins.js?ln=primefaces&v=4.0 HTTP/1.1" 304 -
186.80.108.8 - - [16/Jul/2024:06:22:56 -0500] "GET /sipse/faces/javax.faces.resource/primefaces.js?ln=primefaces&v=4.0 HTTP/1.1" 304 -
186.80.108.8 - - [16/Jul/2024:06:22:56 -0500] "GET /sipse/faces/javax.faces.resource/layout/layout.js?ln=primefaces&v=4.0 HTTP/1.1" 304 -
186.80.108.8 - - [16/Jul/2024:06:22:58 -0500] "POST /sipse/faces/presentacion/sistema/seguridad/seleccionRol.xhtml HTTP/1.1" 200 5600
186.80.108.8 - - [16/Jul/2024:06:22:59 -0500] "POST /sipse/faces/presentacion/sistema/seguridad/seleccionRol.xhtml HTTP/1.1" 200 15115
186.80.108.8 - - [16/Jul/2024:06:22:59 -0500] "GET /sipse/faces/javax.faces.resource/jquery/jquery.js?ln=primefaces&v=4.0 HTTP/1.1" 304 -
186.80.108.8 - - [16/Jul/2024:06:22:59 -0500] "GET /sipse/faces/javax.faces.resource/theme.css?ln=primefaces-sipse HTTP/1.1" 304 -
186.80.108.8 - - [16/Jul/2024:06:22:59 -0500] "GET /sipse/faces/javax.faces.resource/layout/layout.css?ln=primefaces&v=4.0 HTTP/1.1" 304 -
186.80.108.8 - - [16/Jul/2024:06:22:59 -0500] "GET /sipse/faces/javax.faces.resource/primefaces.css?ln=primefaces&v=4.0 HTTP/1.1" 304 -
186.80.108.8 - - [16/Jul/2024:06:22:59 -0500] "GET /sipse/faces/javax.faces.resource/jquery/jquery-plugins.js?ln=primefaces&v=4.0 HTTP/1.1" 304 -
186.80.108.8 - - [16/Jul/2024:06:22:59 -0500] "GET /sipse/faces/javax.faces.resource/primefaces.js?ln=primefaces&v=4.0 HTTP/1.1" 304 -
186.80.108.8 - - [16/Jul/2024:06:22:59 -0500] "GET /sipse/faces/javax.faces.resource/layout/layout.js?ln=primefaces&v=4.0 HTTP/1.1" 304 -
186.80.108.8 - - [16/Jul/2024:06:23:01 -0500] "POST /sipse/faces/bienvenido.xhtml HTTP/1.1" 200 3246
186.80.108.8 - - [16/Jul/2024:06:23:02 -0500] "POST /sipse/faces/bienvenido.xhtml HTTP/1.1" 200 32394
186.80.108.8 - - [16/Jul/2024:06:23:02 -0500] "GET /sipse/faces/javax.faces.resource/theme.css?ln=primefaces-sipse HTTP/1.1" 304 -
186.80.108.8 - - [16/Jul/2024:06:23:02 -0500] "GET /sipse/faces/javax.faces.resource/layout/layout.css?ln=primefaces&v=4.0 HTTP/1.1" 304 -
186.80.108.8 - - [16/Jul/2024:06:23:02 -0500] "GET /sipse/faces/javax.faces.resource/primefaces.css?ln=primefaces&v=4.0 HTTP/1.1" 304 -
186.80.108.8 - - [16/Jul/2024:06:23:02 -0500] "GET /sipse/faces/javax.faces.resource/jquery/jquery.js?ln=primefaces&v=4.0 HTTP/1.1" 304 -
186.80.108.8 - - [16/Jul/2024:06:23:02 -0500] "GET /sipse/faces/javax.faces.resource/jquery/jquery-plugins.js?ln=primefaces&v=4.0 HTTP/1.1" 304 -
186.80.108.8 - - [16/Jul/2024:06:23:02 -0500] "GET /sipse/faces/javax.faces.resource/primefaces.js?ln=primefaces&v=4.0 HTTP/1.1" 304 -
186.80.108.8 - - [16/Jul/2024:06:23:02 -0500] "GET /sipse/faces/javax.faces.resource/layout/layout.js?ln=primefaces&v=4.0 HTTP/1.1" 304 -
186.80.108.8 - - [16/Jul/2024:06:23:03 -0500] "POST /sipse/faces/presentacion/financiero/solicitudProceso/listarSolicitudProceso.xhtml HTTP/1.1" 200 1372
66.249.66.19 - - [16/Jul/2024:06:23:55 -0500] "GET /BLA/resoluciones/RESOLUCIONES%202023/0771.pdf HTTP/1.1" 200 476535
201.245.192.253 - - [16/Jul/2024:06:23:55 -0500] "GET /kwsrmcab/Wsrmcab?wsdl HTTP/1.1" 200 6948
191.156.158.50 - - [16/Jul/2024:06:24:06 -0500] "GET /BLA/resoluciones/index.php?dir=AUTOS+2013%2F HTTP/1.1" 200 407754
191.156.153.254 - - [16/Jul/2024:06:24:09 -0500] "GET /BLA/resoluciones/index.php?dir=AUTOS+2018%2F HTTP/1.1" 200 470052
191.156.158.50 - - [16/Jul/2024:06:24:30 -0500] "GET /BLA/resoluciones/AUTOS%202018/3101.pdf HTTP/1.1" 200 302664
201.245.192.253 - - [16/Jul/2024:06:24:55 -0500] "GET /kwsrmcab/Wsrmcab?wsdl HTTP/1.1" 200 6948
172.22.2.4 - - [16/Jul/2024:06:25:25 -0500] "GET /BLA/boletinlegal/Directivas/2011/Directiva%20No.%2010%20del%2028%20de%20Septiembre%20de%202011.pdf HTTP/1.1" 200 465887
201.245.192.253 - - [16/Jul/2024:06:25:39 -0500] "POST /kwsrmcab/Wsrmcab  HTTP/1.1" 200 213
201.245.192.253 - - [16/Jul/2024:06:25:55 -0500] "GET /kwsrmcab/Wsrmcab?wsdl HTTP/1.1" 200 6948
66.249.66.20 - - [16/Jul/2024:06:26:18 -0500] "GET /BLA/resoluciones/RESOLUCIONES%202023/1382.pdf HTTP/1.1" 200 387619
66.249.66.21 - - [16/Jul/2024:06:26:19 -0500] "GET /BLA/resoluciones/AUTOS%202020/1320.pdf HTTP/1.1" 200 359020
66.249.66.19 - - [16/Jul/2024:06:26:19 -0500] "GET /BLA/resoluciones/RESOLUCIONES%202007/RES%202007%20701%20AL%20800/RESOLUCION%200776%20DE%202007.pdf HTTP/1.1" 200 328265
66.249.66.20 - - [16/Jul/2024:06:26:20 -0500] "GET /BLA/resoluciones/AUTOS%202008/1136.pdf HTTP/1.1" 200 67091
66.249.66.19 - - [16/Jul/2024:06:26:20 -0500] "GET /BLA/resoluciones/RESOLUCIONES%202007/RES%202007%20901%20AL%201000/RESOLUCION%200949%20DE%202007.pdf HTTP/1.1" 200 221297
66.249.66.19 - - [16/Jul/2024:06:26:21 -0500] "GET /BLA/resoluciones/RESOLUCIONES%202007/RES%202007%203401%20AL%203500/RESOLUCION%203427%20DE%202007.pdf HTTP/1.1" 200 819700
66.249.66.19 - - [16/Jul/2024:06:26:21 -0500] "GET /BLA/resoluciones/AUTOS%202008/1285.pdf HTTP/1.1" 200 78153
66.249.66.21 - - [16/Jul/2024:06:26:22 -0500] "GET /BLA/resoluciones/RESOLUCIONES%202007/RES%202007%201801%20AL%201900/RESOLUCION%201847%20DE%202007.pdf HTTP/1.1" 200 30216
66.249.66.20 - - [16/Jul/2024:06:26:22 -0500] "GET /BLA/resoluciones/RESOLUCIONES%202007/RES%202007%20501%20AL%20600/RESOLUCION%200571%20DE%202007.pdf HTTP/1.1" 200 1041933
66.249.66.19 - - [16/Jul/2024:06:26:23 -0500] "GET /BLA/resoluciones/AUTOS%202008/3407.pdf HTTP/1.1" 200 101972
66.249.66.20 - - [16/Jul/2024:06:26:23 -0500] "GET /BLA/resoluciones/AUTOS%202008/2744.pdf HTTP/1.1" 200 126514
66.249.66.20 - - [16/Jul/2024:06:26:24 -0500] "GET /BLA/resoluciones/RESOLUCIONES%202007/RES%202007%203401%20AL%203500/RESOLUCION%203411%20DE%202007.pdf HTTP/1.1" 200 144529
66.249.66.19 - - [16/Jul/2024:06:26:24 -0500] "GET /BLA/resoluciones/RESOLUCIONES%202007/RES%202007%20701%20AL%20800/RESOLUCION%200725%20DE%202007.pdf HTTP/1.1" 200 239683
66.249.66.19 - - [16/Jul/2024:06:26:25 -0500] "GET /BLA/resoluciones/RESOLUCIONES%202007/RES%202007%20701%20AL%20800/RESOLUCION%200785%20DE%202007.pdf HTTP/1.1" 200 203758
66.249.66.19 - - [16/Jul/2024:06:26:25 -0500] "GET /BLA/resoluciones/RESOLUCIONES%202007/0639.pdf HTTP/1.1" 200 258892
66.249.66.19 - - [16/Jul/2024:06:26:26 -0500] "GET /BLA/resoluciones/RESOLUCIONES%202007/RES%202007%20901%20AL%201000/RESOLUCION%200911%20DE%202007.pdf HTTP/1.1" 200 359698
66.249.66.21 - - [16/Jul/2024:06:26:26 -0500] "GET /BLA/resoluciones/AUTOS%202008/0101.pdf HTTP/1.1" 200 157633
66.249.66.19 - - [16/Jul/2024:06:26:27 -0500] "GET /BLA/resoluciones/RESOLUCIONES%202007/RES%202007%20101%20AL%20200/RESOLUCION%200115%20%20DE%202007.pdf HTTP/1.1" 200 430546
66.249.66.19 - - [16/Jul/2024:06:26:27 -0500] "GET /BLA/resoluciones/AUTOS%202008/1265.pdf HTTP/1.1" 200 80933
66.249.66.19 - - [16/Jul/2024:06:26:28 -0500] "GET /BLA/resoluciones/RESOLUCIONES%202007/RES%202007%201726%20AL%201800/RESOLUCION%201750%20DE%202007.pdf HTTP/1.1" 200 57220
66.249.66.20 - - [16/Jul/2024:06:26:28 -0500] "GET /BLA/resoluciones/AUTOS%202008/0554.pdf HTTP/1.1" 200 307696
66.249.66.22 - - [16/Jul/2024:06:26:29 -0500] "GET /BLA/resoluciones/AUTOS%202020/4002.pdf HTTP/1.1" 200 407818
66.249.66.22 - - [16/Jul/2024:06:26:29 -0500] "GET /BLA/resoluciones/AUTOS%202008/2873.pdf HTTP/1.1" 200 228656
66.249.66.22 - - [16/Jul/2024:06:26:30 -0500] "GET /BLA/resoluciones/AUTOS%202008/1192.pdf HTTP/1.1" 200 138414
66.249.66.20 - - [16/Jul/2024:06:26:30 -0500] "GET /BLA/resoluciones/AUTOS%202020/0302.pdf HTTP/1.1" 200 395718
66.249.66.23 - - [16/Jul/2024:06:26:31 -0500] "GET /BLA/resoluciones/RESOLUCIONES%202007/RES%202007%20701%20AL%20800/RESOLUCION%200735%20DE%202007.pdf HTTP/1.1" 200 221969
66.249.66.23 - - [16/Jul/2024:06:26:31 -0500] "GET /BLA/resoluciones/AUTOS%202008/1490.pdf HTTP/1.1" 200 551554
66.249.66.23 - - [16/Jul/2024:06:26:31 -0500] "GET /BLA/resoluciones/AUTOS%202008/0910.pdf HTTP/1.1" 200 221698
66.249.66.20 - - [16/Jul/2024:06:26:32 -0500] "GET /BLA/resoluciones/AUTOS%202020/2314.pdf HTTP/1.1" 200 327894
66.249.66.20 - - [16/Jul/2024:06:26:32 -0500] "GET /BLA/resoluciones/AUTOS%202008/0794.pdf HTTP/1.1" 200 69942
66.249.66.20 - - [16/Jul/2024:06:26:33 -0500] "GET /BLA/resoluciones/RESOLUCIONES%202007/RES%202007%203701%20AL%203800/RESOLUCION%203789%20DE%202007.pdf HTTP/1.1" 200 1635965
66.249.66.23 - - [16/Jul/2024:06:26:33 -0500] "GET /BLA/resoluciones/AUTOS%202008/2506.pdf HTTP/1.1" 200 97617
66.249.66.19 - - [16/Jul/2024:06:26:34 -0500] "GET /BLA/resoluciones/AUTOS%202008/3190.pdf HTTP/1.1" 200 186083
66.249.66.19 - - [16/Jul/2024:06:26:34 -0500] "GET /BLA/resoluciones/AUTOS%202020/0103.pdf HTTP/1.1" 200 293978
66.249.66.20 - - [16/Jul/2024:06:26:35 -0500] "GET /BLA/resoluciones/RESOLUCIONES%202007/RES%202007%201501%20AL%201600/RESOLUCION%201560%20DE%202007.pdf HTTP/1.1" 200 661114
66.249.66.3 - - [16/Jul/2024:06:26:35 -0500] "GET /BLA/resoluciones/AUTOS%202008/1465.pdf HTTP/1.1" 200 112505
66.249.66.1 - - [16/Jul/2024:06:26:36 -0500] "GET /BLA/resoluciones/AUTOS%202008/2531.pdf HTTP/1.1" 200 96284
66.249.66.1 - - [16/Jul/2024:06:26:36 -0500] "GET /BLA/resoluciones/AUTOS%202008/2570.pdf HTTP/1.1" 200 259603
66.249.66.22 - - [16/Jul/2024:06:26:36 -0500] "GET /BLA/resoluciones/AUTOS%202008/1478.pdf HTTP/1.1" 200 191172
66.249.66.3 - - [16/Jul/2024:06:26:37 -0500] "GET /BLA/resoluciones/RESOLUCIONES%202007/RES%202007%201801%20AL%201900/RESOLUCION%201866%20DE%202007.pdf HTTP/1.1" 200 1569634
66.249.66.19 - - [16/Jul/2024:06:26:37 -0500] "GET /BLA/resoluciones/AUTOS%202008/2641.pdf HTTP/1.1" 200 82110
66.249.66.21 - - [16/Jul/2024:06:26:38 -0500] "GET /BLA/resoluciones/AUTOS%202008/1147.pdf HTTP/1.1" 200 64012
66.249.66.22 - - [16/Jul/2024:06:26:38 -0500] "GET /BLA/resoluciones/AUTOS%202008/3313.pdf HTTP/1.1" 200 63132
66.249.66.4 - - [16/Jul/2024:06:26:39 -0500] "GET /BLA/resoluciones/AUTOS%202008/0391.pdf HTTP/1.1" 200 131316
66.249.66.3 - - [16/Jul/2024:06:26:39 -0500] "GET /BLA/resoluciones/AUTOS%202008/1644.pdf HTTP/1.1" 200 135780
66.249.66.4 - - [16/Jul/2024:06:26:40 -0500] "GET /BLA/resoluciones/AUTOS%202008/3134.pdf HTTP/1.1" 200 168056
66.249.66.3 - - [16/Jul/2024:06:26:40 -0500] "GET /BLA/resoluciones/AUTOS%202008/2976.pdf HTTP/1.1" 200 159432
66.249.66.2 - - [16/Jul/2024:06:26:41 -0500] "GET /BLA/resoluciones/RESOLUCIONES%202007/RES%202007%203401%20AL%203500/RESOLUCION%203448%20DE%202007.pdf HTTP/1.1" 200 1048712
66.249.66.22 - - [16/Jul/2024:06:26:41 -0500] "GET /BLA/resoluciones/AUTOS%202008/2645.pdf HTTP/1.1" 200 57615
66.249.66.23 - - [16/Jul/2024:06:26:42 -0500] "GET /BLA/resoluciones/RESOLUCIONES%202007/RES%202007%203701%20AL%203800/RESOLUCION%203798%20DE%202007.pdf HTTP/1.1" 200 1060241
66.249.66.3 - - [16/Jul/2024:06:26:42 -0500] "GET /BLA/resoluciones/AUTOS%202008/3223.pdf HTTP/1.1" 200 56583
66.249.66.1 - - [16/Jul/2024:06:26:42 -0500] "GET /BLA/resoluciones/AUTOS%202008/2739.pdf HTTP/1.1" 200 116398
66.249.66.5 - - [16/Jul/2024:06:26:43 -0500] "GET /BLA/resoluciones/RESOLUCIONES%202007/RES%202007%201501%20AL%201600/RESOLUCION%201548%20DE%202007.pdf HTTP/1.1" 200 321920
66.249.66.20 - - [16/Jul/2024:06:26:43 -0500] "GET /BLA/resoluciones/AUTOS%202008/0283.pdf HTTP/1.1" 200 160305
66.249.66.21 - - [16/Jul/2024:06:26:44 -0500] "GET /BLA/resoluciones/AUTOS%202008/0590.pdf HTTP/1.1" 200 134361
66.249.66.7 - - [16/Jul/2024:06:26:44 -0500] "GET /BLA/resoluciones/AUTOS%202008/2595.pdf HTTP/1.1" 200 73495
66.249.66.3 - - [16/Jul/2024:06:26:45 -0500] "GET /BLA/resoluciones/RESOLUCIONES%202007/RES%202007%203701%20AL%203800/RESOLUCION%203758%20DE%202007.pdf HTTP/1.1" 200 121754
66.249.66.20 - - [16/Jul/2024:06:26:45 -0500] "GET /BLA/resoluciones/AUTOS%202008/0152.pdf HTTP/1.1" 200 123734
66.249.66.2 - - [16/Jul/2024:06:26:46 -0500] "GET /BLA/resoluciones/AUTOS%202008/2562.pdf HTTP/1.1" 200 229756
66.249.66.19 - - [16/Jul/2024:06:26:46 -0500] "GET /BLA/resoluciones/AUTOS%202008/0838.pdf HTTP/1.1" 200 81613
66.249.66.2 - - [16/Jul/2024:06:26:47 -0500] "GET /BLA/resoluciones/AUTOS%202008/1738.pdf HTTP/1.1" 200 137016
66.249.66.20 - - [16/Jul/2024:06:26:47 -0500] "GET /BLA/resoluciones/AUTOS%202020/4358.pdf HTTP/1.1" 200 402242
66.249.66.8 - - [16/Jul/2024:06:26:50 -0500] "GET /BLA/resoluciones/AUTOS%202008/0203.pdf HTTP/1.1" 200 262335
66.249.66.3 - - [16/Jul/2024:06:26:50 -0500] "GET /BLA/resoluciones/AUTOS%202008/1054.pdf HTTP/1.1" 200 127594
66.249.66.6 - - [16/Jul/2024:06:26:51 -0500] "GET /BLA/resoluciones/AUTOS%202008/0550.pdf HTTP/1.1" 200 153415
66.249.66.4 - - [16/Jul/2024:06:26:51 -0500] "GET /BLA/resoluciones/AUTOS%202008/0999.pdf HTTP/1.1" 200 79215
66.249.66.20 - - [16/Jul/2024:06:26:51 -0500] "GET /BLA/resoluciones/AUTOS%202008/3090.pdf HTTP/1.1" 200 57558
66.249.66.22 - - [16/Jul/2024:06:26:52 -0500] "GET /BLA/resoluciones/AUTOS%202008/1833.pdf HTTP/1.1" 200 178778
66.249.66.23 - - [16/Jul/2024:06:26:52 -0500] "GET /BLA/resoluciones/AUTOS%202008/0459.pdf HTTP/1.1" 200 144089
66.249.66.22 - - [16/Jul/2024:06:26:53 -0500] "GET /BLA/resoluciones/AUTOS%202008/3018.pdf HTTP/1.1" 200 240181
66.249.66.3 - - [16/Jul/2024:06:26:53 -0500] "GET /BLA/resoluciones/AUTOS%202008/1728.pdf HTTP/1.1" 200 90624
66.249.66.8 - - [16/Jul/2024:06:26:54 -0500] "GET /BLA/resoluciones/AUTOS%202008/3432.pdf HTTP/1.1" 200 117077
66.249.66.20 - - [16/Jul/2024:06:26:54 -0500] "GET /BLA/resoluciones/AUTOS%202008/0758.pdf HTTP/1.1" 200 291600
66.249.66.21 - - [16/Jul/2024:06:26:55 -0500] "GET /BLA/resoluciones/AUTOS%202008/2338.pdf HTTP/1.1" 200 101966
66.249.66.2 - - [16/Jul/2024:06:26:55 -0500] "GET /BLA/resoluciones/RESOLUCIONES%202007/RES%202007%201726%20AL%201800/RESOLUCION%201794%20DE%202007.pdf HTTP/1.1" 200 966949
201.245.192.253 - - [16/Jul/2024:06:26:55 -0500] "GET /kwsrmcab/Wsrmcab?wsdl HTTP/1.1" 200 6948
66.249.66.1 - - [16/Jul/2024:06:26:56 -0500] "GET /BLA/resoluciones/AUTOS%202008/2455.pdf HTTP/1.1" 200 132212
66.249.66.19 - - [16/Jul/2024:06:26:56 -0500] "GET /BLA/resoluciones/RESOLUCIONES%202007/RES%202007%20501%20AL%20600/RESOLUCION%200540%20DE%202007.pdf HTTP/1.1" 200 615480
66.249.66.1 - - [16/Jul/2024:06:26:56 -0500] "GET /BLA/resoluciones/AUTOS%202008/0238.pdf HTTP/1.1" 200 108844
66.249.66.6 - - [16/Jul/2024:06:26:57 -0500] "GET /BLA/resoluciones/AUTOS%202008/1385.pdf HTTP/1.1" 200 125723
66.249.66.23 - - [16/Jul/2024:06:26:57 -0500] "GET /BLA/resoluciones/AUTOS%202008/2819.pdf HTTP/1.1" 200 56151
66.249.66.20 - - [16/Jul/2024:06:26:58 -0500] "GET /BLA/resoluciones/RESOLUCIONES%202007/RES%202007%201726%20AL%201800/RESOLUCION%201744%20DE%202007.pdf HTTP/1.1" 200 455108
66.249.66.3 - - [16/Jul/2024:06:26:58 -0500] "GET /BLA/resoluciones/RESOLUCIONES%202007/RES%202007%203401%20AL%203500/RESOLUCION%203468%20DE%202007.pdf HTTP/1.1" 200 815765
66.249.66.20 - - [16/Jul/2024:06:26:59 -0500] "GET /BLA/resoluciones/RESOLUCIONES%202007/RES%202007%201726%20AL%201800/RESOLUCION%201738%20DE%202007.pdf HTTP/1.1" 200 1108955
216.245.221.92 - - [16/Jul/2024:06:26:59 -0500] "HEAD / HTTP/1.1" 200 -
66.249.66.5 - - [16/Jul/2024:06:26:59 -0500] "GET /BLA/resoluciones/RESOLUCIONES%202007/RES%202007%201726%20AL%201800/RESOLUCION%201770%20DE%202007.pdf HTTP/1.1" 200 1255181
66.249.66.22 - - [16/Jul/2024:06:27:00 -0500] "GET /BLA/resoluciones/AUTOS%202008/2198.pdf HTTP/1.1" 200 82244
66.249.66.2 - - [16/Jul/2024:06:27:00 -0500] "GET /BLA/resoluciones/AUTOS%202008/0451.pdf HTTP/1.1" 200 385198
66.249.66.6 - - [16/Jul/2024:06:27:01 -0500] "GET /BLA/resoluciones/AUTOS%202008/2852.pdf HTTP/1.1" 200 97793
66.249.66.19 - - [16/Jul/2024:06:27:01 -0500] "GET /BLA/resoluciones/AUTOS%202008/0254.pdf HTTP/1.1" 200 183957
66.249.66.22 - - [16/Jul/2024:06:27:02 -0500] "GET /BLA/resoluciones/RESOLUCIONES%202007/RES%202007%203401%20AL%203500/RESOLUCION%203403%20DE%202007.pdf HTTP/1.1" 200 818116
66.249.66.19 - - [16/Jul/2024:06:27:02 -0500] "GET /BLA/resoluciones/AUTOS%202008/1505.pdf HTTP/1.1" 200 285358
66.249.66.8 - - [16/Jul/2024:06:27:03 -0500] "GET /BLA/resoluciones/AUTOS%202008/2514.pdf HTTP/1.1" 200 80718
66.249.66.23 - - [16/Jul/2024:06:27:03 -0500] "GET /BLA/resoluciones/AUTOS%202008/1979.pdf HTTP/1.1" 200 101307
66.249.66.6 - - [16/Jul/2024:06:27:03 -0500] "GET /BLA/resoluciones/AUTOS%202008/0402.pdf HTTP/1.1" 200 100321
66.249.66.22 - - [16/Jul/2024:06:27:04 -0500] "GET /BLA/resoluciones/AUTOS%202008/2661.pdf HTTP/1.1" 200 65144
66.249.66.9 - - [16/Jul/2024:06:27:04 -0500] "GET /BLA/resoluciones/AUTOS%202008/1469.pdf HTTP/1.1" 200 83982
66.249.66.4 - - [16/Jul/2024:06:27:05 -0500] "GET /BLA/resoluciones/AUTOS%202008/2955.pdf HTTP/1.1" 200 53913
66.249.66.5 - - [16/Jul/2024:06:27:05 -0500] "GET /BLA/resoluciones/AUTOS%202008/2564.pdf HTTP/1.1" 200 112682
66.249.66.7 - - [16/Jul/2024:06:27:06 -0500] "GET /BLA/resoluciones/RESOLUCIONES%202007/RES%202007%204301%20AL%204352/RESOLUCION%204305%20DE%202007.pdf HTTP/1.1" 200 858324
66.249.66.19 - - [16/Jul/2024:06:27:06 -0500] "GET /BLA/resoluciones/AUTOS%202008/1066.pdf HTTP/1.1" 200 163476
66.249.66.10 - - [16/Jul/2024:06:27:07 -0500] "GET /BLA/resoluciones/AUTOS%202008/1067.pdf HTTP/1.1" 200 227730
66.249.66.1 - - [16/Jul/2024:06:27:07 -0500] "GET /BLA/resoluciones/AUTOS%202008/2256.pdf HTTP/1.1" 200 227736
66.249.66.1 - - [16/Jul/2024:06:27:08 -0500] "GET /BLA/resoluciones/AUTOS%202008/2866.pdf HTTP/1.1" 200 156783
66.249.66.15 - - [16/Jul/2024:06:27:08 -0500] "GET /BLA/resoluciones/AUTOS%202008/0711.pdf HTTP/1.1" 200 92371
66.249.66.19 - - [16/Jul/2024:06:27:09 -0500] "GET /BLA/resoluciones/AUTOS%202008/3367.pdf HTTP/1.1" 200 97485
66.249.66.23 - - [16/Jul/2024:06:27:10 -0500] "GET /BLA/resoluciones/AUTOS%202008/0762.pdf HTTP/1.1" 200 138871
66.249.66.10 - - [16/Jul/2024:06:27:10 -0500] "GET /BLA/resoluciones/AUTOS%202008/1774.pdf HTTP/1.1" 200 206797
66.249.66.10 - - [16/Jul/2024:06:27:10 -0500] "GET /BLA/resoluciones/AUTOS%202008/2362.pdf HTTP/1.1" 200 108050
66.249.66.1 - - [16/Jul/2024:06:27:11 -0500] "GET /BLA/resoluciones/RESOLUCIONES%202007/RES%202007%201501%20AL%201600/RESOLUCION%201523%20DE%202007.pdf HTTP/1.1" 200 515186
66.249.66.2 - - [16/Jul/2024:06:27:11 -0500] "GET /BLA/resoluciones/AUTOS%202008/2825.pdf HTTP/1.1" 200 64154
66.249.66.23 - - [16/Jul/2024:06:27:11 -0500] "GET /BLA/resoluciones/RESOLUCIONES%202007/RES%202007%203701%20AL%203800/RESOLUCION%203707%20DE%202007.pdf HTTP/1.1" 200 155160
66.249.66.8 - - [16/Jul/2024:06:27:12 -0500] "GET /BLA/resoluciones/AUTOS%202008/1802.pdf HTTP/1.1" 200 128487
66.249.66.22 - - [16/Jul/2024:06:27:12 -0500] "GET /BLA/resoluciones/RESOLUCIONES%202007/RES%202007%201501%20AL%201600/RESOLUCION%201536%20DE%202007.pdf HTTP/1.1" 200 1018791
66.249.66.5 - - [16/Jul/2024:06:27:13 -0500] "GET /BLA/resoluciones/AUTOS%202008/2504.pdf HTTP/1.1" 200 165475
66.249.66.9 - - [16/Jul/2024:06:27:13 -0500] "GET /BLA/resoluciones/AUTOS%202008/0403.pdf HTTP/1.1" 200 110508
66.249.66.4 - - [16/Jul/2024:06:27:14 -0500] "GET /BLA/resoluciones/AUTOS%202008/2069.pdf HTTP/1.1" 200 82607
66.249.66.3 - - [16/Jul/2024:06:27:14 -0500] "GET /BLA/resoluciones/AUTOS%202008/2089.pdf HTTP/1.1" 200 110525
66.249.66.10 - - [16/Jul/2024:06:27:15 -0500] "GET /BLA/resoluciones/AUTOS%202008/0700.pdf HTTP/1.1" 200 82255
66.249.66.8 - - [16/Jul/2024:06:27:15 -0500] "GET /BLA/resoluciones/RESOLUCIONES%202007/RES%202007%204301%20AL%204352/RESOLUCION%204319%20DE%202007.pdf HTTP/1.1" 200 540007
66.249.66.8 - - [16/Jul/2024:06:27:16 -0500] "GET /BLA/resoluciones/AUTOS%202008/2363.pdf HTTP/1.1" 200 98813
66.249.66.22 - - [16/Jul/2024:06:27:16 -0500] "GET /BLA/resoluciones/AUTOS%202008/2721.pdf HTTP/1.1" 200 81345
66.249.66.8 - - [16/Jul/2024:06:27:16 -0500] "GET /BLA/resoluciones/AUTOS%202008/2869.pdf HTTP/1.1" 200 284732
66.249.66.6 - - [16/Jul/2024:06:27:17 -0500] "GET /BLA/resoluciones/RESOLUCIONES%202007/RES%202007%203701%20AL%203800/RESOLUCION%203784%20DE%202007.pdf HTTP/1.1" 200 27599
66.249.66.6 - - [16/Jul/2024:06:27:17 -0500] "GET /BLA/resoluciones/AUTOS%202008/2949.pdf HTTP/1.1" 200 52903
66.249.66.1 - - [16/Jul/2024:06:27:18 -0500] "GET /BLA/resoluciones/AUTOS%202008/3059.pdf HTTP/1.1" 200 78506
66.249.66.1 - - [16/Jul/2024:06:27:18 -0500] "GET /BLA/resoluciones/AUTOS%202008/0094.pdf HTTP/1.1" 200 88834
66.249.66.23 - - [16/Jul/2024:06:27:19 -0500] "GET /BLA/resoluciones/AUTOS%202008/2470.pdf HTTP/1.1" 200 102607
66.249.66.20 - - [16/Jul/2024:06:27:19 -0500] "GET /BLA/resoluciones/AUTOS%202008/0906.pdf HTTP/1.1" 200 167970
66.249.66.6 - - [16/Jul/2024:06:27:20 -0500] "GET /BLA/resoluciones/AUTOS%202008/2465.pdf HTTP/1.1" 200 125681
66.249.66.2 - - [16/Jul/2024:06:27:20 -0500] "GET /BLA/resoluciones/RESOLUCIONES%202007/RES%202007%203701%20AL%203800/RESOLUCION%203767%20DE%202007.pdf HTTP/1.1" 200 52530
66.249.66.2 - - [16/Jul/2024:06:27:21 -0500] "GET /BLA/resoluciones/AUTOS%202008/2518.pdf HTTP/1.1" 200 126196
66.249.66.20 - - [16/Jul/2024:06:27:21 -0500] "GET /BLA/resoluciones/AUTOS%202008/2336.pdf HTTP/1.1" 200 174933
66.249.66.22 - - [16/Jul/2024:06:27:21 -0500] "GET /BLA/resoluciones/AUTOS%202008/2821.pdf HTTP/1.1" 200 64199
66.249.66.4 - - [16/Jul/2024:06:27:22 -0500] "GET /BLA/resoluciones/RESOLUCIONES%202007/RES%202007%203401%20AL%203500/RESOLUCION%203421%20DE%202007.pdf HTTP/1.1" 200 726683
66.249.66.2 - - [16/Jul/2024:06:27:22 -0500] "GET /BLA/resoluciones/AUTOS%202008/2078.pdf HTTP/1.1" 200 111638
66.249.66.4 - - [16/Jul/2024:06:27:23 -0500] "GET /BLA/resoluciones/RESOLUCIONES%202007/RES%202007%203701%20AL%203800/RESOLUCION%203735%20DE%202007.pdf HTTP/1.1" 200 609802
66.249.66.22 - - [16/Jul/2024:06:27:23 -0500] "GET /BLA/resoluciones/AUTOS%202008/3204.pdf HTTP/1.1" 200 267829
66.249.66.1 - - [16/Jul/2024:06:27:24 -0500] "GET /BLA/resoluciones/AUTOS%202008/1943.pdf HTTP/1.1" 200 122070
66.249.66.22 - - [16/Jul/2024:06:27:24 -0500] "GET /BLA/resoluciones/AUTOS%202008/2810.pdf HTTP/1.1" 200 113632
66.249.66.22 - - [16/Jul/2024:06:27:25 -0500] "GET /BLA/resoluciones/AUTOS%202008/0965.pdf HTTP/1.1" 200 93917
66.249.66.23 - - [16/Jul/2024:06:27:25 -0500] "GET /BLA/resoluciones/AUTOS%202008/1703.pdf HTTP/1.1" 200 140737
66.249.66.22 - - [16/Jul/2024:06:27:26 -0500] "GET /BLA/resoluciones/AUTOS%202008/1281.pdf HTTP/1.1" 200 236880
66.249.66.3 - - [16/Jul/2024:06:27:26 -0500] "GET /BLA/resoluciones/AUTOS%202008/0527.pdf HTTP/1.1" 200 95400
66.249.66.20 - - [16/Jul/2024:06:27:26 -0500] "GET /BLA/resoluciones/AUTOS%202008/1975.pdf HTTP/1.1" 200 96466
66.249.66.1 - - [16/Jul/2024:06:27:27 -0500] "GET /BLA/resoluciones/AUTOS%202008/1613.pdf HTTP/1.1" 200 73174
66.249.66.2 - - [16/Jul/2024:06:27:27 -0500] "GET /BLA/resoluciones/RESOLUCIONES%202023/1666.pdf HTTP/1.1" 200 672182
66.249.66.20 - - [16/Jul/2024:06:27:28 -0500] "GET /BLA/resoluciones/AUTOS%202008/3222.pdf HTTP/1.1" 200 68836
66.249.66.21 - - [16/Jul/2024:06:27:28 -0500] "GET /BLA/resoluciones/AUTOS%202008/1940.pdf HTTP/1.1" 200 109173
66.249.66.1 - - [16/Jul/2024:06:27:29 -0500] "GET /BLA/resoluciones/AUTOS%202020/0548.pdf HTTP/1.1" 200 1554728
66.249.66.2 - - [16/Jul/2024:06:27:29 -0500] "GET /BLA/resoluciones/AUTOS%202008/2701.pdf HTTP/1.1" 200 112753
66.249.66.1 - - [16/Jul/2024:06:27:30 -0500] "GET /BLA/resoluciones/AUTOS%202008/2972.pdf HTTP/1.1" 200 113390
66.249.66.2 - - [16/Jul/2024:06:27:30 -0500] "GET /BLA/resoluciones/RESOLUCIONES%202007/RES%202007%201726%20AL%201800/RESOLUCION%201741%20DE%202007.pdf HTTP/1.1" 200 125475
66.249.66.1 - - [16/Jul/2024:06:27:31 -0500] "GET /BLA/resoluciones/AUTOS%202008/0179.pdf HTTP/1.1" 200 96656
66.249.66.19 - - [16/Jul/2024:06:27:31 -0500] "GET /BLA/resoluciones/RESOLUCIONES%202007/RES%202007%203401%20AL%203500/RESOLUCION%203466%20DE%202007.pdf HTTP/1.1" 200 264573
66.249.66.20 - - [16/Jul/2024:06:27:32 -0500] "GET /BLA/resoluciones/AUTOS%202008/2293.pdf HTTP/1.1" 200 112970
66.249.66.21 - - [16/Jul/2024:06:27:32 -0500] "GET /BLA/resoluciones/AUTOS%202008/0014.pdf HTTP/1.1" 200 102299
66.249.66.1 - - [16/Jul/2024:06:27:32 -0500] "GET /BLA/resoluciones/AUTOS%202008/2058.pdf HTTP/1.1" 200 146794
66.249.66.2 - - [16/Jul/2024:06:27:33 -0500] "GET /BLA/resoluciones/AUTOS%202008/1250.pdf HTTP/1.1" 200 141851
66.249.66.2 - - [16/Jul/2024:06:27:33 -0500] "GET /BLA/resoluciones/AUTOS%202008/0815.pdf HTTP/1.1" 200 118141
66.249.66.21 - - [16/Jul/2024:06:27:34 -0500] "GET /BLA/resoluciones/AUTOS%202008/2824.pdf HTTP/1.1" 200 70302
66.249.66.22 - - [16/Jul/2024:06:27:34 -0500] "GET /BLA/resoluciones/RESOLUCIONES%202007/RES%202007%201501%20AL%201600/RESOLUCION%201509%20DE%202007.pdf HTTP/1.1" 200 456653
66.249.66.3 - - [16/Jul/2024:06:27:35 -0500] "GET /BLA/resoluciones/AUTOS%202008/0422.pdf HTTP/1.1" 200 233378
66.249.66.20 - - [16/Jul/2024:06:27:35 -0500] "GET /BLA/resoluciones/AUTOS%202020/3260.pdf HTTP/1.1" 200 323932
66.249.66.1 - - [16/Jul/2024:06:27:36 -0500] "GET /BLA/resoluciones/AUTOS%202008/1421.pdf HTTP/1.1" 200 157430
66.249.66.3 - - [16/Jul/2024:06:27:36 -0500] "GET /BLA/resoluciones/RESOLUCIONES%202007/RES%202007%20101%20AL%20200/RESOLUCION%200180%20DE%202007.pdf HTTP/1.1" 200 210362
66.249.66.4 - - [16/Jul/2024:06:27:36 -0500] "GET /BLA/resoluciones/AUTOS%202008/1186.pdf HTTP/1.1" 200 122238
66.249.66.2 - - [16/Jul/2024:06:27:37 -0500] "GET /BLA/resoluciones/AUTOS%202008/1089.pdf HTTP/1.1" 200 70649
66.249.66.3 - - [16/Jul/2024:06:27:37 -0500] "GET /BLA/resoluciones/AUTOS%202008/3281.pdf HTTP/1.1" 200 84833
66.249.66.2 - - [16/Jul/2024:06:27:38 -0500] "GET /BLA/resoluciones/RESOLUCIONES%202007/RES%202007%203401%20AL%203500/RESOLUCION%203482%20DE%202007.pdf HTTP/1.1" 200 1004537
66.249.66.20 - - [16/Jul/2024:06:27:38 -0500] "GET /BLA/resoluciones/AUTOS%202008/0069.pdf HTTP/1.1" 200 233114
66.249.66.21 - - [16/Jul/2024:06:27:39 -0500] "GET /BLA/resoluciones/AUTOS%202008/2823.pdf HTTP/1.1" 200 59111
66.249.66.23 - - [16/Jul/2024:06:27:39 -0500] "GET /BLA/resoluciones/AUTOS%202008/2415.pdf HTTP/1.1" 200 219212
172.22.2.4 - - [16/Jul/2024:06:25:59 -0500] "HEAD /BLA/boletinlegal/ HTTP/1.1" 200 -
190.158.100.67 - - [16/Jul/2024:06:27:40 -0500] "POST /sipse/faces/presentacion/financiero/solicitudProceso/consultarSolicitudProceso.xhtml HTTP/1.1" 302 -
190.158.100.67 - - [16/Jul/2024:06:27:40 -0500] "GET /sipse/faces/autenticacion.xhtml HTTP/1.1" 200 1099
66.249.66.19 - - [16/Jul/2024:06:27:40 -0500] "GET /BLA/resoluciones/AUTOS%202008/0629.pdf HTTP/1.1" 200 96625
190.158.100.67 - - [16/Jul/2024:06:27:40 -0500] "POST /sipse/faces/presentacion/financiero/solicitudProceso/consultarSolicitudProceso.xhtml HTTP/1.1" 302 -
190.158.100.67 - - [16/Jul/2024:06:27:40 -0500] "GET /sipse/faces/autenticacion.xhtml HTTP/1.1" 200 1099
190.158.100.67 - - [16/Jul/2024:06:27:40 -0500] "POST /sipse/faces/presentacion/financiero/solicitudProceso/consultarSolicitudProceso.xhtml HTTP/1.1" 302 -
190.158.100.67 - - [16/Jul/2024:06:27:40 -0500] "GET /sipse/faces/autenticacion.xhtml HTTP/1.1" 200 1099
66.249.66.20 - - [16/Jul/2024:06:27:40 -0500] "GET /BLA/resoluciones/AUTOS%202008/0214.pdf HTTP/1.1" 200 94501
66.249.66.1 - - [16/Jul/2024:06:27:41 -0500] "GET /BLA/resoluciones/AUTOS%202008/0886.pdf HTTP/1.1" 200 214624
66.249.66.3 - - [16/Jul/2024:06:27:41 -0500] "GET /BLA/resoluciones/AUTOS%202008/0337.pdf HTTP/1.1" 200 370005
190.158.100.67 - - [16/Jul/2024:06:27:41 -0500] "POST /sipse/faces/presentacion/financiero/solicitudProceso/consultarSolicitudProceso.xhtml HTTP/1.1" 302 -
190.158.100.67 - - [16/Jul/2024:06:27:42 -0500] "GET /sipse/faces/autenticacion.xhtml HTTP/1.1" 200 1099
66.249.66.23 - - [16/Jul/2024:06:27:42 -0500] "GET /BLA/resoluciones/RESOLUCIONES%202007/RES%202007%201726%20AL%201800/RESOLUCION%201737%20DE%202007.pdf HTTP/1.1" 200 140588
190.158.100.67 - - [16/Jul/2024:06:27:42 -0500] "POST /sipse/faces/presentacion/financiero/solicitudProceso/consultarSolicitudProceso.xhtml HTTP/1.1" 302 -
190.158.100.67 - - [16/Jul/2024:06:27:42 -0500] "GET /sipse/faces/autenticacion.xhtml HTTP/1.1" 200 1099
190.158.100.67 - - [16/Jul/2024:06:27:42 -0500] "POST /sipse/faces/presentacion/financiero/solicitudProceso/consultarSolicitudProceso.xhtml HTTP/1.1" 302 -
190.158.100.67 - - [16/Jul/2024:06:27:42 -0500] "GET /sipse/faces/autenticacion.xhtml HTTP/1.1" 200 1099
66.249.66.4 - - [16/Jul/2024:06:27:42 -0500] "GET /BLA/resoluciones/AUTOS%202008/3152.pdf HTTP/1.1" 200 143711
66.249.66.19 - - [16/Jul/2024:06:27:42 -0500] "GET /BLA/resoluciones/AUTOS%202008/0739.pdf HTTP/1.1" 200 163548
66.249.66.22 - - [16/Jul/2024:06:27:43 -0500] "GET /BLA/resoluciones/AUTOS%202008/0806.pdf HTTP/1.1" 200 114443
66.249.66.23 - - [16/Jul/2024:06:27:43 -0500] "GET /BLA/resoluciones/AUTOS%202008/0275.pdf HTTP/1.1" 200 164864
190.158.100.67 - - [16/Jul/2024:06:27:43 -0500] "GET /sipse/faces/presentacion/financiero/solicitudProceso/consultarHistorialSolProceso.xhtml HTTP/1.1" 302 -
190.158.100.67 - - [16/Jul/2024:06:27:44 -0500] "GET /sipse/faces/autenticacion.xhtml HTTP/1.1" 200 12410
190.158.100.67 - - [16/Jul/2024:06:27:44 -0500] "GET /sipse/js/disable_browser_buttons.js HTTP/1.1" 304 -
190.158.100.67 - - [16/Jul/2024:06:27:44 -0500] "GET /sipse/css/custom_css_sg.css HTTP/1.1" 304 -
66.249.66.1 - - [16/Jul/2024:06:27:44 -0500] "GET /BLA/resoluciones/RESOLUCIONES%202007/RES%202007%201726%20AL%201800/RESOLUCION%201795%20DE%202007.pdf HTTP/1.1" 200 1296778
190.158.100.67 - - [16/Jul/2024:06:27:44 -0500] "GET /sipse/js/funciones.js HTTP/1.1" 304 -
190.158.100.67 - - [16/Jul/2024:06:27:44 -0500] "GET /sipse/css/custom_css_sg_prime_login.css HTTP/1.1" 304 -
190.158.100.67 - - [16/Jul/2024:06:27:44 -0500] "GET /sipse/faces/javax.faces.resource/primefaces.css?ln=primefaces&v=4.0 HTTP/1.1" 304 -
190.158.100.67 - - [16/Jul/2024:06:27:44 -0500] "GET /sipse/faces/javax.faces.resource/layout/layout.css?ln=primefaces&v=4.0 HTTP/1.1" 304 -
190.158.100.67 - - [16/Jul/2024:06:27:44 -0500] "GET /sipse/faces/javax.faces.resource/theme.css?ln=primefaces-sipse HTTP/1.1" 304 -
190.158.100.67 - - [16/Jul/2024:06:27:44 -0500] "GET /sipse/faces/javax.faces.resource/jquery/jquery.js?ln=primefaces&v=4.0 HTTP/1.1" 304 -
190.158.100.67 - - [16/Jul/2024:06:27:44 -0500] "GET /sipse/faces/javax.faces.resource/jquery/jquery-plugins.js?ln=primefaces&v=4.0 HTTP/1.1" 304 -
190.158.100.67 - - [16/Jul/2024:06:27:44 -0500] "GET /sipse/faces/javax.faces.resource/layout/layout.js?ln=primefaces&v=4.0 HTTP/1.1" 304 -
190.158.100.67 - - [16/Jul/2024:06:27:44 -0500] "GET /sipse/faces/javax.faces.resource/primefaces.js?ln=primefaces&v=4.0 HTTP/1.1" 304 -
190.158.100.67 - - [16/Jul/2024:06:27:44 -0500] "GET /sipse/css/imagen/logoSDG.png HTTP/1.1" 304 -
190.158.100.67 - - [16/Jul/2024:06:27:44 -0500] "GET /sipse/css/imagen/loginimg.png HTTP/1.1" 304 -
190.158.100.67 - - [16/Jul/2024:06:27:44 -0500] "GET /sipse/faces/javax.faces.resource/images/ui-icons_898989_256x240.png?ln=primefaces-aristo HTTP/1.1" 304 -
66.249.66.5 - - [16/Jul/2024:06:27:44 -0500] "GET /BLA/resoluciones/AUTOS%202008/1207.pdf HTTP/1.1" 200 177955
66.249.66.22 - - [16/Jul/2024:06:27:45 -0500] "GET /BLA/resoluciones/RESOLUCIONES%202007/RES%202007%201501%20AL%201600/RESOLUCION%201587%20DE%202007.pdf HTTP/1.1" 200 518018
66.249.66.7 - - [16/Jul/2024:06:27:45 -0500] "GET /BLA/resoluciones/AUTOS%202008/2538.pdf HTTP/1.1" 200 100180
66.249.66.2 - - [16/Jul/2024:06:27:46 -0500] "GET /BLA/resoluciones/AUTOS%202008/1043.pdf HTTP/1.1" 200 134485
66.249.66.21 - - [16/Jul/2024:06:27:46 -0500] "GET /BLA/resoluciones/AUTOS%202008/3117.pdf HTTP/1.1" 200 103263
66.249.66.21 - - [16/Jul/2024:06:27:46 -0500] "GET /BLA/resoluciones/AUTOS%202008/3285.pdf HTTP/1.1" 200 64591
66.249.66.2 - - [16/Jul/2024:06:27:47 -0500] "GET /BLA/resoluciones/AUTOS%202008/0222.pdf HTTP/1.1" 200 104558
66.249.66.7 - - [16/Jul/2024:06:27:47 -0500] "GET /BLA/resoluciones/AUTOS%202008/1073.pdf HTTP/1.1" 200 215159
190.158.100.67 - - [16/Jul/2024:06:27:48 -0500] "POST /sipse/faces/autenticacion.xhtml HTTP/1.1" 200 2223
190.158.100.67 - - [16/Jul/2024:06:27:48 -0500] "GET /sipse/faces/javax.faces.resource/messages/messages.png?ln=primefaces&v=4.0 HTTP/1.1" 304 -
66.249.66.1 - - [16/Jul/2024:06:27:48 -0500] "GET /BLA/resoluciones/AUTOS%202008/2596.pdf HTTP/1.1" 200 58395
66.249.66.3 - - [16/Jul/2024:06:27:48 -0500] "GET /BLA/resoluciones/AUTOS%202008/2330.pdf HTTP/1.1" 200 143911
66.249.66.5 - - [16/Jul/2024:06:27:49 -0500] "GET /BLA/resoluciones/RESOLUCIONES%202007/RES%202007%20701%20AL%20800/RESOLUCION%200716%20DE%202007.pdf HTTP/1.1" 200 218445
190.158.100.67 - - [16/Jul/2024:06:27:49 -0500] "POST /sipse/faces/autenticacion.xhtml HTTP/1.1" 200 16342
66.249.66.20 - - [16/Jul/2024:06:27:49 -0500] "GET /BLA/resoluciones/AUTOS%202008/1057.pdf HTTP/1.1" 200 385274
190.158.100.67 - - [16/Jul/2024:06:27:49 -0500] "GET /sipse/css/custom_css_sg_prime.css HTTP/1.1" 304 -
190.158.100.67 - - [16/Jul/2024:06:27:49 -0500] "GET /sipse/faces/javax.faces.resource/primefaces.css?ln=primefaces&v=4.0 HTTP/1.1" 304 -
190.158.100.67 - - [16/Jul/2024:06:27:49 -0500] "GET /sipse/faces/javax.faces.resource/theme.css?ln=primefaces-sipse HTTP/1.1" 304 -
190.158.100.67 - - [16/Jul/2024:06:27:49 -0500] "GET /sipse/faces/javax.faces.resource/layout/layout.css?ln=primefaces&v=4.0 HTTP/1.1" 304 -
190.158.100.67 - - [16/Jul/2024:06:27:49 -0500] "GET /sipse/js/jquery.min.js HTTP/1.1" 304 -
190.158.100.67 - - [16/Jul/2024:06:27:49 -0500] "GET /sipse/faces/javax.faces.resource/jquery/jquery.js?ln=primefaces&v=4.0 HTTP/1.1" 304 -
190.158.100.67 - - [16/Jul/2024:06:27:50 -0500] "GET /sipse/faces/javax.faces.resource/jquery/jquery-plugins.js?ln=primefaces&v=4.0 HTTP/1.1" 304 -
190.158.100.67 - - [16/Jul/2024:06:27:50 -0500] "GET /sipse/faces/javax.faces.resource/primefaces.js?ln=primefaces&v=4.0 HTTP/1.1" 304 -
66.249.66.4 - - [16/Jul/2024:06:27:50 -0500] "GET /BLA/resoluciones/AUTOS%202008/0936.pdf HTTP/1.1" 200 91390
190.158.100.67 - - [16/Jul/2024:06:27:50 -0500] "GET /sipse/faces/javax.faces.resource/layout/layout.js?ln=primefaces&v=4.0 HTTP/1.1" 304 -
190.158.100.67 - - [16/Jul/2024:06:27:50 -0500] "GET /sipse/imagenes/cargando.gif HTTP/1.1" 304 -
190.158.100.67 - - [16/Jul/2024:06:27:50 -0500] "GET /sipse/css/v_mergente.css HTTP/1.1" 304 -
190.158.100.67 - - [16/Jul/2024:06:27:50 -0500] "GET /sipse/imagenes/logoAplicacion.jpg HTTP/1.1" 304 -
190.158.100.67 - - [16/Jul/2024:06:27:50 -0500] "GET /sipse/css/imagen/contrasena.png HTTP/1.1" 404 383
66.249.66.22 - - [16/Jul/2024:06:27:50 -0500] "GET /BLA/resoluciones/AUTOS%202008/3140.pdf HTTP/1.1" 200 346591
66.249.66.3 - - [16/Jul/2024:06:27:51 -0500] "GET /BLA/resoluciones/AUTOS%202008/2404.pdf HTTP/1.1" 200 367360
66.249.66.21 - - [16/Jul/2024:06:27:51 -0500] "GET /BLA/resoluciones/AUTOS%202008/2368.pdf HTTP/1.1" 200 310945
66.249.66.23 - - [16/Jul/2024:06:27:52 -0500] "GET /BLA/resoluciones/AUTOS%202008/1433.pdf HTTP/1.1" 200 178694
66.249.66.1 - - [16/Jul/2024:06:27:52 -0500] "GET /BLA/resoluciones/AUTOS%202008/0314.pdf HTTP/1.1" 200 160423
172.22.2.4 - - [16/Jul/2024:06:27:52 -0500] "GET /BLA/boletinlegal/robots.txt HTTP/1.1" 404 1038
190.158.100.67 - - [16/Jul/2024:06:27:52 -0500] "GET /sipse/faces/javax.faces.resource/images/ui-bg_flat_0_2d5972_40x100.png?ln=primefaces-aristo HTTP/1.1" 304 -
190.158.100.67 - - [16/Jul/2024:06:27:52 -0500] "POST /sipse/faces/bienvenido.xhtml HTTP/1.1" 200 2073
