201.245.192.253 - - [16/Jul/2024:07:42:19 -0500] "POST /sipse/faces/presentacion/financiero/solicitudProceso/listarSolicitudProceso.xhtml HTTP/1.1" 200 1528
216.244.66.195 - - [16/Jul/2024:07:42:47 -0500] "GET /BLA/resoluciones/RESOLUCIONES%202019/3947.pdf HTTP/1.1" 200 268011
66.249.66.19 - - [16/Jul/2024:07:42:54 -0500] "GET /BLA/resoluciones/AUTOS%202008/3127.pdf HTTP/1.1" 200 167248
201.245.192.253 - - [16/Jul/2024:07:42:55 -0500] "GET /kwsrmcab/Wsrmcab?wsdl HTTP/1.1" 200 6948
66.249.66.19 - - [16/Jul/2024:07:43:06 -0500] "GET /BLA/resoluciones/RESOLUCIONES%202023/0535.pdf HTTP/1.1" 200 396924
66.249.66.19 - - [16/Jul/2024:07:43:07 -0500] "GET /BLA/resoluciones/RESOLUCIONES%202023/2321.pdf HTTP/1.1" 200 634516
66.249.66.19 - - [16/Jul/2024:07:43:07 -0500] "GET /BLA/resoluciones/RESOLUCIONES%202023/01140.pdf HTTP/1.1" 200 684363
191.156.39.133 - - [16/Jul/2024:07:43:13 -0500] "GET /BLA/resoluciones/AUTOS%202020/1018.pdf HTTP/1.1" 200 346161
66.249.66.20 - - [16/Jul/2024:07:43:18 -0500] "GET /BLA/resoluciones/AUTOS%202008/2134.pdf HTTP/1.1" 200 97826
172.22.2.4 - - [16/Jul/2024:07:41:49 -0500] "HEAD /BLA/boletinlegal/ HTTP/1.1" 200 -
66.249.66.19 - - [16/Jul/2024:07:43:31 -0500] "GET /BLA/resoluciones/RESOLUCIONES%202023/0391.pdf HTTP/1.1" 200 415929
216.244.66.195 - - [16/Jul/2024:07:43:42 -0500] "GET /BLA/resoluciones/RESOLUCIONES%202001/RESOLUCION%20408%20DE%202001.pdf HTTP/1.1" 200 76854
66.249.66.19 - - [16/Jul/2024:07:43:48 -0500] "GET /BLA/resoluciones/RESOLUCIONES%202004/RES%202004%20801-850/00000835.tif HTTP/1.1" 200 117456
66.249.66.19 - - [16/Jul/2024:07:43:48 -0500] "GET /BLA/resoluciones/AUTOS%202008/2843.pdf HTTP/1.1" 200 59849
201.245.192.253 - - [16/Jul/2024:07:43:55 -0500] "GET /kwsrmcab/Wsrmcab?wsdl HTTP/1.1" 200 6948
216.244.66.195 - - [16/Jul/2024:07:44:05 -0500] "GET /BLA/resoluciones/RESOLUCIONES%202001/RESOLUCION%20628%20DE%202001.pdf HTTP/1.1" 200 150924
172.22.2.4 - - [16/Jul/2024:07:42:40 -0500] "GET /BLA/boletinlegal/ HTTP/1.1" 200 60380
201.245.192.253 - - [16/Jul/2024:07:44:55 -0500] "GET /kwsrmcab/Wsrmcab?wsdl HTTP/1.1" 200 6948
66.249.66.20 - - [16/Jul/2024:07:45:07 -0500] "GET /BLA/resoluciones/RESOLUCIONES%202023/2134.pdf HTTP/1.1" 200 465611
66.249.66.21 - - [16/Jul/2024:07:45:08 -0500] "GET /BLA/resoluciones/RESOLUCIONES%202023/01880.pdf HTTP/1.1" 200 556982
201.245.192.253 - - [16/Jul/2024:07:45:18 -0500] "POST /kwsrmcab/Wsrmcab  HTTP/1.1" 200 213
201.245.192.253 - - [16/Jul/2024:07:45:53 -0500] "GET /appsia/controlador HTTP/1.1" 200 4799
201.245.192.253 - - [16/Jul/2024:07:45:54 -0500] "GET /appsia/css/estilos.css HTTP/1.1" 200 4804
201.245.192.253 - - [16/Jul/2024:07:45:54 -0500] "GET /appsia/scripts/validarIngreso.js HTTP/1.1" 200 851
201.245.192.253 - - [16/Jul/2024:07:45:54 -0500] "GET /appsia/images/cabezoteHojaVida.png HTTP/1.1" 200 32493
201.245.192.253 - - [16/Jul/2024:07:45:54 -0500] "GET /appsia/images/logo_bogota_p.png HTTP/1.1" 200 14951
201.245.192.253 - - [16/Jul/2024:07:45:54 -0500] "GET /favicon.ico HTTP/1.1" 200 7782
201.245.192.253 - - [16/Jul/2024:07:45:55 -0500] "GET /kwsrmcab/Wsrmcab?wsdl HTTP/1.1" 200 6948
201.245.192.253 - - [16/Jul/2024:07:45:57 -0500] "POST /appsia/controlador HTTP/1.1" 200 5437
66.249.66.19 - - [16/Jul/2024:07:46:00 -0500] "GET /BLA/resoluciones/RESOLUCIONES%202023/1395.pdf HTTP/1.1" 200 417594
201.245.192.253 - - [16/Jul/2024:07:46:02 -0500] "POST /appsia/controlador HTTP/1.1" 200 7775
66.249.66.20 - - [16/Jul/2024:07:46:04 -0500] "GET /BLA/resoluciones/AUTOS%202008/0392.pdf HTTP/1.1" 200 96553
186.102.13.215 - - [16/Jul/2024:07:46:05 -0500] "GET /kwssiamovil/sm/ldap/au?x=U2FsdGVkX19qNaOhk71n/DU4+UFl0++YLxpKUK8AQRunB8INlEquorHUCt9zabOA&y=U2FsdGVkX1+7BTHi5D2G/T6j19uWgaPkiX94+d7kIr0lFdRU19eC9E+eI2dvircd HTTP/1.1" 200 30
186.102.13.215 - - [16/Jul/2024:07:46:05 -0500] "GET /kwssiamovil/sm/acme/s?s=U2FsdGVkX1+5bznZmEJG/eYxhQVE9qcqmAKJdg3cPIPU4tQBN3G2yPb/hyMH8sEHtn8ck52DSWMBcu8ZCZPoZykVPSGn45otTCjWJUpqlC4=&u=U2FsdGVkX19akPtByEV0JfaqinA3WxbqAsJ8TIPl+C8=&y=U2FsdGVkX1+7BTHi5D2G/T6j19uWgaPkiX94+d7kIr0lFdRU19eC9E+eI2dvircd HTTP/1.1" 200 97
186.102.13.215 - - [16/Jul/2024:07:46:05 -0500] "GET /kwssiamovil/sm/acme/s?s=U2FsdGVkX1+dY03MpCgpomoC+RNWu/GvNoaSAg9CJSKSDocySi7z473r2QQTyqTvZsC3BT791pI0l0za/hjUTcW3mD4Otwa83uO5XfqnsT0uBuRPgnlR4j8NTcOBAeQVKBlItfDs8eJPRgr+g0zxdnH9Ay6s4QkMUvXStfNkqJGA0b+MFPyJj9WOh6ccsx2kVOjTnae4FlkrmFd6A2PlyC+nr2CTCtsZ6G9vBy1Y0LM8FjOqRLbcmDg8a5wOqCwk9Ck+zcBGEucppTdbHjl6vnND764N1gyeAyJx6O0O5W9mqJEefEEdGDJI0liByQn2/5d5YxUGKYOD80VsFpXTxOxtn0ORfg89OunkOCkAAot2WWN5GNuGcNmmx8aqAyyylC27hpLHuw1FLlGK4/OApHh2BLL6/+D79Po0nhHRzIXc0suF9c/3fXPToC0x7u4NzvlAvnlLWBl92+h9NxmjsU6QCJxuXfDH9clqYnS3ek0CTego1jTK7sAL0aCH69ozP8Z06FbRdqZwOKhKMcAv8Lc1ZxEPHXBEFp6PPg7WGg4dRpcYhmQIuflmpwJHLZLtItwag1/dTr1x9hnX9VRu7Fo+ppebpYpG2utac7UyWiT/aPuxAGjtpe3FiPWE+TcHj9NRoaXn+8HC6r2eJPuDItB5Ne8kenyFnwn8za8+sAV1C9y1iaeaHQcd5idFj+bTCfi8TQAXP/9aqyFA8BZ3ZphdZqVEFoq0Sn/Gzn9IozJYg3zI5ASzH3/0hC8g0YjR52XxkjxUNlumuaBbLkLS1qGtb/nfuGr/1/N5OEs0dmapjOQYt1G31pIIlU67iIiZC2cFNo6U0+h/BDYbgFycqUN7391u464WTKrKWSEWXcfUDali99NJbtIqMEKSngG2rRTDwaAKmG5wGZdAH773+GDRRGjUS1d6J6PhqRuEpncd+agPcvkJEXBN7TtNGSZyFgsx5Y27usKRYgKyaZpnj99LT6tPnZOp1fA9apRCp5MjCW9xhucc8H8ygOL9cJPmyxujCBdWpXlwcEmykMO/MqmuaJafKNEyFTqIXBoqFoRnIEWftC5TFY8yjoDgeklKxCYEJerkBDASLhhVAHzDeTcBgv9KFNzfS+bTd/Yv9FZSVUkXLXEFbtg7ii8hbFCq1ZUcGz86nH0la+r48UlzIAOQ2+JWkou6/q6UG1g+PMJ7zxLcUsX8NzGTAt2B6825eWMw1f7BYBKAHSWefi9wvaoQZMlMOmCiz5/GpRAZCxFkA0E67tWpiMWBdbfd2IgYCBIbz8lN9hk5NwQRP8gdAYxJG2g+N7PVE0VEMFBDozbLd0s9ZWX+a7ccDtvnOWkpUdi/GZ7XTsirPf23JFnkN+EYw8lIsVy6ExhQu/tea+LJqZCn7oaQQ4m+VzPPpuSCcx29cZsFuA0EpSxRea7OWcR8IlMQriRuEoinTX1NgpLlhO49VcH5WjchC7bRRp0g+6JbyWNKsgiHef25wvy8i+1uqeC5uxtQTNTOpbvdxKQDNDykCoSefv2IZOEqxF7reNgcaypbKLmITDTAMCP6mQpeneqjn2v5shh51TLXwVPX8ioh3y3j/fjSkk4hlWFjOvb90eG9uyLvG905Wwo5M25x+4C5HegwT7K3yFYoZRStafiCkZnXEr5N/OcXnE6JRHWTE+VFiNHyfHvQEcw3U7pqUk7dqjGzNuZ8pzleRlkHsza9NnDAPDz3DF1QxdmgiNN1LHYlW+v2s7K6fQywjxRvIu/xtX5JzHyoznGW+n0=&u=U2FsdGVkX19akPtByEV0JfaqinA3WxbqAsJ8TIPl+C8=&y=U2FsdGVkX1+7BTHi5D2G/T6j19uWgaPkiX94+d7kIr0lFdRU19eC9E+eI2dvircd HTTP/1.1" 200 665
66.249.66.20 - - [16/Jul/2024:07:46:05 -0500] "GET /BLA/resoluciones/RESOLUCIONES%202023/02570.pdf HTTP/1.1" 200 481214
186.102.13.215 - - [16/Jul/2024:07:46:05 -0500] "GET /kwssiamovil/sm/acme/s?s=U2FsdGVkX1/C8S7CMJmiUiZaLO4y1NvJad1VLf7w1oMME47y40+W82RXt5nfVx3dJU/63D8SPwHYXVwZAGE0lTdsW2rPoLhuf8S51R3x8a0gCFi6/NbuI3fHQOpJsxXVAJV8UqPaDPMInLG3ZszLbYkyOMmJ5Ytz/Dgwq1bwBUE3V75vmS4P6Q/HEXKIPZ1UlEI7UZW0JvmJsfwxAacZ+8oayhqxXkHuHMO1GbQ3fldSaN3THAnAiuVN9c2JTpk6OOC+vX3DTLcvqmOGnG6XBCie0O5y/8X4uiWdr4j1fJbOj/leqyDx7FNBluMg2ecoZtQ23phID4TTTsbrMg6zZIFYdxVvl/yl03V5s80S/rAgs0SvNFcsm7LBVHGXwGR5VlLW2WP/1jaXtIx51iAO4Zim5ALIWDN466yIZe1xIqsTPfThhbgo5eBJc72Yol12ddRzk7Ifl2mh1qbFAz29K/vcTLf/0kGyW7tz0zDsIfuy8gPzII6GmGmYcILd5MEJlbo5gTCaPV3iIZR11Ez9TcGgX/dEmgC1ObhCpvQJkZNshcX2fCsl36e8LWZ4ho8+V368fsgFVyayG4ZjI7XSl8OX+CQ7MBPuh80enD4R0ZFSo1ohEdW+PZcGH4AwOUplHNXD5PjaFlAVm9xMEt0nPD339GKnQOutMxmqeYgdPmkN5jNSlMoqTkSD0Buw7RtViQ6jO016rw5E3Qckuxldacd+EGNgAnhtP7lVxFz6MjSB0I2zwC094BoiKmqfNagW&u=U2FsdGVkX19akPtByEV0JfaqinA3WxbqAsJ8TIPl+C8=&y=U2FsdGVkX1+7BTHi5D2G/T6j19uWgaPkiX94+d7kIr0lFdRU19eC9E+eI2dvircd HTTP/1.1" 200 208
186.102.13.215 - - [16/Jul/2024:07:46:05 -0500] "GET /kwssiamovil/sm/cjson/pre?f=1&x=U2FsdGVkX19qNaOhk71n/DU4+UFl0++YLxpKUK8AQRunB8INlEquorHUCt9zabOA HTTP/1.1" 200 30244
201.245.192.253 - - [16/Jul/2024:07:46:11 -0500] "POST /appsia/controlador HTTP/1.1" 200 6640
201.245.192.253 - - [16/Jul/2024:07:46:12 -0500] "POST /appsia/controlador HTTP/1.1" 200 11313
66.249.66.19 - - [16/Jul/2024:07:46:13 -0500] "GET /BLA/resoluciones/AUTOS%202008/3232.pdf HTTP/1.1" 200 81808
201.245.192.253 - - [16/Jul/2024:07:46:38 -0500] "POST /appsia/controlador HTTP/1.1" 200 75985
201.245.192.253 - - [16/Jul/2024:07:46:51 -0500] "POST /appsia/controlador HTTP/1.1" 200 7775
201.245.192.253 - - [16/Jul/2024:07:46:55 -0500] "GET /kwsrmcab/Wsrmcab?wsdl HTTP/1.1" 200 6948
201.245.192.253 - - [16/Jul/2024:07:46:55 -0500] "POST /appsia/controlador HTTP/1.1" 200 6640
201.245.192.253 - - [16/Jul/2024:07:46:57 -0500] "POST /appsia/controlador HTTP/1.1" 200 12051
216.245.221.92 - - [16/Jul/2024:07:46:59 -0500] "HEAD / HTTP/1.1" 200 -
201.245.192.253 - - [16/Jul/2024:07:47:00 -0500] "POST /appsia/controlador HTTP/1.1" 200 76084
66.249.66.20 - - [16/Jul/2024:07:47:08 -0500] "GET /BLA/resoluciones/RESOLUCIONES%202023/1018.pdf HTTP/1.1" 200 439689
172.22.2.4 - - [16/Jul/2024:07:45:37 -0500] "GET /BLA/boletinlegal/ HTTP/1.1" 200 61913
201.245.192.253 - - [16/Jul/2024:07:47:55 -0500] "GET /kwsrmcab/Wsrmcab?wsdl HTTP/1.1" 200 6948
66.249.66.21 - - [16/Jul/2024:07:48:09 -0500] "GET /BLA/resoluciones/RESOLUCIONES%202023/0095.pdf HTTP/1.1" 200 855777
201.245.192.253 - - [16/Jul/2024:07:48:55 -0500] "GET /kwsrmcab/Wsrmcab?wsdl HTTP/1.1" 200 6948
172.22.2.4 - - [16/Jul/2024:07:47:39 -0500] "HEAD /BLA/boletinlegal/ HTTP/1.1" 200 -
66.249.66.19 - - [16/Jul/2024:07:49:25 -0500] "GET /BLA/resoluciones/RESOLUCIONES%202023/03075.pdf HTTP/1.1" 200 497293
201.245.192.253 - - [16/Jul/2024:07:49:55 -0500] "GET /kwsrmcab/Wsrmcab?wsdl HTTP/1.1" 200 6948
66.249.66.19 - - [16/Jul/2024:07:50:10 -0500] "GET /BLA/resoluciones/RESOLUCIONES%202023/02366.pdf HTTP/1.1" 200 517012
66.249.66.21 - - [16/Jul/2024:07:50:10 -0500] "GET /BLA/resoluciones/RESOLUCIONES%202023/0388.pdf HTTP/1.1" 200 360154
172.22.2.4 - - [16/Jul/2024:07:48:30 -0500] "GET /BLA/boletinlegal/ HTTP/1.1" 200 58273
66.249.66.19 - - [16/Jul/2024:07:50:37 -0500] "GET /BLA/resoluciones/AUTOS%202008/3443.pdf HTTP/1.1" 200 76072
66.249.66.19 - - [16/Jul/2024:07:50:49 -0500] "GET /BLA/resoluciones/RESOLUCIONES%202023/00462.pdf HTTP/1.1" 200 435332
201.245.192.253 - - [16/Jul/2024:07:50:55 -0500] "GET /kwsrmcab/Wsrmcab?wsdl HTTP/1.1" 200 6948
66.220.149.29 - - [16/Jul/2024:07:50:55 -0500] "GET /images/reconocimiento%20practicas%20ambientales.jpg HTTP/1.1" 200 63397
66.249.66.19 - - [16/Jul/2024:07:51:01 -0500] "GET /BLA/resoluciones/AUTOS%202008/1639.pdf HTTP/1.1" 200 75226
201.245.192.253 - - [16/Jul/2024:07:50:17 -0500] "POST /kwsrmcab/Wsrmcab  HTTP/1.1" 200 213
66.249.66.21 - - [16/Jul/2024:07:51:11 -0500] "GET /BLA/resoluciones/RESOLUCIONES%202023/1912.pdf HTTP/1.1" 200 473387
66.249.66.21 - - [16/Jul/2024:07:51:13 -0500] "GET /BLA/resoluciones/RESOLUCIONES%202023/1031.pdf HTTP/1.1" 200 476360
66.249.66.19 - - [16/Jul/2024:07:51:25 -0500] "GET /BLA/resoluciones/AUTOS%202008/2390.pdf HTTP/1.1" 200 119304
66.249.66.19 - - [16/Jul/2024:07:51:38 -0500] "GET /BLA/resoluciones/RESOLUCIONES%202023/0746.pdf HTTP/1.1" 200 915201
186.29.82.90 - - [16/Jul/2024:07:51:49 -0500] "GET /forest/login.do HTTP/1.1" 404 1120
201.245.192.253 - - [16/Jul/2024:07:51:55 -0500] "GET /kwsrmcab/Wsrmcab?wsdl HTTP/1.1" 200 6948
216.245.221.92 - - [16/Jul/2024:07:51:59 -0500] "HEAD / HTTP/1.1" 200 -
216.244.66.195 - - [16/Jul/2024:07:52:13 -0500] "GET /BLA/resoluciones/AUTOS%202007/0094.pdf HTTP/1.1" 200 46980
66.249.66.19 - - [16/Jul/2024:07:52:20 -0500] "GET /BLA/resoluciones/RESOLUCIONES%202023/2926.pdf HTTP/1.1" 200 452746
66.249.66.20 - - [16/Jul/2024:07:52:20 -0500] "GET /BLA/resoluciones/RESOLUCIONES%202023/0598.pdf HTTP/1.1" 200 452346
216.244.66.195 - - [16/Jul/2024:07:52:34 -0500] "GET /BLA/resoluciones/AUTOS%202007/0370.pdf HTTP/1.1" 200 111775
66.249.66.19 - - [16/Jul/2024:07:52:50 -0500] "GET /BLA/resoluciones/AUTOS%202008/1961.pdf HTTP/1.1" 200 89738
216.244.66.195 - - [16/Jul/2024:07:52:54 -0500] "GET /BLA/resoluciones/AUTOS%202007/0427.pdf HTTP/1.1" 200 52750
201.245.192.253 - - [16/Jul/2024:07:52:55 -0500] "GET /kwsrmcab/Wsrmcab?wsdl HTTP/1.1" 200 6948
201.245.192.253 - - [16/Jul/2024:07:52:55 -0500] "POST /sipse/faces/presentacion/financiero/solicitudProceso/listarSolicitudProceso.xhtml HTTP/1.1" 200 129544
201.245.192.253 - - [16/Jul/2024:07:52:55 -0500] "GET /sipse/faces/javax.faces.resource/theme.css?ln=primefaces-sipse HTTP/1.1" 304 -
201.245.192.253 - - [16/Jul/2024:07:52:55 -0500] "GET /sipse/faces/javax.faces.resource/primefaces.css?ln=primefaces&v=4.0 HTTP/1.1" 304 -
201.245.192.253 - - [16/Jul/2024:07:52:55 -0500] "GET /sipse/faces/javax.faces.resource/layout/layout.css?ln=primefaces&v=4.0 HTTP/1.1" 304 -
201.245.192.253 - - [16/Jul/2024:07:52:55 -0500] "GET /sipse/faces/javax.faces.resource/jquery/jquery.js?ln=primefaces&v=4.0 HTTP/1.1" 304 -
201.245.192.253 - - [16/Jul/2024:07:52:55 -0500] "GET /sipse/faces/javax.faces.resource/jquery/jquery-plugins.js?ln=primefaces&v=4.0 HTTP/1.1" 304 -
201.245.192.253 - - [16/Jul/2024:07:52:55 -0500] "GET /sipse/css/imagen/contrasena.png HTTP/1.1" 404 383
201.245.192.253 - - [16/Jul/2024:07:52:55 -0500] "GET /sipse/faces/javax.faces.resource/primefaces.js?ln=primefaces&v=4.0 HTTP/1.1" 304 -
201.245.192.253 - - [16/Jul/2024:07:52:55 -0500] "GET /sipse/faces/javax.faces.resource/layout/layout.js?ln=primefaces&v=4.0 HTTP/1.1" 304 -
66.249.66.19 - - [16/Jul/2024:07:53:02 -0500] "GET /BLA/resoluciones/RESOLUCIONES%202023/1060.pdf HTTP/1.1" 200 363337
201.245.192.253 - - [16/Jul/2024:07:53:09 -0500] "GET /sipse/faces/javax.faces.resource/images/ui-bg_flat_0_2d5972_40x100.png?ln=primefaces-aristo HTTP/1.1" 304 -
201.245.192.253 - - [16/Jul/2024:07:53:09 -0500] "POST /sipse/faces/presentacion/financiero/solicitudProceso/consultarSolicitudProceso.xhtml HTTP/1.1" 200 54655
201.245.192.253 - - [16/Jul/2024:07:53:09 -0500] "GET /sipse/faces/javax.faces.resource/theme.css?ln=primefaces-sipse HTTP/1.1" 304 -
201.245.192.253 - - [16/Jul/2024:07:53:09 -0500] "GET /sipse/faces/javax.faces.resource/primefaces.css?ln=primefaces&v=4.0 HTTP/1.1" 304 -
201.245.192.253 - - [16/Jul/2024:07:53:09 -0500] "GET /sipse/faces/javax.faces.resource/layout/layout.css?ln=primefaces&v=4.0 HTTP/1.1" 304 -
201.245.192.253 - - [16/Jul/2024:07:53:09 -0500] "GET /sipse/faces/javax.faces.resource/jquery/jquery.js?ln=primefaces&v=4.0 HTTP/1.1" 304 -
201.245.192.253 - - [16/Jul/2024:07:53:09 -0500] "GET /sipse/faces/javax.faces.resource/jquery/jquery-plugins.js?ln=primefaces&v=4.0 HTTP/1.1" 304 -
201.245.192.253 - - [16/Jul/2024:07:53:09 -0500] "GET /sipse/faces/javax.faces.resource/primefaces.js?ln=primefaces&v=4.0 HTTP/1.1" 304 -
201.245.192.253 - - [16/Jul/2024:07:53:09 -0500] "GET /sipse/faces/javax.faces.resource/layout/layout.js?ln=primefaces&v=4.0 HTTP/1.1" 304 -
201.245.192.253 - - [16/Jul/2024:07:53:09 -0500] "POST /sipse/faces/presentacion/financiero/solicitudProceso/listarSolicitudProceso.xhtml HTTP/1.1" 200 48034
201.245.192.253 - - [16/Jul/2024:07:53:10 -0500] "POST /sipse/faces/presentacion/financiero/solicitudProceso/listarSolicitudProceso.xhtml HTTP/1.1" 200 48034
201.245.192.253 - - [16/Jul/2024:07:53:10 -0500] "POST /sipse/faces/presentacion/financiero/solicitudProceso/listarSolicitudProceso.xhtml HTTP/1.1" 200 48034
201.245.192.253 - - [16/Jul/2024:07:53:10 -0500] "POST /sipse/faces/presentacion/financiero/solicitudProceso/listarSolicitudProceso.xhtml HTTP/1.1" 200 48034
201.245.192.253 - - [16/Jul/2024:07:53:10 -0500] "POST /sipse/faces/presentacion/financiero/solicitudProceso/listarSolicitudProceso.xhtml HTTP/1.1" 200 1524
201.245.192.253 - - [16/Jul/2024:07:53:11 -0500] "POST /sipse/faces/presentacion/financiero/solicitudProceso/listarSolicitudProceso.xhtml HTTP/1.1" 200 1532
201.245.192.253 - - [16/Jul/2024:07:53:11 -0500] "POST /sipse/faces/presentacion/financiero/solicitudProceso/listarSolicitudProceso.xhtml HTTP/1.1" 200 1528
201.245.192.253 - - [16/Jul/2024:07:53:11 -0500] "POST /sipse/faces/presentacion/financiero/solicitudProceso/listarSolicitudProceso.xhtml HTTP/1.1" 200 1532
201.245.192.253 - - [16/Jul/2024:07:53:11 -0500] "POST /sipse/faces/presentacion/financiero/solicitudProceso/listarSolicitudProceso.xhtml HTTP/1.1" 200 1528
216.244.66.195 - - [16/Jul/2024:07:53:14 -0500] "GET /BLA/resoluciones/AUTOS%202007/0450.pdf HTTP/1.1" 200 37539
66.249.66.19 - - [16/Jul/2024:07:53:14 -0500] "GET /BLA/resoluciones/AUTOS%202008/1594.pdf HTTP/1.1" 200 140230
66.249.66.19 - - [16/Jul/2024:07:53:16 -0500] "GET /BLA/resoluciones/RESOLUCIONES%202023/0763.pdf HTTP/1.1" 200 381523
66.249.66.19 - - [16/Jul/2024:07:53:17 -0500] "GET /BLA/resoluciones/AUTOS%202008/2366.pdf HTTP/1.1" 200 99645
66.249.66.19 - - [16/Jul/2024:07:53:21 -0500] "GET /BLA/resoluciones/RESOLUCIONES%202023/1411.pdf HTTP/1.1" 200 410405
216.244.66.195 - - [16/Jul/2024:07:53:31 -0500] "GET /BLA/resoluciones/AUTOS%202007/0577.pdf HTTP/1.1" 200 183128
201.245.192.253 - - [16/Jul/2024:07:53:55 -0500] "GET /kwsrmcab/Wsrmcab?wsdl HTTP/1.1" 200 6948
66.249.66.19 - - [16/Jul/2024:07:54:21 -0500] "GET /BLA/resoluciones/RESOLUCIONES%202023/01158.pdf HTTP/1.1" 200 440907
66.249.66.21 - - [16/Jul/2024:07:54:22 -0500] "GET /BLA/resoluciones/RESOLUCIONES%202012/1198.pdf HTTP/1.1" 200 729855
66.249.66.21 - - [16/Jul/2024:07:54:22 -0500] "GET /BLA/resoluciones/RESOLUCIONES%202023/0864.pdf HTTP/1.1" 200 470319
66.249.66.19 - - [16/Jul/2024:07:54:26 -0500] "GET /BLA/resoluciones/RESOLUCIONES%202023/1079.pdf HTTP/1.1" 200 650516
201.245.192.253 - - [16/Jul/2024:07:54:30 -0500] "POST /sipse/faces/presentacion/financiero/solicitudProceso/listarSolicitudProceso.xhtml HTTP/1.1" 200 129544
201.245.192.253 - - [16/Jul/2024:07:54:30 -0500] "GET /sipse/faces/javax.faces.resource/theme.css?ln=primefaces-sipse HTTP/1.1" 304 -
201.245.192.253 - - [16/Jul/2024:07:54:30 -0500] "GET /sipse/faces/javax.faces.resource/primefaces.css?ln=primefaces&v=4.0 HTTP/1.1" 304 -
201.245.192.253 - - [16/Jul/2024:07:54:30 -0500] "GET /sipse/faces/javax.faces.resource/layout/layout.css?ln=primefaces&v=4.0 HTTP/1.1" 304 -
201.245.192.253 - - [16/Jul/2024:07:54:30 -0500] "GET /sipse/faces/javax.faces.resource/jquery/jquery.js?ln=primefaces&v=4.0 HTTP/1.1" 304 -
201.245.192.253 - - [16/Jul/2024:07:54:30 -0500] "GET /sipse/faces/javax.faces.resource/jquery/jquery-plugins.js?ln=primefaces&v=4.0 HTTP/1.1" 304 -
201.245.192.253 - - [16/Jul/2024:07:54:30 -0500] "GET /sipse/faces/javax.faces.resource/primefaces.js?ln=primefaces&v=4.0 HTTP/1.1" 304 -
201.245.192.253 - - [16/Jul/2024:07:54:30 -0500] "GET /sipse/faces/javax.faces.resource/layout/layout.js?ln=primefaces&v=4.0 HTTP/1.1" 304 -
201.245.192.253 - - [16/Jul/2024:07:54:43 -0500] "POST /sipse/faces/presentacion/financiero/solicitudProceso/consultarSolicitudProceso.xhtml HTTP/1.1" 200 58542
201.245.192.253 - - [16/Jul/2024:07:54:43 -0500] "GET /sipse/faces/javax.faces.resource/theme.css?ln=primefaces-sipse HTTP/1.1" 304 -
201.245.192.253 - - [16/Jul/2024:07:54:43 -0500] "GET /sipse/faces/javax.faces.resource/primefaces.css?ln=primefaces&v=4.0 HTTP/1.1" 304 -
201.245.192.253 - - [16/Jul/2024:07:54:43 -0500] "GET /sipse/faces/javax.faces.resource/layout/layout.css?ln=primefaces&v=4.0 HTTP/1.1" 304 -
201.245.192.253 - - [16/Jul/2024:07:54:43 -0500] "GET /sipse/faces/javax.faces.resource/jquery/jquery.js?ln=primefaces&v=4.0 HTTP/1.1" 304 -
201.245.192.253 - - [16/Jul/2024:07:54:43 -0500] "GET /sipse/faces/javax.faces.resource/primefaces.js?ln=primefaces&v=4.0 HTTP/1.1" 304 -
201.245.192.253 - - [16/Jul/2024:07:54:43 -0500] "GET /sipse/faces/javax.faces.resource/jquery/jquery-plugins.js?ln=primefaces&v=4.0 HTTP/1.1" 304 -
201.245.192.253 - - [16/Jul/2024:07:54:43 -0500] "GET /sipse/faces/javax.faces.resource/layout/layout.js?ln=primefaces&v=4.0 HTTP/1.1" 304 -
201.245.192.253 - - [16/Jul/2024:07:54:43 -0500] "POST /sipse/faces/presentacion/financiero/solicitudProceso/listarSolicitudProceso.xhtml HTTP/1.1" 200 1524
201.245.192.253 - - [16/Jul/2024:07:54:43 -0500] "POST /sipse/faces/presentacion/financiero/solicitudProceso/listarSolicitudProceso.xhtml HTTP/1.1" 200 1532
201.245.192.253 - - [16/Jul/2024:07:54:55 -0500] "GET /kwsrmcab/Wsrmcab?wsdl HTTP/1.1" 200 6948
66.249.66.20 - - [16/Jul/2024:07:54:55 -0500] "GET /BLA/resoluciones/RESOLUCIONES%202023/1420.pdf HTTP/1.1" 200 496646
66.249.66.19 - - [16/Jul/2024:07:54:56 -0500] "GET /BLA/resoluciones/RESOLUCIONES%202007/2508.pdf HTTP/1.1" 200 20631
66.249.66.19 - - [16/Jul/2024:07:54:57 -0500] "GET /BLA/resoluciones/RESOLUCIONES%202007/RES%202007%203701%20AL%203800/RESOLUCION%203800%20DE%202007.pdf HTTP/1.1" 200 486730
66.249.66.19 - - [16/Jul/2024:07:54:57 -0500] "GET /BLA/resoluciones/AUTOS%202008/2237.pdf HTTP/1.1" 200 181610
66.249.66.20 - - [16/Jul/2024:07:54:58 -0500] "GET /BLA/resoluciones/AUTOS%202008/1944.pdf HTTP/1.1" 200 147594
66.249.66.20 - - [16/Jul/2024:07:54:58 -0500] "GET /BLA/resoluciones/AUTOS%202008/2559.pdf HTTP/1.1" 200 125612
66.249.66.19 - - [16/Jul/2024:07:54:58 -0500] "GET /BLA/resoluciones/AUTOS%202008/1127.pdf HTTP/1.1" 200 174087
66.249.66.19 - - [16/Jul/2024:07:54:59 -0500] "GET /BLA/resoluciones/AUTOS%202008/0710.pdf HTTP/1.1" 200 83682
66.249.66.19 - - [16/Jul/2024:07:54:59 -0500] "GET /BLA/resoluciones/RESOLUCIONES%202007/RES%202007%203701%20AL%203800/RESOLUCION%203748%20DE%202007.pdf HTTP/1.1" 200 262071
66.249.66.19 - - [16/Jul/2024:07:55:00 -0500] "GET /BLA/resoluciones/AUTOS%202008/2752.pdf HTTP/1.1" 200 161710
66.249.66.21 - - [16/Jul/2024:07:55:00 -0500] "GET /BLA/resoluciones/AUTOS%202008/3001.pdf HTTP/1.1" 200 383733
66.249.66.20 - - [16/Jul/2024:07:55:01 -0500] "GET /BLA/resoluciones/AUTOS%202008/0650.pdf HTTP/1.1" 200 201992
66.249.66.20 - - [16/Jul/2024:07:55:01 -0500] "GET /BLA/resoluciones/AUTOS%202008/0009.pdf HTTP/1.1" 200 117087
66.249.66.21 - - [16/Jul/2024:07:55:02 -0500] "GET /BLA/resoluciones/AUTOS%202008/1684.pdf HTTP/1.1" 200 180439
66.249.66.20 - - [16/Jul/2024:07:55:02 -0500] "GET /BLA/resoluciones/RESOLUCIONES%202007/RES%202007%201501%20AL%201600/RESOLUCION%201564%20DE%202007.pdf HTTP/1.1" 200 550132
66.249.66.20 - - [16/Jul/2024:07:55:03 -0500] "GET /BLA/resoluciones/AUTOS%202008/0033.pdf HTTP/1.1" 200 101566
66.249.66.20 - - [16/Jul/2024:07:55:03 -0500] "GET /BLA/resoluciones/AUTOS%202008/2024.pdf HTTP/1.1" 200 81720
66.249.66.20 - - [16/Jul/2024:07:55:03 -0500] "GET /BLA/resoluciones/AUTOS%202008/2794.pdf HTTP/1.1" 200 109420
66.249.66.22 - - [16/Jul/2024:07:55:04 -0500] "GET /BLA/resoluciones/RESOLUCIONES%202007/RES%202007%203701%20AL%203800/RESOLUCION%203715%20DE%202007.pdf HTTP/1.1" 200 550008
66.249.66.19 - - [16/Jul/2024:07:55:04 -0500] "GET /BLA/resoluciones/AUTOS%202020/2218.pdf HTTP/1.1" 200 481903
66.249.66.20 - - [16/Jul/2024:07:55:05 -0500] "GET /BLA/resoluciones/AUTOS%202020/3464.pdf HTTP/1.1" 200 367375
66.249.66.19 - - [16/Jul/2024:07:55:05 -0500] "GET /BLA/resoluciones/AUTOS%202008/2534.pdf HTTP/1.1" 200 85663
66.249.66.23 - - [16/Jul/2024:07:55:06 -0500] "GET /BLA/resoluciones/AUTOS%202008/0181.pdf HTTP/1.1" 200 168085
66.249.66.23 - - [16/Jul/2024:07:55:07 -0500] "GET /BLA/resoluciones/AUTOS%202008/3009.pdf HTTP/1.1" 200 141007
66.249.66.20 - - [16/Jul/2024:07:55:07 -0500] "GET /BLA/resoluciones/AUTOS%202008/2865.pdf HTTP/1.1" 200 167145
66.249.66.22 - - [16/Jul/2024:07:55:08 -0500] "GET /BLA/resoluciones/RESOLUCIONES%202007/RES%202007%203401%20AL%203500/RESOLUCION%203457%20DE%202007.pdf HTTP/1.1" 200 141138
66.249.66.21 - - [16/Jul/2024:07:55:09 -0500] "GET /BLA/resoluciones/AUTOS%202008/2229.pdf HTTP/1.1" 200 113908
172.22.2.4 - - [16/Jul/2024:07:53:29 -0500] "HEAD /BLA/boletinlegal/ HTTP/1.1" 200 -
66.249.66.20 - - [16/Jul/2024:07:55:09 -0500] "GET /BLA/resoluciones/AUTOS%202008/0912.pdf HTTP/1.1" 200 72373
66.249.66.20 - - [16/Jul/2024:07:55:10 -0500] "GET /BLA/resoluciones/RESOLUCIONES%202007/RES%202007%20501%20AL%20600/RESOLUCION%200547%20DE%202007.pdf HTTP/1.1" 200 496937
66.249.66.1 - - [16/Jul/2024:07:55:11 -0500] "GET /BLA/resoluciones/AUTOS%202008/2807.pdf HTTP/1.1" 200 123655
66.249.66.21 - - [16/Jul/2024:07:55:12 -0500] "GET /BLA/resoluciones/AUTOS%202008/2204.pdf HTTP/1.1" 200 85182
66.249.66.23 - - [16/Jul/2024:07:55:12 -0500] "GET /BLA/resoluciones/AUTOS%202008/3202.pdf HTTP/1.1" 200 239281
66.249.66.20 - - [16/Jul/2024:07:55:12 -0500] "GET /BLA/resoluciones/AUTOS%202008/1962.pdf HTTP/1.1" 200 87373
66.249.66.23 - - [16/Jul/2024:07:55:13 -0500] "GET /residuos/impresion/files/guia_impresion-lit.pdf HTTP/1.1" 200 12573981
201.245.192.253 - - [16/Jul/2024:07:55:15 -0500] "POST /kwsrmcab/Wsrmcab  HTTP/1.1" 200 213
66.249.66.20 - - [16/Jul/2024:07:55:17 -0500] "GET /BLA/resoluciones/AUTOS%202008/0224.pdf HTTP/1.1" 200 133626
66.249.66.22 - - [16/Jul/2024:07:55:18 -0500] "GET /BLA/resoluciones/AUTOS%202008/2729.pdf HTTP/1.1" 200 104294
66.249.66.22 - - [16/Jul/2024:07:55:18 -0500] "GET /BLA/resoluciones/AUTOS%202020/3833.pdf HTTP/1.1" 200 352811
66.249.66.22 - - [16/Jul/2024:07:55:19 -0500] "GET /BLA/resoluciones/AUTOS%202008/0180.pdf HTTP/1.1" 200 184423
66.249.66.20 - - [16/Jul/2024:07:55:19 -0500] "GET /BLA/resoluciones/RESOLUCIONES%202007/RES%202007%20801%20AL%20900/RESOLUCION%200816%20DE%202007.pdf HTTP/1.1" 200 187897
66.249.66.21 - - [16/Jul/2024:07:55:21 -0500] "GET /BLA/resoluciones/RESOLUCIONES%202007/RES%202007%203401%20AL%203500/RESOLUCION%203425%20DE%202007.pdf HTTP/1.1" 200 54879
66.249.66.4 - - [16/Jul/2024:07:55:21 -0500] "GET /BLA/resoluciones/AUTOS%202008/3098.pdf HTTP/1.1" 200 72358
66.249.66.6 - - [16/Jul/2024:07:55:22 -0500] "GET /BLA/resoluciones/AUTOS%202008/0560.pdf HTTP/1.1" 200 109495
66.249.66.19 - - [16/Jul/2024:07:55:22 -0500] "GET /BLA/resoluciones/AUTOS%202008/0674.pdf HTTP/1.1" 200 101453
66.249.66.6 - - [16/Jul/2024:07:55:23 -0500] "GET /BLA/resoluciones/RESOLUCIONES%202007/RES%202007%203401%20AL%203500/RESOLUCION%203480%20DE%202007.pdf HTTP/1.1" 200 542920
66.249.66.2 - - [16/Jul/2024:07:55:23 -0500] "GET /BLA/resoluciones/AUTOS%202020/4467.pdf HTTP/1.1" 200 408131
66.249.66.6 - - [16/Jul/2024:07:55:24 -0500] "GET /BLA/resoluciones/AUTOS%202008/1993.pdf HTTP/1.1" 200 55580
66.249.66.4 - - [16/Jul/2024:07:55:24 -0500] "GET /BLA/resoluciones/AUTOS%202008/0255.pdf HTTP/1.1" 200 180374
66.249.66.1 - - [16/Jul/2024:07:55:25 -0500] "GET /BLA/resoluciones/RESOLUCIONES%202007/RES%202007%203401%20AL%203500/RESOLUCION%203402%20DE%202007.pdf HTTP/1.1" 200 684643
66.249.66.5 - - [16/Jul/2024:07:55:25 -0500] "GET /BLA/resoluciones/RESOLUCIONES%202007/RES%202007%204301%20AL%204352/RESOLUCION%204341%20%20DE%202007.pdf HTTP/1.1" 200 649965
66.249.66.23 - - [16/Jul/2024:07:55:26 -0500] "GET /BLA/resoluciones/RESOLUCIONES%202007/RES%202007%20701%20AL%20800/RESOLUCION%200780%20DE%202007.pdf HTTP/1.1" 200 227412
66.249.66.2 - - [16/Jul/2024:07:55:26 -0500] "GET /BLA/resoluciones/AUTOS%202008/2697.pdf HTTP/1.1" 200 104955
66.249.66.2 - - [16/Jul/2024:07:55:27 -0500] "GET /BLA/resoluciones/AUTOS%202008/1501.pdf HTTP/1.1" 200 281129
66.249.66.19 - - [16/Jul/2024:07:55:27 -0500] "GET /BLA/resoluciones/AUTOS%202008/1431.pdf HTTP/1.1" 200 599843
66.249.66.4 - - [16/Jul/2024:07:55:28 -0500] "GET /BLA/resoluciones/AUTOS%202008/0612.pdf HTTP/1.1" 200 164852
66.249.66.22 - - [16/Jul/2024:07:55:28 -0500] "GET /BLA/resoluciones/RESOLUCIONES%202007/RES%202007%201501%20AL%201600/RESOLUCION%201542%20%20DE%202007.pdf HTTP/1.1" 200 337522
66.249.66.23 - - [16/Jul/2024:07:55:28 -0500] "GET /BLA/resoluciones/AUTOS%202008/1693.pdf HTTP/1.1" 200 110712
66.249.66.6 - - [16/Jul/2024:07:55:29 -0500] "GET /BLA/resoluciones/AUTOS%202008/3224.pdf HTTP/1.1" 200 92880
66.249.66.23 - - [16/Jul/2024:07:55:29 -0500] "GET /BLA/resoluciones/AUTOS%202020/0923.pdf HTTP/1.1" 200 1043135
66.249.66.9 - - [16/Jul/2024:07:55:30 -0500] "GET /BLA/resoluciones/AUTOS%202008/0500.pdf HTTP/1.1" 200 72701
66.249.66.22 - - [16/Jul/2024:07:55:30 -0500] "GET /BLA/resoluciones/RESOLUCIONES%202007/RES%202007%201801%20AL%201900/RESOLUCION%201875%20DE%202007.pdf HTTP/1.1" 200 705906
66.249.66.1 - - [16/Jul/2024:07:55:31 -0500] "GET /BLA/resoluciones/AUTOS%202008/2003.pdf HTTP/1.1" 200 87146
66.249.66.21 - - [16/Jul/2024:07:55:31 -0500] "GET /BLA/resoluciones/AUTOS%202008/1707.pdf HTTP/1.1" 200 155602
66.249.66.1 - - [16/Jul/2024:07:55:32 -0500] "GET /BLA/resoluciones/AUTOS%202008/2474.pdf HTTP/1.1" 200 214456
66.249.66.21 - - [16/Jul/2024:07:55:32 -0500] "GET /BLA/resoluciones/AUTOS%202008/0619.pdf HTTP/1.1" 200 116328
66.249.66.2 - - [16/Jul/2024:07:55:33 -0500] "GET /BLA/resoluciones/AUTOS%202008/1538.pdf HTTP/1.1" 200 102305
66.249.66.20 - - [16/Jul/2024:07:55:33 -0500] "GET /BLA/resoluciones/AUTOS%202008/0196.pdf HTTP/1.1" 200 185761
66.249.66.6 - - [16/Jul/2024:07:55:34 -0500] "GET /BLA/resoluciones/AUTOS%202008/1957.pdf HTTP/1.1" 200 87238
66.249.66.3 - - [16/Jul/2024:07:55:34 -0500] "GET /BLA/resoluciones/AUTOS%202008/2483.pdf HTTP/1.1" 200 397105
66.249.66.11 - - [16/Jul/2024:07:55:35 -0500] "GET /BLA/resoluciones/AUTOS%202020/4766.pdf HTTP/1.1" 200 374261
66.249.66.9 - - [16/Jul/2024:07:55:35 -0500] "GET /BLA/resoluciones/RESOLUCIONES%202007/RES%202007%20801%20AL%20900/RESOLUCION%200859%20DE%202007.pdf HTTP/1.1" 200 267612
66.249.66.22 - - [16/Jul/2024:07:55:36 -0500] "GET /BLA/resoluciones/AUTOS%202008/0056.pdf HTTP/1.1" 200 84307
66.249.66.2 - - [16/Jul/2024:07:55:36 -0500] "GET /BLA/resoluciones/AUTOS%202008/1804.pdf HTTP/1.1" 200 118228
66.249.66.2 - - [16/Jul/2024:07:55:36 -0500] "GET /BLA/resoluciones/AUTOS%202008/0475.pdf HTTP/1.1" 200 195487
66.249.66.1 - - [16/Jul/2024:07:55:37 -0500] "GET /BLA/resoluciones/AUTOS%202008/1440.pdf HTTP/1.1" 200 314798
66.249.66.2 - - [16/Jul/2024:07:55:37 -0500] "GET /BLA/resoluciones/AUTOS%202008/2663.pdf HTTP/1.1" 200 65744
66.249.66.4 - - [16/Jul/2024:07:55:38 -0500] "GET /BLA/resoluciones/AUTOS%202008/2899.pdf HTTP/1.1" 200 81787
66.249.66.5 - - [16/Jul/2024:07:55:38 -0500] "GET /BLA/resoluciones/AUTOS%202008/1132.pdf HTTP/1.1" 200 83806
66.249.66.12 - - [16/Jul/2024:07:55:39 -0500] "GET /BLA/resoluciones/AUTOS%202008/2908.pdf HTTP/1.1" 200 158441
66.249.66.10 - - [16/Jul/2024:07:55:39 -0500] "GET /BLA/resoluciones/AUTOS%202020/0045.pdf HTTP/1.1" 200 453607
66.249.66.19 - - [16/Jul/2024:07:55:40 -0500] "GET /BLA/resoluciones/AUTOS%202008/3360.pdf HTTP/1.1" 200 101466
66.249.66.4 - - [16/Jul/2024:07:55:40 -0500] "GET /BLA/resoluciones/RESOLUCIONES%202007/RES%202007%20501%20AL%20600/RESOLUCION%200512%20DE%202007.pdf HTTP/1.1" 200 422026
66.249.66.22 - - [16/Jul/2024:07:55:41 -0500] "GET /BLA/resoluciones/AUTOS%202008/1351.pdf HTTP/1.1" 200 70871
66.249.66.2 - - [16/Jul/2024:07:55:41 -0500] "GET /BLA/resoluciones/AUTOS%202008/3260.pdf HTTP/1.1" 200 92433
66.249.66.23 - - [16/Jul/2024:07:55:42 -0500] "GET /BLA/resoluciones/AUTOS%202008/1464.pdf HTTP/1.1" 200 59096
66.249.66.7 - - [16/Jul/2024:07:55:42 -0500] "GET /BLA/resoluciones/AUTOS%202020/0910.pdf HTTP/1.1" 200 376490
66.249.66.8 - - [16/Jul/2024:07:55:43 -0500] "GET /BLA/resoluciones/RESOLUCIONES%202007/RES%202007%20101%20AL%20200/RESOLUCION%200139%20%20DE%202007.pdf HTTP/1.1" 200 341360
66.249.66.4 - - [16/Jul/2024:07:55:43 -0500] "GET /BLA/resoluciones/AUTOS%202008/0201.pdf HTTP/1.1" 200 119041
66.249.66.8 - - [16/Jul/2024:07:55:44 -0500] "GET /BLA/resoluciones/AUTOS%202008/2480.pdf HTTP/1.1" 200 467343
66.249.66.5 - - [16/Jul/2024:07:55:44 -0500] "GET /BLA/resoluciones/AUTOS%202008/0966.pdf HTTP/1.1" 200 84343
66.249.66.5 - - [16/Jul/2024:07:55:44 -0500] "GET /BLA/resoluciones/RESOLUCIONES%202007/RES%202007%203401%20AL%203500/RESOLUCION%203459%20DE%202007.pdf HTTP/1.1" 200 395033
66.249.66.23 - - [16/Jul/2024:07:55:45 -0500] "GET /BLA/resoluciones/AUTOS%202008/3100.pdf HTTP/1.1" 200 97018
66.249.66.12 - - [16/Jul/2024:07:55:45 -0500] "GET /BLA/resoluciones/AUTOS%202008/3263.pdf HTTP/1.1" 200 148591
66.249.66.20 - - [16/Jul/2024:07:55:46 -0500] "GET /BLA/resoluciones/AUTOS%202008/0885.pdf HTTP/1.1" 200 118461
66.249.66.11 - - [16/Jul/2024:07:55:46 -0500] "GET /BLA/resoluciones/RESOLUCIONES%202007/RES%202007%201726%20AL%201800/RESOLUCION%201781%20DE%202007.pdf HTTP/1.1" 200 1025055
66.249.66.14 - - [16/Jul/2024:07:55:47 -0500] "GET /BLA/resoluciones/RESOLUCIONES%202007/RES%202007%201726%20AL%201800/RESOLUCION%201739%20DE%202007.pdf HTTP/1.1" 200 251318
66.249.66.11 - - [16/Jul/2024:07:55:47 -0500] "GET /BLA/resoluciones/RESOLUCIONES%202007/RES%202007%203401%20AL%203500/RESOLUCION%203434%20DE%202007.pdf HTTP/1.1" 200 44117
66.249.66.14 - - [16/Jul/2024:07:55:48 -0500] "GET /BLA/resoluciones/AUTOS%202020/3669.pdf HTTP/1.1" 200 337630
66.249.66.12 - - [16/Jul/2024:07:55:48 -0500] "GET /BLA/resoluciones/AUTOS%202008/2726.pdf HTTP/1.1" 200 81999
66.249.66.6 - - [16/Jul/2024:07:55:49 -0500] "GET /BLA/resoluciones/RESOLUCIONES%202007/RES%202007%203401%20AL%203500/RESOLUCION%203496%20DE%202007.pdf HTTP/1.1" 200 580842
181.53.14.143 - - [16/Jul/2024:07:55:49 -0500] "GET /sipse/faces/presentacion/financiero/solicitudProceso/consultarHistorialSolProceso.xhtml HTTP/1.1" 302 -
66.249.66.23 - - [16/Jul/2024:07:55:49 -0500] "GET /BLA/resoluciones/AUTOS%202008/2366.pdf HTTP/1.1" 200 99645
181.53.14.143 - - [16/Jul/2024:07:55:49 -0500] "GET /sipse/faces/autenticacion.xhtml HTTP/1.1" 200 12410
181.53.14.143 - - [16/Jul/2024:07:55:49 -0500] "GET /sipse/faces/javax.faces.resource/theme.css?ln=primefaces-sipse HTTP/1.1" 304 -
181.53.14.143 - - [16/Jul/2024:07:55:49 -0500] "GET /sipse/faces/javax.faces.resource/primefaces.css?ln=primefaces&v=4.0 HTTP/1.1" 304 -
181.53.14.143 - - [16/Jul/2024:07:55:49 -0500] "GET /sipse/faces/javax.faces.resource/layout/layout.css?ln=primefaces&v=4.0 HTTP/1.1" 304 -
181.53.14.143 - - [16/Jul/2024:07:55:49 -0500] "GET /sipse/faces/javax.faces.resource/primefaces.js?ln=primefaces&v=4.0 HTTP/1.1" 304 -
181.53.14.143 - - [16/Jul/2024:07:55:49 -0500] "GET /sipse/faces/javax.faces.resource/jquery/jquery.js?ln=primefaces&v=4.0 HTTP/1.1" 304 -
181.53.14.143 - - [16/Jul/2024:07:55:49 -0500] "GET /sipse/faces/javax.faces.resource/jquery/jquery-plugins.js?ln=primefaces&v=4.0 HTTP/1.1" 304 -
181.53.14.143 - - [16/Jul/2024:07:55:49 -0500] "GET /sipse/faces/javax.faces.resource/layout/layout.js?ln=primefaces&v=4.0 HTTP/1.1" 304 -
181.53.14.143 - - [16/Jul/2024:07:55:49 -0500] "GET /sipse/faces/javax.faces.resource/images/ui-icons_898989_256x240.png?ln=primefaces-aristo HTTP/1.1" 304 -
66.249.66.13 - - [16/Jul/2024:07:55:50 -0500] "GET /BLA/resoluciones/AUTOS%202008/3394.pdf HTTP/1.1" 200 104109
66.249.66.23 - - [16/Jul/2024:07:55:50 -0500] "GET /BLA/resoluciones/AUTOS%202008/0145.pdf HTTP/1.1" 200 78376
66.249.66.20 - - [16/Jul/2024:07:55:50 -0500] "GET /BLA/resoluciones/AUTOS%202008/1225.pdf HTTP/1.1" 200 80489
66.249.66.8 - - [16/Jul/2024:07:55:51 -0500] "GET /BLA/resoluciones/RESOLUCIONES%202007/RES%202007%201801%20AL%201900/RESOLUCION%201864%20DE%202007.pdf HTTP/1.1" 200 125198
66.249.66.10 - - [16/Jul/2024:07:55:51 -0500] "GET /BLA/resoluciones/AUTOS%202008/2234.pdf HTTP/1.1" 200 177710
66.249.66.19 - - [16/Jul/2024:07:55:52 -0500] "GET /BLA/resoluciones/AUTOS%202008/1519.pdf HTTP/1.1" 200 88392
66.249.66.21 - - [16/Jul/2024:07:55:52 -0500] "GET /BLA/resoluciones/AUTOS%202008/1068.pdf HTTP/1.1" 200 45079
181.53.14.143 - - [16/Jul/2024:07:55:52 -0500] "POST /sipse/faces/autenticacion.xhtml HTTP/1.1" 200 2223
181.53.14.143 - - [16/Jul/2024:07:55:53 -0500] "GET /sipse/faces/javax.faces.resource/messages/messages.png?ln=primefaces&v=4.0 HTTP/1.1" 304 -
66.249.66.9 - - [16/Jul/2024:07:55:53 -0500] "GET /BLA/resoluciones/AUTOS%202020/2383.pdf HTTP/1.1" 200 322257
66.249.66.13 - - [16/Jul/2024:07:55:53 -0500] "GET /BLA/resoluciones/AUTOS%202020/3321.pdf HTTP/1.1" 200 371473
181.53.14.143 - - [16/Jul/2024:07:55:54 -0500] "POST /sipse/faces/autenticacion.xhtml HTTP/1.1" 200 16341
66.249.66.22 - - [16/Jul/2024:07:55:54 -0500] "GET /BLA/resoluciones/AUTOS%202008/0217.pdf HTTP/1.1" 200 92470
181.53.14.143 - - [16/Jul/2024:07:55:54 -0500] "GET /sipse/faces/javax.faces.resource/primefaces.css?ln=primefaces&v=4.0 HTTP/1.1" 304 -
181.53.14.143 - - [16/Jul/2024:07:55:54 -0500] "GET /sipse/faces/javax.faces.resource/theme.css?ln=primefaces-sipse HTTP/1.1" 304 -
181.53.14.143 - - [16/Jul/2024:07:55:54 -0500] "GET /sipse/faces/javax.faces.resource/layout/layout.css?ln=primefaces&v=4.0 HTTP/1.1" 304 -
181.53.14.143 - - [16/Jul/2024:07:55:54 -0500] "GET /sipse/faces/javax.faces.resource/jquery/jquery.js?ln=primefaces&v=4.0 HTTP/1.1" 304 -
181.53.14.143 - - [16/Jul/2024:07:55:54 -0500] "GET /sipse/faces/javax.faces.resource/jquery/jquery-plugins.js?ln=primefaces&v=4.0 HTTP/1.1" 304 -
181.53.14.143 - - [16/Jul/2024:07:55:54 -0500] "GET /sipse/faces/javax.faces.resource/primefaces.js?ln=primefaces&v=4.0 HTTP/1.1" 304 -
181.53.14.143 - - [16/Jul/2024:07:55:54 -0500] "GET /sipse/faces/javax.faces.resource/layout/layout.js?ln=primefaces&v=4.0 HTTP/1.1" 304 -
181.53.14.143 - - [16/Jul/2024:07:55:54 -0500] "GET /sipse/css/imagen/contrasena.png HTTP/1.1" 404 383
66.249.66.11 - - [16/Jul/2024:07:55:54 -0500] "GET /BLA/resoluciones/RESOLUCIONES%202007/RES%202007%201501%20AL%201600/RESOLUCION%201570%20DE%202007.pdf HTTP/1.1" 200 1313958
66.249.66.23 - - [16/Jul/2024:07:55:55 -0500] "GET /BLA/resoluciones/AUTOS%202020/0485.pdf HTTP/1.1" 200 310639
201.245.192.253 - - [16/Jul/2024:07:55:55 -0500] "GET /kwsrmcab/Wsrmcab?wsdl HTTP/1.1" 200 6948
66.249.66.6 - - [16/Jul/2024:07:55:55 -0500] "GET /BLA/resoluciones/AUTOS%202020/2228.pdf HTTP/1.1" 200 591653
66.249.66.10 - - [16/Jul/2024:07:55:55 -0500] "GET /BLA/resoluciones/AUTOS%202008/2857.pdf HTTP/1.1" 200 78767
181.53.14.143 - - [16/Jul/2024:07:55:56 -0500] "GET /sipse/faces/javax.faces.resource/images/ui-bg_flat_0_2d5972_40x100.png?ln=primefaces-aristo HTTP/1.1" 304 -
181.53.14.143 - - [16/Jul/2024:07:55:56 -0500] "POST /sipse/faces/bienvenido.xhtml HTTP/1.1" 200 2073
66.249.66.18 - - [16/Jul/2024:07:55:56 -0500] "GET /BLA/resoluciones/AUTOS%202008/0915.pdf HTTP/1.1" 200 127632
66.249.66.18 - - [16/Jul/2024:07:55:56 -0500] "GET /BLA/resoluciones/AUTOS%202008/0751.pdf HTTP/1.1" 200 132094
181.53.14.143 - - [16/Jul/2024:07:55:57 -0500] "POST /sipse/faces/bienvenido.xhtml HTTP/1.1" 200 38984
181.53.14.143 - - [16/Jul/2024:07:55:57 -0500] "GET /sipse/faces/javax.faces.resource/theme.css?ln=primefaces-sipse HTTP/1.1" 304 -
181.53.14.143 - - [16/Jul/2024:07:55:57 -0500] "GET /sipse/faces/javax.faces.resource/layout/layout.css?ln=primefaces&v=4.0 HTTP/1.1" 304 -
181.53.14.143 - - [16/Jul/2024:07:55:57 -0500] "GET /sipse/faces/javax.faces.resource/primefaces.css?ln=primefaces&v=4.0 HTTP/1.1" 304 -
181.53.14.143 - - [16/Jul/2024:07:55:57 -0500] "GET /sipse/faces/javax.faces.resource/jquery/jquery.js?ln=primefaces&v=4.0 HTTP/1.1" 304 -
181.53.14.143 - - [16/Jul/2024:07:55:57 -0500] "GET /sipse/faces/javax.faces.resource/jquery/jquery-plugins.js?ln=primefaces&v=4.0 HTTP/1.1" 304 -
66.249.66.15 - - [16/Jul/2024:07:55:57 -0500] "GET /BLA/resoluciones/AUTOS%202008/1985.pdf HTTP/1.1" 200 68098
66.249.66.15 - - [16/Jul/2024:07:55:57 -0500] "GET /BLA/resoluciones/RESOLUCIONES%202007/RES%202007%201726%20AL%201800/RESOLUCION%201774%20%20DE%202007.pdf HTTP/1.1" 200 484898
181.53.14.143 - - [16/Jul/2024:07:55:57 -0500] "GET /sipse/faces/javax.faces.resource/primefaces.js?ln=primefaces&v=4.0 HTTP/1.1" 304 -
181.53.14.143 - - [16/Jul/2024:07:55:57 -0500] "GET /sipse/faces/javax.faces.resource/layout/layout.js?ln=primefaces&v=4.0 HTTP/1.1" 304 -
66.249.66.20 - - [16/Jul/2024:07:55:58 -0500] "GET /BLA/resoluciones/RESOLUCIONES%202007/RES%202007%203401%20AL%203500/RESOLUCION%203487%20DE%202007.pdf HTTP/1.1" 200 354803
66.249.66.20 - - [16/Jul/2024:07:55:58 -0500] "GET /BLA/resoluciones/AUTOS%202008/2142.pdf HTTP/1.1" 200 152071
66.249.66.17 - - [16/Jul/2024:07:55:59 -0500] "GET /BLA/resoluciones/RESOLUCIONES%202007/RES%202007%201726%20AL%201800/RESOLUCION%201749%20DE%202007.pdf HTTP/1.1" 200 245588
66.249.66.23 - - [16/Jul/2024:07:55:59 -0500] "GET /BLA/resoluciones/AUTOS%202008/2194.pdf HTTP/1.1" 200 93599
181.53.14.143 - - [16/Jul/2024:07:55:59 -0500] "POST /sipse/faces/presentacion/financiero/solicitudProceso/consultar.xhtml HTTP/1.1" 200 12814
66.249.66.5 - - [16/Jul/2024:07:56:00 -0500] "GET /BLA/resoluciones/RESOLUCIONES%202007/RES%202007%201501%20AL%201600/RESOLUCION%201595%20DE%202007.pdf HTTP/1.1" 200 629353
172.22.2.4 - - [16/Jul/2024:07:54:20 -0500] "GET /BLA/boletinlegal/ HTTP/1.1" 200 56191
66.249.66.4 - - [16/Jul/2024:07:56:00 -0500] "GET /BLA/resoluciones/RESOLUCIONES%202007/RES%202007%20101%20AL%20200/RESOLUCION%200194%20DE%202007.pdf HTTP/1.1" 200 70622
66.249.66.9 - - [16/Jul/2024:07:56:01 -0500] "GET /BLA/resoluciones/AUTOS%202008/2152.pdf HTTP/1.1" 200 91230
66.249.66.17 - - [16/Jul/2024:07:56:01 -0500] "GET /BLA/resoluciones/AUTOS%202008/2526.pdf HTTP/1.1" 200 113633
66.249.66.2 - - [16/Jul/2024:07:56:02 -0500] "GET /BLA/resoluciones/AUTOS%202008/2878.pdf HTTP/1.1" 200 173890
66.249.66.19 - - [16/Jul/2024:07:56:02 -0500] "GET /BLA/resoluciones/RESOLUCIONES%202007/RES%202007%203401%20AL%203500/RESOLUCION%203476%20DE%202007.pdf HTTP/1.1" 200 43423
66.249.66.4 - - [16/Jul/2024:07:56:02 -0500] "GET /BLA/resoluciones/AUTOS%202020/1882.pdf HTTP/1.1" 200 379915
181.53.14.143 - - [16/Jul/2024:07:56:02 -0500] "POST /sipse/faces/presentacion/financiero/solicitudProceso/consultar.xhtml HTTP/1.1" 200 128224
181.53.14.143 - - [16/Jul/2024:07:56:03 -0500] "GET /sipse/faces/javax.faces.resource/primefaces.css?ln=primefaces&v=4.0 HTTP/1.1" 304 -
181.53.14.143 - - [16/Jul/2024:07:56:03 -0500] "GET /sipse/faces/javax.faces.resource/layout/layout.css?ln=primefaces&v=4.0 HTTP/1.1" 304 -
181.53.14.143 - - [16/Jul/2024:07:56:03 -0500] "GET /sipse/faces/javax.faces.resource/theme.css?ln=primefaces-sipse HTTP/1.1" 304 -
181.53.14.143 - - [16/Jul/2024:07:56:03 -0500] "GET /sipse/faces/javax.faces.resource/jquery/jquery.js?ln=primefaces&v=4.0 HTTP/1.1" 304 -
181.53.14.143 - - [16/Jul/2024:07:56:03 -0500] "GET /sipse/faces/javax.faces.resource/jquery/jquery-plugins.js?ln=primefaces&v=4.0 HTTP/1.1" 304 -
181.53.14.143 - - [16/Jul/2024:07:56:03 -0500] "GET /sipse/faces/javax.faces.resource/primefaces.js?ln=primefaces&v=4.0 HTTP/1.1" 304 -
181.53.14.143 - - [16/Jul/2024:07:56:03 -0500] "GET /sipse/faces/javax.faces.resource/layout/layout.js?ln=primefaces&v=4.0 HTTP/1.1" 304 -
66.249.66.20 - - [16/Jul/2024:07:56:03 -0500] "GET /BLA/resoluciones/AUTOS%202008/1040.pdf HTTP/1.1" 200 177971
66.249.66.11 - - [16/Jul/2024:07:56:03 -0500] "GET /BLA/resoluciones/AUTOS%202008/1333.pdf HTTP/1.1" 200 67893
66.249.66.20 - - [16/Jul/2024:07:56:04 -0500] "GET /BLA/resoluciones/AUTOS%202008/0608.pdf HTTP/1.1" 200 228928
66.249.66.21 - - [16/Jul/2024:07:56:04 -0500] "GET /BLA/resoluciones/AUTOS%202008/3077.pdf HTTP/1.1" 200 68873
66.249.66.16 - - [16/Jul/2024:07:56:05 -0500] "GET /BLA/resoluciones/AUTOS%202008/0620.pdf HTTP/1.1" 200 108075
66.249.66.17 - - [16/Jul/2024:07:56:05 -0500] "GET /BLA/resoluciones/AUTOS%202008/3381.pdf HTTP/1.1" 200 99059
66.249.66.11 - - [16/Jul/2024:07:56:06 -0500] "GET /BLA/resoluciones/RESOLUCIONES%202007/RES%202007%201501%20AL%201600/RESOLUCION%201528%20DE%202007.pdf HTTP/1.1" 200 770763
66.249.66.12 - - [16/Jul/2024:07:56:06 -0500] "GET /BLA/resoluciones/AUTOS%202008/0594.pdf HTTP/1.1" 200 185746
66.249.66.3 - - [16/Jul/2024:07:56:07 -0500] "GET /BLA/resoluciones/AUTOS%202008/2552.pdf HTTP/1.1" 200 207267
66.249.66.12 - - [16/Jul/2024:07:56:07 -0500] "GET /BLA/resoluciones/AUTOS%202008/1697.pdf HTTP/1.1" 200 96544
66.249.66.14 - - [16/Jul/2024:07:56:08 -0500] "GET /BLA/resoluciones/RESOLUCIONES%202007/RES%202007%203701%20AL%203800/RESOLUCION%203711%20DE%202007.pdf HTTP/1.1" 200 79232
66.249.66.6 - - [16/Jul/2024:07:56:08 -0500] "GET /BLA/resoluciones/AUTOS%202008/2943.pdf HTTP/1.1" 200 55677
66.249.66.6 - - [16/Jul/2024:07:56:08 -0500] "GET /BLA/resoluciones/AUTOS%202008/1621.pdf HTTP/1.1" 200 60805
66.249.66.5 - - [16/Jul/2024:07:56:09 -0500] "GET /BLA/resoluciones/AUTOS%202008/2443.pdf HTTP/1.1" 200 119527
66.249.66.4 - - [16/Jul/2024:07:56:09 -0500] "GET /BLA/resoluciones/AUTOS%202008/3278.pdf HTTP/1.1" 200 147729
66.249.66.16 - - [16/Jul/2024:07:56:10 -0500] "GET /BLA/resoluciones/AUTOS%202008/1612.pdf HTTP/1.1" 200 73783
66.249.66.21 - - [16/Jul/2024:07:56:10 -0500] "GET /BLA/resoluciones/RESOLUCIONES%202007/RES%202007%203701%20AL%203800/RESOLUCION%203737%20DE%202007.pdf HTTP/1.1" 200 245439
66.249.66.6 - - [16/Jul/2024:07:56:11 -0500] "GET /BLA/resoluciones/AUTOS%202020/2713.pdf HTTP/1.1" 200 354556
66.249.66.4 - - [16/Jul/2024:07:56:11 -0500] "GET /BLA/resoluciones/AUTOS%202008/1093.pdf HTTP/1.1" 200 119074
66.249.66.14 - - [16/Jul/2024:07:56:12 -0500] "GET /BLA/resoluciones/AUTOS%202008/0919.pdf HTTP/1.1" 200 78401
66.249.66.5 - - [16/Jul/2024:07:56:12 -0500] "GET /BLA/resoluciones/AUTOS%202008/2084.pdf HTTP/1.1" 200 145326
181.53.14.143 - - [16/Jul/2024:07:56:13 -0500] "GET /sipse/faces/javax.faces.resource/theme.css?ln=primefaces-sipse HTTP/1.1" 304 -
181.53.14.143 - - [16/Jul/2024:07:56:13 -0500] "GET /sipse/faces/javax.faces.resource/primefaces.css?ln=primefaces&v=4.0 HTTP/1.1" 304 -
66.249.66.13 - - [16/Jul/2024:07:56:13 -0500] "GET /BLA/resoluciones/AUTOS%202008/0628.pdf HTTP/1.1" 200 96069
181.53.14.143 - - [16/Jul/2024:07:56:13 -0500] "GET /sipse/faces/javax.faces.resource/layout/layout.css?ln=primefaces&v=4.0 HTTP/1.1" 304 -
181.53.14.143 - - [16/Jul/2024:07:56:13 -0500] "GET /sipse/faces/javax.faces.resource/jquery/jquery.js?ln=primefaces&v=4.0 HTTP/1.1" 304 -
181.53.14.143 - - [16/Jul/2024:07:56:13 -0500] "GET /sipse/faces/javax.faces.resource/jquery/jquery-plugins.js?ln=primefaces&v=4.0 HTTP/1.1" 304 -
181.53.14.143 - - [16/Jul/2024:07:56:13 -0500] "GET /sipse/faces/javax.faces.resource/primefaces.js?ln=primefaces&v=4.0 HTTP/1.1" 304 -
181.53.14.143 - - [16/Jul/2024:07:56:13 -0500] "GET /sipse/faces/javax.faces.resource/layout/layout.js?ln=primefaces&v=4.0 HTTP/1.1" 304 -
66.249.66.6 - - [16/Jul/2024:07:56:13 -0500] "GET /BLA/resoluciones/AUTOS%202008/1345.pdf HTTP/1.1" 200 69936
181.53.14.143 - - [16/Jul/2024:07:56:12 -0500] "POST /sipse/faces/presentacion/financiero/solicitudProceso/consultarSolicitudProceso.xhtml HTTP/1.1" 200 30641
66.249.66.21 - - [16/Jul/2024:07:56:13 -0500] "GET /BLA/resoluciones/RESOLUCIONES%202007/RES%202007%203701%20AL%203800/RESOLUCION%203776%20DE%202007.pdf HTTP/1.1" 200 28732
66.249.66.13 - - [16/Jul/2024:07:56:14 -0500] "GET /BLA/resoluciones/AUTOS%202008/0851.pdf HTTP/1.1" 200 76780
66.249.66.12 - - [16/Jul/2024:07:56:14 -0500] "GET /BLA/resoluciones/AUTOS%202008/1845.pdf HTTP/1.1" 200 290771
66.249.66.6 - - [16/Jul/2024:07:56:15 -0500] "GET /BLA/resoluciones/AUTOS%202008/0258.pdf HTTP/1.1" 200 104280
66.249.66.21 - - [16/Jul/2024:07:56:15 -0500] "GET /BLA/resoluciones/AUTOS%202008/0108.pdf HTTP/1.1" 200 181216
66.249.66.1 - - [16/Jul/2024:07:56:16 -0500] "GET /BLA/resoluciones/AUTOS%202008/3217.pdf HTTP/1.1" 200 87596
66.249.66.1 - - [16/Jul/2024:07:56:16 -0500] "GET /BLA/resoluciones/AUTOS%202008/0624.pdf HTTP/1.1" 200 91191
66.249.66.8 - - [16/Jul/2024:07:56:17 -0500] "GET /BLA/resoluciones/RESOLUCIONES%202007/RES%202007%201726%20AL%201800/RESOLUCION%201740%20DE%202007.pdf HTTP/1.1" 200 65201
66.249.66.21 - - [16/Jul/2024:07:56:17 -0500] "GET /BLA/resoluciones/AUTOS%202008/1331.pdf HTTP/1.1" 200 79921
66.249.66.21 - - [16/Jul/2024:07:56:17 -0500] "GET /BLA/resoluciones/AUTOS%202008/1866.pdf HTTP/1.1" 200 174423
66.249.66.12 - - [16/Jul/2024:07:56:18 -0500] "GET /BLA/resoluciones/AUTOS%202008/2021.pdf HTTP/1.1" 200 74692
66.249.66.23 - - [16/Jul/2024:07:56:18 -0500] "GET /BLA/resoluciones/AUTOS%202008/0599.pdf HTTP/1.1" 200 83759
66.249.66.2 - - [16/Jul/2024:07:56:19 -0500] "GET /BLA/resoluciones/AUTOS%202008/3228.pdf HTTP/1.1" 200 66190
66.249.66.1 - - [16/Jul/2024:07:56:19 -0500] "GET /BLA/resoluciones/AUTOS%202008/3074.pdf HTTP/1.1" 200 64395
66.249.66.8 - - [16/Jul/2024:07:56:20 -0500] "GET /BLA/resoluciones/RESOLUCIONES%202007/RES%202007%203401%20AL%203500/RESOLUCION%203481%20DE%202007.pdf HTTP/1.1" 200 346050
66.249.66.7 - - [16/Jul/2024:07:56:20 -0500] "GET /BLA/resoluciones/RESOLUCIONES%202007/RES%202007%201501%20AL%201600/RESOLUCION%201502%20DE%202007.pdf HTTP/1.1" 200 195740
66.249.66.8 - - [16/Jul/2024:07:56:21 -0500] "GET /BLA/resoluciones/AUTOS%202008/3296.pdf HTTP/1.1" 200 50611
66.249.66.1 - - [16/Jul/2024:07:56:21 -0500] "GET /BLA/resoluciones/AUTOS%202020/3480.pdf HTTP/1.1" 200 369077
66.249.66.20 - - [16/Jul/2024:07:56:22 -0500] "GET /BLA/resoluciones/AUTOS%202008/0156.pdf HTTP/1.1" 200 227772
66.249.66.1 - - [16/Jul/2024:07:56:22 -0500] "GET /BLA/resoluciones/AUTOS%202008/1372.pdf HTTP/1.1" 200 134773
66.249.66.7 - - [16/Jul/2024:07:56:22 -0500] "GET /BLA/resoluciones/AUTOS%202008/2942.pdf HTTP/1.1" 200 71403
66.249.66.7 - - [16/Jul/2024:07:56:23 -0500] "GET /BLA/resoluciones/AUTOS%202008/0115.pdf HTTP/1.1" 200 164543
66.249.66.19 - - [16/Jul/2024:07:56:23 -0500] "GET /BLA/resoluciones/AUTOS%202008/0081.pdf HTTP/1.1" 200 86308
66.249.66.2 - - [16/Jul/2024:07:56:24 -0500] "GET /BLA/resoluciones/AUTOS%202008/2044.pdf HTTP/1.1" 200 172551
66.249.66.23 - - [16/Jul/2024:07:56:24 -0500] "GET /BLA/resoluciones/AUTOS%202008/0030.pdf HTTP/1.1" 200 178431
66.249.66.21 - - [16/Jul/2024:07:56:25 -0500] "GET /BLA/resoluciones/AUTOS%202008/3256.pdf HTTP/1.1" 200 50580
66.249.66.6 - - [16/Jul/2024:07:56:25 -0500] "GET /BLA/resoluciones/AUTOS%202008/3112.pdf HTTP/1.1" 200 80130
66.249.66.23 - - [16/Jul/2024:07:56:26 -0500] "GET /BLA/resoluciones/AUTOS%202020/3293.pdf HTTP/1.1" 200 400357
66.249.66.4 - - [16/Jul/2024:07:56:26 -0500] "GET /BLA/resoluciones/AUTOS%202008/1452.pdf HTTP/1.1" 200 87317
66.249.66.19 - - [16/Jul/2024:07:56:27 -0500] "GET /BLA/resoluciones/RESOLUCIONES%202007/RES%202007%201501%20AL%201600/RESOLUCION%201555%20DE%202007.pdf HTTP/1.1" 200 380064
66.249.66.19 - - [16/Jul/2024:07:56:27 -0500] "GET /BLA/resoluciones/AUTOS%202020/0402.pdf HTTP/1.1" 200 373082
66.249.66.23 - - [16/Jul/2024:07:56:27 -0500] "GET /BLA/resoluciones/AUTOS%202008/0279.pdf HTTP/1.1" 200 253427
66.249.66.21 - - [16/Jul/2024:07:56:28 -0500] "GET /BLA/resoluciones/AUTOS%202008/2820.pdf HTTP/1.1" 200 56276
66.249.66.5 - - [16/Jul/2024:07:56:28 -0500] "GET /BLA/resoluciones/RESOLUCIONES%202007/RES%202007%201726%20AL%201800/RESOLUCION%201786%20DE%202007.pdf HTTP/1.1" 200 499924
66.249.66.1 - - [16/Jul/2024:07:56:29 -0500] "GET /BLA/resoluciones/AUTOS%202008/0617.pdf HTTP/1.1" 200 338243
66.249.66.3 - - [16/Jul/2024:07:56:29 -0500] "GET /BLA/resoluciones/AUTOS%202008/0728.pdf HTTP/1.1" 200 161340
