172.22.2.4 - - [16/Jul/2024:08:17:07 -0500] "GET /BLA/boletinlegal/favicon.ico HTTP/1.1" 404 1326
181.63.25.39 - - [16/Jul/2024:08:17:29 -0500] "GET /BLA/resoluciones/ HTTP/1.1" 200 14105
181.63.25.39 - - [16/Jul/2024:08:17:29 -0500] "GET /favicon.ico HTTP/1.1" 200 7782
181.63.25.39 - - [16/Jul/2024:08:17:32 -0500] "GET /BLA/resoluciones/index.php?dir=AUTOS+2016%2F HTTP/1.1" 200 332123
66.249.66.19 - - [16/Jul/2024:08:17:46 -0500] "GET /BLA/resoluciones/AUTOS%202008/1335.pdf HTTP/1.1" 200 73702
181.63.25.39 - - [16/Jul/2024:08:17:46 -0500] "GET /BLA/resoluciones/AUTOS%202016/2679.pdf HTTP/1.1" 200 669637
181.63.25.39 - - [16/Jul/2024:08:17:47 -0500] "GET /BLA/resoluciones/AUTOS%202016/2679.pdf HTTP/1.1" 200 669637
181.63.25.39 - - [16/Jul/2024:08:17:47 -0500] "GET /BLA/resoluciones/AUTOS%202016/2679.pdf HTTP/1.1" 206 1025
181.63.25.39 - - [16/Jul/2024:08:17:50 -0500] "GET /BLA/resoluciones/AUTOS%202016/2679.pdf HTTP/1.1" 206 64512
201.245.192.253 - - [16/Jul/2024:08:17:55 -0500] "GET /kwsrmcab/Wsrmcab?wsdl HTTP/1.1" 200 6948
66.249.66.19 - - [16/Jul/2024:08:18:01 -0500] "GET /BLA/resoluciones/RESOLUCIONES%202023/0683.pdf HTTP/1.1" 200 401500
172.22.2.4 - - [16/Jul/2024:08:16:49 -0500] "HEAD /BLA/boletinlegal/ HTTP/1.1" 200 -
3.254.95.58 - - [16/Jul/2024:08:18:44 -0500] "GET /BLA/resoluciones/RESOLUCIONES_2010/3025.pdf HTTP/1.1" 404 1018
3.254.95.58 - - [16/Jul/2024:08:18:45 -0500] "GET /BLA/resoluciones/RESOLUCIONES_2010/3025.pdf HTTP/1.1" 404 1018
66.249.66.19 - - [16/Jul/2024:08:18:47 -0500] "GET /BLA/resoluciones/RESOLUCIONES%202023/0257.pdf HTTP/1.1" 200 1181211
201.245.192.253 - - [16/Jul/2024:08:18:55 -0500] "GET /kwsrmcab/Wsrmcab?wsdl HTTP/1.1" 200 6948
52.167.144.163 - - [16/Jul/2024:08:19:04 -0500] "GET /BLA/resoluciones/RESOLUCIONES%202019/2984.pdf HTTP/1.1" 200 266379
66.249.66.19 - - [16/Jul/2024:08:19:13 -0500] "GET /BLA/resoluciones/AUTOS%202008/3459.pdf HTTP/1.1" 200 78924
172.22.2.4 - - [16/Jul/2024:08:17:40 -0500] "GET /BLA/boletinlegal/ HTTP/1.1" 200 59083
66.249.66.19 - - [16/Jul/2024:08:19:25 -0500] "GET /BLA/resoluciones/RESOLUCIONES%202023/1731.pdf HTTP/1.1" 200 393346
66.249.66.19 - - [16/Jul/2024:08:19:37 -0500] "GET /BLA/resoluciones/AUTOS%202008/2292.pdf HTTP/1.1" 200 118255
201.245.192.253 - - [16/Jul/2024:08:19:55 -0500] "GET /kwsrmcab/Wsrmcab?wsdl HTTP/1.1" 200 6948
201.245.192.253 - - [16/Jul/2024:08:20:07 -0500] "POST /kwsrmcab/Wsrmcab  HTTP/1.1" 200 213
201.245.192.253 - - [16/Jul/2024:08:19:59 -0500] "POST /kwsrmcab/Wsrmcab HTTP/1.1" 200 28213
201.245.192.253 - - [16/Jul/2024:08:20:08 -0500] "POST /kwsrmcab/Wsrmcab HTTP/1.1" 200 29033
201.245.192.253 - - [16/Jul/2024:08:20:08 -0500] "POST /kwsrmcab/Wsrmcab HTTP/1.1" 200 29038
201.245.192.253 - - [16/Jul/2024:08:20:11 -0500] "GET /reportes_sipse/jsp/inicio.jsp HTTP/1.1" 200 2935
201.245.192.253 - - [16/Jul/2024:08:20:11 -0500] "GET /reportes_sipse/css/estilos.css HTTP/1.1" 304 -
201.245.192.253 - - [16/Jul/2024:08:20:11 -0500] "GET /reportes_sipse/imagenes/logoAplicacion.jpg HTTP/1.1" 304 -
201.245.192.253 - - [16/Jul/2024:08:20:11 -0500] "GET /reportes_sipse/imagenes/fondo.jpg HTTP/1.1" 304 -
201.245.192.253 - - [16/Jul/2024:08:20:14 -0500] "POST /reportes_sipse/sdg/ServletReporte?adquisiciones_sipse_detallado& HTTP/1.1" 200 6273
201.245.192.253 - - [16/Jul/2024:08:20:14 -0500] "GET /reportes_sipse/js/date-picker.js HTTP/1.1" 304 -
201.245.192.253 - - [16/Jul/2024:08:20:14 -0500] "GET /reportes_sipse/js/funciones.js HTTP/1.1" 304 -
201.245.192.253 - - [16/Jul/2024:08:20:14 -0500] "GET /reportes_sipse/imagenes/calendario.gif HTTP/1.1" 304 -
201.245.192.253 - - [16/Jul/2024:08:20:14 -0500] "GET /reportes_sipse/imagenes/pdf.gif HTTP/1.1" 304 -
201.245.192.253 - - [16/Jul/2024:08:20:14 -0500] "GET /reportes_sipse/imagenes/excel.gif HTTP/1.1" 304 -
172.22.2.4 - - [16/Jul/2024:08:19:43 -0500] "GET /BLA/boletinlegal/ HTTP/1.1" 200 24523
201.245.192.253 - - [16/Jul/2024:08:20:18 -0500] "GET /reportes_sipse/imagenes/retrocedeAgno.gif HTTP/1.1" 304 -
201.245.192.253 - - [16/Jul/2024:08:20:18 -0500] "GET /reportes_sipse/imagenes/avanzaMes.gif HTTP/1.1" 304 -
201.245.192.253 - - [16/Jul/2024:08:20:18 -0500] "GET /reportes_sipse/imagenes/retrocedeMes.gif HTTP/1.1" 304 -
201.245.192.253 - - [16/Jul/2024:08:20:18 -0500] "GET /reportes_sipse/imagenes/avanzaAgno.gif HTTP/1.1" 304 -
66.249.66.20 - - [16/Jul/2024:08:20:49 -0500] "GET /BLA/resoluciones/AUTOS%202008/1504.pdf HTTP/1.1" 200 209250
66.249.66.19 - - [16/Jul/2024:08:20:49 -0500] "GET /BLA/resoluciones/AUTOS%202008/2404.pdf HTTP/1.1" 200 367360
66.249.66.20 - - [16/Jul/2024:08:20:50 -0500] "GET /Publicaciones/2023EE275387.pdf HTTP/1.1" 404 228
66.249.66.20 - - [16/Jul/2024:08:20:51 -0500] "GET /BLA/resoluciones/RESOLUCIONES%202023/0476.pdf HTTP/1.1" 200 430274
201.245.192.253 - - [16/Jul/2024:08:20:55 -0500] "GET /kwsrmcab/Wsrmcab?wsdl HTTP/1.1" 200 6948
66.249.66.19 - - [16/Jul/2024:08:21:01 -0500] "GET /BLA/resoluciones/RESOLUCIONES%202023/3035.pdf HTTP/1.1" 200 880467
66.249.66.19 - - [16/Jul/2024:08:21:02 -0500] "GET /BLA/resoluciones/AUTOS%202008/3124.pdf HTTP/1.1" 200 67525
66.249.66.21 - - [16/Jul/2024:08:21:13 -0500] "GET /BLA/resoluciones/AUTOS%202008/1522.pdf HTTP/1.1" 200 75325
172.22.2.4 - - [16/Jul/2024:08:21:19 -0500] "GET /BLA/boletinlegal/favicon.ico HTTP/1.1" 404 1018
66.249.66.19 - - [16/Jul/2024:08:21:25 -0500] "GET /BLA/resoluciones/RESOLUCIONES%202023/0667.pdf HTTP/1.1" 200 574192
172.22.2.4 - - [16/Jul/2024:08:20:48 -0500] "GET /BLA/boletinlegal/ HTTP/1.1" 200 32715
201.245.192.253 - - [16/Jul/2024:08:20:23 -0500] "POST /reportes_sipse/sdg/ServletControlador HTTP/1.1" 200 923914
66.249.66.19 - - [16/Jul/2024:08:21:37 -0500] "GET /BLA/resoluciones/AUTOS%202008/1565.pdf HTTP/1.1" 200 131890
172.22.2.4 - - [16/Jul/2024:08:21:04 -0500] "GET /BLA/boletinlegal/ HTTP/1.1" 200 24523
66.249.66.19 - - [16/Jul/2024:08:21:49 -0500] "GET /BLA/resoluciones/RESOLUCIONES%202023/02936.pdf HTTP/1.1" 200 495100
201.245.192.253 - - [16/Jul/2024:08:21:55 -0500] "GET /kwsrmcab/Wsrmcab?wsdl HTTP/1.1" 200 6948
216.245.221.92 - - [16/Jul/2024:08:21:59 -0500] "HEAD / HTTP/1.1" 200 -
66.249.66.20 - - [16/Jul/2024:08:22:14 -0500] "GET /BLA/resoluciones/RESOLUCIONES%202023/1674.pdf HTTP/1.1" 200 328040
186.102.99.154 - - [16/Jul/2024:08:22:49 -0500] "GET /kwssiamovil/sm/acme/s?s=U2FsdGVkX18iY8w8LIc6NOkXG5UgXqEkcQwAg9dRjU4gYx3tTXUNENDfUTKk8aRBTRBj3KOlMUHgfuQIXXIxs//aEFQqPR4giV0JZaWNUq+AeyQ75ARAuLZn8GgF2HmPEXx4GCJla6yq0Ac8wOeaoA==&u=U2FsdGVkX19LHwxJKegpHgdh3vL9INX+hxlz4pDWmeTn9MudjAEFVXVRkNbn/HAb&y=U2FsdGVkX19pFkYBtV6JXX85vz97aghTcoqA1T/yqEllSOHW3b7439besPYm3k+O HTTP/1.1" 200 112
201.245.192.253 - - [16/Jul/2024:08:22:55 -0500] "GET /kwsrmcab/Wsrmcab?wsdl HTTP/1.1" 200 6948
66.249.66.20 - - [16/Jul/2024:08:23:01 -0500] "GET /BLA/resoluciones/AUTOS%202008/1837.pdf HTTP/1.1" 200 179393
201.245.192.253 - - [16/Jul/2024:08:21:59 -0500] "POST /kwsrmcab/Wsrmcab HTTP/1.1" 200 16384
66.249.66.20 - - [16/Jul/2024:08:23:14 -0500] "GET /BLA/resoluciones/RESOLUCIONES%202023/02984.pdf HTTP/1.1" 200 1519790
66.249.66.19 - - [16/Jul/2024:08:23:23 -0500] "GET /BLA/resoluciones/AUTOS%202008/0871.pdf HTTP/1.1" 200 205697
66.249.66.20 - - [16/Jul/2024:08:23:26 -0500] "GET /BLA/resoluciones/AUTOS%202008/2676.pdf HTTP/1.1" 200 107709
66.249.66.19 - - [16/Jul/2024:08:23:32 -0500] "GET /BLA/resoluciones/RESOLUCIONES%202023/0896.pdf HTTP/1.1" 200 442071
66.249.66.19 - - [16/Jul/2024:08:23:42 -0500] "GET /BLA/resoluciones/AUTOS%202008/0859.pdf HTTP/1.1" 200 77278
66.249.66.20 - - [16/Jul/2024:08:23:51 -0500] "GET /BLA/resoluciones/RESOLUCIONES%202023/0482.pdf HTTP/1.1" 200 1357454
201.245.192.253 - - [16/Jul/2024:08:23:55 -0500] "GET /kwsrmcab/Wsrmcab?wsdl HTTP/1.1" 200 6948
66.249.66.21 - - [16/Jul/2024:08:24:01 -0500] "GET /BLA/resoluciones/AUTOS%202008/1192.pdf HTTP/1.1" 200 138414
66.249.66.19 - - [16/Jul/2024:08:24:10 -0500] "GET /BLA/resoluciones/RESOLUCIONES%202023/1366.pdf HTTP/1.1" 200 458594
181.53.13.75 - - [16/Jul/2024:08:24:15 -0500] "GET /sipse/faces/autenticacion.xhtml HTTP/1.1" 200 12732
181.53.13.75 - - [16/Jul/2024:08:24:15 -0500] "GET /sipse/js/disable_browser_buttons.js HTTP/1.1" 304 -
181.53.13.75 - - [16/Jul/2024:08:24:15 -0500] "GET /sipse/faces/javax.faces.resource/layout/layout.css;jsessionid=70DbIvebb-6rvFQzAVErAYRC.undefined?ln=primefaces&v=4.0 HTTP/1.1" 200 542
181.53.13.75 - - [16/Jul/2024:08:24:15 -0500] "GET /sipse/js/funciones.js HTTP/1.1" 304 -
181.53.13.75 - - [16/Jul/2024:08:24:15 -0500] "GET /sipse/css/custom_css_sg.css HTTP/1.1" 304 -
181.53.13.75 - - [16/Jul/2024:08:24:15 -0500] "GET /sipse/faces/javax.faces.resource/theme.css?ln=primefaces-sipse HTTP/1.1" 304 -
181.53.13.75 - - [16/Jul/2024:08:24:15 -0500] "GET /sipse/faces/javax.faces.resource/primefaces.css;jsessionid=70DbIvebb-6rvFQzAVErAYRC.undefined?ln=primefaces&v=4.0 HTTP/1.1" 200 53295
181.53.13.75 - - [16/Jul/2024:08:24:15 -0500] "GET /sipse/css/custom_css_sg_prime_login.css HTTP/1.1" 304 -
181.53.13.75 - - [16/Jul/2024:08:24:15 -0500] "GET /sipse/faces/javax.faces.resource/layout/layout.js;jsessionid=70DbIvebb-6rvFQzAVErAYRC.undefined?ln=primefaces&v=4.0 HTTP/1.1" 200 87560
181.53.13.75 - - [16/Jul/2024:08:24:15 -0500] "GET /sipse/faces/javax.faces.resource/jquery/jquery.js;jsessionid=70DbIvebb-6rvFQzAVErAYRC.undefined?ln=primefaces&v=4.0 HTTP/1.1" 200 105384
181.53.13.75 - - [16/Jul/2024:08:24:15 -0500] "GET /sipse/faces/javax.faces.resource/jquery/jquery-plugins.js;jsessionid=70DbIvebb-6rvFQzAVErAYRC.undefined?ln=primefaces&v=4.0 HTTP/1.1" 200 220526
181.53.13.75 - - [16/Jul/2024:08:24:15 -0500] "GET /sipse/faces/javax.faces.resource/primefaces.js;jsessionid=70DbIvebb-6rvFQzAVErAYRC.undefined?ln=primefaces&v=4.0 HTTP/1.1" 200 276924
181.53.13.75 - - [16/Jul/2024:08:24:15 -0500] "GET /sipse/css/imagen/logoSDG.png HTTP/1.1" 304 -
181.53.13.75 - - [16/Jul/2024:08:24:15 -0500] "GET /sipse/faces/javax.faces.resource/images/ui-icons_898989_256x240.png?ln=primefaces-aristo HTTP/1.1" 304 -
181.53.13.75 - - [16/Jul/2024:08:24:15 -0500] "GET /sipse/css/imagen/loginimg.png HTTP/1.1" 304 -
181.53.13.75 - - [16/Jul/2024:08:24:16 -0500] "GET /sipse/faces/index.xhtml HTTP/1.1" 200 677
181.53.13.75 - - [16/Jul/2024:08:24:16 -0500] "GET /sipse/faces/javax.faces.resource/theme.css?ln=primefaces-sipse HTTP/1.1" 304 -
181.53.13.75 - - [16/Jul/2024:08:24:16 -0500] "GET /sipse/faces/javax.faces.resource/theme.css?ln=primefaces-sipse HTTP/1.1" 304 -
181.53.13.75 - - [16/Jul/2024:08:24:16 -0500] "GET /sipse/faces/faces/autenticacion.xhtml HTTP/1.1" 200 12410
181.53.13.75 - - [16/Jul/2024:08:24:16 -0500] "GET /sipse/faces/javax.faces.resource/layout/layout.css?ln=primefaces&v=4.0 HTTP/1.1" 304 -
181.53.13.75 - - [16/Jul/2024:08:24:16 -0500] "GET /sipse/faces/javax.faces.resource/jquery/jquery.js?ln=primefaces&v=4.0 HTTP/1.1" 304 -
181.53.13.75 - - [16/Jul/2024:08:24:16 -0500] "GET /sipse/faces/javax.faces.resource/primefaces.css?ln=primefaces&v=4.0 HTTP/1.1" 304 -
181.53.13.75 - - [16/Jul/2024:08:24:16 -0500] "GET /sipse/faces/javax.faces.resource/primefaces.js?ln=primefaces&v=4.0 HTTP/1.1" 304 -
181.53.13.75 - - [16/Jul/2024:08:24:16 -0500] "GET /sipse/faces/javax.faces.resource/jquery/jquery-plugins.js?ln=primefaces&v=4.0 HTTP/1.1" 304 -
181.53.13.75 - - [16/Jul/2024:08:24:16 -0500] "GET /sipse/faces/javax.faces.resource/layout/layout.js?ln=primefaces&v=4.0 HTTP/1.1" 304 -
66.249.66.20 - - [16/Jul/2024:08:24:19 -0500] "GET /BLA/resoluciones/AUTOS%202008/1070.pdf HTTP/1.1" 200 133144
172.22.2.4 - - [16/Jul/2024:08:22:39 -0500] "HEAD /BLA/boletinlegal/ HTTP/1.1" 200 -
181.53.13.75 - - [16/Jul/2024:08:24:20 -0500] "POST /sipse/faces/autenticacion.xhtml HTTP/1.1" 200 2224
181.53.13.75 - - [16/Jul/2024:08:24:20 -0500] "GET /sipse/faces/javax.faces.resource/messages/messages.png?ln=primefaces&v=4.0 HTTP/1.1" 304 -
181.53.13.75 - - [16/Jul/2024:08:24:21 -0500] "GET /sipse/faces/javax.faces.resource/images/ui-icons_898989_256x240.png?ln=primefaces-aristo HTTP/1.1" 304 -
181.53.13.75 - - [16/Jul/2024:08:24:22 -0500] "POST /sipse/faces/autenticacion.xhtml HTTP/1.1" 200 16352
181.53.13.75 - - [16/Jul/2024:08:24:22 -0500] "GET /sipse/css/custom_css_sg_prime.css HTTP/1.1" 304 -
181.53.13.75 - - [16/Jul/2024:08:24:22 -0500] "GET /sipse/faces/javax.faces.resource/theme.css?ln=primefaces-sipse HTTP/1.1" 304 -
181.53.13.75 - - [16/Jul/2024:08:24:22 -0500] "GET /sipse/js/jquery.min.js HTTP/1.1" 304 -
181.53.13.75 - - [16/Jul/2024:08:24:22 -0500] "GET /sipse/faces/javax.faces.resource/layout/layout.css?ln=primefaces&v=4.0 HTTP/1.1" 304 -
181.53.13.75 - - [16/Jul/2024:08:24:22 -0500] "GET /sipse/faces/javax.faces.resource/primefaces.css?ln=primefaces&v=4.0 HTTP/1.1" 304 -
181.53.13.75 - - [16/Jul/2024:08:24:22 -0500] "GET /sipse/faces/javax.faces.resource/jquery/jquery.js?ln=primefaces&v=4.0 HTTP/1.1" 304 -
181.53.13.75 - - [16/Jul/2024:08:24:22 -0500] "GET /sipse/faces/javax.faces.resource/jquery/jquery-plugins.js?ln=primefaces&v=4.0 HTTP/1.1" 304 -
181.53.13.75 - - [16/Jul/2024:08:24:22 -0500] "GET /sipse/faces/javax.faces.resource/primefaces.js?ln=primefaces&v=4.0 HTTP/1.1" 304 -
181.53.13.75 - - [16/Jul/2024:08:24:22 -0500] "GET /sipse/faces/javax.faces.resource/layout/layout.js?ln=primefaces&v=4.0 HTTP/1.1" 304 -
181.53.13.75 - - [16/Jul/2024:08:24:22 -0500] "GET /sipse/css/v_mergente.css HTTP/1.1" 304 -
181.53.13.75 - - [16/Jul/2024:08:24:22 -0500] "GET /sipse/imagenes/logoAplicacion.jpg HTTP/1.1" 304 -
181.53.13.75 - - [16/Jul/2024:08:24:22 -0500] "GET /sipse/imagenes/cargando.gif HTTP/1.1" 304 -
181.53.13.75 - - [16/Jul/2024:08:24:22 -0500] "GET /sipse/css/imagen/contrasena.png HTTP/1.1" 404 383
66.249.66.19 - - [16/Jul/2024:08:24:38 -0500] "GET /BLA/resoluciones/RESOLUCIONES%202023/03073.pdf HTTP/1.1" 200 499793
201.245.192.253 - - [16/Jul/2024:08:24:55 -0500] "GET /kwsrmcab/Wsrmcab?wsdl HTTP/1.1" 200 6948
66.249.66.19 - - [16/Jul/2024:08:24:56 -0500] "GET /BLA/resoluciones/RESOLUCIONES%202007/RES%202007%203401%20AL%203500/RESOLUCION%203449%20DE%202007.pdf HTTP/1.1" 200 555677
66.249.66.19 - - [16/Jul/2024:08:24:57 -0500] "GET /BLA/resoluciones/AUTOS%202008/0264.pdf HTTP/1.1" 200 100791
66.249.66.19 - - [16/Jul/2024:08:24:57 -0500] "GET /BLA/resoluciones/AUTOS%202020/1236.pdf HTTP/1.1" 200 1960567
66.249.66.19 - - [16/Jul/2024:08:24:58 -0500] "GET /BLA/resoluciones/AUTOS%202008/1453.pdf HTTP/1.1" 200 68455
66.249.66.19 - - [16/Jul/2024:08:24:58 -0500] "GET /BLA/resoluciones/AUTOS%202020/3183.pdf HTTP/1.1" 200 897866
66.249.66.19 - - [16/Jul/2024:08:24:58 -0500] "GET /BLA/resoluciones/AUTOS%202008/3478.pdf HTTP/1.1" 200 111769
66.249.66.19 - - [16/Jul/2024:08:24:59 -0500] "GET /BLA/resoluciones/AUTOS%202008/1624.pdf HTTP/1.1" 200 75759
66.249.66.19 - - [16/Jul/2024:08:24:59 -0500] "GET /BLA/resoluciones/RESOLUCIONES%202007/RES%202007%20101%20AL%20200/RESOLUCION%200162%20DE%202007.pdf HTTP/1.1" 200 755722
66.249.66.19 - - [16/Jul/2024:08:25:00 -0500] "GET /BLA/resoluciones/AUTOS%202008/0690.pdf HTTP/1.1" 200 119220
66.249.66.22 - - [16/Jul/2024:08:25:00 -0500] "GET /BLA/resoluciones/AUTOS%202008/3102.pdf HTTP/1.1" 200 76073
66.249.66.21 - - [16/Jul/2024:08:25:01 -0500] "GET /BLA/boletinlegal/Directivas/2019/Directiva%20No.%200001%20del%2011%20de%20junio%20de%202019.pdf HTTP/1.1" 200 228190
66.249.66.22 - - [16/Jul/2024:08:25:01 -0500] "GET /BLA/resoluciones/AUTOS%202008/1611.pdf HTTP/1.1" 200 82345
66.249.66.19 - - [16/Jul/2024:08:25:02 -0500] "GET /BLA/resoluciones/AUTOS%202008/3282.pdf HTTP/1.1" 200 84834
66.249.66.20 - - [16/Jul/2024:08:25:02 -0500] "GET /BLA/resoluciones/RESOLUCIONES%202007/RES%202007%201801%20AL%201900/RESOLUCION%201860%20DE%202007.pdf HTTP/1.1" 200 178596
66.249.66.22 - - [16/Jul/2024:08:25:03 -0500] "GET /BLA/resoluciones/AUTOS%202008/1389.pdf HTTP/1.1" 200 134799
66.249.66.19 - - [16/Jul/2024:08:25:03 -0500] "GET /BLA/resoluciones/AUTOS%202008/0034.pdf HTTP/1.1" 200 86411
66.249.66.21 - - [16/Jul/2024:08:25:04 -0500] "GET /BLA/resoluciones/AUTOS%202008/2950.pdf HTTP/1.1" 200 56024
66.249.66.22 - - [16/Jul/2024:08:25:04 -0500] "GET /BLA/resoluciones/AUTOS%202008/0129.pdf HTTP/1.1" 200 102029
66.249.66.22 - - [16/Jul/2024:08:25:05 -0500] "GET /BLA/resoluciones/AUTOS%202008/0287.pdf HTTP/1.1" 200 332438
66.249.66.19 - - [16/Jul/2024:08:25:05 -0500] "GET /BLA/resoluciones/AUTOS%202020/1265.pdf HTTP/1.1" 200 356461
66.249.66.21 - - [16/Jul/2024:08:25:05 -0500] "GET /BLA/resoluciones/AUTOS%202008/1742.pdf HTTP/1.1" 200 269659
66.249.66.23 - - [16/Jul/2024:08:25:06 -0500] "GET /BLA/boletinlegal/Directivas/2018/Directiva%20No.%2027%20del%2028%20de%20diciembre%20de%202018.pdf HTTP/1.1" 200 2831879
66.249.66.20 - - [16/Jul/2024:08:25:07 -0500] "GET /BLA/resoluciones/AUTOS%202008/2909.pdf HTTP/1.1" 200 101559
66.249.66.20 - - [16/Jul/2024:08:25:07 -0500] "GET /BLA/resoluciones/AUTOS%202008/0448.pdf HTTP/1.1" 200 289925
66.249.66.21 - - [16/Jul/2024:08:25:07 -0500] "GET /BLA/resoluciones/AUTOS%202008/0907.pdf HTTP/1.1" 200 155679
66.249.66.21 - - [16/Jul/2024:08:25:08 -0500] "GET /BLA/resoluciones/AUTOS%202008/2266.pdf HTTP/1.1" 200 240007
66.249.66.23 - - [16/Jul/2024:08:25:08 -0500] "GET /BLA/resoluciones/AUTOS%202008/2850.pdf HTTP/1.1" 200 73897
66.249.66.21 - - [16/Jul/2024:08:25:09 -0500] "GET /BLA/resoluciones/AUTOS%202008/1794.pdf HTTP/1.1" 200 174160
66.249.66.19 - - [16/Jul/2024:08:25:10 -0500] "GET /BLA/resoluciones/AUTOS%202008/1913.pdf HTTP/1.1" 200 201127
66.249.66.21 - - [16/Jul/2024:08:25:10 -0500] "GET /BLA/resoluciones/RESOLUCIONES%202007/RES%202007%203401%20AL%203500/RESOLUCION%203488%20DE%202007.pdf HTTP/1.1" 200 735232
172.22.2.4 - - [16/Jul/2024:08:23:30 -0500] "GET /BLA/boletinlegal/ HTTP/1.1" 200 60380
66.249.66.22 - - [16/Jul/2024:08:25:10 -0500] "GET /BLA/resoluciones/AUTOS%202008/1677.pdf HTTP/1.1" 200 105329
66.249.66.19 - - [16/Jul/2024:08:25:11 -0500] "GET /BLA/resoluciones/AUTOS%202008/2315.pdf HTTP/1.1" 200 80059
66.249.66.22 - - [16/Jul/2024:08:25:11 -0500] "GET /BLA/resoluciones/AUTOS%202008/2013.pdf HTTP/1.1" 200 173242
66.249.66.22 - - [16/Jul/2024:08:25:12 -0500] "GET /BLA/resoluciones/AUTOS%202008/1361.pdf HTTP/1.1" 200 75640
66.249.66.19 - - [16/Jul/2024:08:25:12 -0500] "GET /BLA/resoluciones/AUTOS%202008/1865.pdf HTTP/1.1" 200 159569
66.249.66.21 - - [16/Jul/2024:08:25:13 -0500] "GET /BLA/resoluciones/AUTOS%202008/1840.pdf HTTP/1.1" 200 299238
66.249.66.20 - - [16/Jul/2024:08:25:13 -0500] "GET /BLA/resoluciones/AUTOS%202008/0733.pdf HTTP/1.1" 200 269971
66.249.66.20 - - [16/Jul/2024:08:25:14 -0500] "GET /BLA/resoluciones/AUTOS%202008/1013.pdf HTTP/1.1" 200 98167
66.249.66.21 - - [16/Jul/2024:08:25:14 -0500] "GET /BLA/resoluciones/AUTOS%202008/1027.pdf HTTP/1.1" 200 165474
66.249.66.20 - - [16/Jul/2024:08:25:14 -0500] "GET /BLA/resoluciones/AUTOS%202008/2244.pdf HTTP/1.1" 200 170406
66.249.66.21 - - [16/Jul/2024:08:25:15 -0500] "GET /BLA/resoluciones/AUTOS%202008/0301.pdf HTTP/1.1" 200 95913
66.249.66.20 - - [16/Jul/2024:08:25:15 -0500] "GET /BLA/resoluciones/AUTOS%202008/2592.pdf HTTP/1.1" 200 96110
66.249.66.20 - - [16/Jul/2024:08:25:16 -0500] "GET /BLA/resoluciones/AUTOS%202008/1373.pdf HTTP/1.1" 200 71637
66.249.66.19 - - [16/Jul/2024:08:25:16 -0500] "GET /BLA/resoluciones/AUTOS%202008/1812.pdf HTTP/1.1" 200 118806
66.249.66.20 - - [16/Jul/2024:08:25:17 -0500] "GET /BLA/resoluciones/AUTOS%202008/2650.pdf HTTP/1.1" 200 65892
66.249.66.21 - - [16/Jul/2024:08:25:17 -0500] "GET /BLA/resoluciones/AUTOS%202008/1122.pdf HTTP/1.1" 200 170782
66.249.66.19 - - [16/Jul/2024:08:25:18 -0500] "GET /BLA/resoluciones/AUTOS%202008/3409.pdf HTTP/1.1" 200 100395
66.249.66.20 - - [16/Jul/2024:08:25:18 -0500] "GET /BLA/resoluciones/AUTOS%202008/0761.pdf HTTP/1.1" 200 137519
66.249.66.21 - - [16/Jul/2024:08:25:19 -0500] "GET /BLA/resoluciones/AUTOS%202008/2583.pdf HTTP/1.1" 200 38290
66.249.66.21 - - [16/Jul/2024:08:25:19 -0500] "GET /BLA/resoluciones/RESOLUCIONES%202007/RES%202007%20801%20AL%20900/RESOLUCION%200814%20DE%202007.pdf HTTP/1.1" 200 251839
186.102.99.154 - - [16/Jul/2024:08:25:19 -0500] "GET /kwssiamovil/sm/acme/s?s=U2FsdGVkX1+PFlWHKthQEe8ZyoYTx9n4v2nk+JtFOXSW1ui72Z7PsNKk9xrv7WI4lWR0WSGjbXHwNYX4AOahYmwDqcYvAfbT/Nr1j+CQl2OTJ6UcbNA7bgrAY+sWXodKrnjNZo9rQrPOmBPR6jVkew==&u=U2FsdGVkX19LHwxJKegpHgdh3vL9INX+hxlz4pDWmeTn9MudjAEFVXVRkNbn/HAb&y=U2FsdGVkX19pFkYBtV6JXX85vz97aghTcoqA1T/yqEllSOHW3b7439besPYm3k+O HTTP/1.1" 200 112
66.249.66.20 - - [16/Jul/2024:08:25:19 -0500] "GET /BLA/resoluciones/RESOLUCIONES%202007/RES%202007%20701%20AL%20800/RESOLUCION%200741%20DE%202007.pdf HTTP/1.1" 200 221425
66.249.66.20 - - [16/Jul/2024:08:25:20 -0500] "GET /BLA/resoluciones/AUTOS%202008/2628.pdf HTTP/1.1" 200 89389
66.249.66.20 - - [16/Jul/2024:08:25:20 -0500] "GET /BLA/resoluciones/RESOLUCIONES%202007/RES%202007%201501%20AL%201600/RESOLUCION%201521%20DE%202007.pdf HTTP/1.1" 200 1145936
66.249.66.19 - - [16/Jul/2024:08:25:21 -0500] "GET /BLA/resoluciones/AUTOS%202008/2944.pdf HTTP/1.1" 200 50528
66.249.66.19 - - [16/Jul/2024:08:25:21 -0500] "GET /BLA/resoluciones/RESOLUCIONES%202007/RES%202007%20701%20AL%20800/RESOLUCION%200790%20DE%202007.pdf HTTP/1.1" 200 312886
66.249.66.20 - - [16/Jul/2024:08:25:22 -0500] "GET /BLA/resoluciones/RESOLUCIONES%202007/RES%202007%203701%20AL%203800/RESOLUCION%203765%20DE%202007.pdf HTTP/1.1" 200 27951
66.249.66.21 - - [16/Jul/2024:08:25:22 -0500] "GET /BLA/resoluciones/AUTOS%202008/0419.pdf HTTP/1.1" 200 142871
66.249.66.20 - - [16/Jul/2024:08:25:23 -0500] "GET /BLA/resoluciones/AUTOS%202008/3353.pdf HTTP/1.1" 200 102622
66.249.66.22 - - [16/Jul/2024:08:25:23 -0500] "GET /BLA/resoluciones/AUTOS%202008/1680.pdf HTTP/1.1" 200 233494
66.249.66.20 - - [16/Jul/2024:08:25:24 -0500] "GET /BLA/resoluciones/AUTOS%202020/4066.pdf HTTP/1.1" 200 366340
66.249.66.21 - - [16/Jul/2024:08:25:24 -0500] "GET /BLA/resoluciones/AUTOS%202008/0911.pdf HTTP/1.1" 200 53796
66.249.66.20 - - [16/Jul/2024:08:25:24 -0500] "GET /BLA/resoluciones/AUTOS%202008/0816.pdf HTTP/1.1" 200 206144
66.249.66.20 - - [16/Jul/2024:08:25:25 -0500] "GET /BLA/resoluciones/AUTOS%202008/1776.pdf HTTP/1.1" 200 243866
66.249.66.21 - - [16/Jul/2024:08:25:25 -0500] "GET /BLA/resoluciones/AUTOS%202008/0856.pdf HTTP/1.1" 200 80423
66.249.66.21 - - [16/Jul/2024:08:25:26 -0500] "GET /BLA/resoluciones/AUTOS%202008/2716.pdf HTTP/1.1" 200 80220
66.249.66.23 - - [16/Jul/2024:08:25:26 -0500] "GET /BLA/resoluciones/AUTOS%202008/2179.pdf HTTP/1.1" 200 100749
66.249.66.23 - - [16/Jul/2024:08:25:27 -0500] "GET /BLA/resoluciones/AUTOS%202008/3081.pdf HTTP/1.1" 200 57088
66.249.66.21 - - [16/Jul/2024:08:25:27 -0500] "GET /BLA/resoluciones/AUTOS%202008/0938.pdf HTTP/1.1" 200 68979
66.249.66.19 - - [16/Jul/2024:08:25:28 -0500] "GET /BLA/resoluciones/AUTOS%202008/3450.pdf HTTP/1.1" 200 123021
66.249.66.23 - - [16/Jul/2024:08:25:28 -0500] "GET /BLA/resoluciones/AUTOS%202008/2672.pdf HTTP/1.1" 200 171537
66.249.66.23 - - [16/Jul/2024:08:25:29 -0500] "GET /BLA/resoluciones/AUTOS%202008/0927.pdf HTTP/1.1" 200 95189
66.249.66.20 - - [16/Jul/2024:08:25:29 -0500] "GET /BLA/resoluciones/AUTOS%202008/0215.pdf HTTP/1.1" 200 101794
66.249.66.22 - - [16/Jul/2024:08:25:29 -0500] "GET /BLA/resoluciones/AUTOS%202008/3141.pdf HTTP/1.1" 200 222701
66.249.66.1 - - [16/Jul/2024:08:25:30 -0500] "GET /BLA/resoluciones/AUTOS%202008/0200.pdf HTTP/1.1" 200 103927
66.249.66.1 - - [16/Jul/2024:08:25:30 -0500] "GET /BLA/resoluciones/AUTOS%202008/0917.pdf HTTP/1.1" 200 157609
66.249.66.20 - - [16/Jul/2024:08:25:31 -0500] "GET /BLA/resoluciones/AUTOS%202008/1964.pdf HTTP/1.1" 200 91704
66.249.66.19 - - [16/Jul/2024:08:25:31 -0500] "GET /BLA/resoluciones/AUTOS%202008/0575.pdf HTTP/1.1" 200 183247
66.249.66.22 - - [16/Jul/2024:08:25:32 -0500] "GET /BLA/resoluciones/AUTOS%202008/3404.pdf HTTP/1.1" 200 160906
66.249.66.1 - - [16/Jul/2024:08:25:32 -0500] "GET /BLA/resoluciones/AUTOS%202008/0691.pdf HTTP/1.1" 200 395275
66.249.66.23 - - [16/Jul/2024:08:25:33 -0500] "GET /BLA/resoluciones/AUTOS%202008/1041.pdf HTTP/1.1" 200 233294
66.249.66.21 - - [16/Jul/2024:08:25:33 -0500] "GET /BLA/resoluciones/AUTOS%202008/1380.pdf HTTP/1.1" 200 85646
66.249.66.21 - - [16/Jul/2024:08:25:34 -0500] "GET /BLA/resoluciones/AUTOS%202008/0680.pdf HTTP/1.1" 200 223231
66.249.66.1 - - [16/Jul/2024:08:25:34 -0500] "GET /BLA/resoluciones/AUTOS%202008/0351.pdf HTTP/1.1" 200 216114
66.249.66.23 - - [16/Jul/2024:08:25:34 -0500] "GET /BLA/resoluciones/AUTOS%202008/0784.pdf HTTP/1.1" 200 76310
66.249.66.23 - - [16/Jul/2024:08:25:35 -0500] "GET /BLA/resoluciones/AUTOS%202008/0820.pdf HTTP/1.1" 200 126813
66.249.66.19 - - [16/Jul/2024:08:25:35 -0500] "GET /BLA/resoluciones/AUTOS%202008/2888.pdf HTTP/1.1" 200 102472
66.249.66.20 - - [16/Jul/2024:08:25:36 -0500] "GET /BLA/resoluciones/RESOLUCIONES%202007/RES%202007%20701%20AL%20800/RESOLUCION%200751%20DE%202007.pdf HTTP/1.1" 200 515138
66.249.66.21 - - [16/Jul/2024:08:25:36 -0500] "GET /BLA/resoluciones/AUTOS%202008/0134.pdf HTTP/1.1" 200 196359
66.249.66.1 - - [16/Jul/2024:08:25:37 -0500] "GET /BLA/resoluciones/AUTOS%202008/0506.pdf HTTP/1.1" 200 68832
66.249.66.2 - - [16/Jul/2024:08:25:37 -0500] "GET /BLA/resoluciones/AUTOS%202008/1107.pdf HTTP/1.1" 200 63881
66.249.66.23 - - [16/Jul/2024:08:25:38 -0500] "GET /BLA/resoluciones/AUTOS%202008/1112.pdf HTTP/1.1" 200 174002
66.249.66.3 - - [16/Jul/2024:08:25:38 -0500] "GET /BLA/resoluciones/AUTOS%202008/1236.pdf HTTP/1.1" 200 71517
66.249.66.3 - - [16/Jul/2024:08:25:39 -0500] "GET /BLA/resoluciones/AUTOS%202008/3116.pdf HTTP/1.1" 200 55138
66.249.66.1 - - [16/Jul/2024:08:25:39 -0500] "GET /BLA/resoluciones/AUTOS%202008/2498.pdf HTTP/1.1" 200 92262
66.249.66.23 - - [16/Jul/2024:08:25:40 -0500] "GET /BLA/resoluciones/AUTOS%202008/0811.pdf HTTP/1.1" 200 82989
66.249.66.23 - - [16/Jul/2024:08:25:40 -0500] "GET /BLA/resoluciones/RESOLUCIONES%202007/RES%202007%203401%20AL%203500/RESOLUCION%203443%20DE%202007.pdf HTTP/1.1" 200 679699
66.249.66.3 - - [16/Jul/2024:08:25:40 -0500] "GET /BLA/resoluciones/AUTOS%202008/2550.pdf HTTP/1.1" 200 151791
66.249.66.20 - - [16/Jul/2024:08:25:41 -0500] "GET /BLA/resoluciones/AUTOS%202008/1724.pdf HTTP/1.1" 200 138859
66.249.66.21 - - [16/Jul/2024:08:25:41 -0500] "GET /BLA/resoluciones/RESOLUCIONES%202007/RES%202007%203701%20AL%203800/RESOLUCION%203778%20DE%202007.pdf HTTP/1.1" 200 27851
66.249.66.22 - - [16/Jul/2024:08:25:42 -0500] "GET /BLA/resoluciones/AUTOS%202008/2203.pdf HTTP/1.1" 200 103844
66.249.66.4 - - [16/Jul/2024:08:25:42 -0500] "GET /BLA/resoluciones/AUTOS%202008/1884.pdf HTTP/1.1" 200 79906
66.249.66.23 - - [16/Jul/2024:08:25:43 -0500] "GET /BLA/resoluciones/AUTOS%202008/3047.pdf HTTP/1.1" 200 65423
66.249.66.3 - - [16/Jul/2024:08:25:43 -0500] "GET /BLA/resoluciones/RESOLUCIONES%202007/RES%202007%201501%20AL%201600/RESOLUCION%201594%20DE%202007.pdf HTTP/1.1" 200 956898
66.249.66.20 - - [16/Jul/2024:08:25:44 -0500] "GET /BLA/resoluciones/AUTOS%202008/1152.pdf HTTP/1.1" 200 157492
66.249.66.23 - - [16/Jul/2024:08:25:44 -0500] "GET /BLA/resoluciones/AUTOS%202008/1367.pdf HTTP/1.1" 200 73022
66.249.66.21 - - [16/Jul/2024:08:25:45 -0500] "GET /BLA/resoluciones/AUTOS%202008/1849.pdf HTTP/1.1" 200 303919
66.249.66.23 - - [16/Jul/2024:08:25:45 -0500] "GET /BLA/resoluciones/AUTOS%202008/3233.pdf HTTP/1.1" 200 83024
66.249.66.23 - - [16/Jul/2024:08:25:45 -0500] "GET /BLA/resoluciones/AUTOS%202008/2019.pdf HTTP/1.1" 200 172424
66.249.73.36 - - [16/Jul/2024:08:25:46 -0500] "GET /BLA/resoluciones/AUTOS%202008/2890.pdf HTTP/1.1" 200 178005
66.249.66.21 - - [16/Jul/2024:08:25:46 -0500] "GET /BLA/resoluciones/AUTOS%202020/1735.pdf HTTP/1.1" 200 2516582
66.249.66.1 - - [16/Jul/2024:08:25:48 -0500] "GET /BLA/resoluciones/AUTOS%202008/1951.pdf HTTP/1.1" 200 99404
131.72.138.103 - - [16/Jul/2024:08:25:48 -0500] "GET /sipse/faces/index.xhtml HTTP/1.1" 200 677
66.249.66.2 - - [16/Jul/2024:08:25:48 -0500] "GET /BLA/resoluciones/AUTOS%202008/3208.pdf HTTP/1.1" 200 88511
131.72.138.103 - - [16/Jul/2024:08:25:48 -0500] "GET /sipse/faces/javax.faces.resource/theme.css?ln=primefaces-sipse HTTP/1.1" 304 -
66.249.66.22 - - [16/Jul/2024:08:25:48 -0500] "GET /BLA/resoluciones/AUTOS%202008/2573.pdf HTTP/1.1" 200 99682
66.249.66.5 - - [16/Jul/2024:08:25:49 -0500] "GET /BLA/resoluciones/AUTOS%202008/0673.pdf HTTP/1.1" 200 299993
66.249.66.19 - - [16/Jul/2024:08:25:49 -0500] "GET /BLA/resoluciones/AUTOS%202008/2644.pdf HTTP/1.1" 200 57693
66.249.66.19 - - [16/Jul/2024:08:25:50 -0500] "GET /BLA/resoluciones/AUTOS%202008/3423.pdf HTTP/1.1" 200 79725
66.249.66.19 - - [16/Jul/2024:08:25:50 -0500] "GET /BLA/resoluciones/RESOLUCIONES%202007/RES%202007%203401%20AL%203500/RESOLUCION%203492%20DE%202007.pdf HTTP/1.1" 200 277307
66.249.66.19 - - [16/Jul/2024:08:25:51 -0500] "GET /BLA/resoluciones/AUTOS%202008/0267.pdf HTTP/1.1" 200 144970
66.249.66.2 - - [16/Jul/2024:08:25:51 -0500] "GET /BLA/resoluciones/AUTOS%202008/2296.pdf HTTP/1.1" 200 113070
66.249.66.6 - - [16/Jul/2024:08:25:52 -0500] "GET /BLA/resoluciones/AUTOS%202008/1604.pdf HTTP/1.1" 200 78609
66.249.66.20 - - [16/Jul/2024:08:25:52 -0500] "GET /BLA/resoluciones/AUTOS%202008/1586.pdf HTTP/1.1" 200 80576
66.249.66.23 - - [16/Jul/2024:08:25:53 -0500] "GET /BLA/resoluciones/AUTOS%202008/0613.pdf HTTP/1.1" 200 163603
66.249.66.6 - - [16/Jul/2024:08:25:53 -0500] "GET /BLA/resoluciones/AUTOS%202008/1371.pdf HTTP/1.1" 200 63048
201.245.192.253 - - [16/Jul/2024:08:25:04 -0500] "POST /kwsrmcab/Wsrmcab  HTTP/1.1" 200 213
131.72.138.103 - - [16/Jul/2024:08:25:53 -0500] "GET /sipse/faces/faces/autenticacion.xhtml HTTP/1.1" 200 12410
66.249.66.3 - - [16/Jul/2024:08:25:53 -0500] "GET /BLA/resoluciones/AUTOS%202008/0955.pdf HTTP/1.1" 200 178318
131.72.138.103 - - [16/Jul/2024:08:25:54 -0500] "GET /sipse/js/disable_browser_buttons.js HTTP/1.1" 304 -
131.72.138.103 - - [16/Jul/2024:08:25:54 -0500] "GET /sipse/css/custom_css_sg.css HTTP/1.1" 304 -
131.72.138.103 - - [16/Jul/2024:08:25:54 -0500] "GET /sipse/css/custom_css_sg_prime_login.css HTTP/1.1" 304 -
131.72.138.103 - - [16/Jul/2024:08:25:54 -0500] "GET /sipse/faces/javax.faces.resource/layout/layout.css?ln=primefaces&v=4.0 HTTP/1.1" 304 -
131.72.138.103 - - [16/Jul/2024:08:25:54 -0500] "GET /sipse/faces/javax.faces.resource/primefaces.css?ln=primefaces&v=4.0 HTTP/1.1" 304 -
131.72.138.103 - - [16/Jul/2024:08:25:54 -0500] "GET /sipse/faces/javax.faces.resource/theme.css?ln=primefaces-sipse HTTP/1.1" 304 -
131.72.138.103 - - [16/Jul/2024:08:25:54 -0500] "GET /sipse/js/funciones.js HTTP/1.1" 304 -
131.72.138.103 - - [16/Jul/2024:08:25:54 -0500] "GET /sipse/faces/javax.faces.resource/jquery/jquery.js?ln=primefaces&v=4.0 HTTP/1.1" 304 -
131.72.138.103 - - [16/Jul/2024:08:25:54 -0500] "GET /sipse/faces/javax.faces.resource/primefaces.js?ln=primefaces&v=4.0 HTTP/1.1" 304 -
131.72.138.103 - - [16/Jul/2024:08:25:54 -0500] "GET /sipse/faces/javax.faces.resource/jquery/jquery-plugins.js?ln=primefaces&v=4.0 HTTP/1.1" 304 -
131.72.138.103 - - [16/Jul/2024:08:25:54 -0500] "GET /sipse/faces/javax.faces.resource/layout/layout.js?ln=primefaces&v=4.0 HTTP/1.1" 304 -
131.72.138.103 - - [16/Jul/2024:08:25:54 -0500] "GET /sipse/css/imagen/logoSDG.png HTTP/1.1" 304 -
131.72.138.103 - - [16/Jul/2024:08:25:54 -0500] "GET /sipse/css/imagen/loginimg.png HTTP/1.1" 304 -
131.72.138.103 - - [16/Jul/2024:08:25:54 -0500] "GET /sipse/faces/javax.faces.resource/images/ui-icons_898989_256x240.png?ln=primefaces-aristo HTTP/1.1" 304 -
66.249.66.5 - - [16/Jul/2024:08:25:54 -0500] "GET /BLA/resoluciones/RESOLUCIONES%202007/RES%202007%203401%20AL%203500/RESOLUCION%203486%20DE%202007.pdf HTTP/1.1" 200 2239049
66.249.66.19 - - [16/Jul/2024:08:25:54 -0500] "GET /BLA/resoluciones/AUTOS%202008/2041.pdf HTTP/1.1" 200 251280
66.249.66.1 - - [16/Jul/2024:08:25:55 -0500] "GET /BLA/resoluciones/AUTOS%202008/1641.pdf HTTP/1.1" 200 72627
201.245.192.253 - - [16/Jul/2024:08:25:55 -0500] "GET /kwsrmcab/Wsrmcab?wsdl HTTP/1.1" 200 6948
66.249.66.1 - - [16/Jul/2024:08:25:55 -0500] "GET /BLA/resoluciones/AUTOS%202008/1737.pdf HTTP/1.1" 200 191642
66.249.66.8 - - [16/Jul/2024:08:25:56 -0500] "GET /BLA/resoluciones/AUTOS%202008/1162.pdf HTTP/1.1" 200 95461
66.249.66.20 - - [16/Jul/2024:08:25:56 -0500] "GET /BLA/resoluciones/AUTOS%202008/3402.pdf HTTP/1.1" 200 162400
66.249.66.2 - - [16/Jul/2024:08:25:57 -0500] "GET /BLA/resoluciones/AUTOS%202008/2271.pdf HTTP/1.1" 200 180818
66.249.66.20 - - [16/Jul/2024:08:25:58 -0500] "GET /BLA/resoluciones/RESOLUCIONES%202007/RES%202007%20701%20AL%20800/RESOLUCION%200720%20DE%202007.pdf HTTP/1.1" 200 231410
66.249.66.8 - - [16/Jul/2024:08:25:58 -0500] "GET /BLA/resoluciones/AUTOS%202008/2578.pdf HTTP/1.1" 200 165457
66.249.66.2 - - [16/Jul/2024:08:25:58 -0500] "GET /BLA/resoluciones/AUTOS%202008/2574.pdf HTTP/1.1" 200 100643
66.249.66.23 - - [16/Jul/2024:08:25:59 -0500] "GET /BLA/resoluciones/AUTOS%202008/2329.pdf HTTP/1.1" 200 116815
66.249.66.6 - - [16/Jul/2024:08:25:59 -0500] "GET /BLA/resoluciones/AUTOS%202008/1815.pdf HTTP/1.1" 200 121159
66.249.66.22 - - [16/Jul/2024:08:26:00 -0500] "GET /BLA/resoluciones/AUTOS%202008/2170.pdf HTTP/1.1" 200 49867
66.249.66.10 - - [16/Jul/2024:08:26:00 -0500] "GET /BLA/resoluciones/AUTOS%202008/0122.pdf HTTP/1.1" 200 376505
66.249.66.6 - - [16/Jul/2024:08:26:01 -0500] "GET /BLA/resoluciones/AUTOS%202008/2968.pdf HTTP/1.1" 200 108778
66.249.66.1 - - [16/Jul/2024:08:26:01 -0500] "GET /BLA/resoluciones/AUTOS%202008/1510.pdf HTTP/1.1" 200 85266
66.249.66.19 - - [16/Jul/2024:08:26:02 -0500] "GET /BLA/resoluciones/AUTOS%202008/2062.pdf HTTP/1.1" 200 182192
66.249.66.6 - - [16/Jul/2024:08:26:02 -0500] "GET /BLA/resoluciones/RESOLUCIONES%202007/RES%202007%20101%20AL%20200/RESOLUCION%200187%20DE%202007.pdf HTTP/1.1" 200 154515
66.249.66.23 - - [16/Jul/2024:08:26:03 -0500] "GET /BLA/resoluciones/AUTOS%202008/3013.pdf HTTP/1.1" 200 96521
66.249.66.23 - - [16/Jul/2024:08:26:03 -0500] "GET /BLA/resoluciones/AUTOS%202008/2937.pdf HTTP/1.1" 200 68736
66.249.66.23 - - [16/Jul/2024:08:26:04 -0500] "GET /BLA/resoluciones/AUTOS%202008/3441.pdf HTTP/1.1" 200 108880
66.249.66.2 - - [16/Jul/2024:08:26:04 -0500] "GET /BLA/resoluciones/RESOLUCIONES%202007/RES%202007%203701%20AL%203800/RESOLUCION%203742%20%20DE%202007.pdf HTTP/1.1" 200 616425
66.249.66.3 - - [16/Jul/2024:08:26:05 -0500] "GET /BLA/resoluciones/AUTOS%202008/3275.pdf HTTP/1.1" 200 82260
66.249.66.12 - - [16/Jul/2024:08:26:05 -0500] "GET /BLA/resoluciones/AUTOS%202008/1868.pdf HTTP/1.1" 200 100523
66.249.66.12 - - [16/Jul/2024:08:26:06 -0500] "GET /BLA/resoluciones/RESOLUCIONES%202007/RES%202007%20701%20AL%20800/RESOLUCION%200718%20DE%202007.pdf HTTP/1.1" 200 222331
66.249.66.10 - - [16/Jul/2024:08:26:06 -0500] "GET /BLA/resoluciones/AUTOS%202008/1165.pdf HTTP/1.1" 200 87944
66.249.66.19 - - [16/Jul/2024:08:26:06 -0500] "GET /BLA/resoluciones/AUTOS%202008/2680.pdf HTTP/1.1" 200 115103
66.249.66.19 - - [16/Jul/2024:08:26:07 -0500] "GET /BLA/resoluciones/AUTOS%202008/1858.pdf HTTP/1.1" 200 223858
66.249.66.5 - - [16/Jul/2024:08:26:07 -0500] "GET /BLA/resoluciones/RESOLUCIONES%202007/RES%202007%201501%20AL%201600/RESOLUCION%201527%20DE%202007.pdf HTTP/1.1" 200 174945
66.249.66.6 - - [16/Jul/2024:08:26:08 -0500] "GET /BLA/resoluciones/AUTOS%202008/0621.pdf HTTP/1.1" 200 130989
66.249.66.23 - - [16/Jul/2024:08:26:08 -0500] "GET /BLA/resoluciones/RESOLUCIONES%202007/RES%202007%203401%20AL%203500/RESOLUCION%203463%20DE%202007.pdf HTTP/1.1" 200 281457
66.249.66.3 - - [16/Jul/2024:08:26:09 -0500] "GET /BLA/resoluciones/AUTOS%202008/1264.pdf HTTP/1.1" 200 82591
66.249.66.21 - - [16/Jul/2024:08:26:09 -0500] "GET /BLA/resoluciones/AUTOS%202008/2555.pdf HTTP/1.1" 200 116318
66.249.66.22 - - [16/Jul/2024:08:26:10 -0500] "GET /BLA/resoluciones/AUTOS%202008/1274.pdf HTTP/1.1" 200 78921
131.72.138.103 - - [16/Jul/2024:08:26:10 -0500] "POST /sipse/faces/autenticacion.xhtml HTTP/1.1" 200 11153
66.249.66.10 - - [16/Jul/2024:08:26:10 -0500] "GET /BLA/resoluciones/RESOLUCIONES%202007/RES%202007%20101%20AL%20200/RESOLUCION%200145%20DE%202007.pdf HTTP/1.1" 200 303028
131.72.138.103 - - [16/Jul/2024:08:26:10 -0500] "GET /sipse/css/custom_css_sg_prime.css HTTP/1.1" 304 -
131.72.138.103 - - [16/Jul/2024:08:26:10 -0500] "GET /sipse/faces/javax.faces.resource/layout/layout.css?ln=primefaces&v=4.0 HTTP/1.1" 304 -
131.72.138.103 - - [16/Jul/2024:08:26:10 -0500] "GET /sipse/faces/javax.faces.resource/jquery/jquery.js?ln=primefaces&v=4.0 HTTP/1.1" 304 -
131.72.138.103 - - [16/Jul/2024:08:26:10 -0500] "GET /sipse/faces/javax.faces.resource/primefaces.css?ln=primefaces&v=4.0 HTTP/1.1" 304 -
131.72.138.103 - - [16/Jul/2024:08:26:10 -0500] "GET /sipse/faces/javax.faces.resource/theme.css?ln=primefaces-sipse HTTP/1.1" 304 -
131.72.138.103 - - [16/Jul/2024:08:26:10 -0500] "GET /sipse/faces/javax.faces.resource/jquery/jquery-plugins.js?ln=primefaces&v=4.0 HTTP/1.1" 304 -
131.72.138.103 - - [16/Jul/2024:08:26:10 -0500] "GET /sipse/faces/javax.faces.resource/primefaces.js?ln=primefaces&v=4.0 HTTP/1.1" 304 -
131.72.138.103 - - [16/Jul/2024:08:26:11 -0500] "GET /sipse/faces/javax.faces.resource/layout/layout.js?ln=primefaces&v=4.0 HTTP/1.1" 304 -
131.72.138.103 - - [16/Jul/2024:08:26:11 -0500] "GET /sipse/faces/javax.faces.resource/messages/messages.png?ln=primefaces&v=4.0 HTTP/1.1" 304 -
66.249.66.13 - - [16/Jul/2024:08:26:11 -0500] "GET /BLA/resoluciones/AUTOS%202008/1451.pdf HTTP/1.1" 200 120119
66.249.66.5 - - [16/Jul/2024:08:26:11 -0500] "GET /BLA/resoluciones/AUTOS%202008/2499.pdf HTTP/1.1" 200 92084
66.249.66.20 - - [16/Jul/2024:08:26:12 -0500] "GET /BLA/resoluciones/AUTOS%202020/2333.pdf HTTP/1.1" 200 356234
66.249.66.4 - - [16/Jul/2024:08:26:12 -0500] "GET /BLA/resoluciones/AUTOS%202008/2728.pdf HTTP/1.1" 200 126259
66.249.66.19 - - [16/Jul/2024:08:26:13 -0500] "GET /BLA/resoluciones/AUTOS%202008/2493.pdf HTTP/1.1" 200 124967
66.249.66.20 - - [16/Jul/2024:08:26:13 -0500] "GET /BLA/resoluciones/AUTOS%202008/2304.pdf HTTP/1.1" 200 245357
66.249.66.20 - - [16/Jul/2024:08:26:13 -0500] "GET /BLA/resoluciones/AUTOS%202008/2011.pdf HTTP/1.1" 200 81549
66.249.66.5 - - [16/Jul/2024:08:26:14 -0500] "GET /BLA/resoluciones/RESOLUCIONES%202007/RES%202007%201726%20AL%201800/RESOLUCION%201729%20DE%202007.pdf HTTP/1.1" 200 419911
66.249.66.6 - - [16/Jul/2024:08:26:14 -0500] "GET /BLA/resoluciones/AUTOS%202008/2627.pdf HTTP/1.1" 200 100412
66.249.66.3 - - [16/Jul/2024:08:26:15 -0500] "GET /BLA/resoluciones/AUTOS%202008/2001.pdf HTTP/1.1" 200 82917
66.249.66.3 - - [16/Jul/2024:08:26:15 -0500] "GET /BLA/resoluciones/RESOLUCIONES%202007/RES%202007%20701%20AL%20800/RESOLUCION%200724%20DE%202007.pdf HTTP/1.1" 200 250111
66.249.66.5 - - [16/Jul/2024:08:26:16 -0500] "GET /BLA/resoluciones/AUTOS%202008/2517.pdf HTTP/1.1" 200 74721
66.249.66.1 - - [16/Jul/2024:08:26:16 -0500] "GET /BLA/resoluciones/RESOLUCIONES%202007/RES%202007%201801%20AL%201900/RESOLUCION%201832%20DE%202007.pdf HTTP/1.1" 200 26552
66.249.66.23 - - [16/Jul/2024:08:26:17 -0500] "GET /BLA/resoluciones/AUTOS%202008/1937.pdf HTTP/1.1" 200 147607
131.72.138.103 - - [16/Jul/2024:08:26:17 -0500] "POST /sipse/faces/presentacion/sistema/seguridad/seleccionRol.xhtml HTTP/1.1" 200 5588
66.249.66.21 - - [16/Jul/2024:08:26:17 -0500] "GET /BLA/resoluciones/RESOLUCIONES%202007/RES%202007%203701%20AL%203800/RESOLUCION%203732%20DE%202007.pdf HTTP/1.1" 200 163211
66.249.66.20 - - [16/Jul/2024:08:26:18 -0500] "GET /BLA/resoluciones/AUTOS%202008/2826.pdf HTTP/1.1" 200 57822
66.249.66.1 - - [16/Jul/2024:08:26:18 -0500] "GET /BLA/resoluciones/RESOLUCIONES%202007/RES%202007%203701%20AL%203800/RESOLUCION%203721%20DE%202007.pdf HTTP/1.1" 200 368533
66.249.66.3 - - [16/Jul/2024:08:26:18 -0500] "GET /BLA/resoluciones/AUTOS%202008/2877.pdf HTTP/1.1" 200 173061
131.72.138.103 - - [16/Jul/2024:08:26:19 -0500] "POST /sipse/faces/presentacion/sistema/seguridad/seleccionRol.xhtml HTTP/1.1" 200 16344
131.72.138.103 - - [16/Jul/2024:08:26:19 -0500] "GET /sipse/faces/javax.faces.resource/theme.css?ln=primefaces-sipse HTTP/1.1" 304 -
131.72.138.103 - - [16/Jul/2024:08:26:19 -0500] "GET /sipse/faces/javax.faces.resource/primefaces.css?ln=primefaces&v=4.0 HTTP/1.1" 304 -
131.72.138.103 - - [16/Jul/2024:08:26:19 -0500] "GET /sipse/js/jquery.min.js HTTP/1.1" 304 -
131.72.138.103 - - [16/Jul/2024:08:26:19 -0500] "GET /sipse/faces/javax.faces.resource/layout/layout.css?ln=primefaces&v=4.0 HTTP/1.1" 304 -
131.72.138.103 - - [16/Jul/2024:08:26:19 -0500] "GET /sipse/faces/javax.faces.resource/jquery/jquery.js?ln=primefaces&v=4.0 HTTP/1.1" 304 -
131.72.138.103 - - [16/Jul/2024:08:26:19 -0500] "GET /sipse/faces/javax.faces.resource/jquery/jquery-plugins.js?ln=primefaces&v=4.0 HTTP/1.1" 304 -
131.72.138.103 - - [16/Jul/2024:08:26:19 -0500] "GET /sipse/faces/javax.faces.resource/primefaces.js?ln=primefaces&v=4.0 HTTP/1.1" 304 -
131.72.138.103 - - [16/Jul/2024:08:26:19 -0500] "GET /sipse/faces/javax.faces.resource/layout/layout.js?ln=primefaces&v=4.0 HTTP/1.1" 304 -
131.72.138.103 - - [16/Jul/2024:08:26:19 -0500] "GET /sipse/css/imagen/contrasena.png HTTP/1.1" 404 383
131.72.138.103 - - [16/Jul/2024:08:26:19 -0500] "GET /sipse/imagenes/logoAplicacion.jpg HTTP/1.1" 304 -
131.72.138.103 - - [16/Jul/2024:08:26:19 -0500] "GET /sipse/css/v_mergente.css HTTP/1.1" 304 -
131.72.138.103 - - [16/Jul/2024:08:26:19 -0500] "GET /sipse/imagenes/cargando.gif HTTP/1.1" 304 -
66.249.66.23 - - [16/Jul/2024:08:26:19 -0500] "GET /BLA/resoluciones/RESOLUCIONES%202007/RES%202007%20701%20AL%20800/RESOLUCION%200745%20DE%202007.pdf HTTP/1.1" 200 223172
66.249.66.21 - - [16/Jul/2024:08:26:19 -0500] "GET /BLA/resoluciones/AUTOS%202008/2060.pdf HTTP/1.1" 200 173238
66.249.66.4 - - [16/Jul/2024:08:26:20 -0500] "GET /BLA/resoluciones/AUTOS%202008/1305.pdf HTTP/1.1" 200 217309
186.102.99.154 - - [16/Jul/2024:08:26:20 -0500] "GET /kwssiamovil/sm/acme/s?s=U2FsdGVkX18tbUQSQXV82iMMdmLQ7IPR8QPnl7RP0YDQvroZl+c9awoS22xbYKnzICPZFwE7RnuEHaLsDm0/7URTIBRG8T+aSTMOWxi5iROrotAD7jgO0EPSafai/2hTBC8g9PRGKdJaaS0Xgh9Rzg==&u=U2FsdGVkX19LHwxJKegpHgdh3vL9INX+hxlz4pDWmeTn9MudjAEFVXVRkNbn/HAb&y=U2FsdGVkX19pFkYBtV6JXX85vz97aghTcoqA1T/yqEllSOHW3b7439besPYm3k+O HTTP/1.1" 200 112
66.249.66.19 - - [16/Jul/2024:08:26:20 -0500] "GET /BLA/resoluciones/AUTOS%202008/0921.pdf HTTP/1.1" 200 308156
131.72.138.103 - - [16/Jul/2024:08:26:21 -0500] "GET /sipse/faces/javax.faces.resource/images/ui-bg_flat_0_2d5972_40x100.png?ln=primefaces-aristo HTTP/1.1" 304 -
131.72.138.103 - - [16/Jul/2024:08:26:21 -0500] "POST /sipse/faces/bienvenido.xhtml HTTP/1.1" 200 2658
131.72.138.103 - - [16/Jul/2024:08:26:23 -0500] "POST /sipse/faces/bienvenido.xhtml HTTP/1.1" 200 39178
131.72.138.103 - - [16/Jul/2024:08:26:24 -0500] "GET /sipse/faces/javax.faces.resource/primefaces.css?ln=primefaces&v=4.0 HTTP/1.1" 304 -
131.72.138.103 - - [16/Jul/2024:08:26:24 -0500] "GET /sipse/faces/javax.faces.resource/theme.css?ln=primefaces-sipse HTTP/1.1" 304 -
131.72.138.103 - - [16/Jul/2024:08:26:24 -0500] "GET /sipse/faces/javax.faces.resource/layout/layout.css?ln=primefaces&v=4.0 HTTP/1.1" 304 -
131.72.138.103 - - [16/Jul/2024:08:26:24 -0500] "GET /sipse/faces/javax.faces.resource/jquery/jquery.js?ln=primefaces&v=4.0 HTTP/1.1" 304 -
131.72.138.103 - - [16/Jul/2024:08:26:24 -0500] "GET /sipse/faces/javax.faces.resource/jquery/jquery-plugins.js?ln=primefaces&v=4.0 HTTP/1.1" 304 -
131.72.138.103 - - [16/Jul/2024:08:26:24 -0500] "GET /sipse/faces/javax.faces.resource/primefaces.js?ln=primefaces&v=4.0 HTTP/1.1" 304 -
131.72.138.103 - - [16/Jul/2024:08:26:25 -0500] "GET /sipse/faces/javax.faces.resource/layout/layout.js?ln=primefaces&v=4.0 HTTP/1.1" 304 -
131.72.138.103 - - [16/Jul/2024:08:26:25 -0500] "POST /sipse/faces/presentacion/financiero/solicitudProceso/listarSolicitudProceso.xhtml HTTP/1.1" 200 1420
186.102.99.154 - - [16/Jul/2024:08:26:40 -0500] "GET /kwssiamovil/sm/acme/s?s=U2FsdGVkX1/Rs9L3rpBhmB/qBgFnKtDOyjPu4kdQXywnp0bZoE0vwOGVvmx/RGBSZ1t7Dcxl5yFXmqbn9+ivJpDHEgcU+e24kBz21e0pJ9GfOe6tsMSQt2LgC1AdB2plZbwpxl9rohj7WsgEVr8Ppw==&u=U2FsdGVkX19LHwxJKegpHgdh3vL9INX+hxlz4pDWmeTn9MudjAEFVXVRkNbn/HAb&y=U2FsdGVkX19pFkYBtV6JXX85vz97aghTcoqA1T/yqEllSOHW3b7439besPYm3k+O HTTP/1.1" 200 112
201.245.192.253 - - [16/Jul/2024:08:26:55 -0500] "GET /kwsrmcab/Wsrmcab?wsdl HTTP/1.1" 200 6948
216.245.221.92 - - [16/Jul/2024:08:26:59 -0500] "HEAD / HTTP/1.1" 200 -
66.249.66.19 - - [16/Jul/2024:08:27:06 -0500] "GET /BLA/resoluciones/RESOLUCIONES%202023/0504.pdf HTTP/1.1" 200 403561
186.102.99.154 - - [16/Jul/2024:08:27:37 -0500] "OPTIONS /kwssiamovil/sm/setfile/f? HTTP/1.1" 200 13
186.102.99.154 - - [16/Jul/2024:08:27:37 -0500] "POST /kwssiamovil/sm/setfile/f? HTTP/1.1" 200 381
186.102.99.154 - - [16/Jul/2024:08:27:50 -0500] "OPTIONS /kwssiamovil/sm/setfile/f? HTTP/1.1" 200 13
186.102.99.154 - - [16/Jul/2024:08:27:50 -0500] "POST /kwssiamovil/sm/setfile/f? HTTP/1.1" 200 381
52.167.144.191 - - [16/Jul/2024:08:27:52 -0500] "GET /Publicaciones/2023EE90841.pdf HTTP/1.1" 404 227
201.245.192.253 - - [16/Jul/2024:08:27:55 -0500] "GET /kwsrmcab/Wsrmcab?wsdl HTTP/1.1" 200 6948
181.53.13.75 - - [16/Jul/2024:08:27:55 -0500] "GET /sipse/faces/javax.faces.resource/images/ui-bg_flat_0_2d5972_40x100.png?ln=primefaces-aristo HTTP/1.1" 304 -
181.53.13.75 - - [16/Jul/2024:08:27:55 -0500] "POST /sipse/faces/bienvenido.xhtml HTTP/1.1" 200 2658
181.53.13.75 - - [16/Jul/2024:08:27:56 -0500] "POST /sipse/faces/bienvenido.xhtml HTTP/1.1" 200 65229
181.53.13.75 - - [16/Jul/2024:08:27:58 -0500] "GET /sipse/faces/javax.faces.resource/theme.css?ln=primefaces-sipse HTTP/1.1" 304 -
181.53.13.75 - - [16/Jul/2024:08:27:58 -0500] "GET /sipse/faces/javax.faces.resource/primefaces.css?ln=primefaces&v=4.0 HTTP/1.1" 304 -
181.53.13.75 - - [16/Jul/2024:08:27:58 -0500] "GET /sipse/faces/javax.faces.resource/layout/layout.css?ln=primefaces&v=4.0 HTTP/1.1" 304 -
181.53.13.75 - - [16/Jul/2024:08:27:58 -0500] "GET /sipse/faces/javax.faces.resource/jquery/jquery.js?ln=primefaces&v=4.0 HTTP/1.1" 304 -
181.53.13.75 - - [16/Jul/2024:08:27:58 -0500] "GET /sipse/faces/javax.faces.resource/jquery/jquery-plugins.js?ln=primefaces&v=4.0 HTTP/1.1" 304 -
181.53.13.75 - - [16/Jul/2024:08:27:58 -0500] "GET /sipse/faces/javax.faces.resource/primefaces.js?ln=primefaces&v=4.0 HTTP/1.1" 304 -
181.53.13.75 - - [16/Jul/2024:08:27:58 -0500] "GET /sipse/faces/javax.faces.resource/layout/layout.js?ln=primefaces&v=4.0 HTTP/1.1" 304 -
181.53.13.75 - - [16/Jul/2024:08:27:58 -0500] "POST /sipse/faces/presentacion/financiero/solicitudProceso/listarSolicitudProceso.xhtml HTTP/1.1" 200 1556
181.53.13.75 - - [16/Jul/2024:08:28:01 -0500] "POST /sipse/faces/presentacion/financiero/solicitudProceso/listarSolicitudProceso.xhtml HTTP/1.1" 200 25377
181.53.13.75 - - [16/Jul/2024:08:28:04 -0500] "POST /sipse/faces/presentacion/financiero/solicitudProceso/listarSolicitudProceso.xhtml HTTP/1.1" 200 119801
181.53.13.75 - - [16/Jul/2024:08:28:04 -0500] "GET /sipse/faces/javax.faces.resource/theme.css?ln=primefaces-sipse HTTP/1.1" 304 -
181.53.13.75 - - [16/Jul/2024:08:28:04 -0500] "GET /sipse/faces/javax.faces.resource/primefaces.css?ln=primefaces&v=4.0 HTTP/1.1" 304 -
181.53.13.75 - - [16/Jul/2024:08:28:04 -0500] "GET /sipse/faces/javax.faces.resource/layout/layout.css?ln=primefaces&v=4.0 HTTP/1.1" 304 -
181.53.13.75 - - [16/Jul/2024:08:28:04 -0500] "GET /sipse/faces/javax.faces.resource/jquery/jquery.js?ln=primefaces&v=4.0 HTTP/1.1" 304 -
181.53.13.75 - - [16/Jul/2024:08:28:04 -0500] "GET /sipse/faces/javax.faces.resource/jquery/jquery-plugins.js?ln=primefaces&v=4.0 HTTP/1.1" 304 -
181.53.13.75 - - [16/Jul/2024:08:28:04 -0500] "GET /sipse/faces/javax.faces.resource/primefaces.js?ln=primefaces&v=4.0 HTTP/1.1" 304 -
181.53.13.75 - - [16/Jul/2024:08:28:04 -0500] "GET /sipse/faces/javax.faces.resource/layout/layout.js?ln=primefaces&v=4.0 HTTP/1.1" 304 -
38.52.156.109 - - [16/Jul/2024:08:28:05 -0500] "GET /appsia/controlador HTTP/1.1" 200 4799
38.52.156.109 - - [16/Jul/2024:08:28:05 -0500] "GET /appsia/css/estilos.css HTTP/1.1" 200 4804
38.52.156.109 - - [16/Jul/2024:08:28:05 -0500] "GET /appsia/scripts/validarIngreso.js HTTP/1.1" 200 851
38.52.156.109 - - [16/Jul/2024:08:28:05 -0500] "GET /appsia/images/cabezoteHojaVida.png HTTP/1.1" 200 32493
38.52.156.109 - - [16/Jul/2024:08:28:05 -0500] "GET /appsia/images/logo_bogota_p.png HTTP/1.1" 200 14951
38.52.156.109 - - [16/Jul/2024:08:28:05 -0500] "GET /favicon.ico HTTP/1.1" 200 7782
66.249.66.19 - - [16/Jul/2024:08:28:16 -0500] "GET /BLA/resoluciones/AUTOS%202020/0103.pdf HTTP/1.1" 304 -
66.249.66.19 - - [16/Jul/2024:08:28:17 -0500] "GET /BLA/resoluciones/AUTOS%202020/1202.pdf HTTP/1.1" 304 -
38.52.156.109 - - [16/Jul/2024:08:28:18 -0500] "POST /appsia/controlador HTTP/1.1" 200 5437
200.29.113.38 - - [16/Jul/2024:08:28:21 -0500] "GET /appsia/controlador HTTP/1.1" 200 4799
200.29.113.38 - - [16/Jul/2024:08:28:21 -0500] "GET /appsia/css/estilos.css HTTP/1.1" 200 4804
200.29.113.38 - - [16/Jul/2024:08:28:21 -0500] "GET /appsia/scripts/validarIngreso.js HTTP/1.1" 200 851
200.29.113.38 - - [16/Jul/2024:08:28:21 -0500] "GET /appsia/images/logo_bogota_p.png HTTP/1.1" 200 14951
200.29.113.38 - - [16/Jul/2024:08:28:21 -0500] "GET /appsia/images/cabezoteHojaVida.png HTTP/1.1" 200 32493
38.52.156.109 - - [16/Jul/2024:08:28:23 -0500] "POST /appsia/controlador HTTP/1.1" 200 7732
38.52.156.109 - - [16/Jul/2024:08:28:24 -0500] "GET /appsia/images/logo_escudo.png HTTP/1.1" 200 36965
66.249.66.19 - - [16/Jul/2024:08:28:26 -0500] "GET /BLA/resoluciones/RESOLUCIONES%202023/0361.pdf HTTP/1.1" 200 351623
173.252.87.10 - - [16/Jul/2024:08:28:38 -0500] "GET /images/reunion-planta-termovalorizacion-11-mayo.jpg HTTP/1.1" 200 34782
47.128.16.13 - - [16/Jul/2024:08:28:39 -0500] "GET /BLA/resoluciones/AUTOS%202021/0245.php?act=f&d=E%3A%5Cnuevo%5Chtdocs%5CBLA%5Cresoluciones%5CRESOLUCIONES+2006%5CRES+2006+901-950&f=00000925.tif HTTP/1.1" 200 17588
181.53.12.168 - - [16/Jul/2024:08:28:42 -0500] "GET /sipse/faces/index.xhtml HTTP/1.1" 200 677
181.53.12.168 - - [16/Jul/2024:08:28:42 -0500] "GET /sipse/faces/javax.faces.resource/theme.css?ln=primefaces-sipse HTTP/1.1" 304 -
181.53.12.168 - - [16/Jul/2024:08:28:42 -0500] "GET /sipse/js/disable_browser_buttons.js HTTP/1.1" 304 -
