172.22.2.4 - - [16/Jul/2024:06:27:52 -0500] "GET /BLA/boletinlegal/jurisprudencia.php HTTP/1.1" 200 17637
66.249.66.23 - - [16/Jul/2024:06:27:52 -0500] "GET /BLA/resoluciones/AUTOS%202020/2735.pdf HTTP/1.1" 200 372653
66.249.66.20 - - [16/Jul/2024:06:27:53 -0500] "GET /BLA/resoluciones/AUTOS%202008/2120.pdf HTTP/1.1" 200 149957
66.249.66.6 - - [16/Jul/2024:06:27:53 -0500] "GET /BLA/resoluciones/AUTOS%202008/0799.pdf HTTP/1.1" 200 85118
190.158.100.67 - - [16/Jul/2024:06:27:53 -0500] "POST /sipse/faces/bienvenido.xhtml HTTP/1.1" 200 38985
66.249.66.8 - - [16/Jul/2024:06:27:54 -0500] "GET /BLA/resoluciones/AUTOS%202008/1594.pdf HTTP/1.1" 200 140230
190.158.100.67 - - [16/Jul/2024:06:27:54 -0500] "GET /sipse/faces/javax.faces.resource/theme.css?ln=primefaces-sipse HTTP/1.1" 304 -
190.158.100.67 - - [16/Jul/2024:06:27:54 -0500] "GET /sipse/faces/javax.faces.resource/primefaces.css?ln=primefaces&v=4.0 HTTP/1.1" 304 -
190.158.100.67 - - [16/Jul/2024:06:27:54 -0500] "GET /sipse/faces/javax.faces.resource/jquery/jquery.js?ln=primefaces&v=4.0 HTTP/1.1" 304 -
190.158.100.67 - - [16/Jul/2024:06:27:54 -0500] "GET /sipse/faces/javax.faces.resource/layout/layout.css?ln=primefaces&v=4.0 HTTP/1.1" 304 -
190.158.100.67 - - [16/Jul/2024:06:27:54 -0500] "GET /sipse/faces/javax.faces.resource/jquery/jquery-plugins.js?ln=primefaces&v=4.0 HTTP/1.1" 304 -
190.158.100.67 - - [16/Jul/2024:06:27:54 -0500] "GET /sipse/faces/javax.faces.resource/primefaces.js?ln=primefaces&v=4.0 HTTP/1.1" 304 -
190.158.100.67 - - [16/Jul/2024:06:27:54 -0500] "GET /sipse/faces/javax.faces.resource/layout/layout.js?ln=primefaces&v=4.0 HTTP/1.1" 304 -
66.249.66.19 - - [16/Jul/2024:06:27:54 -0500] "GET /BLA/resoluciones/AUTOS%202008/1824.pdf HTTP/1.1" 200 224013
66.249.66.4 - - [16/Jul/2024:06:27:55 -0500] "GET /BLA/resoluciones/AUTOS%202008/1801.pdf HTTP/1.1" 200 186283
66.249.66.3 - - [16/Jul/2024:06:27:55 -0500] "GET /BLA/resoluciones/AUTOS%202008/2081.pdf HTTP/1.1" 200 117875
201.245.192.253 - - [16/Jul/2024:06:27:55 -0500] "GET /kwsrmcab/Wsrmcab?wsdl HTTP/1.1" 200 6948
66.249.66.21 - - [16/Jul/2024:06:27:56 -0500] "GET /BLA/resoluciones/AUTOS%202008/1382.pdf HTTP/1.1" 200 84887
66.249.66.8 - - [16/Jul/2024:06:27:56 -0500] "GET /BLA/resoluciones/RESOLUCIONES%202007/RES%202007%201726%20AL%201800/RESOLUCION%201798%20DE%202007.pdf HTTP/1.1" 200 1184916
66.249.66.4 - - [16/Jul/2024:06:27:56 -0500] "GET /BLA/resoluciones/AUTOS%202008/3490.pdf HTTP/1.1" 200 71878
66.249.66.22 - - [16/Jul/2024:06:27:57 -0500] "GET /BLA/resoluciones/AUTOS%202008/1384.pdf HTTP/1.1" 200 265900
66.249.66.2 - - [16/Jul/2024:06:27:57 -0500] "GET /BLA/resoluciones/RESOLUCIONES%202007/RES%202007%201801%20AL%201900/RESOLUCION%201823%20%20DE%202007.pdf HTTP/1.1" 200 1107903
66.249.66.6 - - [16/Jul/2024:06:27:58 -0500] "GET /BLA/resoluciones/AUTOS%202008/2267.pdf HTTP/1.1" 200 184019
66.249.66.20 - - [16/Jul/2024:06:27:58 -0500] "GET /BLA/resoluciones/RESOLUCIONES%202007/RES%202007%204301%20AL%204352/RESOLUCION%204302%20DE%202007.pdf HTTP/1.1" 200 297392
66.249.66.23 - - [16/Jul/2024:06:27:59 -0500] "GET /BLA/resoluciones/AUTOS%202008/2285.pdf HTTP/1.1" 200 105987
190.158.100.67 - - [16/Jul/2024:06:27:59 -0500] "POST /sipse/faces/presentacion/financiero/solicitudProceso/consultar.xhtml HTTP/1.1" 200 12865
66.249.66.23 - - [16/Jul/2024:06:27:59 -0500] "GET /BLA/resoluciones/AUTOS%202008/2915.pdf HTTP/1.1" 200 87382
66.249.66.5 - - [16/Jul/2024:06:28:00 -0500] "GET /BLA/resoluciones/RESOLUCIONES%202007/RES%202007%203701%20AL%203800/RESOLUCION%203782%20DE%202007.pdf HTTP/1.1" 200 29135
66.249.66.7 - - [16/Jul/2024:06:28:00 -0500] "GET /BLA/resoluciones/AUTOS%202008/0149.pdf HTTP/1.1" 200 380195
66.249.66.9 - - [16/Jul/2024:06:28:01 -0500] "GET /BLA/resoluciones/AUTOS%202008/1442.pdf HTTP/1.1" 200 292699
66.249.66.10 - - [16/Jul/2024:06:28:01 -0500] "GET /BLA/resoluciones/AUTOS%202008/3341.pdf HTTP/1.1" 200 70400
66.249.66.9 - - [16/Jul/2024:06:28:02 -0500] "GET /BLA/resoluciones/AUTOS%202008/2224.pdf HTTP/1.1" 200 86572
66.249.66.8 - - [16/Jul/2024:06:28:02 -0500] "GET /BLA/resoluciones/AUTOS%202008/0212.pdf HTTP/1.1" 200 94281
66.249.66.22 - - [16/Jul/2024:06:28:02 -0500] "GET /BLA/resoluciones/AUTOS%202008/2460.pdf HTTP/1.1" 200 148670
66.249.66.12 - - [16/Jul/2024:06:28:03 -0500] "GET /BLA/resoluciones/AUTOS%202008/3471.pdf HTTP/1.1" 200 96278
66.249.66.23 - - [16/Jul/2024:06:28:03 -0500] "GET /BLA/resoluciones/AUTOS%202008/0028.pdf HTTP/1.1" 200 77689
66.249.66.13 - - [16/Jul/2024:06:28:04 -0500] "GET /BLA/resoluciones/AUTOS%202020/4394.pdf HTTP/1.1" 200 391093
66.249.66.13 - - [16/Jul/2024:06:28:04 -0500] "GET /BLA/resoluciones/AUTOS%202008/1412.pdf HTTP/1.1" 200 340105
66.249.66.12 - - [16/Jul/2024:06:28:05 -0500] "GET /BLA/resoluciones/AUTOS%202008/2789.pdf HTTP/1.1" 200 134253
66.249.66.9 - - [16/Jul/2024:06:28:05 -0500] "GET /BLA/resoluciones/AUTOS%202008/1522.pdf HTTP/1.1" 200 75325
66.249.66.7 - - [16/Jul/2024:06:28:06 -0500] "GET /BLA/resoluciones/AUTOS%202008/2219.pdf HTTP/1.1" 200 102767
66.249.66.13 - - [16/Jul/2024:06:28:06 -0500] "GET /BLA/resoluciones/RESOLUCIONES%202007/RES%202007%201801%20AL%201900/RESOLUCION%201888%20DE%202007.pdf HTTP/1.1" 200 960067
66.249.66.11 - - [16/Jul/2024:06:28:07 -0500] "GET /BLA/resoluciones/AUTOS%202008/3460.pdf HTTP/1.1" 200 113065
66.249.66.10 - - [16/Jul/2024:06:28:07 -0500] "GET /BLA/resoluciones/RESOLUCIONES%202007/RES%202007%203701%20AL%203800/RESOLUCION%203736%20DE%202007.pdf HTTP/1.1" 200 3813709
66.249.66.1 - - [16/Jul/2024:06:28:08 -0500] "GET /BLA/resoluciones/RESOLUCIONES%202007/RES%202007%203401%20AL%203500/RESOLUCION%203444%20DE%202007.pdf HTTP/1.1" 200 555275
66.249.66.23 - - [16/Jul/2024:06:28:08 -0500] "GET /BLA/resoluciones/AUTOS%202008/0472.pdf HTTP/1.1" 200 179552
66.249.66.11 - - [16/Jul/2024:06:28:09 -0500] "GET /BLA/resoluciones/AUTOS%202008/0024.pdf HTTP/1.1" 200 85755
66.249.66.10 - - [16/Jul/2024:06:28:09 -0500] "GET /BLA/resoluciones/AUTOS%202008/1536.pdf HTTP/1.1" 200 84482
190.158.100.67 - - [16/Jul/2024:06:28:08 -0500] "POST /sipse/faces/presentacion/financiero/solicitudProceso/consultar.xhtml HTTP/1.1" 200 157696
190.158.100.67 - - [16/Jul/2024:06:28:09 -0500] "GET /sipse/faces/javax.faces.resource/theme.css?ln=primefaces-sipse HTTP/1.1" 304 -
190.158.100.67 - - [16/Jul/2024:06:28:09 -0500] "GET /sipse/faces/javax.faces.resource/jquery/jquery.js?ln=primefaces&v=4.0 HTTP/1.1" 304 -
190.158.100.67 - - [16/Jul/2024:06:28:09 -0500] "GET /sipse/faces/javax.faces.resource/primefaces.css?ln=primefaces&v=4.0 HTTP/1.1" 304 -
190.158.100.67 - - [16/Jul/2024:06:28:09 -0500] "GET /sipse/faces/javax.faces.resource/layout/layout.css?ln=primefaces&v=4.0 HTTP/1.1" 304 -
190.158.100.67 - - [16/Jul/2024:06:28:09 -0500] "GET /sipse/faces/javax.faces.resource/jquery/jquery-plugins.js?ln=primefaces&v=4.0 HTTP/1.1" 304 -
190.158.100.67 - - [16/Jul/2024:06:28:09 -0500] "GET /sipse/faces/javax.faces.resource/primefaces.js?ln=primefaces&v=4.0 HTTP/1.1" 304 -
190.158.100.67 - - [16/Jul/2024:06:28:10 -0500] "GET /sipse/faces/javax.faces.resource/layout/layout.js?ln=primefaces&v=4.0 HTTP/1.1" 304 -
66.249.66.20 - - [16/Jul/2024:06:28:10 -0500] "GET /BLA/resoluciones/RESOLUCIONES%202007/RES%202007%203401%20AL%203500/RESOLUCION%203475%20DE%202007.pdf HTTP/1.1" 200 1174268
66.249.66.4 - - [16/Jul/2024:06:28:10 -0500] "GET /BLA/resoluciones/AUTOS%202008/0496.pdf HTTP/1.1" 200 322409
66.249.66.21 - - [16/Jul/2024:06:28:11 -0500] "GET /BLA/resoluciones/AUTOS%202008/0874.pdf HTTP/1.1" 200 235970
66.249.66.2 - - [16/Jul/2024:06:28:11 -0500] "GET /BLA/resoluciones/AUTOS%202008/0571.pdf HTTP/1.1" 200 95897
66.249.66.23 - - [16/Jul/2024:06:28:11 -0500] "GET /BLA/resoluciones/AUTOS%202008/2216.pdf HTTP/1.1" 200 100527
66.249.66.23 - - [16/Jul/2024:06:28:12 -0500] "GET /BLA/resoluciones/AUTOS%202020/3304.pdf HTTP/1.1" 200 354813
66.249.66.7 - - [16/Jul/2024:06:28:12 -0500] "GET /BLA/resoluciones/AUTOS%202008/1031.pdf HTTP/1.1" 200 84063
66.249.66.6 - - [16/Jul/2024:06:28:13 -0500] "GET /BLA/resoluciones/RESOLUCIONES%202007/RES%202007%203701%20AL%203800/RESOLUCION%203703%20DE%202007.pdf HTTP/1.1" 200 642534
66.249.66.6 - - [16/Jul/2024:06:28:13 -0500] "GET /BLA/resoluciones/AUTOS%202008/3474.pdf HTTP/1.1" 200 112905
66.249.66.1 - - [16/Jul/2024:06:28:14 -0500] "GET /BLA/resoluciones/AUTOS%202008/2373.pdf HTTP/1.1" 200 99100
66.249.66.19 - - [16/Jul/2024:06:28:14 -0500] "GET /BLA/resoluciones/AUTOS%202008/0368.pdf HTTP/1.1" 200 151967
66.249.66.22 - - [16/Jul/2024:06:28:15 -0500] "GET /BLA/resoluciones/AUTOS%202008/1778.pdf HTTP/1.1" 200 213757
66.249.66.21 - - [16/Jul/2024:06:28:15 -0500] "GET /BLA/resoluciones/RESOLUCIONES%202007/RES%202007%203401%20AL%203500/RESOLUCION%203479%20DE%202007.pdf HTTP/1.1" 200 528519
66.249.66.4 - - [16/Jul/2024:06:28:16 -0500] "GET /BLA/resoluciones/AUTOS%202008/0412.pdf HTTP/1.1" 200 213029
66.249.66.4 - - [16/Jul/2024:06:28:16 -0500] "GET /BLA/resoluciones/AUTOS%202008/1576.pdf HTTP/1.1" 200 286353
66.249.66.7 - - [16/Jul/2024:06:28:16 -0500] "GET /BLA/resoluciones/AUTOS%202008/0139.pdf HTTP/1.1" 200 166543
66.249.66.6 - - [16/Jul/2024:06:28:17 -0500] "GET /BLA/resoluciones/AUTOS%202008/0513.pdf HTTP/1.1" 200 148023
66.249.66.3 - - [16/Jul/2024:06:28:17 -0500] "GET /BLA/resoluciones/AUTOS%202008/2927.pdf HTTP/1.1" 200 77677
66.249.66.2 - - [16/Jul/2024:06:28:18 -0500] "GET /BLA/resoluciones/AUTOS%202008/2484.pdf HTTP/1.1" 200 82276
66.249.66.22 - - [16/Jul/2024:06:28:18 -0500] "GET /BLA/resoluciones/AUTOS%202008/0293.pdf HTTP/1.1" 200 150195
66.249.66.3 - - [16/Jul/2024:06:28:19 -0500] "GET /BLA/resoluciones/AUTOS%202008/1637.pdf HTTP/1.1" 200 79824
66.249.66.3 - - [16/Jul/2024:06:28:19 -0500] "GET /BLA/resoluciones/AUTOS%202020/2200.pdf HTTP/1.1" 200 357867
66.249.66.21 - - [16/Jul/2024:06:28:20 -0500] "GET /BLA/resoluciones/AUTOS%202008/1961.pdf HTTP/1.1" 200 89738
66.249.66.3 - - [16/Jul/2024:06:28:20 -0500] "GET /BLA/resoluciones/RESOLUCIONES%202007/RES%202007%203401%20AL%203500/RESOLUCION%203416%20DE%202007.pdf HTTP/1.1" 200 728719
66.249.66.1 - - [16/Jul/2024:06:28:21 -0500] "GET /BLA/resoluciones/AUTOS%202008/3336.pdf HTTP/1.1" 200 93290
66.249.66.4 - - [16/Jul/2024:06:28:21 -0500] "GET /BLA/resoluciones/RESOLUCIONES%202007/RES%202007%201801%20AL%201900/RESOLUCION%201848%20DE%202007.pdf HTTP/1.1" 200 182223
66.249.66.19 - - [16/Jul/2024:06:28:21 -0500] "GET /BLA/resoluciones/AUTOS%202008/1446.pdf HTTP/1.1" 200 518754
66.249.66.22 - - [16/Jul/2024:06:28:22 -0500] "GET /BLA/resoluciones/AUTOS%202008/2760.pdf HTTP/1.1" 200 125528
66.249.66.20 - - [16/Jul/2024:06:28:22 -0500] "GET /BLA/resoluciones/AUTOS%202008/0792.pdf HTTP/1.1" 200 68805
66.249.66.23 - - [16/Jul/2024:06:28:23 -0500] "GET /BLA/resoluciones/RESOLUCIONES%202007/RES%202007%20501%20AL%20600/RESOLUCION%200522%20DE%202007.pdf HTTP/1.1" 200 230284
66.249.66.23 - - [16/Jul/2024:06:28:23 -0500] "GET /BLA/resoluciones/AUTOS%202008/0168.pdf HTTP/1.1" 200 194251
66.249.66.2 - - [16/Jul/2024:06:28:24 -0500] "GET /BLA/resoluciones/AUTOS%202008/0665.pdf HTTP/1.1" 200 139168
66.249.66.19 - - [16/Jul/2024:06:28:24 -0500] "GET /BLA/resoluciones/RESOLUCIONES%202007/RES%202007%203401%20AL%203500/RESOLUCION%203452%20DE%202007.pdf HTTP/1.1" 200 879345
66.249.66.21 - - [16/Jul/2024:06:28:25 -0500] "GET /BLA/resoluciones/AUTOS%202008/0881.pdf HTTP/1.1" 200 90155
190.158.100.67 - - [16/Jul/2024:06:28:25 -0500] "GET /sipse/faces/javax.faces.resource/theme.css?ln=primefaces-sipse HTTP/1.1" 304 -
190.158.100.67 - - [16/Jul/2024:06:28:25 -0500] "GET /sipse/faces/javax.faces.resource/primefaces.css?ln=primefaces&v=4.0 HTTP/1.1" 304 -
190.158.100.67 - - [16/Jul/2024:06:28:25 -0500] "GET /sipse/faces/javax.faces.resource/layout/layout.css?ln=primefaces&v=4.0 HTTP/1.1" 304 -
190.158.100.67 - - [16/Jul/2024:06:28:25 -0500] "GET /sipse/faces/javax.faces.resource/jquery/jquery-plugins.js?ln=primefaces&v=4.0 HTTP/1.1" 304 -
190.158.100.67 - - [16/Jul/2024:06:28:25 -0500] "GET /sipse/faces/javax.faces.resource/jquery/jquery.js?ln=primefaces&v=4.0 HTTP/1.1" 304 -
190.158.100.67 - - [16/Jul/2024:06:28:25 -0500] "GET /sipse/faces/javax.faces.resource/primefaces.js?ln=primefaces&v=4.0 HTTP/1.1" 304 -
190.158.100.67 - - [16/Jul/2024:06:28:25 -0500] "GET /sipse/faces/javax.faces.resource/layout/layout.js?ln=primefaces&v=4.0 HTTP/1.1" 304 -
66.249.66.1 - - [16/Jul/2024:06:28:25 -0500] "GET /BLA/resoluciones/RESOLUCIONES%202007/RES%202007%203401%20AL%203500/RESOLUCION%203440%20DE%202007.pdf HTTP/1.1" 200 535664
190.158.100.67 - - [16/Jul/2024:06:28:24 -0500] "POST /sipse/faces/presentacion/financiero/solicitudProceso/consultarSolicitudProceso.xhtml HTTP/1.1" 200 48006
66.249.66.3 - - [16/Jul/2024:06:28:26 -0500] "GET /BLA/resoluciones/AUTOS%202008/0632.pdf HTTP/1.1" 200 92993
66.249.66.23 - - [16/Jul/2024:06:28:26 -0500] "GET /BLA/resoluciones/AUTOS%202008/1344.pdf HTTP/1.1" 200 165540
66.249.66.19 - - [16/Jul/2024:06:28:26 -0500] "GET /BLA/resoluciones/AUTOS%202008/1635.pdf HTTP/1.1" 200 67911
66.249.66.22 - - [16/Jul/2024:06:28:27 -0500] "GET /BLA/resoluciones/AUTOS%202008/0193.pdf HTTP/1.1" 200 86661
66.249.66.20 - - [16/Jul/2024:06:28:27 -0500] "GET /BLA/resoluciones/RESOLUCIONES%202007/RES%202007%20901%20AL%201000/RESOLUCION%200957%20DE%202007.pdf HTTP/1.1" 200 221305
66.249.66.21 - - [16/Jul/2024:06:28:28 -0500] "GET /BLA/resoluciones/AUTOS%202008/2123.pdf HTTP/1.1" 200 98648
66.249.66.22 - - [16/Jul/2024:06:28:28 -0500] "GET /BLA/resoluciones/AUTOS%202008/0611.pdf HTTP/1.1" 200 164489
66.249.66.2 - - [16/Jul/2024:06:28:29 -0500] "GET /BLA/resoluciones/AUTOS%202008/1633.pdf HTTP/1.1" 200 58071
66.249.66.20 - - [16/Jul/2024:06:28:29 -0500] "GET /BLA/resoluciones/AUTOS%202008/3174.pdf HTTP/1.1" 200 104436
66.249.66.3 - - [16/Jul/2024:06:28:30 -0500] "GET /BLA/resoluciones/RESOLUCIONES%202007/RES%202007%20501%20AL%20600/RESOLUCION%200511%20DE%202007.pdf HTTP/1.1" 200 383477
66.249.66.19 - - [16/Jul/2024:06:28:30 -0500] "GET /BLA/resoluciones/AUTOS%202008/2220.pdf HTTP/1.1" 200 57540
172.22.2.4 - - [16/Jul/2024:06:26:50 -0500] "GET /BLA/boletinlegal/ HTTP/1.1" 200 59967
66.249.66.3 - - [16/Jul/2024:06:28:31 -0500] "GET /BLA/resoluciones/AUTOS%202008/2929.pdf HTTP/1.1" 200 64914
66.249.66.19 - - [16/Jul/2024:06:28:31 -0500] "GET /BLA/resoluciones/AUTOS%202008/3011.pdf HTTP/1.1" 200 106136
66.249.66.2 - - [16/Jul/2024:06:28:31 -0500] "GET /BLA/resoluciones/AUTOS%202008/0309.pdf HTTP/1.1" 200 116265
66.249.66.19 - - [16/Jul/2024:06:28:32 -0500] "GET /BLA/resoluciones/AUTOS%202008/3289.pdf HTTP/1.1" 200 118911
66.249.66.21 - - [16/Jul/2024:06:28:32 -0500] "GET /BLA/resoluciones/RESOLUCIONES%202007/RES%202007%20701%20AL%20800/RESOLUCION%200719%20DE%202007.pdf HTTP/1.1" 200 220343
66.249.66.2 - - [16/Jul/2024:06:28:33 -0500] "GET /BLA/resoluciones/AUTOS%202008/2270.pdf HTTP/1.1" 200 191680
66.249.66.20 - - [16/Jul/2024:06:28:33 -0500] "GET /BLA/resoluciones/AUTOS%202008/2408.pdf HTTP/1.1" 200 109485
66.249.66.1 - - [16/Jul/2024:06:28:34 -0500] "GET /BLA/resoluciones/RESOLUCIONES%202007/RES%202007%20701%20AL%20800/RESOLUCION%200744%20DE%202007.pdf HTTP/1.1" 200 237962
66.249.66.2 - - [16/Jul/2024:06:28:34 -0500] "GET /BLA/resoluciones/RESOLUCIONES%202007/RES%202007%201726%20AL%201800/RESOLUCION%201762%20DE%202007.pdf HTTP/1.1" 200 1329114
66.249.66.23 - - [16/Jul/2024:06:28:35 -0500] "GET /BLA/resoluciones/AUTOS%202020/0305.pdf HTTP/1.1" 200 1202864
66.249.66.22 - - [16/Jul/2024:06:28:35 -0500] "GET /BLA/resoluciones/AUTOS%202008/3431.pdf HTTP/1.1" 200 76673
66.249.66.3 - - [16/Jul/2024:06:28:36 -0500] "GET /BLA/resoluciones/AUTOS%202008/3184.pdf HTTP/1.1" 200 232045
66.249.66.19 - - [16/Jul/2024:06:28:36 -0500] "GET /BLA/resoluciones/AUTOS%202008/1811.pdf HTTP/1.1" 200 130154
66.249.66.23 - - [16/Jul/2024:06:28:36 -0500] "GET /BLA/resoluciones/AUTOS%202008/2738.pdf HTTP/1.1" 200 113871
66.249.66.2 - - [16/Jul/2024:06:28:37 -0500] "GET /BLA/resoluciones/AUTOS%202008/2066.pdf HTTP/1.1" 200 194847
66.249.66.3 - - [16/Jul/2024:06:28:37 -0500] "GET /BLA/resoluciones/AUTOS%202008/0332.pdf HTTP/1.1" 200 164294
66.249.66.3 - - [16/Jul/2024:06:28:38 -0500] "GET /BLA/resoluciones/AUTOS%202008/0538.pdf HTTP/1.1" 200 94504
66.249.66.20 - - [16/Jul/2024:06:28:38 -0500] "GET /BLA/resoluciones/AUTOS%202008/0768.pdf HTTP/1.1" 200 76891
66.249.66.5 - - [16/Jul/2024:06:28:39 -0500] "GET /BLA/resoluciones/RESOLUCIONES%202007/RES%202007%203401%20AL%203500/RESOLUCION%203498%20DE%202007.pdf HTTP/1.1" 200 1403136
66.249.66.2 - - [16/Jul/2024:06:28:39 -0500] "GET /BLA/boletinlegal/Directivas/2011/Directiva%20No.%2011%20del%2027%20de%20Diciembre%20de%202011.pdf HTTP/1.1" 200 303527
66.249.66.1 - - [16/Jul/2024:06:28:40 -0500] "GET /BLA/resoluciones/AUTOS%202008/2038.pdf HTTP/1.1" 200 168800
66.249.66.4 - - [16/Jul/2024:06:28:40 -0500] "GET /BLA/resoluciones/AUTOS%202008/0334.pdf HTTP/1.1" 200 44769
66.249.66.20 - - [16/Jul/2024:06:28:41 -0500] "GET /BLA/resoluciones/AUTOS%202008/2884.pdf HTTP/1.1" 200 97000
66.249.66.23 - - [16/Jul/2024:06:28:41 -0500] "GET /BLA/resoluciones/AUTOS%202008/3226.pdf HTTP/1.1" 200 57380
66.249.66.5 - - [16/Jul/2024:06:28:42 -0500] "GET /BLA/resoluciones/AUTOS%202008/0151.pdf HTTP/1.1" 200 215115
66.249.66.22 - - [16/Jul/2024:06:28:42 -0500] "GET /BLA/resoluciones/AUTOS%202008/1106.pdf HTTP/1.1" 200 56014
66.249.66.1 - - [16/Jul/2024:06:28:42 -0500] "GET /BLA/resoluciones/AUTOS%202008/2606.pdf HTTP/1.1" 200 81788
66.249.66.23 - - [16/Jul/2024:06:28:43 -0500] "GET /BLA/resoluciones/AUTOS%202008/0251.pdf HTTP/1.1" 200 98724
66.249.66.5 - - [16/Jul/2024:06:28:43 -0500] "GET /BLA/resoluciones/RESOLUCIONES%202007/RES%202007%203401%20AL%203500/RESOLUCION%203469%20DE%202007.pdf HTTP/1.1" 200 369340
66.249.66.21 - - [16/Jul/2024:06:28:44 -0500] "GET /BLA/resoluciones/AUTOS%202008/2881.pdf HTTP/1.1" 200 175474
66.249.66.5 - - [16/Jul/2024:06:28:44 -0500] "GET /BLA/resoluciones/AUTOS%202008/0922.pdf HTTP/1.1" 200 133526
66.249.66.4 - - [16/Jul/2024:06:28:45 -0500] "GET /BLA/resoluciones/AUTOS%202008/3185.pdf HTTP/1.1" 200 220381
66.249.66.2 - - [16/Jul/2024:06:28:45 -0500] "GET /BLA/resoluciones/AUTOS%202008/0924.pdf HTTP/1.1" 200 381949
66.249.66.20 - - [16/Jul/2024:06:28:46 -0500] "GET /BLA/resoluciones/AUTOS%202008/3438.pdf HTTP/1.1" 200 145000
66.249.66.5 - - [16/Jul/2024:06:28:46 -0500] "GET /BLA/resoluciones/AUTOS%202008/2748.pdf HTTP/1.1" 200 201538
66.249.66.9 - - [16/Jul/2024:06:28:47 -0500] "GET /BLA/resoluciones/AUTOS%202008/1761.pdf HTTP/1.1" 200 223607
66.249.66.19 - - [16/Jul/2024:06:28:47 -0500] "GET /BLA/resoluciones/AUTOS%202008/0688.pdf HTTP/1.1" 200 139782
66.249.66.20 - - [16/Jul/2024:06:28:48 -0500] "GET /BLA/resoluciones/AUTOS%202008/0036.pdf HTTP/1.1" 200 244936
66.249.66.19 - - [16/Jul/2024:06:28:48 -0500] "GET /BLA/resoluciones/AUTOS%202008/1525.pdf HTTP/1.1" 200 393728
66.249.66.3 - - [16/Jul/2024:06:28:48 -0500] "GET /BLA/resoluciones/AUTOS%202008/1988.pdf HTTP/1.1" 200 115665
66.249.66.22 - - [16/Jul/2024:06:28:49 -0500] "GET /BLA/resoluciones/AUTOS%202008/0483.pdf HTTP/1.1" 200 77610
190.158.100.67 - - [16/Jul/2024:06:28:49 -0500] "GET /sipse/faces/javax.faces.resource/theme.css?ln=primefaces-sipse HTTP/1.1" 304 -
66.249.66.9 - - [16/Jul/2024:06:28:49 -0500] "GET /BLA/resoluciones/AUTOS%202008/0870.pdf HTTP/1.1" 200 84581
190.158.100.67 - - [16/Jul/2024:06:28:49 -0500] "GET /sipse/faces/javax.faces.resource/primefaces.css?ln=primefaces&v=4.0 HTTP/1.1" 304 -
190.158.100.67 - - [16/Jul/2024:06:28:49 -0500] "GET /sipse/faces/javax.faces.resource/layout/layout.css?ln=primefaces&v=4.0 HTTP/1.1" 304 -
190.158.100.67 - - [16/Jul/2024:06:28:49 -0500] "GET /sipse/faces/javax.faces.resource/jquery/jquery.js?ln=primefaces&v=4.0 HTTP/1.1" 304 -
190.158.100.67 - - [16/Jul/2024:06:28:49 -0500] "GET /sipse/faces/javax.faces.resource/jquery/jquery-plugins.js?ln=primefaces&v=4.0 HTTP/1.1" 304 -
190.158.100.67 - - [16/Jul/2024:06:28:49 -0500] "GET /sipse/faces/javax.faces.resource/primefaces.js?ln=primefaces&v=4.0 HTTP/1.1" 304 -
190.158.100.67 - - [16/Jul/2024:06:28:49 -0500] "GET /sipse/faces/javax.faces.resource/layout/layout.js?ln=primefaces&v=4.0 HTTP/1.1" 304 -
66.249.66.23 - - [16/Jul/2024:06:28:50 -0500] "GET /BLA/resoluciones/AUTOS%202008/2576.pdf HTTP/1.1" 200 77680
190.158.100.67 - - [16/Jul/2024:06:28:49 -0500] "POST /sipse/faces/presentacion/financiero/solicitudProceso/consultarHistorialSolProceso.xhtml HTTP/1.1" 200 203490
66.249.66.20 - - [16/Jul/2024:06:28:50 -0500] "GET /BLA/resoluciones/RESOLUCIONES%202007/RES%202007%203401%20AL%203500/RESOLUCION%203406%20DE%202007.pdf HTTP/1.1" 200 539210
66.249.66.9 - - [16/Jul/2024:06:28:51 -0500] "GET /BLA/resoluciones/AUTOS%202008/1196.pdf HTTP/1.1" 200 421739
66.249.66.5 - - [16/Jul/2024:06:28:51 -0500] "GET /BLA/resoluciones/AUTOS%202008/3384.pdf HTTP/1.1" 200 98009
66.249.66.5 - - [16/Jul/2024:06:28:52 -0500] "GET /BLA/resoluciones/AUTOS%202008/0731.pdf HTTP/1.1" 200 112323
66.249.66.19 - - [16/Jul/2024:06:28:52 -0500] "GET /BLA/resoluciones/RESOLUCIONES%202007/RES%202007%203401%20AL%203500/RESOLUCION%203413%20DE%202007.pdf HTTP/1.1" 200 415233
66.249.66.21 - - [16/Jul/2024:06:28:52 -0500] "GET /BLA/resoluciones/RESOLUCIONES%202007/RES%202007%201726%20AL%201800/RESOLUCION%201765%20DE%202007.pdf HTTP/1.1" 200 641162
66.249.66.4 - - [16/Jul/2024:06:28:53 -0500] "GET /BLA/resoluciones/AUTOS%202008/2149.pdf HTTP/1.1" 200 75822
66.249.66.23 - - [16/Jul/2024:06:28:53 -0500] "GET /BLA/resoluciones/RESOLUCIONES%202007/RES%202007%20701%20AL%20800/RESOLUCION%200710%20DE%202007.pdf HTTP/1.1" 200 1205727
66.249.66.10 - - [16/Jul/2024:06:28:54 -0500] "GET /BLA/resoluciones/AUTOS%202008/2528.pdf HTTP/1.1" 200 81295
66.249.66.2 - - [16/Jul/2024:06:28:54 -0500] "GET /BLA/resoluciones/AUTOS%202008/1989.pdf HTTP/1.1" 200 104553
66.249.66.3 - - [16/Jul/2024:06:28:55 -0500] "GET /BLA/resoluciones/AUTOS%202008/1435.pdf HTTP/1.1" 200 383404
66.249.66.19 - - [16/Jul/2024:06:28:55 -0500] "GET /BLA/resoluciones/AUTOS%202008/3111.pdf HTTP/1.1" 200 81240
201.245.192.253 - - [16/Jul/2024:06:28:55 -0500] "GET /kwsrmcab/Wsrmcab?wsdl HTTP/1.1" 200 6948
66.249.66.23 - - [16/Jul/2024:06:28:56 -0500] "GET /BLA/resoluciones/AUTOS%202008/0171.pdf HTTP/1.1" 200 108723
66.249.66.22 - - [16/Jul/2024:06:28:56 -0500] "GET /BLA/resoluciones/AUTOS%202008/0963.pdf HTTP/1.1" 200 98735
66.249.66.10 - - [16/Jul/2024:06:28:57 -0500] "GET /BLA/resoluciones/AUTOS%202008/1674.pdf HTTP/1.1" 200 80726
66.249.66.9 - - [16/Jul/2024:06:28:57 -0500] "GET /BLA/resoluciones/RESOLUCIONES%202007/RES%202007%203401%20AL%203500/RESOLUCION%203454%20DE%202007.pdf HTTP/1.1" 200 170285
66.249.66.11 - - [16/Jul/2024:06:28:58 -0500] "GET /BLA/resoluciones/AUTOS%202008/0090.pdf HTTP/1.1" 200 137475
66.249.66.8 - - [16/Jul/2024:06:28:58 -0500] "GET /BLA/resoluciones/AUTOS%202008/1237.pdf HTTP/1.1" 200 71118
47.128.20.137 - - [16/Jul/2024:06:28:58 -0500] "GET /BLA/resoluciones/AUTOS%202021/0245.php?act=f&d=C%3A%5CAmbienteBogota%5Ccounter%5Cdigits%5Cmred%5C&f=0.png&white=1 HTTP/1.1" 200 704
66.249.66.1 - - [16/Jul/2024:06:28:58 -0500] "GET /BLA/resoluciones/AUTOS%202008/3232.pdf HTTP/1.1" 200 81808
66.249.66.5 - - [16/Jul/2024:06:28:59 -0500] "GET /BLA/resoluciones/AUTOS%202020/2992.pdf HTTP/1.1" 200 371283
66.249.66.3 - - [16/Jul/2024:06:28:59 -0500] "GET /BLA/resoluciones/RESOLUCIONES%202007/RES%202007%203701%20AL%203800/RESOLUCION%203709%20DE%202007.pdf HTTP/1.1" 200 663168
66.249.66.13 - - [16/Jul/2024:06:29:00 -0500] "GET /BLA/resoluciones/AUTOS%202008/2133.pdf HTTP/1.1" 200 153145
66.249.66.20 - - [16/Jul/2024:06:29:00 -0500] "GET /BLA/resoluciones/AUTOS%202008/3039.pdf HTTP/1.1" 200 64212
66.249.66.7 - - [16/Jul/2024:06:29:01 -0500] "GET /BLA/resoluciones/AUTOS%202008/2867.pdf HTTP/1.1" 200 152847
66.249.66.6 - - [16/Jul/2024:06:29:01 -0500] "GET /BLA/resoluciones/AUTOS%202008/0137.pdf HTTP/1.1" 200 122779
66.249.66.9 - - [16/Jul/2024:06:29:02 -0500] "GET /BLA/resoluciones/AUTOS%202008/0708.pdf HTTP/1.1" 200 148591
190.158.100.67 - - [16/Jul/2024:06:29:02 -0500] "POST /sipse/faces/presentacion/financiero/solicitudProceso/consultarSolicitudProceso.xhtml HTTP/1.1" 200 5522
66.249.66.13 - - [16/Jul/2024:06:29:02 -0500] "GET /BLA/resoluciones/AUTOS%202008/0618.pdf HTTP/1.1" 200 67769
66.249.66.5 - - [16/Jul/2024:06:29:02 -0500] "GET /BLA/resoluciones/RESOLUCIONES%202007/RES%202007%201726%20AL%201800/RESOLUCION%201776%20%20DE%202007.pdf HTTP/1.1" 200 487956
66.249.66.9 - - [16/Jul/2024:06:29:03 -0500] "GET /BLA/resoluciones/AUTOS%202008/0707.pdf HTTP/1.1" 200 85345
66.249.66.2 - - [16/Jul/2024:06:29:03 -0500] "GET /BLA/resoluciones/AUTOS%202008/0578.pdf HTTP/1.1" 200 97145
66.249.66.1 - - [16/Jul/2024:06:29:04 -0500] "GET /BLA/resoluciones/RESOLUCIONES%202007/RES%202007%203701%20AL%203800/RESOLUCION%203722%20DE%202007.pdf HTTP/1.1" 200 248511
66.249.66.1 - - [16/Jul/2024:06:29:04 -0500] "GET /BLA/resoluciones/AUTOS%202008/1401.pdf HTTP/1.1" 200 183835
66.249.66.5 - - [16/Jul/2024:06:29:05 -0500] "GET /BLA/resoluciones/RESOLUCIONES%202007/RES%202007%203701%20AL%203800/RESOLUCION%203769%20DE%202007.pdf HTTP/1.1" 200 57537
66.249.66.9 - - [16/Jul/2024:06:29:05 -0500] "GET /BLA/resoluciones/AUTOS%202008/2163.pdf HTTP/1.1" 200 138108
66.249.66.7 - - [16/Jul/2024:06:29:06 -0500] "GET /BLA/resoluciones/AUTOS%202008/1441.pdf HTTP/1.1" 200 243047
66.249.66.7 - - [16/Jul/2024:06:29:06 -0500] "GET /BLA/resoluciones/AUTOS%202008/2987.pdf HTTP/1.1" 200 308799
66.249.66.5 - - [16/Jul/2024:06:29:07 -0500] "GET /BLA/resoluciones/AUTOS%202008/0692.pdf HTTP/1.1" 200 394393
66.249.66.2 - - [16/Jul/2024:06:29:07 -0500] "GET /BLA/resoluciones/AUTOS%202008/1268.pdf HTTP/1.1" 200 141704
66.249.66.3 - - [16/Jul/2024:06:29:08 -0500] "GET /BLA/resoluciones/AUTOS%202008/0209.pdf HTTP/1.1" 200 121888
66.249.66.9 - - [16/Jul/2024:06:29:08 -0500] "GET /BLA/resoluciones/AUTOS%202008/2344.pdf HTTP/1.1" 200 78628
47.128.36.231 - - [16/Jul/2024:06:29:08 -0500] "GET /BLA/resoluciones/AUTOS%202021/0245.php?act=f&d=C%3A%5CAmbienteBogota%5Ccounter%5Cdigits%5Cmred%5C&f=3.png&white=1 HTTP/1.1" 200 618
66.249.66.12 - - [16/Jul/2024:06:29:08 -0500] "GET /BLA/resoluciones/AUTOS%202008/3429.pdf HTTP/1.1" 200 107683
66.249.66.2 - - [16/Jul/2024:06:29:09 -0500] "GET /BLA/resoluciones/AUTOS%202008/0277.pdf HTTP/1.1" 200 188096
66.249.66.21 - - [16/Jul/2024:06:29:10 -0500] "GET /BLA/resoluciones/AUTOS%202008/0029.pdf HTTP/1.1" 200 158323
66.249.66.19 - - [16/Jul/2024:06:29:10 -0500] "GET /BLA/resoluciones/AUTOS%202008/2675.pdf HTTP/1.1" 200 181402
66.249.66.5 - - [16/Jul/2024:06:29:10 -0500] "GET /BLA/resoluciones/AUTOS%202008/1115.pdf HTTP/1.1" 200 166604
66.249.66.22 - - [16/Jul/2024:06:29:11 -0500] "GET /BLA/resoluciones/AUTOS%202020/2288.pdf HTTP/1.1" 200 329814
66.249.66.3 - - [16/Jul/2024:06:29:11 -0500] "GET /BLA/resoluciones/AUTOS%202008/2779.pdf HTTP/1.1" 200 118082
66.249.66.6 - - [16/Jul/2024:06:29:12 -0500] "GET /BLA/resoluciones/AUTOS%202008/3265.pdf HTTP/1.1" 200 54139
66.249.66.9 - - [16/Jul/2024:06:29:12 -0500] "GET /BLA/resoluciones/AUTOS%202008/2364.pdf HTTP/1.1" 200 159867
40.77.167.59 - - [16/Jul/2024:06:29:13 -0500] "GET /BLA/resoluciones/RESOLUCIONES%202024/00781.pdf HTTP/1.1" 200 488448
66.249.66.6 - - [16/Jul/2024:06:29:13 -0500] "GET /BLA/resoluciones/AUTOS%202008/3103.pdf HTTP/1.1" 200 71666
66.249.66.11 - - [16/Jul/2024:06:29:13 -0500] "GET /BLA/resoluciones/AUTOS%202020/0324.pdf HTTP/1.1" 200 401712
66.249.66.11 - - [16/Jul/2024:06:29:14 -0500] "GET /BLA/resoluciones/AUTOS%202008/3242.pdf HTTP/1.1" 200 53192
66.249.66.22 - - [16/Jul/2024:06:29:14 -0500] "GET /BLA/resoluciones/AUTOS%202008/0556.pdf HTTP/1.1" 200 99112
66.249.66.22 - - [16/Jul/2024:06:29:15 -0500] "GET /BLA/resoluciones/AUTOS%202008/2567.pdf HTTP/1.1" 200 102736
66.249.66.8 - - [16/Jul/2024:06:29:15 -0500] "GET /BLA/resoluciones/RESOLUCIONES%202007/RES%202007%203401%20AL%203500/RESOLUCION%203405%20%20DE%202007.pdf HTTP/1.1" 200 587457
66.249.66.20 - - [16/Jul/2024:06:29:16 -0500] "GET /BLA/resoluciones/AUTOS%202008/2883.pdf HTTP/1.1" 200 207924
66.249.66.21 - - [16/Jul/2024:06:29:16 -0500] "GET /BLA/resoluciones/RESOLUCIONES%202007/RES%202007%201501%20AL%201600/RESOLUCION%201520%20DE%202007.pdf HTTP/1.1" 200 300895
66.249.66.20 - - [16/Jul/2024:06:29:17 -0500] "GET /BLA/resoluciones/AUTOS%202008/0769.pdf HTTP/1.1" 200 176554
66.249.66.20 - - [16/Jul/2024:06:29:17 -0500] "GET /BLA/resoluciones/AUTOS%202008/0350.pdf HTTP/1.1" 200 358665
66.249.66.23 - - [16/Jul/2024:06:29:18 -0500] "GET /BLA/resoluciones/AUTOS%202020/4604.pdf HTTP/1.1" 200 350509
47.128.36.237 - - [16/Jul/2024:06:29:18 -0500] "GET /BLA/resoluciones/AUTOS%202021/0245.php?act=f&d=C%3A%5CAmbienteBogota%5Ccounter%5Cdigits%5Ckatt165%5C&f=8.png&white=1 HTTP/1.1" 200 1058
47.128.118.106 - - [16/Jul/2024:06:29:28 -0500] "GET /BLA/resoluciones/AUTOS%202021/0245.php?act=f&d=C%3A%5CAmbienteBogota%5Ccounter%5Cdigits%5Cawg02%5C&f=6.png&white=1 HTTP/1.1" 200 314
47.128.120.13 - - [16/Jul/2024:06:29:38 -0500] "GET /BLA/resoluciones/AUTOS%202021/0245.php?act=f&d=C%3A%5CAmbienteBogota%5Ccounter%5Cdigits%5Cainv%5C&f=2.png&white=1 HTTP/1.1" 200 227
47.128.63.233 - - [16/Jul/2024:06:29:48 -0500] "GET /BLA/resoluciones/AUTOS%202021/0245.php?act=f&d=C%3A%5CAmbienteBogota%5Ccounter%5Cdigits%5Cflubber%5C&f=1.png&white=1 HTTP/1.1" 200 484
201.245.192.253 - - [16/Jul/2024:06:29:55 -0500] "GET /kwsrmcab/Wsrmcab?wsdl HTTP/1.1" 200 6948
47.128.35.35 - - [16/Jul/2024:06:29:58 -0500] "GET /BLA/resoluciones/AUTOS%202021/0245.php?act=f&d=C%3A%5CAmbienteBogota%5Ccounter%5Cdigits%5Cbuftom%5C&f=8.png&white=1 HTTP/1.1" 200 782
47.128.120.109 - - [16/Jul/2024:06:30:08 -0500] "GET /BLA/resoluciones/AUTOS%202021/0245.php?act=f&d=C%3A%5CAmbienteBogota%5Ccounter%5Cdigits%5Cvert%5C&f=9.png&white=1 HTTP/1.1" 200 853
201.245.192.253 - - [16/Jul/2024:06:30:08 -0500] "POST /kwsrmcab/Wsrmcab HTTP/1.1" 200 29023
201.245.192.253 - - [16/Jul/2024:06:30:00 -0500] "POST /kwsrmcab/Wsrmcab HTTP/1.1" 200 29201
201.245.192.253 - - [16/Jul/2024:06:30:09 -0500] "POST /kwsrmcab/Wsrmcab HTTP/1.1" 200 26923
47.128.114.22 - - [16/Jul/2024:06:30:18 -0500] "GET /BLA/resoluciones/AUTOS%202021/0245.php?act=f&d=C%3A%5CAmbienteBogota%5Ccounter%5Cdigits%5Crock%5C&f=2.png&white=1 HTTP/1.1" 200 515
66.249.66.6 - - [16/Jul/2024:06:30:28 -0500] "GET /Publicaciones/2023EE286726.pdf HTTP/1.1" 404 228
47.128.98.145 - - [16/Jul/2024:06:30:28 -0500] "GET /BLA/resoluciones/AUTOS%202021/0245.php?act=f&d=C%3A%5CAmbienteBogota%5Ccounter%5Cdigits%5Ckatt137%5C&f=5.png&white=1 HTTP/1.1" 200 1844
172.22.2.4 - - [16/Jul/2024:06:29:10 -0500] "GET /BLA/boletinlegal/ HTTP/1.1" 200 62310
172.22.2.4 - - [16/Jul/2024:06:30:53 -0500] "GET /BLA/boletinlegal/js/jquery.js HTTP/1.1" 200 57254
201.245.192.253 - - [16/Jul/2024:06:30:55 -0500] "GET /kwsrmcab/Wsrmcab?wsdl HTTP/1.1" 200 6948
201.245.192.253 - - [16/Jul/2024:06:30:37 -0500] "POST /kwsrmcab/Wsrmcab  HTTP/1.1" 200 213
201.245.192.253 - - [16/Jul/2024:06:31:52 -0500] "POST /kwsrmcab/Wsrmcab HTTP/1.1" 200 26923
201.245.192.253 - - [16/Jul/2024:06:31:55 -0500] "GET /kwsrmcab/Wsrmcab?wsdl HTTP/1.1" 200 6948
216.245.221.92 - - [16/Jul/2024:06:31:59 -0500] "HEAD / HTTP/1.1" 200 -
172.22.2.4 - - [16/Jul/2024:06:32:14 -0500] "GET /BLA/boletinlegal/Circulares/2012/Circular%20No.%208%20del%2021%20de%20Agosto%20de%202012.pdf HTTP/1.1" 200 963197
201.245.192.253 - - [16/Jul/2024:06:32:55 -0500] "GET /kwsrmcab/Wsrmcab?wsdl HTTP/1.1" 200 6948
66.249.66.20 - - [16/Jul/2024:06:33:28 -0500] "GET /BLA/resoluciones/RESOLUCIONES%202023/2488.pdf HTTP/1.1" 200 319212
172.22.2.4 - - [16/Jul/2024:06:31:49 -0500] "HEAD /BLA/boletinlegal/ HTTP/1.1" 200 -
201.245.192.253 - - [16/Jul/2024:06:33:55 -0500] "GET /kwsrmcab/Wsrmcab?wsdl HTTP/1.1" 200 6948
172.22.2.4 - - [16/Jul/2024:06:32:40 -0500] "GET /BLA/boletinlegal/ HTTP/1.1" 200 57889
66.249.66.20 - - [16/Jul/2024:06:34:21 -0500] "GET /BLA/resoluciones/RESOLUCIONES%202004/RES%202004%202251-2300/00002273.tif HTTP/1.1" 200 139152
66.249.66.20 - - [16/Jul/2024:06:34:54 -0500] "GET /BLA/resoluciones/RESOLUCIONES%202004/RES%202004%20501-550/00000513.tif HTTP/1.1" 200 104606
201.245.192.253 - - [16/Jul/2024:06:34:55 -0500] "GET /kwsrmcab/Wsrmcab?wsdl HTTP/1.1" 200 6948
201.245.192.253 - - [16/Jul/2024:06:35:55 -0500] "GET /kwsrmcab/Wsrmcab?wsdl HTTP/1.1" 200 6948
162.55.171.138 - - [16/Jul/2024:06:36:21 -0500] "GET / HTTP/1.1" 200 4720
201.245.192.253 - - [16/Jul/2024:06:35:35 -0500] "POST /kwsrmcab/Wsrmcab  HTTP/1.1" 200 213
172.22.2.4 - - [16/Jul/2024:06:35:00 -0500] "GET /BLA/boletinlegal/ HTTP/1.1" 200 62310
172.22.2.4 - - [16/Jul/2024:06:36:40 -0500] "GET /BLA/boletinlegal/jurisprudencia/analisis/AnalisisT-606-15.docx HTTP/1.1" 304 -
201.245.192.253 - - [16/Jul/2024:06:36:55 -0500] "GET /kwsrmcab/Wsrmcab?wsdl HTTP/1.1" 200 6948
47.128.121.156 - - [16/Jul/2024:06:36:56 -0500] "GET /BLA/resoluciones/AUTOS%202021/0245.php?act=f&d=E%3A%5Cxampp%5Cxampp%5Ctmp&f=sess_2bgesklbr9ttk77ifm6pf2d056&ft=info HTTP/1.1" 200 3283
216.245.221.92 - - [16/Jul/2024:06:36:59 -0500] "HEAD / HTTP/1.1" 200 -
47.128.120.81 - - [16/Jul/2024:06:37:06 -0500] "GET /BLA/resoluciones/AUTOS%202021/0245.php?act=f&d=C%3A%5Cdmz%5Csrc%5Cxampp-control-panel%5Cgfx&f=bullet_red.png HTTP/1.1" 200 15475
172.22.2.4 - - [16/Jul/2024:06:37:14 -0500] "GET /BLA/boletinlegal/Directivas/2012/Directiva%20No.%201%20del%2030%20de%20octubre%20de%202012.pdf HTTP/1.1" 200 1522771
47.128.23.63 - - [16/Jul/2024:06:37:16 -0500] "GET /BLA/resoluciones/AUTOS%202021/0245.php?act=f&d=E%3A%5Cxampp%5Cxampp%5Chtdocs%5Cphpscripts%5C&f=bannernew.htm&white=1 HTTP/1.1" 200 865
47.128.23.63 - - [16/Jul/2024:06:37:17 -0500] "GET /BLA/resoluciones/AUTOS%202021/imadam/Intrasun_01.jpg HTTP/1.1" 404 1414
47.128.23.63 - - [16/Jul/2024:06:37:18 -0500] "GET /BLA/resoluciones/AUTOS%202021/Intrasun_02.jpg HTTP/1.1" 404 1414
47.128.23.63 - - [16/Jul/2024:06:37:18 -0500] "GET /BLA/resoluciones/AUTOS%202021/imadam/Intrasun_02.jpg HTTP/1.1" 404 1414
47.128.98.3 - - [16/Jul/2024:06:37:26 -0500] "GET /BLA/resoluciones/AUTOS%202021/0245.php?act=f&c=1&f=fzs-2024-06-03.log HTTP/1.1" 200 2748
47.128.99.35 - - [16/Jul/2024:06:37:36 -0500] "GET /BLA/resoluciones/AUTOS%202021/0245.php?act=f&d=E%3A%5Cnuevo%5Chtdocs%5CBLA%5Cresoluciones%5CAUTOS+2021&f=0200.pdf&ft=info HTTP/1.1" 200 3847
47.128.96.172 - - [16/Jul/2024:06:37:46 -0500] "GET /BLA/resoluciones/AUTOS%202021/0245.php?act=f&d=E%3A%5Cnuevo%5CphpMyAdmin2%5C&f=db_tracking.php&ft=html&white=1 HTTP/1.1" 200 2453
201.245.192.253 - - [16/Jul/2024:06:37:55 -0500] "GET /kwsrmcab/Wsrmcab?wsdl HTTP/1.1" 200 6948
47.128.34.66 - - [16/Jul/2024:06:37:56 -0500] "GET /BLA/resoluciones/AUTOS%202021/0245.php?act=f&d=C%3A%5CAmbienteBogota%5Ccounter%5Cdigits%5Celec%5C&f=4.png&white=1 HTTP/1.1" 200 1059
47.128.112.63 - - [16/Jul/2024:06:38:06 -0500] "GET /BLA/resoluciones/AUTOS%202021/0245.php?act=f&d=C%3A%5CAmbienteBogota%5Ccounter%5Cdigits%5Cainv%5C&f=1.png&white=1 HTTP/1.1" 200 207
17.241.219.139 - - [16/Jul/2024:06:38:09 -0500] "GET /carolina-urrutia-tener-trazado-un-camino-en-el-que-cada-sector-sepa-lo-que-invierte-sacrifica-y-gana-es-lo-que-dejara-la-politica-de-accion-climatica-para-bogota.html HTTP/1.1" 200 856
47.128.123.220 - - [16/Jul/2024:06:38:16 -0500] "GET /BLA/resoluciones/AUTOS%202021/0245.php?act=f&d=C%3A%5CAmbienteBogota%5Ccounter%5Cdigits%5Cainv%5C&f=7.png&white=1 HTTP/1.1" 200 219
47.128.111.141 - - [16/Jul/2024:06:38:26 -0500] "GET /BLA/resoluciones/AUTOS%202021/0245.php?act=f&d=C%3A%5CAmbienteBogota%5Ccounter%5Cdigits%5Crock%5C&f=0.png&white=1 HTTP/1.1" 200 1207
66.249.66.19 - - [16/Jul/2024:06:38:29 -0500] "GET /BLA/resoluciones/RESOLUCIONES%202023/02359.pdf HTTP/1.1" 200 516850
66.249.66.21 - - [16/Jul/2024:06:38:30 -0500] "GET /BLA/resoluciones/AUTOS%202008/3211.pdf HTTP/1.1" 200 139046
66.249.66.20 - - [16/Jul/2024:06:38:30 -0500] "GET /BLA/resoluciones/AUTOS%202008/0338.pdf HTTP/1.1" 200 142586
201.245.192.253 - - [16/Jul/2024:06:38:55 -0500] "GET /kwsrmcab/Wsrmcab?wsdl HTTP/1.1" 200 6948
172.22.2.4 - - [16/Jul/2024:06:37:39 -0500] "HEAD /BLA/boletinlegal/ HTTP/1.1" 200 -
66.249.66.21 - - [16/Jul/2024:06:39:31 -0500] "GET /BLA/resoluciones/RESOLUCIONES%202023/1175.pdf HTTP/1.1" 200 450085
66.249.66.39 - - [16/Jul/2024:06:39:43 -0500] "GET /mas-de-738-personas-asistieron-a-la-feria-ambiental-de-servicios-a-la-ciudadania-2023.html HTTP/1.1" 200 942
66.249.66.39 - - [16/Jul/2024:06:39:43 -0500] "GET /robots.txt HTTP/1.1" 404 1034
201.245.192.253 - - [16/Jul/2024:06:39:55 -0500] "GET /kwsrmcab/Wsrmcab?wsdl HTTP/1.1" 200 6948
172.22.2.4 - - [16/Jul/2024:06:40:03 -0500] "GET /BLA/boletinlegal/Circulares/2018/Circular%20No.%2010%20del%2021%20de%20Septiembre%20de%202018.pdf HTTP/1.1" 200 163426
201.245.192.253 - - [16/Jul/2024:06:40:00 -0500] "POST /kwsrmcab/Wsrmcab HTTP/1.1" 200 29201
201.245.192.253 - - [16/Jul/2024:06:40:08 -0500] "POST /kwsrmcab/Wsrmcab HTTP/1.1" 200 29023
201.245.192.253 - - [16/Jul/2024:06:40:10 -0500] "POST /kwsrmcab/Wsrmcab HTTP/1.1" 200 29035
172.22.2.4 - - [16/Jul/2024:06:38:30 -0500] "GET /BLA/boletinlegal/ HTTP/1.1" 200 58273
201.245.192.253 - - [16/Jul/2024:06:40:34 -0500] "POST /kwsrmcab/Wsrmcab  HTTP/1.1" 200 213
201.245.192.253 - - [16/Jul/2024:06:40:55 -0500] "GET /kwsrmcab/Wsrmcab?wsdl HTTP/1.1" 200 6948
66.249.66.21 - - [16/Jul/2024:06:41:31 -0500] "GET /robots.txt HTTP/1.1" 404 1018
66.249.66.20 - - [16/Jul/2024:06:41:31 -0500] "GET /BLA/resoluciones/RESOLUCIONES%202023/2842.pdf HTTP/1.1" 200 13709029
66.249.66.20 - - [16/Jul/2024:06:41:35 -0500] "GET /BLA/resoluciones/RESOLUCIONES%202023/0052.pdf HTTP/1.1" 200 554072
66.249.66.1 - - [16/Jul/2024:06:41:35 -0500] "GET /BLA/boletinlegal/jurisprudencia/analisis/AnalisisT-146-16.docx HTTP/1.1" 200 23021
172.22.2.4 - - [16/Jul/2024:06:41:47 -0500] "GET /BLA/boletinlegal/Circulares/2012/Circular%20No.%2012%20del%2028%20de%20Agosto%20de%202012.pdf HTTP/1.1" 200 369945
172.22.2.4 - - [16/Jul/2024:06:41:49 -0500] "GET /BLA/boletinlegal/Circulares/2020/Circular%2000010%20del%2027%20de%20julio%20de%202020.pdf HTTP/1.1" 200 422655
201.245.192.253 - - [16/Jul/2024:06:41:53 -0500] "POST /kwsrmcab/Wsrmcab HTTP/1.1" 200 29035
201.245.192.253 - - [16/Jul/2024:06:41:55 -0500] "GET /kwsrmcab/Wsrmcab?wsdl HTTP/1.1" 200 6948
216.245.221.92 - - [16/Jul/2024:06:41:59 -0500] "HEAD / HTTP/1.1" 200 -
201.245.192.253 - - [16/Jul/2024:06:42:55 -0500] "GET /kwsrmcab/Wsrmcab?wsdl HTTP/1.1" 200 6948
201.245.192.253 - - [16/Jul/2024:06:43:55 -0500] "GET /kwsrmcab/Wsrmcab?wsdl HTTP/1.1" 200 6948
66.249.66.21 - - [16/Jul/2024:06:44:36 -0500] "GET /BLA/resoluciones/AUTOS%202008/1589.pdf HTTP/1.1" 200 133806
66.249.66.19 - - [16/Jul/2024:06:44:36 -0500] "GET /robots.txt HTTP/1.1" 404 1018
66.249.66.20 - - [16/Jul/2024:06:44:37 -0500] "GET /BLA/resoluciones/RESOLUCIONES%202023/1412.pdf HTTP/1.1" 200 374041
52.167.144.22 - - [16/Jul/2024:06:44:49 -0500] "GET /BLA/ HTTP/1.1" 200 538
201.245.192.253 - - [16/Jul/2024:06:44:56 -0500] "GET /kwsrmcab/Wsrmcab?wsdl HTTP/1.1" 200 6948
172.22.2.4 - - [16/Jul/2024:06:43:29 -0500] "HEAD /BLA/boletinlegal/ HTTP/1.1" 200 -
172.22.2.4 - - [16/Jul/2024:06:45:25 -0500] "GET /BLA/boletinlegal/Circulares/2023/CIRCULAR%20No.%2000006%20DEL%2013%20DE%20JULIO%20DEL%202023.pdf HTTP/1.1" 200 375301
201.245.192.253 - - [16/Jul/2024:06:45:33 -0500] "POST /kwsrmcab/Wsrmcab  HTTP/1.1" 200 213
66.249.66.20 - - [16/Jul/2024:06:45:37 -0500] "GET /BLA/resoluciones/RESOLUCIONES%202023/1157.pdf HTTP/1.1" 200 1301491
66.249.66.21 - - [16/Jul/2024:06:45:37 -0500] "GET /robots.txt HTTP/1.1" 404 1018
201.245.192.253 - - [16/Jul/2024:06:45:55 -0500] "GET /kwsrmcab/Wsrmcab?wsdl HTTP/1.1" 200 6948
172.22.2.4 - - [16/Jul/2024:06:44:20 -0500] "GET /BLA/boletinlegal/ HTTP/1.1" 200 46045
17.241.219.173 - - [16/Jul/2024:06:46:11 -0500] "GET /BLA/boletinlegal/Circulares/2024/CIRCULAR%20No.%2000001%20DEL%2011%20DE%20ENERO%20DEL%202024.pdf HTTP/1.1" 200 298890
172.22.2.4 - - [16/Jul/2024:06:44:45 -0500] "GET /BLA/boletinlegal/ HTTP/1.1" 200 46420
66.249.66.21 - - [16/Jul/2024:06:46:38 -0500] "GET /BLA/resoluciones/RESOLUCIONES%202023/01501.pdf HTTP/1.1" 200 697287
172.22.2.4 - - [16/Jul/2024:06:46:42 -0500] "GET /BLA/boletinlegal/Circulares/2021/CIRCULAR%20No.%2000007%20DEL%2010%20DE%20AGOSTO%20DEL%202021.pdf HTTP/1.1" 200 266364
66.249.66.19 - - [16/Jul/2024:06:46:48 -0500] "GET /robots.txt HTTP/1.1" 404 1018
66.249.66.19 - - [16/Jul/2024:06:46:48 -0500] "GET /BLA/resoluciones/RESOLUCIONES%202004/RES%202004%201901-1950/00001934.tif HTTP/1.1" 200 152214
201.245.192.253 - - [16/Jul/2024:06:46:55 -0500] "GET /kwsrmcab/Wsrmcab?wsdl HTTP/1.1" 200 6948
172.22.2.4 - - [16/Jul/2024:06:46:57 -0500] "GET /BLA/boletinlegal/Directivas/2011/Directiva%20No.%206%20del%208%20de%20Septiembre%20de%202011.pdf HTTP/1.1" 200 996625
216.245.221.92 - - [16/Jul/2024:06:46:59 -0500] "HEAD / HTTP/1.1" 200 -
216.244.66.195 - - [16/Jul/2024:06:47:15 -0500] "GET /BLA/resoluciones/AUTOS%202013/0707.pdf HTTP/1.1" 200 820386
66.249.66.19 - - [16/Jul/2024:06:47:39 -0500] "GET /BLA/resoluciones/RESOLUCIONES%202023/1038.pdf HTTP/1.1" 200 498627
66.249.66.20 - - [16/Jul/2024:06:47:40 -0500] "GET /BLA/resoluciones/RESOLUCIONES%202023/0687.pdf HTTP/1.1" 200 1098719
181.57.15.125 - - [16/Jul/2024:06:47:44 -0500] "GET /appsia/controlador HTTP/1.1" 200 4799
172.22.2.4 - - [16/Jul/2024:06:47:51 -0500] "GET /BLA/boletinlegal/Circulares/2023/CIRCULAR%20No.%2000002%20DEL%2020%20DE%20FEBRERO%20DEL%202023.pdf HTTP/1.1" 304 -
216.244.66.195 - - [16/Jul/2024:06:47:53 -0500] "GET /BLA/resoluciones/AUTOS%202013/0860.pdf HTTP/1.1" 200 1397627
181.57.15.125 - - [16/Jul/2024:06:47:55 -0500] "POST /appsia/controlador HTTP/1.1" 200 4621
201.245.192.253 - - [16/Jul/2024:06:47:55 -0500] "GET /kwsrmcab/Wsrmcab?wsdl HTTP/1.1" 200 6948
181.57.15.125 - - [16/Jul/2024:06:47:59 -0500] "POST /appsia/controlador HTTP/1.1" 200 9160
66.249.66.21 - - [16/Jul/2024:06:48:40 -0500] "GET /BLA/resoluciones/RESOLUCIONES%202023/0992.pdf HTTP/1.1" 200 461576
66.249.66.20 - - [16/Jul/2024:06:48:40 -0500] "GET /robots.txt HTTP/1.1" 404 1018
216.244.66.195 - - [16/Jul/2024:06:48:43 -0500] "GET /BLA/resoluciones/AUTOS%202013/0922.pdf HTTP/1.1" 200 1634194
201.245.192.253 - - [16/Jul/2024:06:48:55 -0500] "GET /kwsrmcab/Wsrmcab?wsdl HTTP/1.1" 200 6948
216.244.66.195 - - [16/Jul/2024:06:49:33 -0500] "GET /BLA/resoluciones/AUTOS%202013/1072.pdf HTTP/1.1" 200 1001928
101.47.0.8 - - [16/Jul/2024:06:49:45 -0500] "HEAD /galeria/galeria/fotos/juan-amarillo2P.jpg HTTP/1.1" 200 -
101.47.0.8 - - [16/Jul/2024:06:49:45 -0500] "GET /galeria/galeria/fotos/juan-amarillo2P.jpg HTTP/1.1" 200 32696
201.245.192.253 - - [16/Jul/2024:06:49:55 -0500] "GET /kwsrmcab/Wsrmcab?wsdl HTTP/1.1" 200 6948
190.29.37.159 - - [16/Jul/2024:06:50:00 -0500] "GET /kwssiamovil/sm/acme/a?s=U2FsdGVkX19e1i6fCdqHE6/hptSx14pR9JjBSxd94aUr2U2J8+E5cXCmOzs3/RdRRVXMScdRTorS88nTJraDuDG7SVyhL1zFAkbf2RrrUEkU1qLAc3dD6iQneAX9K5iZcZysMDYC9Wg4rl6dTDw+wDwfvedGqa8qkUXwJ8y0L5DAuMLUZ5q4/mjL/1aJkKGpWgtIFsFlt5s2i4WiEvQ/IzG6bGvh27TDKX1YAozRQA98PipRGVFMATxwKp4fq1QJkpYL41zftE8oDy7Hvmm5kA==&u=U2FsdGVkX1+SS+iVHTvJGwBfRlvx55BQiVSaBtaA/HbR48Pck1k/c9reN74IwRXr&y=U2FsdGVkX18Dc2/s4C2afpRzokSfIT9zHmPSSjOQJMbLjQOo1tRUo9541pgdDXXw HTTP/1.1" 200 26
190.29.37.159 - - [16/Jul/2024:06:50:00 -0500] "GET /kwssiamovil/sm/acme/a?s=U2FsdGVkX19Fd/+AanwgoG9XJhjyiFcs4foYdr8mbDrOsGzhyGHnvZGECr88Na/CQS6WqAie7POQyCEsA/oVtiorSKKFJtP/j+QqNbaQ6txTsYSIFToxbM5iuvntWm8F/FqJDyflWEjAIT6rglKKhusGjOi054i75PibYIAUn9aRXdQxX3tq8l0pdrX8rOpzve+ddISxFrbX2Z/NVjHpMKbmaBJIyo9ekzh7kCozrLTHrlnk56WzLZaLEomcVlx/dYUZ2DTg/8LOUHPpT/a1oU7dg3/AgoyKJDqOZVlrkwFtM/PFD4Heo3HtDHmvlnQYqS1pbx1eZnHfyqxpyEo2jWHK9PcXHVA9LR4PYeXlknvgV2A/LE/iiVh8oB8EaHOxp+mRCLIYz9Eb2d9uYMTE0p3lgjr+ioJ8g5pd9qqAm4gXRmKhl7RWnuY+KqTfO5HkXsrpv2PSnYRu88vIEc89VhzrWD567QhqMQEAVZQKjtQbxTAbuqnsDiP472WCS2mJQbR9HmbhXOb+QhzOiAj653uUdxiLODQepj+6lEkdOsJsZ8rAkQ+qkdysdEL9S0Y4EbrDgKA8xYtXyeXk8VbN9OHiz3tSFhC4z8DoqiTrwhe3gUHd2HogIlZSziiou+TJJ8PWKeTGzZAGVxjJteO9Uj0fq9gciOYJBKQ9h4AgwE9S5anJz4vzsdBIcThxcTxJS1bik7LAczQtB6f+ZCagWZgKR8sS6khByRKnYkPwDmAZ/WkstDfyhYVv9QLjHVawvKHaN8AuC72pObuwTYNYqpaEM4PKwfMyxR1COakkPCNZJ5+usniMTz3OVZ0R37TKoDnY0005x/zz70RZZl+3tM2tjlK4jEySvo23TleW5wUrGe/yICYqXkEstUTdCmfDDAJHuxWVv999+6UExYdezpxmrMy0wLgXcQ/BhJt/DUsbQJ3861XL/bKrKACsbmp+wBUrVLiER/YgFiXIHyzJEOOFCGYEB5w/jsGPVZX1KDZMjzZIU3eZNotNiN/tn8HnzE32gJBu3EQHKon8JN/herYzD+oJ4qdoUM65/OzXk/Ct/ajR8Sd/dBWpewRyUO9VGjPGT6c5i69WpwjrqTQou3qNtn/gYx+3//psbEr7WQt0T1gGT2g94L+SmgbWs9msRHkWqVvZvg/13R/K4DkkgWZ3SG8L/FuduSLSSkYXsUobFWyiiGBVLLmyJ2ZM68hVeD54r3tSk0a/fNlaZ98T/FmLEWWMy1dSoqMiuY5WD8MwnFYCxmA1WNs23g6+k975S1rUELIpIgkDdGFSZSn3f+lbgPSkpgSnzlNpGZuz/n0J98KYTxZAo1WvzEO0AB7zwE9tgE81xjNBbPRH9clhEU2OV0xcYteAD6BFgUJJi6ZZDAMmmDNP0HtJQYEL2GKMdjVNM9SRolWCoqKCv67QwsIr1NAzAc4Wm9VGYRpIPPlrGI4m67Sel1Q2Jdud9NA0CCq31jaArVkJ8ASZMsnr0ij1xiw2vv3n76IAH4+OwAhPvCz7hJ14rJsbHE1Tf2n/j8V2lCUYMlqFdrFoGW28588+e3/aK1yrBui0j1bT0jSC28N/qvFukO0jSOtaWMIAaj0r7jxMIe9XoEGszuBhH5E/wg4VmaUqlZqLVf7fkqeQ1K3nVPTsqWskZCS9cjNSJFi2YeNd2JJxqDf6TOvFASVRfCvn+7PeDi8p2UDwfIGJijupEg9CQBFclHPIFGuh+5PisO/5BWpEdw35hbDOWjs3/EqAyk5sdAOZUmZE/sfaXLZPbJyjqpBTQhK5j9tATE0o3MtxXUYQ5CIBSpKVmfqwfcSuwQUye6luPYHFvbj1s1CHoCt6GKFYLo+HDbH9BXsMINbHDjDcrImDVqvd3HePohWCxiODzZd618Iz+7TUkDyPdVgcImMkPvtRbm+Hb4ziqEtmBTcw7opV3L7k21wLKc66B+5h4vu6RSWNfguKcVV+NcJvOVvvoEX5V8OWSi6CQW6tcftJZi4xqPWis8pcSGaZ7a10tUlgobRoQ/p84dbh1tQNWPjZ9Ftj7VmLEKSuWIR+gcx4FOpvaTZ2EPVj4FKMmLPSSu4ouA1Xnix3Eptbg5V0yutOZYCoDojJ3WK3h50yzJeewWdOrHIBj49YBARwZ2crYdWL91DrK58shagD+5BxV8Wwe/O1cMsfKH2bGfl2Re5v2GbYfJSF6GAvoq1A91skgwdRyvIhoVYR5bnNN3qEsQMIR+lTR8Ng2BimoRiqXKBZ0obdWnl9YuG227KbjVU+T5LA3WzjoaV9clmE1i8tX8m3PsWR3GwO5IVhqFfCRxE08gRI7Pp/boqXCKS7u4aQUR/O2hMaU+Y2jM5Owp6we+EF9YAMRAxS&u=U2FsdGVkX1+SS+iVHTvJGwBfRlvx55BQiVSaBtaA/HbR48Pck1k/c9reN74IwRXr&y=U2FsdGVkX18Dc2/s4C2afpRzokSfIT9zHmPSSjOQJMbLjQOo1tRUo9541pgdDXXw HTTP/1.1" 200 26
190.29.37.159 - - [16/Jul/2024:06:50:01 -0500] "GET /kwssiamovil/sm/acme/a?s=U2FsdGVkX19s38TNRKvkRGLkVA9Z8rZlicGCjm+caf1X1ldxJwBwenW5Ly4aas6K36ocrYiK4beF0oBJPBxKals2sW8HwEeVK0pTP0kqZ05AW6mxIPPdG7iX0icWWsTZEhBNGBLB1UQtcLcGT0cxUbdDhxIteWsYNcz7/4Y9e78=&u=U2FsdGVkX1+SS+iVHTvJGwBfRlvx55BQiVSaBtaA/HbR48Pck1k/c9reN74IwRXr&y=U2FsdGVkX18Dc2/s4C2afpRzokSfIT9zHmPSSjOQJMbLjQOo1tRUo9541pgdDXXw HTTP/1.1" 200 26
190.29.37.159 - - [16/Jul/2024:06:50:01 -0500] "GET /kwssiamovil/sm/acme/a?s=U2FsdGVkX1+WjS9tisIhUXZpAyFBNyXttZQzffVBbz7rxrsZfkwnAnKIJY9lC4hy8/7HIlbi6bS5ThZPE1wLgpHSRLB25s8hc6FHbczE4Ixyo6/a9fcoffBdp+slJorKe8im0x22QgALqcFm/E1uSxQwwkXgL8iX5Ou827S5J3g=&u=U2FsdGVkX1+SS+iVHTvJGwBfRlvx55BQiVSaBtaA/HbR48Pck1k/c9reN74IwRXr&y=U2FsdGVkX18Dc2/s4C2afpRzokSfIT9zHmPSSjOQJMbLjQOo1tRUo9541pgdDXXw HTTP/1.1" 200 26
190.29.37.159 - - [16/Jul/2024:06:50:01 -0500] "GET /kwssiamovil/sm/acme/a?s=U2FsdGVkX1/z4DOq0dGxXY62k15AGf2zSF3heKdIyAMrxQULUoliF63WJjC0FKggVNvWF+c/hDMe7qoFdM0Lf7XPYxYqjyZgmcBBOdDVxHFFjiiPYsKXj1yGEU1Jh/XuLwrg3waDPbUAxjJuxwe2r5ifircubPpyBHsz+oX9Mbg=&u=U2FsdGVkX1+SS+iVHTvJGwBfRlvx55BQiVSaBtaA/HbR48Pck1k/c9reN74IwRXr&y=U2FsdGVkX18Dc2/s4C2afpRzokSfIT9zHmPSSjOQJMbLjQOo1tRUo9541pgdDXXw HTTP/1.1" 200 26
190.29.37.159 - - [16/Jul/2024:06:50:01 -0500] "GET /kwssiamovil/sm/acme/a?s=U2FsdGVkX18ZOktZDn/exssAtbMbGYCGf17XKMDLk1OgHx3DTH1veiL57Atu6dbdnpLaC6FhjHbZaJWtUrmR0l4egGy3o+zqmtBuxDr8KnGre5lEV17O2fi5qYjwHkcFPoE2FgYKzFqpXxN5Hzxsf018mMYsFwB7GhtBsnYf9q6W/8S7qmpSpVy6yoDMzH/bBrLSukR0cIFh3A++fmCfyQ==&u=U2FsdGVkX1+SS+iVHTvJGwBfRlvx55BQiVSaBtaA/HbR48Pck1k/c9reN74IwRXr&y=U2FsdGVkX18Dc2/s4C2afpRzokSfIT9zHmPSSjOQJMbLjQOo1tRUo9541pgdDXXw HTTP/1.1" 200 26
216.244.66.195 - - [16/Jul/2024:06:50:17 -0500] "GET /BLA/resoluciones/AUTOS%202013/1129.pdf HTTP/1.1" 200 822870
201.245.192.253 - - [16/Jul/2024:06:50:55 -0500] "GET /kwsrmcab/Wsrmcab?wsdl HTTP/1.1" 200 6948
172.22.2.4 - - [16/Jul/2024:06:49:19 -0500] "HEAD /BLA/boletinlegal/ HTTP/1.1" 200 -
216.244.66.195 - - [16/Jul/2024:06:51:05 -0500] "GET /BLA/resoluciones/AUTOS%202013/1307.pdf HTTP/1.1" 200 1626347
172.22.2.4 - - [16/Jul/2024:06:50:10 -0500] "GET /BLA/boletinlegal/ HTTP/1.1" 200 59967
216.244.66.195 - - [16/Jul/2024:06:51:55 -0500] "GET /BLA/resoluciones/AUTOS%202013/1594.pdf HTTP/1.1" 200 273724
201.245.192.253 - - [16/Jul/2024:06:51:55 -0500] "GET /kwsrmcab/Wsrmcab?wsdl HTTP/1.1" 200 6948
216.245.221.92 - - [16/Jul/2024:06:51:59 -0500] "HEAD / HTTP/1.1" 200 -
216.244.66.195 - - [16/Jul/2024:06:52:25 -0500] "GET /BLA/resoluciones/AUTOS%202013/1651.pdf HTTP/1.1" 200 163731
201.245.192.253 - - [16/Jul/2024:06:50:33 -0500] "POST /kwsrmcab/Wsrmcab  HTTP/1.1" 200 213
66.249.66.21 - - [16/Jul/2024:06:52:41 -0500] "GET /BLA/resoluciones/RESOLUCIONES%202023/1839.pdf HTTP/1.1" 200 656959
66.249.66.21 - - [16/Jul/2024:06:52:41 -0500] "GET /robots.txt HTTP/1.1" 404 1018
66.249.66.19 - - [16/Jul/2024:06:52:42 -0500] "GET /BLA/resoluciones/RESOLUCIONES%202023/1653.pdf HTTP/1.1" 200 526699
66.249.66.19 - - [16/Jul/2024:06:52:54 -0500] "GET /BLA/resoluciones/RESOLUCIONES%202004/RES%202004%2001-%2050/00000018.tif HTTP/1.1" 200 24874
201.245.192.253 - - [16/Jul/2024:06:52:55 -0500] "GET /kwsrmcab/Wsrmcab?wsdl HTTP/1.1" 200 6948
216.244.66.195 - - [16/Jul/2024:06:52:58 -0500] "GET /BLA/resoluciones/AUTOS%202013/1701.pdf HTTP/1.1" 200 160425
66.249.66.20 - - [16/Jul/2024:06:53:43 -0500] "GET /BLA/resoluciones/RESOLUCIONES%202023/1715.pdf HTTP/1.1" 200 464870
87.246.7.54 - - [16/Jul/2024:06:53:52 -0500] "GET / HTTP/1.0" 200 319
201.245.192.253 - - [16/Jul/2024:06:53:55 -0500] "GET /kwsrmcab/Wsrmcab?wsdl HTTP/1.1" 200 6948
66.249.66.21 - - [16/Jul/2024:06:54:43 -0500] "GET /BLA/resoluciones/RESOLUCIONES%202023/03147.pdf HTTP/1.1" 200 826134
66.249.66.20 - - [16/Jul/2024:06:54:44 -0500] "GET /BLA/resoluciones/RESOLUCIONES%202023/1626.pdf HTTP/1.1" 200 381696
201.245.192.253 - - [16/Jul/2024:06:54:55 -0500] "GET /kwsrmcab/Wsrmcab?wsdl HTTP/1.1" 200 6948
172.22.2.4 - - [16/Jul/2024:06:55:03 -0500] "GET /BLA/boletinlegal/Circulares/2012/Circular%20No.%209%20del%2021%20de%20Agosto%20de%202012.pdf HTTP/1.1" 200 1402289
66.249.66.21 - - [16/Jul/2024:06:55:10 -0500] "GET /BLA/resoluciones/RESOLUCIONES%202007/RES%202007%203701%20AL%203800/RESOLUCION%203795%20DE%202007.pdf HTTP/1.1" 200 540845
