186.29.35.204 - - [16/Jul/2024:09:22:26 -0500] "GET /sipse/faces/javax.faces.resource/dynamiccontent.properties?ln=primefaces&pfdrid=XjOR5%2F%2FfPAZAuY9TpWQeCiM0BhlXxYRBGKi%2FQcXXfeA%3D&pfdrid_c=false HTTP/1.1" 500 383
47.128.52.99 - - [16/Jul/2024:09:22:30 -0500] "GET /BLA/resoluciones/AUTOS%202021/0245.php?act=f&c=1&f=fzs-2016-01-22.log HTTP/1.1" 200 2749
181.205.218.10 - - [16/Jul/2024:09:22:32 -0500] "GET /BLA/resoluciones/AUTOS%202023/09339.pdf HTTP/1.1" 200 407530
181.205.218.10 - - [16/Jul/2024:09:22:32 -0500] "GET /favicon.ico HTTP/1.1" 200 7782
181.205.218.10 - - [16/Jul/2024:09:22:39 -0500] "GET /BLA/resoluciones/RESOLUCIONES%202021/4766.pdf HTTP/1.1" 200 553299
172.22.2.4 - - [16/Jul/2024:09:20:59 -0500] "HEAD /BLA/boletinlegal/ HTTP/1.1" 200 -
47.128.41.212 - - [16/Jul/2024:09:22:40 -0500] "GET /BLA/resoluciones/AUTOS%202021/0245.php?act=ls&d=E%3A%5Cxampp%5Cxampp%5Chtdocs%5CCatalogoIsis%5CBD&sort=0a HTTP/1.1" 200 3433
52.167.144.184 - - [16/Jul/2024:09:22:40 -0500] "GET /BLA/resoluciones/AUTOS%202023/0631.pdf HTTP/1.1" 304 -
201.245.192.253 - - [16/Jul/2024:09:22:44 -0500] "POST /sipse/faces/presentacion/financiero/solicitudProceso/listarSolicitudProceso.xhtml HTTP/1.1" 200 133076
201.245.192.253 - - [16/Jul/2024:09:22:45 -0500] "GET /sipse/faces/javax.faces.resource/jquery/jquery.js?ln=primefaces&v=4.0 HTTP/1.1" 304 -
201.245.192.253 - - [16/Jul/2024:09:22:45 -0500] "GET /sipse/faces/javax.faces.resource/jquery/jquery-plugins.js?ln=primefaces&v=4.0 HTTP/1.1" 304 -
201.245.192.253 - - [16/Jul/2024:09:22:45 -0500] "GET /sipse/faces/javax.faces.resource/primefaces.js?ln=primefaces&v=4.0 HTTP/1.1" 304 -
201.245.192.253 - - [16/Jul/2024:09:22:45 -0500] "GET /sipse/faces/javax.faces.resource/layout/layout.js?ln=primefaces&v=4.0 HTTP/1.1" 304 -
201.245.192.253 - - [16/Jul/2024:09:22:45 -0500] "GET /sipse/faces/javax.faces.resource/dynamiccontent.properties?ln=primefaces&pfdrid=XjOR5%2F%2FfPAZAuY9TpWQeCiM0BhlXxYRBGKi%2FQcXXfeA%3D&pfdrid_c=false HTTP/1.1" 500 383
47.128.52.43 - - [16/Jul/2024:09:22:50 -0500] "GET /BLA/resoluciones/AUTOS%202021/0245.php?act=f&c=1&f=fzs-2017-01-18.log HTTP/1.1" 200 2749
66.249.66.20 - - [16/Jul/2024:09:22:55 -0500] "GET /BLA/resoluciones/RESOLUCIONES%202023/0254.pdf HTTP/1.1" 200 696887
201.245.192.253 - - [16/Jul/2024:09:22:55 -0500] "GET /kwsrmcab/Wsrmcab?wsdl HTTP/1.1" 200 6948
201.245.192.253 - - [16/Jul/2024:09:22:58 -0500] "POST /sipse/faces/presentacion/financiero/solicitudProceso/consultarSolicitudProceso.xhtml HTTP/1.1" 200 88609
66.249.66.19 - - [16/Jul/2024:09:23:04 -0500] "GET /BLA/resoluciones/AUTOS%202008/1323.pdf HTTP/1.1" 200 225693
47.128.122.181 - - [16/Jul/2024:09:23:00 -0500] "GET /BLA/resoluciones/AUTOS%202021/0245.php?act=f&d=E%3A%5Cnuevo%5Chtdocs%5CBLA%5Cresoluciones%5CRESOLUCIONES+2006%5CRES+2006+1851-1900&f=00001858.tif HTTP/1.1" 200 17697
66.249.66.19 - - [16/Jul/2024:09:23:13 -0500] "GET /BLA/resoluciones/RESOLUCIONES%202023/2923.pdf HTTP/1.1" 200 681884
66.249.66.19 - - [16/Jul/2024:09:23:23 -0500] "GET /BLA/resoluciones/AUTOS%202008/1801.pdf HTTP/1.1" 200 186283
186.29.32.138 - - [16/Jul/2024:09:23:24 -0500] "POST /sipse/faces/presentacion/financiero/solicitudProceso/listarSolicitudProceso.xhtml HTTP/1.1" 200 13533
172.22.2.4 - - [16/Jul/2024:09:21:50 -0500] "GET /BLA/boletinlegal/ HTTP/1.1" 200 58273
186.29.32.138 - - [16/Jul/2024:09:23:32 -0500] "POST /sipse/faces/presentacion/financiero/solicitudProceso/listarSolicitudProceso.xhtml HTTP/1.1" 200 13537
66.249.66.19 - - [16/Jul/2024:09:23:32 -0500] "GET /BLA/resoluciones/RESOLUCIONES%202023/1504.pdf HTTP/1.1" 200 1272013
66.249.66.19 - - [16/Jul/2024:09:23:33 -0500] "GET /BLA/resoluciones/AUTOS%202008/1908.pdf HTTP/1.1" 200 86848
66.249.66.19 - - [16/Jul/2024:09:23:34 -0500] "GET /BLA/resoluciones/RESOLUCIONES%202023/0650.pdf HTTP/1.1" 200 530413
186.155.18.159 - - [16/Jul/2024:09:23:33 -0500] "GET /BLA/resoluciones/index.php?dir=RESOLUCIONES+2011%2F HTTP/1.1" 200 747162
186.155.18.159 - - [16/Jul/2024:09:23:35 -0500] "GET /BLA/resoluciones/RESOLUCIONES%202011/3902.pdf HTTP/1.1" 200 556052
186.29.32.138 - - [16/Jul/2024:09:23:37 -0500] "POST /sipse/faces/presentacion/financiero/solicitudProceso/listarSolicitudProceso.xhtml HTTP/1.1" 200 13533
201.245.192.253 - - [16/Jul/2024:09:23:40 -0500] "GET /sipse/faces/faces/autenticacion.xhtml HTTP/1.1" 200 12732
201.245.192.253 - - [16/Jul/2024:09:23:40 -0500] "GET /sipse/js/disable_browser_buttons.js HTTP/1.1" 304 -
201.245.192.253 - - [16/Jul/2024:09:23:40 -0500] "GET /sipse/faces/javax.faces.resource/layout/layout.css;jsessionid=hgkL1K+pDJMU3mcCTsEzqEWz.undefined?ln=primefaces&v=4.0 HTTP/1.1" 200 542
201.245.192.253 - - [16/Jul/2024:09:23:40 -0500] "GET /sipse/js/funciones.js HTTP/1.1" 304 -
201.245.192.253 - - [16/Jul/2024:09:23:40 -0500] "GET /sipse/css/custom_css_sg.css HTTP/1.1" 304 -
201.245.192.253 - - [16/Jul/2024:09:23:40 -0500] "GET /sipse/faces/javax.faces.resource/layout/layout.js;jsessionid=hgkL1K+pDJMU3mcCTsEzqEWz.undefined?ln=primefaces&v=4.0 HTTP/1.1" 200 87560
201.245.192.253 - - [16/Jul/2024:09:23:40 -0500] "GET /sipse/faces/javax.faces.resource/jquery/jquery.js;jsessionid=hgkL1K+pDJMU3mcCTsEzqEWz.undefined?ln=primefaces&v=4.0 HTTP/1.1" 200 105384
201.245.192.253 - - [16/Jul/2024:09:23:40 -0500] "GET /sipse/css/custom_css_sg_prime_login.css HTTP/1.1" 304 -
201.245.192.253 - - [16/Jul/2024:09:23:40 -0500] "GET /sipse/faces/javax.faces.resource/primefaces.css;jsessionid=hgkL1K+pDJMU3mcCTsEzqEWz.undefined?ln=primefaces&v=4.0 HTTP/1.1" 200 53295
201.245.192.253 - - [16/Jul/2024:09:23:40 -0500] "GET /sipse/faces/javax.faces.resource/primefaces.js;jsessionid=hgkL1K+pDJMU3mcCTsEzqEWz.undefined?ln=primefaces&v=4.0 HTTP/1.1" 200 276924
201.245.192.253 - - [16/Jul/2024:09:23:40 -0500] "GET /sipse/faces/javax.faces.resource/theme.css?ln=primefaces-sipse HTTP/1.1" 200 50058
201.245.192.253 - - [16/Jul/2024:09:23:40 -0500] "GET /sipse/faces/javax.faces.resource/jquery/jquery-plugins.js;jsessionid=hgkL1K+pDJMU3mcCTsEzqEWz.undefined?ln=primefaces&v=4.0 HTTP/1.1" 200 220526
201.245.192.253 - - [16/Jul/2024:09:23:40 -0500] "GET /sipse/css/imagen/loginimg.png HTTP/1.1" 304 -
201.245.192.253 - - [16/Jul/2024:09:23:40 -0500] "GET /sipse/css/imagen/logoSDG.png HTTP/1.1" 200 53064
201.245.192.253 - - [16/Jul/2024:09:23:40 -0500] "GET /sipse/faces/javax.faces.resource/images/ui-icons_898989_256x240.png?ln=primefaces-aristo HTTP/1.1" 304 -
201.245.192.253 - - [16/Jul/2024:09:23:40 -0500] "GET /sipse/faces/faces/index.xhtml HTTP/1.1" 200 677
201.245.192.253 - - [16/Jul/2024:09:23:40 -0500] "GET /sipse/faces/javax.faces.resource/theme.css?ln=primefaces-sipse HTTP/1.1" 304 -
201.245.192.253 - - [16/Jul/2024:09:23:40 -0500] "GET /sipse/faces/faces/faces/autenticacion.xhtml HTTP/1.1" 200 12410
201.245.192.253 - - [16/Jul/2024:09:23:40 -0500] "GET /sipse/faces/javax.faces.resource/theme.css?ln=primefaces-sipse HTTP/1.1" 304 -
201.245.192.253 - - [16/Jul/2024:09:23:40 -0500] "GET /sipse/faces/javax.faces.resource/layout/layout.css?ln=primefaces&v=4.0 HTTP/1.1" 200 542
201.245.192.253 - - [16/Jul/2024:09:23:40 -0500] "GET /sipse/faces/javax.faces.resource/primefaces.css?ln=primefaces&v=4.0 HTTP/1.1" 200 53295
201.245.192.253 - - [16/Jul/2024:09:23:40 -0500] "GET /sipse/faces/javax.faces.resource/jquery/jquery.js?ln=primefaces&v=4.0 HTTP/1.1" 304 -
201.245.192.253 - - [16/Jul/2024:09:23:40 -0500] "GET /sipse/faces/javax.faces.resource/jquery/jquery-plugins.js?ln=primefaces&v=4.0 HTTP/1.1" 304 -
201.245.192.253 - - [16/Jul/2024:09:23:41 -0500] "GET /sipse/faces/javax.faces.resource/primefaces.js?ln=primefaces&v=4.0 HTTP/1.1" 304 -
201.245.192.253 - - [16/Jul/2024:09:23:41 -0500] "GET /sipse/faces/javax.faces.resource/layout/layout.js?ln=primefaces&v=4.0 HTTP/1.1" 304 -
201.245.192.253 - - [16/Jul/2024:09:23:41 -0500] "GET /sipse/faces/javax.faces.resource/images/ui-icons_898989_256x240.png?ln=primefaces-aristo HTTP/1.1" 304 -
201.245.192.253 - - [16/Jul/2024:09:23:43 -0500] "POST /sipse/faces/autenticacion.xhtml HTTP/1.1" 200 12111
201.245.192.253 - - [16/Jul/2024:09:23:44 -0500] "GET /sipse/faces/javax.faces.resource/jquery/jquery.js?ln=primefaces&v=4.0 HTTP/1.1" 304 -
201.245.192.253 - - [16/Jul/2024:09:23:44 -0500] "GET /sipse/css/custom_css_sg_prime.css HTTP/1.1" 200 5201
201.245.192.253 - - [16/Jul/2024:09:23:44 -0500] "GET /sipse/faces/javax.faces.resource/jquery/jquery-plugins.js?ln=primefaces&v=4.0 HTTP/1.1" 304 -
201.245.192.253 - - [16/Jul/2024:09:23:44 -0500] "GET /sipse/faces/javax.faces.resource/primefaces.js?ln=primefaces&v=4.0 HTTP/1.1" 304 -
201.245.192.253 - - [16/Jul/2024:09:23:44 -0500] "POST /sipse/faces/autenticacion.xhtml HTTP/1.1" 200 2223
201.245.192.253 - - [16/Jul/2024:09:23:44 -0500] "GET /sipse/faces/javax.faces.resource/messages/messages.png?ln=primefaces&v=4.0 HTTP/1.1" 200 27209
186.29.32.138 - - [16/Jul/2024:09:23:44 -0500] "POST /sipse/faces/presentacion/financiero/solicitudProceso/listarSolicitudProceso.xhtml HTTP/1.1" 200 13537
201.245.192.253 - - [16/Jul/2024:09:23:44 -0500] "GET /sipse/faces/javax.faces.resource/layout/layout.js?ln=primefaces&v=4.0 HTTP/1.1" 304 -
201.245.192.253 - - [16/Jul/2024:09:23:44 -0500] "GET /sipse/faces/javax.faces.resource/messages/messages.png?ln=primefaces&v=4.0 HTTP/1.1" 200 27209
201.245.192.253 - - [16/Jul/2024:09:23:47 -0500] "POST /sipse/faces/autenticacion.xhtml HTTP/1.1" 200 16354
201.245.192.253 - - [16/Jul/2024:09:23:47 -0500] "GET /sipse/css/custom_css_sg_prime.css HTTP/1.1" 200 5201
201.245.192.253 - - [16/Jul/2024:09:23:47 -0500] "GET /sipse/faces/javax.faces.resource/layout/layout.css?ln=primefaces&v=4.0 HTTP/1.1" 304 -
201.245.192.253 - - [16/Jul/2024:09:23:47 -0500] "GET /sipse/faces/javax.faces.resource/theme.css?ln=primefaces-sipse HTTP/1.1" 304 -
201.245.192.253 - - [16/Jul/2024:09:23:47 -0500] "GET /sipse/faces/javax.faces.resource/primefaces.css?ln=primefaces&v=4.0 HTTP/1.1" 304 -
201.245.192.253 - - [16/Jul/2024:09:23:47 -0500] "GET /sipse/js/jquery.min.js HTTP/1.1" 200 85582
201.245.192.253 - - [16/Jul/2024:09:23:47 -0500] "GET /sipse/faces/javax.faces.resource/jquery/jquery.js?ln=primefaces&v=4.0 HTTP/1.1" 304 -
201.245.192.253 - - [16/Jul/2024:09:23:47 -0500] "GET /sipse/faces/javax.faces.resource/jquery/jquery-plugins.js?ln=primefaces&v=4.0 HTTP/1.1" 304 -
201.245.192.253 - - [16/Jul/2024:09:23:47 -0500] "GET /sipse/faces/javax.faces.resource/primefaces.js?ln=primefaces&v=4.0 HTTP/1.1" 304 -
201.245.192.253 - - [16/Jul/2024:09:23:47 -0500] "GET /sipse/faces/javax.faces.resource/layout/layout.js?ln=primefaces&v=4.0 HTTP/1.1" 304 -
201.245.192.253 - - [16/Jul/2024:09:23:47 -0500] "GET /sipse/css/v_mergente.css HTTP/1.1" 200 1505
201.245.192.253 - - [16/Jul/2024:09:23:47 -0500] "GET /sipse/css/imagen/contrasena.png HTTP/1.1" 404 383
186.29.32.138 - - [16/Jul/2024:09:23:47 -0500] "POST /sipse/faces/presentacion/financiero/solicitudProceso/listarSolicitudProceso.xhtml HTTP/1.1" 200 13569
201.245.192.253 - - [16/Jul/2024:09:23:47 -0500] "GET /sipse/imagenes/cargando.gif HTTP/1.1" 200 36959
201.245.192.253 - - [16/Jul/2024:09:23:47 -0500] "GET /sipse/imagenes/logoAplicacion.jpg HTTP/1.1" 200 155084
201.245.192.253 - - [16/Jul/2024:09:23:49 -0500] "GET /sipse/faces/javax.faces.resource/images/ui-bg_flat_0_2d5972_40x100.png?ln=primefaces-aristo HTTP/1.1" 200 183
201.245.192.253 - - [16/Jul/2024:09:23:49 -0500] "POST /sipse/faces/bienvenido.xhtml HTTP/1.1" 200 2658
201.245.192.253 - - [16/Jul/2024:09:23:51 -0500] "POST /sipse/faces/presentacion/sistema/seguridad/seleccionRol.xhtml HTTP/1.1" 200 6545
201.245.192.253 - - [16/Jul/2024:09:23:51 -0500] "POST /sipse/faces/presentacion/sistema/seguridad/seleccionRol.xhtml HTTP/1.1" 200 18780
201.245.192.253 - - [16/Jul/2024:09:23:51 -0500] "GET /sipse/js/jquery.min.js HTTP/1.1" 304 -
201.245.192.253 - - [16/Jul/2024:09:23:51 -0500] "GET /sipse/faces/javax.faces.resource/jquery/jquery.js?ln=primefaces&v=4.0 HTTP/1.1" 304 -
201.245.192.253 - - [16/Jul/2024:09:23:51 -0500] "POST /sipse/faces/bienvenido.xhtml HTTP/1.1" 200 62657
201.245.192.253 - - [16/Jul/2024:09:23:51 -0500] "GET /sipse/faces/javax.faces.resource/jquery/jquery-plugins.js?ln=primefaces&v=4.0 HTTP/1.1" 304 -
201.245.192.253 - - [16/Jul/2024:09:23:51 -0500] "GET /sipse/faces/javax.faces.resource/theme.css?ln=primefaces-sipse HTTP/1.1" 304 -
201.245.192.253 - - [16/Jul/2024:09:23:51 -0500] "GET /sipse/faces/javax.faces.resource/primefaces.css?ln=primefaces&v=4.0 HTTP/1.1" 304 -
201.245.192.253 - - [16/Jul/2024:09:23:51 -0500] "GET /sipse/faces/javax.faces.resource/layout/layout.css?ln=primefaces&v=4.0 HTTP/1.1" 304 -
201.245.192.253 - - [16/Jul/2024:09:23:52 -0500] "GET /sipse/faces/javax.faces.resource/jquery/jquery.js?ln=primefaces&v=4.0 HTTP/1.1" 304 -
201.245.192.253 - - [16/Jul/2024:09:23:52 -0500] "GET /sipse/faces/javax.faces.resource/jquery/jquery-plugins.js?ln=primefaces&v=4.0 HTTP/1.1" 304 -
201.245.192.253 - - [16/Jul/2024:09:23:52 -0500] "GET /sipse/faces/javax.faces.resource/primefaces.js?ln=primefaces&v=4.0 HTTP/1.1" 304 -
201.245.192.253 - - [16/Jul/2024:09:23:52 -0500] "GET /sipse/faces/javax.faces.resource/layout/layout.js?ln=primefaces&v=4.0 HTTP/1.1" 304 -
201.245.192.253 - - [16/Jul/2024:09:23:52 -0500] "GET /sipse/faces/javax.faces.resource/primefaces.js?ln=primefaces&v=4.0 HTTP/1.1" 304 -
201.245.192.253 - - [16/Jul/2024:09:23:52 -0500] "POST /sipse/faces/presentacion/financiero/solicitudProceso/listarSolicitudProceso.xhtml HTTP/1.1" 200 1556
201.245.192.253 - - [16/Jul/2024:09:23:52 -0500] "GET /sipse/faces/javax.faces.resource/layout/layout.js?ln=primefaces&v=4.0 HTTP/1.1" 304 -
201.245.192.253 - - [16/Jul/2024:09:23:52 -0500] "GET /sipse/css/v_mergente.css HTTP/1.1" 200 1505
201.245.192.253 - - [16/Jul/2024:09:23:52 -0500] "GET /sipse/css/imagen/contrasena.png HTTP/1.1" 404 383
201.245.192.253 - - [16/Jul/2024:09:23:52 -0500] "GET /sipse/imagenes/cargando.gif HTTP/1.1" 200 36959
201.245.192.253 - - [16/Jul/2024:09:23:52 -0500] "GET /sipse/imagenes/logoAplicacion.jpg HTTP/1.1" 200 155084
201.245.192.253 - - [16/Jul/2024:09:23:55 -0500] "GET /kwsrmcab/Wsrmcab?wsdl HTTP/1.1" 200 6948
186.29.32.138 - - [16/Jul/2024:09:23:55 -0500] "POST /sipse/faces/presentacion/financiero/solicitudProceso/listarSolicitudProceso.xhtml HTTP/1.1" 200 13573
186.29.32.138 - - [16/Jul/2024:09:23:59 -0500] "POST /sipse/faces/presentacion/financiero/solicitudProceso/listarSolicitudProceso.xhtml HTTP/1.1" 200 13573
186.29.32.138 - - [16/Jul/2024:09:24:04 -0500] "POST /sipse/faces/presentacion/financiero/solicitudProceso/listarSolicitudProceso.xhtml HTTP/1.1" 200 13573
40.77.167.13 - - [16/Jul/2024:09:24:09 -0500] "GET /pdc/actos/1791.pdf HTTP/1.1" 200 536656
186.29.32.138 - - [16/Jul/2024:09:24:11 -0500] "POST /sipse/faces/presentacion/financiero/solicitudProceso/listarSolicitudProceso.xhtml HTTP/1.1" 200 13573
186.29.32.138 - - [16/Jul/2024:09:24:15 -0500] "POST /sipse/faces/presentacion/financiero/solicitudProceso/listarSolicitudProceso.xhtml HTTP/1.1" 200 13471
186.29.32.138 - - [16/Jul/2024:09:24:20 -0500] "POST /sipse/faces/presentacion/financiero/solicitudProceso/listarSolicitudProceso.xhtml HTTP/1.1" 200 13467
201.245.192.253 - - [16/Jul/2024:09:24:21 -0500] "POST /sipse/faces/presentacion/financiero/solicitudProceso/consultarSolicitudProceso.xhtml HTTP/1.1" 200 5515
186.29.32.138 - - [16/Jul/2024:09:24:23 -0500] "POST /sipse/faces/presentacion/financiero/solicitudProceso/listarSolicitudProceso.xhtml HTTP/1.1" 200 13453
186.29.32.138 - - [16/Jul/2024:09:24:33 -0500] "POST /sipse/faces/presentacion/financiero/solicitudProceso/listarSolicitudProceso.xhtml HTTP/1.1" 200 13453
66.249.66.21 - - [16/Jul/2024:09:24:34 -0500] "GET /BLA/resoluciones/AUTOS%202008/2873.pdf HTTP/1.1" 200 228656
201.245.192.253 - - [16/Jul/2024:09:24:36 -0500] "GET /sipse/faces/index.xhtml HTTP/1.1" 200 677
201.245.192.253 - - [16/Jul/2024:09:24:36 -0500] "GET /sipse/faces/javax.faces.resource/theme.css?ln=primefaces-sipse HTTP/1.1" 304 -
201.245.192.253 - - [16/Jul/2024:09:24:37 -0500] "GET /sipse/faces/faces/autenticacion.xhtml HTTP/1.1" 200 12410
201.245.192.253 - - [16/Jul/2024:09:24:37 -0500] "GET /sipse/css/custom_css_sg.css HTTP/1.1" 304 -
201.245.192.253 - - [16/Jul/2024:09:24:37 -0500] "GET /sipse/js/funciones.js HTTP/1.1" 304 -
201.245.192.253 - - [16/Jul/2024:09:24:37 -0500] "GET /sipse/css/custom_css_sg_prime_login.css HTTP/1.1" 304 -
201.245.192.253 - - [16/Jul/2024:09:24:37 -0500] "GET /sipse/faces/javax.faces.resource/primefaces.css?ln=primefaces&v=4.0 HTTP/1.1" 304 -
201.245.192.253 - - [16/Jul/2024:09:24:37 -0500] "GET /sipse/faces/javax.faces.resource/theme.css?ln=primefaces-sipse HTTP/1.1" 304 -
201.245.192.253 - - [16/Jul/2024:09:24:37 -0500] "GET /sipse/faces/javax.faces.resource/layout/layout.css?ln=primefaces&v=4.0 HTTP/1.1" 304 -
201.245.192.253 - - [16/Jul/2024:09:24:37 -0500] "GET /sipse/js/disable_browser_buttons.js HTTP/1.1" 304 -
201.245.192.253 - - [16/Jul/2024:09:24:37 -0500] "GET /sipse/faces/javax.faces.resource/jquery/jquery.js?ln=primefaces&v=4.0 HTTP/1.1" 304 -
201.245.192.253 - - [16/Jul/2024:09:24:37 -0500] "GET /sipse/faces/javax.faces.resource/jquery/jquery-plugins.js?ln=primefaces&v=4.0 HTTP/1.1" 304 -
201.245.192.253 - - [16/Jul/2024:09:24:37 -0500] "GET /sipse/faces/javax.faces.resource/primefaces.js?ln=primefaces&v=4.0 HTTP/1.1" 304 -
201.245.192.253 - - [16/Jul/2024:09:24:37 -0500] "GET /sipse/faces/javax.faces.resource/layout/layout.js?ln=primefaces&v=4.0 HTTP/1.1" 304 -
201.245.192.253 - - [16/Jul/2024:09:24:37 -0500] "GET /sipse/faces/javax.faces.resource/images/ui-icons_898989_256x240.png?ln=primefaces-aristo HTTP/1.1" 304 -
201.245.192.253 - - [16/Jul/2024:09:24:37 -0500] "GET /sipse/css/imagen/loginimg.png HTTP/1.1" 304 -
201.245.192.253 - - [16/Jul/2024:09:24:37 -0500] "GET /sipse/css/imagen/logoSDG.png HTTP/1.1" 200 53064
186.29.32.138 - - [16/Jul/2024:09:24:38 -0500] "POST /sipse/faces/presentacion/financiero/solicitudProceso/listarSolicitudProceso.xhtml HTTP/1.1" 200 13453
186.29.32.138 - - [16/Jul/2024:09:24:41 -0500] "POST /sipse/faces/presentacion/financiero/solicitudProceso/listarSolicitudProceso.xhtml HTTP/1.1" 200 13491
66.249.66.19 - - [16/Jul/2024:09:24:42 -0500] "GET /BLA/resoluciones/AUTOS%202008/2883.pdf HTTP/1.1" 200 207924
201.244.137.228 - - [16/Jul/2024:09:24:42 -0500] "GET /appsia/controlador HTTP/1.1" 200 4799
201.244.137.228 - - [16/Jul/2024:09:24:45 -0500] "POST /appsia/controlador HTTP/1.1" 200 5437
201.244.137.228 - - [16/Jul/2024:09:24:48 -0500] "POST /appsia/controlador HTTP/1.1" 200 7791
186.29.32.138 - - [16/Jul/2024:09:24:48 -0500] "POST /sipse/faces/presentacion/financiero/solicitudProceso/listarSolicitudProceso.xhtml HTTP/1.1" 200 13495
201.244.137.228 - - [16/Jul/2024:09:24:50 -0500] "POST /appsia/controlador HTTP/1.1" 200 5256
201.245.192.253 - - [16/Jul/2024:09:24:47 -0500] "POST /kwsrmcab/Wsrmcab  HTTP/1.1" 200 213
201.244.137.228 - - [16/Jul/2024:09:24:51 -0500] "GET /appsia/controlador?comando=ingresarMenuPrincipal&id=1013615706&funcionario=JENNIFER+KARINA+VARGAS+MORENO&desde=1013615706&hasta=1013615706&version=1013615706&accion=Regresar HTTP/1.1" 200 5437
201.245.192.253 - - [16/Jul/2024:09:24:53 -0500] "POST /sipse/faces/autenticacion.xhtml HTTP/1.1" 200 16165
201.245.192.253 - - [16/Jul/2024:09:24:54 -0500] "GET /sipse/css/custom_css_sg_prime.css HTTP/1.1" 304 -
201.245.192.253 - - [16/Jul/2024:09:24:54 -0500] "GET /sipse/js/jquery.min.js HTTP/1.1" 304 -
201.245.192.253 - - [16/Jul/2024:09:24:54 -0500] "GET /sipse/faces/javax.faces.resource/jquery/jquery.js?ln=primefaces&v=4.0 HTTP/1.1" 304 -
201.245.192.253 - - [16/Jul/2024:09:24:54 -0500] "GET /sipse/faces/javax.faces.resource/jquery/jquery-plugins.js?ln=primefaces&v=4.0 HTTP/1.1" 304 -
201.245.192.253 - - [16/Jul/2024:09:24:54 -0500] "GET /sipse/faces/javax.faces.resource/primefaces.js?ln=primefaces&v=4.0 HTTP/1.1" 304 -
201.245.192.253 - - [16/Jul/2024:09:24:54 -0500] "GET /sipse/faces/javax.faces.resource/layout/layout.js?ln=primefaces&v=4.0 HTTP/1.1" 304 -
201.245.192.253 - - [16/Jul/2024:09:24:54 -0500] "GET /sipse/imagenes/logoAplicacion.jpg HTTP/1.1" 304 -
201.245.192.253 - - [16/Jul/2024:09:24:54 -0500] "GET /sipse/imagenes/cargando.gif HTTP/1.1" 200 36959
201.245.192.253 - - [16/Jul/2024:09:24:54 -0500] "GET /sipse/css/v_mergente.css HTTP/1.1" 304 -
201.245.192.253 - - [16/Jul/2024:09:24:54 -0500] "GET /sipse/css/imagen/contrasena.png HTTP/1.1" 404 383
201.245.192.253 - - [16/Jul/2024:09:24:54 -0500] "GET /sipse/faces/javax.faces.resource/messages/messages.png?ln=primefaces&v=4.0 HTTP/1.1" 304 -
201.245.192.253 - - [16/Jul/2024:09:24:55 -0500] "GET /kwsrmcab/Wsrmcab?wsdl HTTP/1.1" 200 6948
66.249.66.19 - - [16/Jul/2024:09:24:56 -0500] "GET /BLA/boletinlegal/Directivas/2014/Directiva%20No.%203%20del%2020%20de%20Mayo%20de%202014.pdf HTTP/1.1" 200 504420
66.249.66.19 - - [16/Jul/2024:09:24:57 -0500] "GET /BLA/resoluciones/RESOLUCIONES%202023/0552.pdf HTTP/1.1" 200 1630392
201.245.192.253 - - [16/Jul/2024:09:24:57 -0500] "POST /sipse/faces/bienvenido.xhtml HTTP/1.1" 200 1471
201.245.192.253 - - [16/Jul/2024:09:24:57 -0500] "GET /sipse/faces/javax.faces.resource/images/ui-bg_flat_0_2d5972_40x100.png?ln=primefaces-aristo HTTP/1.1" 304 -
186.29.32.138 - - [16/Jul/2024:09:24:57 -0500] "POST /sipse/faces/presentacion/financiero/solicitudProceso/listarSolicitudProceso.xhtml HTTP/1.1" 200 13491
66.249.66.19 - - [16/Jul/2024:09:24:57 -0500] "GET /BLA/resoluciones/AUTOS%202008/3225.pdf HTTP/1.1" 200 56447
66.249.66.19 - - [16/Jul/2024:09:24:58 -0500] "GET /BLA/resoluciones/RESOLUCIONES%202007/RES%202007%201201%20AL%201300/RESOLUCION%201276%20DE%202007.pdf HTTP/1.1" 200 489105
201.245.192.253 - - [16/Jul/2024:09:24:58 -0500] "POST /sipse/faces/bienvenido.xhtml HTTP/1.1" 200 60592
66.249.66.19 - - [16/Jul/2024:09:24:58 -0500] "GET /BLA/resoluciones/AUTOS%202008/3259.pdf HTTP/1.1" 200 63725
201.245.192.253 - - [16/Jul/2024:09:24:58 -0500] "GET /sipse/faces/javax.faces.resource/jquery/jquery.js?ln=primefaces&v=4.0 HTTP/1.1" 304 -
201.245.192.253 - - [16/Jul/2024:09:24:58 -0500] "GET /sipse/faces/javax.faces.resource/jquery/jquery-plugins.js?ln=primefaces&v=4.0 HTTP/1.1" 304 -
201.245.192.253 - - [16/Jul/2024:09:24:58 -0500] "GET /sipse/faces/javax.faces.resource/primefaces.js?ln=primefaces&v=4.0 HTTP/1.1" 304 -
201.245.192.253 - - [16/Jul/2024:09:24:58 -0500] "GET /sipse/faces/javax.faces.resource/layout/layout.js?ln=primefaces&v=4.0 HTTP/1.1" 304 -
66.249.66.19 - - [16/Jul/2024:09:24:59 -0500] "GET /BLA/resoluciones/AUTOS%202008/0923.pdf HTTP/1.1" 200 119008
201.245.192.253 - - [16/Jul/2024:09:24:58 -0500] "POST /sipse/faces/presentacion/financiero/solicitudProceso/listarSolicitudProceso.xhtml HTTP/1.1" 200 1556
66.249.66.19 - - [16/Jul/2024:09:24:59 -0500] "GET /BLA/resoluciones/AUTOS%202008/1444.pdf HTTP/1.1" 200 249140
186.29.32.138 - - [16/Jul/2024:09:24:59 -0500] "POST /sipse/faces/presentacion/financiero/solicitudProceso/listarSolicitudProceso.xhtml HTTP/1.1" 200 13541
66.249.66.19 - - [16/Jul/2024:09:24:59 -0500] "GET /BLA/resoluciones/AUTOS%202008/2740.pdf HTTP/1.1" 200 103050
66.249.66.19 - - [16/Jul/2024:09:25:00 -0500] "GET /BLA/resoluciones/AUTOS%202008/0741.pdf HTTP/1.1" 200 56087
66.249.66.19 - - [16/Jul/2024:09:25:00 -0500] "GET /BLA/resoluciones/AUTOS%202008/0013.pdf HTTP/1.1" 200 154698
66.249.66.21 - - [16/Jul/2024:09:25:01 -0500] "GET /BLA/resoluciones/AUTOS%202008/1885.pdf HTTP/1.1" 200 88410
66.249.66.19 - - [16/Jul/2024:09:25:01 -0500] "GET /BLA/resoluciones/AUTOS%202008/0810.pdf HTTP/1.1" 200 123977
66.249.66.20 - - [16/Jul/2024:09:25:02 -0500] "GET /BLA/resoluciones/AUTOS%202008/0932.pdf HTTP/1.1" 200 76973
66.249.66.19 - - [16/Jul/2024:09:25:02 -0500] "GET /BLA/resoluciones/AUTOS%202008/2522.pdf HTTP/1.1" 200 207957
201.245.192.253 - - [16/Jul/2024:09:25:02 -0500] "POST /sipse/faces/presentacion/financiero/solicitudProceso/listarSolicitudProceso.xhtml HTTP/1.1" 200 13338
66.249.66.21 - - [16/Jul/2024:09:25:03 -0500] "GET /BLA/resoluciones/AUTOS%202008/0719.pdf HTTP/1.1" 200 127268
66.249.66.20 - - [16/Jul/2024:09:25:03 -0500] "GET /BLA/resoluciones/AUTOS%202008/0497.pdf HTTP/1.1" 200 129226
66.249.66.20 - - [16/Jul/2024:09:25:04 -0500] "GET /BLA/resoluciones/AUTOS%202008/0573.pdf HTTP/1.1" 200 100856
186.29.32.138 - - [16/Jul/2024:09:25:03 -0500] "POST /sipse/faces/presentacion/financiero/solicitudProceso/listarSolicitudProceso.xhtml HTTP/1.1" 200 13541
66.249.66.20 - - [16/Jul/2024:09:25:04 -0500] "GET /BLA/resoluciones/RESOLUCIONES%202007/RES%202007%203401%20AL%203500/RESOLUCION%203442%20DE%202007.pdf HTTP/1.1" 200 554108
66.249.66.22 - - [16/Jul/2024:09:25:04 -0500] "GET /BLA/resoluciones/AUTOS%202008/0697.pdf HTTP/1.1" 200 91310
201.245.192.253 - - [16/Jul/2024:09:25:05 -0500] "POST /sipse/faces/presentacion/financiero/solicitudProceso/listarSolicitudProceso.xhtml HTTP/1.1" 200 30668
66.249.66.19 - - [16/Jul/2024:09:25:05 -0500] "GET /BLA/resoluciones/AUTOS%202008/1851.pdf HTTP/1.1" 200 330390
66.249.66.22 - - [16/Jul/2024:09:25:05 -0500] "GET /BLA/resoluciones/AUTOS%202008/0397.pdf HTTP/1.1" 200 153168
66.249.66.22 - - [16/Jul/2024:09:25:06 -0500] "GET /BLA/resoluciones/RESOLUCIONES%202007/RES%202007%20701%20AL%20800/RESOLUCION%200754%20DE%202007.pdf HTTP/1.1" 200 616125
186.29.32.138 - - [16/Jul/2024:09:25:06 -0500] "POST /sipse/faces/presentacion/financiero/solicitudProceso/listarSolicitudProceso.xhtml HTTP/1.1" 200 13591
66.249.66.19 - - [16/Jul/2024:09:25:06 -0500] "GET /BLA/resoluciones/AUTOS%202008/0614.pdf HTTP/1.1" 200 223850
66.249.66.22 - - [16/Jul/2024:09:25:07 -0500] "GET /BLA/resoluciones/AUTOS%202008/2864.pdf HTTP/1.1" 200 78909
66.249.66.21 - - [16/Jul/2024:09:25:07 -0500] "GET /BLA/resoluciones/AUTOS%202008/1199.pdf HTTP/1.1" 200 85512
66.249.66.21 - - [16/Jul/2024:09:25:08 -0500] "GET /BLA/resoluciones/RESOLUCIONES%202007/RES%202007%20701%20AL%20800/RESOLUCION%200705%20DE%202007.pdf HTTP/1.1" 200 1060513
66.249.66.21 - - [16/Jul/2024:09:25:08 -0500] "GET /BLA/resoluciones/AUTOS%202008/0802.pdf HTTP/1.1" 200 85548
66.249.66.23 - - [16/Jul/2024:09:25:09 -0500] "GET /BLA/resoluciones/AUTOS%202008/0528.pdf HTTP/1.1" 200 93866
201.245.192.253 - - [16/Jul/2024:09:25:09 -0500] "GET /sipse/faces/faces/faces/autenticacion HTTP/1.1" 302 -
201.245.192.253 - - [16/Jul/2024:09:25:09 -0500] "GET /sipse/faces/autenticacion.xhtml HTTP/1.1" 200 12410
201.245.192.253 - - [16/Jul/2024:09:25:09 -0500] "GET /sipse/faces/javax.faces.resource/layout/layout.css?ln=primefaces&v=4.0 HTTP/1.1" 304 -
201.245.192.253 - - [16/Jul/2024:09:25:09 -0500] "GET /sipse/faces/javax.faces.resource/jquery/jquery.js?ln=primefaces&v=4.0 HTTP/1.1" 304 -
201.245.192.253 - - [16/Jul/2024:09:25:09 -0500] "GET /sipse/faces/javax.faces.resource/primefaces.js?ln=primefaces&v=4.0 HTTP/1.1" 304 -
201.245.192.253 - - [16/Jul/2024:09:25:09 -0500] "GET /sipse/faces/javax.faces.resource/jquery/jquery-plugins.js?ln=primefaces&v=4.0 HTTP/1.1" 304 -
201.245.192.253 - - [16/Jul/2024:09:25:09 -0500] "GET /sipse/faces/javax.faces.resource/layout/layout.js?ln=primefaces&v=4.0 HTTP/1.1" 304 -
201.245.192.253 - - [16/Jul/2024:09:25:09 -0500] "GET /sipse/faces/javax.faces.resource/primefaces.css?ln=primefaces&v=4.0 HTTP/1.1" 200 53295
201.245.192.253 - - [16/Jul/2024:09:25:09 -0500] "GET /sipse/faces/javax.faces.resource/theme.css?ln=primefaces-sipse HTTP/1.1" 200 50058
201.245.192.253 - - [16/Jul/2024:09:25:09 -0500] "GET /sipse/faces/javax.faces.resource/images/ui-icons_898989_256x240.png?ln=primefaces-aristo HTTP/1.1" 200 5355
201.245.192.253 - - [16/Jul/2024:09:25:09 -0500] "GET /favicon.ico HTTP/1.1" 200 7782
66.249.66.21 - - [16/Jul/2024:09:25:09 -0500] "GET /BLA/resoluciones/RESOLUCIONES%202007/RES%202007%20501%20AL%20600/RESOLUCION%200590%20DE%202007.pdf HTTP/1.1" 200 874805
66.249.66.1 - - [16/Jul/2024:09:25:10 -0500] "GET /BLA/resoluciones/RESOLUCIONES%202007/RES%202007%20501%20AL%20600/RESOLUCION%200553%20DE%202007.pdf HTTP/1.1" 200 557963
66.249.66.23 - - [16/Jul/2024:09:25:10 -0500] "GET /BLA/resoluciones/AUTOS%202008/0559.pdf HTTP/1.1" 200 294289
66.249.66.22 - - [16/Jul/2024:09:25:11 -0500] "GET /BLA/resoluciones/AUTOS%202008/2262.pdf HTTP/1.1" 200 204368
66.249.66.1 - - [16/Jul/2024:09:25:11 -0500] "GET /BLA/resoluciones/AUTOS%202008/1698.pdf HTTP/1.1" 200 95894
66.249.66.21 - - [16/Jul/2024:09:25:11 -0500] "GET /BLA/resoluciones/AUTOS%202008/2725.pdf HTTP/1.1" 200 205566
66.249.66.22 - - [16/Jul/2024:09:25:12 -0500] "GET /BLA/resoluciones/AUTOS%202008/1834.pdf HTTP/1.1" 200 302872
201.245.192.253 - - [16/Jul/2024:09:25:12 -0500] "POST /sipse/faces/presentacion/financiero/solicitudProceso/listarSolicitudProceso.xhtml HTTP/1.1" 200 136282
201.245.192.253 - - [16/Jul/2024:09:25:12 -0500] "GET /sipse/faces/javax.faces.resource/jquery/jquery.js?ln=primefaces&v=4.0 HTTP/1.1" 304 -
201.245.192.253 - - [16/Jul/2024:09:25:12 -0500] "GET /sipse/faces/javax.faces.resource/jquery/jquery-plugins.js?ln=primefaces&v=4.0 HTTP/1.1" 304 -
66.249.66.19 - - [16/Jul/2024:09:25:12 -0500] "GET /BLA/resoluciones/RESOLUCIONES%202007/RES%202007%201501%20AL%201600/RESOLUCION%201563%20DE%202007.pdf HTTP/1.1" 200 526531
201.245.192.253 - - [16/Jul/2024:09:25:12 -0500] "GET /sipse/faces/javax.faces.resource/primefaces.js?ln=primefaces&v=4.0 HTTP/1.1" 304 -
201.245.192.253 - - [16/Jul/2024:09:25:12 -0500] "GET /sipse/faces/javax.faces.resource/layout/layout.js?ln=primefaces&v=4.0 HTTP/1.1" 304 -
66.249.66.22 - - [16/Jul/2024:09:25:13 -0500] "GET /BLA/resoluciones/AUTOS%202008/0216.pdf HTTP/1.1" 200 98135
66.249.66.22 - - [16/Jul/2024:09:25:13 -0500] "GET /BLA/resoluciones/AUTOS%202008/1554.pdf HTTP/1.1" 200 85457
66.249.66.19 - - [16/Jul/2024:09:25:14 -0500] "GET /BLA/resoluciones/AUTOS%202008/2733.pdf HTTP/1.1" 200 106835
66.249.66.22 - - [16/Jul/2024:09:25:14 -0500] "GET /BLA/resoluciones/AUTOS%202008/0456.pdf HTTP/1.1" 200 172132
66.249.66.22 - - [16/Jul/2024:09:25:15 -0500] "GET /BLA/resoluciones/AUTOS%202008/0444.pdf HTTP/1.1" 200 396329
66.249.66.20 - - [16/Jul/2024:09:25:15 -0500] "GET /BLA/resoluciones/AUTOS%202008/1010.pdf HTTP/1.1" 200 177018
201.245.192.253 - - [16/Jul/2024:09:25:15 -0500] "GET /sipse/faces/javax.faces.resource/images/ui-bg_flat_0_2d5972_40x100.png?ln=primefaces-aristo HTTP/1.1" 304 -
201.245.192.253 - - [16/Jul/2024:09:25:15 -0500] "POST /sipse/faces/bienvenido.xhtml HTTP/1.1" 200 3887
66.249.66.19 - - [16/Jul/2024:09:25:16 -0500] "GET /BLA/resoluciones/RESOLUCIONES%202007/RES%202007%20501%20AL%20600/RESOLUCION%200550%20DE%202007.pdf HTTP/1.1" 200 351948
186.29.32.138 - - [16/Jul/2024:09:25:16 -0500] "POST /sipse/faces/presentacion/financiero/solicitudProceso/listarSolicitudProceso.xhtml HTTP/1.1" 200 13591
66.249.66.20 - - [16/Jul/2024:09:25:16 -0500] "GET /BLA/resoluciones/AUTOS%202008/0503.pdf HTTP/1.1" 200 70198
66.249.66.20 - - [16/Jul/2024:09:25:16 -0500] "GET /BLA/resoluciones/AUTOS%202008/0850.pdf HTTP/1.1" 200 116181
201.245.192.253 - - [16/Jul/2024:09:25:17 -0500] "POST /sipse/faces/bienvenido.xhtml HTTP/1.1" 200 193
201.245.192.253 - - [16/Jul/2024:09:25:17 -0500] "GET /sipse/faces/presentacion/financiero/solicitudAnulacion/consultarSolicitudAnulacion.xhtml HTTP/1.1" 200 39496
201.245.192.253 - - [16/Jul/2024:09:25:17 -0500] "GET /sipse/faces/javax.faces.resource/theme.css?ln=primefaces-sipse HTTP/1.1" 304 -
201.245.192.253 - - [16/Jul/2024:09:25:17 -0500] "GET /sipse/faces/javax.faces.resource/layout/layout.css?ln=primefaces&v=4.0 HTTP/1.1" 200 542
201.245.192.253 - - [16/Jul/2024:09:25:17 -0500] "GET /sipse/faces/javax.faces.resource/primefaces.css?ln=primefaces&v=4.0 HTTP/1.1" 200 53295
66.249.66.21 - - [16/Jul/2024:09:25:17 -0500] "GET /BLA/resoluciones/AUTOS%202008/1187.pdf HTTP/1.1" 200 123473
201.245.192.253 - - [16/Jul/2024:09:25:17 -0500] "GET /sipse/faces/javax.faces.resource/jquery/jquery.js?ln=primefaces&v=4.0 HTTP/1.1" 304 -
201.245.192.253 - - [16/Jul/2024:09:25:17 -0500] "GET /sipse/faces/javax.faces.resource/jquery/jquery-plugins.js?ln=primefaces&v=4.0 HTTP/1.1" 304 -
201.245.192.253 - - [16/Jul/2024:09:25:17 -0500] "GET /sipse/faces/javax.faces.resource/primefaces.js?ln=primefaces&v=4.0 HTTP/1.1" 304 -
66.249.66.22 - - [16/Jul/2024:09:25:17 -0500] "GET /BLA/resoluciones/AUTOS%202008/0265.pdf HTTP/1.1" 200 33857
201.245.192.253 - - [16/Jul/2024:09:25:17 -0500] "GET /sipse/faces/javax.faces.resource/layout/layout.js?ln=primefaces&v=4.0 HTTP/1.1" 304 -
201.245.192.253 - - [16/Jul/2024:09:25:18 -0500] "GET /sipse/faces/javax.faces.resource/images/ui-icons_898989_256x240.png?ln=primefaces-aristo HTTP/1.1" 200 5355
201.245.192.253 - - [16/Jul/2024:09:25:18 -0500] "GET /sipse/faces/javax.faces.resource/images/ui-bg_flat_0_2d5972_40x100.png?ln=primefaces-aristo HTTP/1.1" 304 -
201.245.192.253 - - [16/Jul/2024:09:25:18 -0500] "POST /sipse/faces/presentacion/financiero/solicitudAnulacion/consultarSolicitudAnulacion.xhtml HTTP/1.1" 200 10620
172.22.2.4 - - [16/Jul/2024:09:24:28 -0500] "GET /BLA/boletinlegal/ HTTP/1.1" 200 36811
201.245.192.253 - - [16/Jul/2024:09:25:18 -0500] "POST /sipse/faces/autenticacion.xhtml HTTP/1.1" 200 2220
66.249.66.20 - - [16/Jul/2024:09:25:18 -0500] "GET /BLA/resoluciones/AUTOS%202008/2414.pdf HTTP/1.1" 200 94081
201.245.192.253 - - [16/Jul/2024:09:25:18 -0500] "GET /sipse/faces/javax.faces.resource/messages/messages.png?ln=primefaces&v=4.0 HTTP/1.1" 200 27209
216.244.66.195 - - [16/Jul/2024:09:25:18 -0500] "GET /BLA/resoluciones/RESOLUCIONES%202017/1776.pdf HTTP/1.1" 200 6879144
66.249.66.19 - - [16/Jul/2024:09:25:18 -0500] "GET /BLA/resoluciones/AUTOS%202008/0414.pdf HTTP/1.1" 200 248820
66.249.66.19 - - [16/Jul/2024:09:25:19 -0500] "GET /BLA/resoluciones/AUTOS%202008/0600.pdf HTTP/1.1" 200 62927
66.249.66.21 - - [16/Jul/2024:09:25:19 -0500] "GET /BLA/resoluciones/AUTOS%202008/0007.pdf HTTP/1.1" 200 84145
201.245.192.253 - - [16/Jul/2024:09:25:19 -0500] "POST /sipse/faces/presentacion/financiero/solicitudAnulacion/consultarSolicitudAnulacion.xhtml HTTP/1.1" 200 17021
66.249.66.21 - - [16/Jul/2024:09:25:20 -0500] "GET /BLA/resoluciones/RESOLUCIONES%202007/RES%202007%203701%20AL%203800/RESOLUCION%203762%20DE%202007.pdf HTTP/1.1" 200 68019
66.249.66.19 - - [16/Jul/2024:09:25:20 -0500] "GET /BLA/resoluciones/AUTOS%202008/1242.pdf HTTP/1.1" 200 68754
201.245.192.253 - - [16/Jul/2024:09:25:20 -0500] "POST /sipse/faces/autenticacion.xhtml HTTP/1.1" 200 16327
201.245.192.253 - - [16/Jul/2024:09:25:20 -0500] "GET /sipse/js/jquery.min.js HTTP/1.1" 200 85582
201.245.192.253 - - [16/Jul/2024:09:25:20 -0500] "GET /sipse/faces/javax.faces.resource/jquery/jquery.js?ln=primefaces&v=4.0 HTTP/1.1" 304 -
201.245.192.253 - - [16/Jul/2024:09:25:20 -0500] "GET /sipse/faces/javax.faces.resource/jquery/jquery-plugins.js?ln=primefaces&v=4.0 HTTP/1.1" 304 -
201.245.192.253 - - [16/Jul/2024:09:25:20 -0500] "GET /sipse/faces/javax.faces.resource/primefaces.js?ln=primefaces&v=4.0 HTTP/1.1" 304 -
201.245.192.253 - - [16/Jul/2024:09:25:20 -0500] "GET /sipse/faces/javax.faces.resource/layout/layout.js?ln=primefaces&v=4.0 HTTP/1.1" 304 -
66.249.66.21 - - [16/Jul/2024:09:25:21 -0500] "GET /BLA/resoluciones/AUTOS%202008/1024.pdf HTTP/1.1" 200 86948
186.29.32.138 - - [16/Jul/2024:09:25:21 -0500] "POST /sipse/faces/presentacion/financiero/solicitudProceso/listarSolicitudProceso.xhtml HTTP/1.1" 200 13496
66.249.66.19 - - [16/Jul/2024:09:25:21 -0500] "GET /BLA/resoluciones/AUTOS%202008/2790.pdf HTTP/1.1" 200 107194
66.249.66.19 - - [16/Jul/2024:09:25:21 -0500] "GET /BLA/resoluciones/RESOLUCIONES%202007/RES%202007%203701%20AL%203800/RESOLUCION%203726%20DE%202007.pdf HTTP/1.1" 200 568583
201.245.192.253 - - [16/Jul/2024:09:25:23 -0500] "GET /sipse/faces/javax.faces.resource/images/ui-bg_flat_0_2d5972_40x100.png?ln=primefaces-aristo HTTP/1.1" 200 183
201.245.192.253 - - [16/Jul/2024:09:25:23 -0500] "POST /sipse/faces/bienvenido.xhtml HTTP/1.1" 200 2658
201.245.192.253 - - [16/Jul/2024:09:25:24 -0500] "POST /sipse/faces/bienvenido.xhtml HTTP/1.1" 200 64640
201.245.192.253 - - [16/Jul/2024:09:25:24 -0500] "GET /sipse/js/jquery.min.js HTTP/1.1" 200 85582
201.245.192.253 - - [16/Jul/2024:09:25:24 -0500] "GET /sipse/faces/javax.faces.resource/jquery/jquery.js?ln=primefaces&v=4.0 HTTP/1.1" 304 -
201.245.192.253 - - [16/Jul/2024:09:25:24 -0500] "GET /sipse/faces/javax.faces.resource/jquery/jquery-plugins.js?ln=primefaces&v=4.0 HTTP/1.1" 304 -
201.245.192.253 - - [16/Jul/2024:09:25:25 -0500] "GET /sipse/faces/javax.faces.resource/primefaces.js?ln=primefaces&v=4.0 HTTP/1.1" 304 -
201.245.192.253 - - [16/Jul/2024:09:25:25 -0500] "GET /sipse/faces/javax.faces.resource/layout/layout.js?ln=primefaces&v=4.0 HTTP/1.1" 304 -
201.245.192.253 - - [16/Jul/2024:09:25:25 -0500] "POST /sipse/faces/presentacion/financiero/solicitudProceso/listarSolicitudProceso.xhtml HTTP/1.1" 200 1556
186.29.32.138 - - [16/Jul/2024:09:25:26 -0500] "POST /sipse/faces/presentacion/financiero/solicitudProceso/listarSolicitudProceso.xhtml HTTP/1.1" 200 13496
201.245.192.253 - - [16/Jul/2024:09:25:27 -0500] "POST /sipse/faces/presentacion/financiero/solicitudProceso/listarSolicitudProceso.xhtml HTTP/1.1" 200 31406
186.29.32.138 - - [16/Jul/2024:09:25:28 -0500] "POST /sipse/faces/presentacion/financiero/solicitudProceso/listarSolicitudProceso.xhtml HTTP/1.1" 200 13475
201.245.192.253 - - [16/Jul/2024:09:25:30 -0500] "POST /sipse/faces/presentacion/financiero/solicitudProceso/listarSolicitudProceso.xhtml HTTP/1.1" 200 16517
216.244.66.195 - - [16/Jul/2024:09:25:31 -0500] "GET /BLA/resoluciones/RESOLUCIONES%202017/1979.pdf HTTP/1.1" 200 393047
186.29.32.138 - - [16/Jul/2024:09:25:31 -0500] "POST /sipse/faces/presentacion/financiero/solicitudProceso/listarSolicitudProceso.xhtml HTTP/1.1" 200 13475
172.169.206.131 - - [16/Jul/2024:09:25:32 -0500] "GET /portal/redlion HTTP/1.1" 404 1018
186.29.32.138 - - [16/Jul/2024:09:25:37 -0500] "POST /sipse/faces/presentacion/financiero/solicitudProceso/listarSolicitudProceso.xhtml HTTP/1.1" 200 13475
201.245.192.253 - - [16/Jul/2024:09:25:38 -0500] "POST /sipse/faces/presentacion/financiero/solicitudProceso/consultarSolicitudProceso.xhtml HTTP/1.1" 200 5537
201.245.192.253 - - [16/Jul/2024:09:25:38 -0500] "GET /sipse/faces/javax.faces.resource/dynamiccontent.properties?ln=primefaces&pfdrid=XjOR5%2F%2FfPAZAuY9TpWQeCiM0BhlXxYRBGKi%2FQcXXfeA%3D&pfdrid_c=false HTTP/1.1" 200 110043
186.29.32.138 - - [16/Jul/2024:09:25:39 -0500] "POST /sipse/faces/presentacion/financiero/solicitudProceso/listarSolicitudProceso.xhtml HTTP/1.1" 200 13523
152.53.47.86 - - [16/Jul/2024:09:25:40 -0500] "GET /Publicaciones/2024EE41505.pdf HTTP/1.1" 404 227
201.245.192.253 - - [16/Jul/2024:09:25:42 -0500] "POST /sipse/faces/presentacion/financiero/solicitudProceso/listarSolicitudProceso.xhtml HTTP/1.1" 200 128525
201.245.192.253 - - [16/Jul/2024:09:25:42 -0500] "GET /sipse/faces/javax.faces.resource/jquery/jquery.js?ln=primefaces&v=4.0 HTTP/1.1" 304 -
201.245.192.253 - - [16/Jul/2024:09:25:43 -0500] "GET /sipse/faces/javax.faces.resource/jquery/jquery-plugins.js?ln=primefaces&v=4.0 HTTP/1.1" 304 -
201.245.192.253 - - [16/Jul/2024:09:25:43 -0500] "GET /sipse/faces/javax.faces.resource/primefaces.js?ln=primefaces&v=4.0 HTTP/1.1" 304 -
201.245.192.253 - - [16/Jul/2024:09:25:43 -0500] "GET /sipse/faces/javax.faces.resource/layout/layout.js?ln=primefaces&v=4.0 HTTP/1.1" 304 -
201.245.192.253 - - [16/Jul/2024:09:25:43 -0500] "GET /sipse/faces/javax.faces.resource/dynamiccontent.properties?ln=primefaces&pfdrid=XjOR5%2F%2FfPAZAuY9TpWQeCiM0BhlXxYRBGKi%2FQcXXfeA%3D&pfdrid_c=false HTTP/1.1" 500 383
216.244.66.195 - - [16/Jul/2024:09:25:45 -0500] "GET /BLA/resoluciones/RESOLUCIONES%202017/2102.pdf HTTP/1.1" 200 419528
66.249.66.23 - - [16/Jul/2024:09:25:51 -0500] "GET /BLA/resoluciones/RESOLUCIONES%202023/0145.pdf HTTP/1.1" 200 402315
186.29.32.138 - - [16/Jul/2024:09:25:53 -0500] "POST /sipse/faces/presentacion/financiero/solicitudProceso/listarSolicitudProceso.xhtml HTTP/1.1" 200 13523
201.245.192.253 - - [16/Jul/2024:09:25:55 -0500] "GET /kwsrmcab/Wsrmcab?wsdl HTTP/1.1" 200 6948
216.244.66.195 - - [16/Jul/2024:09:25:56 -0500] "GET /BLA/resoluciones/RESOLUCIONES%202017/2563.pdf HTTP/1.1" 200 4188231
186.29.32.138 - - [16/Jul/2024:09:25:56 -0500] "POST /sipse/faces/presentacion/financiero/solicitudProceso/listarSolicitudProceso.xhtml HTTP/1.1" 200 13615
66.249.66.23 - - [16/Jul/2024:09:25:57 -0500] "GET /BLA/resoluciones/AUTOS%202008/2149.pdf HTTP/1.1" 200 75822
66.249.66.22 - - [16/Jul/2024:09:25:58 -0500] "GET /BLA/resoluciones/AUTOS%202008/0770.pdf HTTP/1.1" 200 183964
66.249.66.19 - - [16/Jul/2024:09:25:58 -0500] "GET /BLA/resoluciones/RESOLUCIONES%202023/1832.pdf HTTP/1.1" 200 366696
66.249.66.20 - - [16/Jul/2024:09:25:59 -0500] "GET /BLA/resoluciones/AUTOS%202008/1408.pdf HTTP/1.1" 200 202290
66.249.66.21 - - [16/Jul/2024:09:25:59 -0500] "GET /BLA/resoluciones/RESOLUCIONES%202023/02794.pdf HTTP/1.1" 200 8119828
201.245.192.253 - - [16/Jul/2024:09:26:00 -0500] "POST /sipse/faces/presentacion/financiero/solicitudProceso/consultarSolicitudProceso.xhtml HTTP/1.1" 200 25999
201.245.192.253 - - [16/Jul/2024:09:26:00 -0500] "GET /sipse/faces/javax.faces.resource/theme.css?ln=primefaces-sipse HTTP/1.1" 304 -
201.245.192.253 - - [16/Jul/2024:09:26:00 -0500] "GET /sipse/faces/javax.faces.resource/primefaces.css?ln=primefaces&v=4.0 HTTP/1.1" 304 -
201.245.192.253 - - [16/Jul/2024:09:26:00 -0500] "GET /sipse/faces/javax.faces.resource/layout/layout.css?ln=primefaces&v=4.0 HTTP/1.1" 304 -
201.245.192.253 - - [16/Jul/2024:09:26:00 -0500] "GET /sipse/faces/javax.faces.resource/jquery/jquery-plugins.js?ln=primefaces&v=4.0 HTTP/1.1" 304 -
201.245.192.253 - - [16/Jul/2024:09:26:00 -0500] "GET /sipse/faces/javax.faces.resource/primefaces.js?ln=primefaces&v=4.0 HTTP/1.1" 304 -
201.245.192.253 - - [16/Jul/2024:09:26:00 -0500] "GET /sipse/faces/javax.faces.resource/jquery/jquery.js?ln=primefaces&v=4.0 HTTP/1.1" 304 -
201.245.192.253 - - [16/Jul/2024:09:26:00 -0500] "GET /sipse/faces/javax.faces.resource/layout/layout.js?ln=primefaces&v=4.0 HTTP/1.1" 304 -
201.245.192.253 - - [16/Jul/2024:09:26:00 -0500] "GET /sipse/faces/javax.faces.resource/images/ui-icons_898989_256x240.png?ln=primefaces-aristo HTTP/1.1" 304 -
186.29.32.138 - - [16/Jul/2024:09:26:05 -0500] "POST /sipse/faces/presentacion/financiero/solicitudProceso/listarSolicitudProceso.xhtml HTTP/1.1" 200 13619
66.249.66.6 - - [16/Jul/2024:09:26:07 -0500] "GET /BLA/resoluciones/RESOLUCIONES%202023/1017.pdf HTTP/1.1" 200 434659
186.29.32.138 - - [16/Jul/2024:09:26:10 -0500] "POST /sipse/faces/presentacion/financiero/solicitudProceso/listarSolicitudProceso.xhtml HTTP/1.1" 200 13615
201.245.192.253 - - [16/Jul/2024:09:26:11 -0500] "GET /sipse/faces/javax.faces.resource/images/ui-bg_flat_0_2d5972_40x100.png?ln=primefaces-aristo HTTP/1.1" 304 -
201.245.192.253 - - [16/Jul/2024:09:26:11 -0500] "POST /sipse/faces/presentacion/financiero/solicitudProceso/registrarAnotacion.xhtml HTTP/1.1" 200 133076
201.245.192.253 - - [16/Jul/2024:09:26:11 -0500] "GET /sipse/faces/javax.faces.resource/jquery/jquery.js?ln=primefaces&v=4.0 HTTP/1.1" 304 -
201.245.192.253 - - [16/Jul/2024:09:26:11 -0500] "GET /sipse/faces/javax.faces.resource/jquery/jquery-plugins.js?ln=primefaces&v=4.0 HTTP/1.1" 304 -
201.245.192.253 - - [16/Jul/2024:09:26:11 -0500] "GET /sipse/faces/javax.faces.resource/primefaces.js?ln=primefaces&v=4.0 HTTP/1.1" 304 -
201.245.192.253 - - [16/Jul/2024:09:26:11 -0500] "GET /sipse/faces/javax.faces.resource/layout/layout.js?ln=primefaces&v=4.0 HTTP/1.1" 304 -
201.245.192.253 - - [16/Jul/2024:09:26:12 -0500] "GET /sipse/faces/javax.faces.resource/dynamiccontent.properties?ln=primefaces&pfdrid=XjOR5%2F%2FfPAZAuY9TpWQeCiM0BhlXxYRBGKi%2FQcXXfeA%3D&pfdrid_c=false HTTP/1.1" 500 383
186.29.32.138 - - [16/Jul/2024:09:26:14 -0500] "POST /sipse/faces/presentacion/financiero/solicitudProceso/listarSolicitudProceso.xhtml HTTP/1.1" 200 13619
201.245.192.253 - - [16/Jul/2024:09:26:14 -0500] "POST /sipse/faces/presentacion/financiero/solicitudProceso/consultarSolicitudProceso.xhtml HTTP/1.1" 200 64812
201.245.192.253 - - [16/Jul/2024:09:26:16 -0500] "GET /sipse/faces/javax.faces.resource/jquery/jquery.js?ln=primefaces&v=4.0 HTTP/1.1" 304 -
201.245.192.253 - - [16/Jul/2024:09:26:16 -0500] "GET /sipse/faces/javax.faces.resource/jquery/jquery-plugins.js?ln=primefaces&v=4.0 HTTP/1.1" 304 -
201.245.192.253 - - [16/Jul/2024:09:26:16 -0500] "GET /sipse/faces/javax.faces.resource/primefaces.js?ln=primefaces&v=4.0 HTTP/1.1" 304 -
201.245.192.253 - - [16/Jul/2024:09:26:16 -0500] "GET /sipse/faces/javax.faces.resource/layout/layout.js?ln=primefaces&v=4.0 HTTP/1.1" 304 -
201.245.192.253 - - [16/Jul/2024:09:26:17 -0500] "GET /sipse/faces/javax.faces.resource/messages/messages.png?ln=primefaces&v=4.0 HTTP/1.1" 304 -
201.245.192.253 - - [16/Jul/2024:09:26:17 -0500] "POST /sipse/faces/presentacion/financiero/solicitudProceso/listarSolicitudProceso.xhtml HTTP/1.1" 200 1556
216.244.66.195 - - [16/Jul/2024:09:26:20 -0500] "GET /BLA/resoluciones/RESOLUCIONES%202017/2789.pdf HTTP/1.1" 200 254238
186.29.32.138 - - [16/Jul/2024:09:26:22 -0500] "POST /sipse/faces/presentacion/financiero/solicitudProceso/listarSolicitudProceso.xhtml HTTP/1.1" 200 13619
186.29.32.138 - - [16/Jul/2024:09:26:25 -0500] "POST /sipse/faces/presentacion/financiero/solicitudProceso/listarSolicitudProceso.xhtml HTTP/1.1" 200 13619
186.29.32.138 - - [16/Jul/2024:09:26:37 -0500] "POST /sipse/faces/presentacion/financiero/solicitudProceso/listarSolicitudProceso.xhtml HTTP/1.1" 200 13615
216.244.66.195 - - [16/Jul/2024:09:26:39 -0500] "GET /BLA/resoluciones/RESOLUCIONES%202017/2918.pdf HTTP/1.1" 200 297700
201.245.192.253 - - [16/Jul/2024:09:26:40 -0500] "POST /sipse/faces/presentacion/financiero/solicitudProceso/listarSolicitudProceso.xhtml HTTP/1.1" 200 133089
201.245.192.253 - - [16/Jul/2024:09:26:40 -0500] "GET /sipse/faces/javax.faces.resource/jquery/jquery.js?ln=primefaces&v=4.0 HTTP/1.1" 304 -
201.245.192.253 - - [16/Jul/2024:09:26:41 -0500] "GET /sipse/faces/javax.faces.resource/jquery/jquery-plugins.js?ln=primefaces&v=4.0 HTTP/1.1" 304 -
186.29.32.138 - - [16/Jul/2024:09:26:40 -0500] "POST /sipse/faces/presentacion/financiero/solicitudProceso/listarSolicitudProceso.xhtml HTTP/1.1" 200 13481
201.245.192.253 - - [16/Jul/2024:09:26:41 -0500] "GET /sipse/faces/javax.faces.resource/primefaces.js?ln=primefaces&v=4.0 HTTP/1.1" 304 -
201.245.192.253 - - [16/Jul/2024:09:26:41 -0500] "GET /sipse/faces/javax.faces.resource/layout/layout.js?ln=primefaces&v=4.0 HTTP/1.1" 304 -
201.245.192.253 - - [16/Jul/2024:09:26:41 -0500] "GET /sipse/faces/javax.faces.resource/dynamiccontent.properties?ln=primefaces&pfdrid=XjOR5%2F%2FfPAZAuY9TpWQeCiM0BhlXxYRBGKi%2FQcXXfeA%3D&pfdrid_c=false HTTP/1.1" 500 383
186.29.32.138 - - [16/Jul/2024:09:26:45 -0500] "POST /sipse/faces/presentacion/financiero/solicitudProceso/listarSolicitudProceso.xhtml HTTP/1.1" 200 13481
186.29.32.138 - - [16/Jul/2024:09:26:47 -0500] "POST /sipse/faces/presentacion/financiero/solicitudProceso/listarSolicitudProceso.xhtml HTTP/1.1" 200 13531
186.29.32.138 - - [16/Jul/2024:09:26:54 -0500] "POST /sipse/faces/presentacion/financiero/solicitudProceso/listarSolicitudProceso.xhtml HTTP/1.1" 200 13531
201.245.192.253 - - [16/Jul/2024:09:26:55 -0500] "GET /kwsrmcab/Wsrmcab?wsdl HTTP/1.1" 200 6948
186.29.32.138 - - [16/Jul/2024:09:26:56 -0500] "POST /sipse/faces/presentacion/financiero/solicitudProceso/listarSolicitudProceso.xhtml HTTP/1.1" 200 13449
216.244.66.195 - - [16/Jul/2024:09:26:57 -0500] "GET /BLA/resoluciones/RESOLUCIONES%202017/2963.pdf HTTP/1.1" 200 1041973
201.245.192.253 - - [16/Jul/2024:09:26:57 -0500] "POST /sipse/faces/presentacion/financiero/solicitudProceso/consultarSolicitudProceso.xhtml HTTP/1.1" 200 3157221
216.245.221.92 - - [16/Jul/2024:09:26:59 -0500] "HEAD / HTTP/1.1" 200 -
186.29.32.138 - - [16/Jul/2024:09:27:00 -0500] "POST /sipse/faces/presentacion/financiero/solicitudProceso/listarSolicitudProceso.xhtml HTTP/1.1" 200 13445
186.29.32.138 - - [16/Jul/2024:09:27:03 -0500] "POST /sipse/faces/presentacion/financiero/solicitudProceso/listarSolicitudProceso.xhtml HTTP/1.1" 200 13454
216.244.66.195 - - [16/Jul/2024:09:27:14 -0500] "GET /BLA/resoluciones/RESOLUCIONES%202017/3235.pdf HTTP/1.1" 200 364647
66.249.66.20 - - [16/Jul/2024:09:27:16 -0500] "GET /BLA/resoluciones/AUTOS%202008/1038.pdf HTTP/1.1" 200 86052
201.245.192.253 - - [16/Jul/2024:09:27:19 -0500] "POST /sipse/faces/presentacion/financiero/solicitudProceso/consultarSolicitudProceso.xhtml HTTP/1.1" 200 88796
186.29.32.138 - - [16/Jul/2024:09:27:21 -0500] "POST /sipse/faces/presentacion/financiero/solicitudProceso/listarSolicitudProceso.xhtml HTTP/1.1" 200 13458
186.29.32.138 - - [16/Jul/2024:09:27:25 -0500] "POST /sipse/faces/presentacion/financiero/solicitudProceso/listarSolicitudProceso.xhtml HTTP/1.1" 200 13518
66.249.66.20 - - [16/Jul/2024:09:27:25 -0500] "GET /BLA/resoluciones/RESOLUCIONES%202023/0074.pdf HTTP/1.1" 200 588424
216.244.66.195 - - [16/Jul/2024:09:27:29 -0500] "GET /BLA/resoluciones/RESOLUCIONES%202017/3667.pdf HTTP/1.1" 200 333450
66.249.66.19 - - [16/Jul/2024:09:27:35 -0500] "GET /BLA/resoluciones/AUTOS%202008/1665.pdf HTTP/1.1" 200 69023
216.244.66.195 - - [16/Jul/2024:09:27:44 -0500] "GET /BLA/resoluciones/RESOLUCIONES%202019/0976.pdf HTTP/1.1" 200 274933
201.245.192.253 - - [16/Jul/2024:09:27:47 -0500] "POST /sipse/faces/presentacion/financiero/solicitudProceso/consultar.xhtml HTTP/1.1" 200 23089
201.245.192.253 - - [16/Jul/2024:09:27:48 -0500] "POST /sipse/faces/presentacion/financiero/solicitudProceso/consultar.xhtml HTTP/1.1" 200 12882
201.245.192.253 - - [16/Jul/2024:09:27:55 -0500] "GET /kwsrmcab/Wsrmcab?wsdl HTTP/1.1" 200 6948
216.244.66.195 - - [16/Jul/2024:09:27:58 -0500] "GET /BLA/resoluciones/RESOLUCIONES%202019/1783.pdf HTTP/1.1" 200 603774
201.245.192.253 - - [16/Jul/2024:09:27:59 -0500] "POST /sipse/faces/presentacion/financiero/solicitudProceso/consultar.xhtml HTTP/1.1" 200 23089
