66.249.66.21 - - [16/Jul/2024:05:25:03 -0500] "GET /BLA/resoluciones/AUTOS%202008/2934.pdf HTTP/1.1" 200 63222
66.249.66.21 - - [16/Jul/2024:05:25:03 -0500] "GET /BLA/resoluciones/AUTOS%202008/0276.pdf HTTP/1.1" 200 256722
66.249.66.20 - - [16/Jul/2024:05:25:04 -0500] "GET /BLA/resoluciones/RESOLUCIONES%202007/RES%202007%201501%20AL%201600/RESOLUCION%201552%20DE%202007.pdf HTTP/1.1" 200 982425
66.249.66.19 - - [16/Jul/2024:05:25:04 -0500] "GET /BLA/resoluciones/AUTOS%202008/0961.pdf HTTP/1.1" 200 85477
66.249.66.20 - - [16/Jul/2024:05:25:05 -0500] "GET /BLA/resoluciones/AUTOS%202008/0306.pdf HTTP/1.1" 200 110574
66.249.66.20 - - [16/Jul/2024:05:25:05 -0500] "GET /BLA/resoluciones/AUTOS%202008/2027.pdf HTTP/1.1" 200 139204
66.249.66.21 - - [16/Jul/2024:05:25:06 -0500] "GET /BLA/resoluciones/RESOLUCIONES%202007/RES%202007%203701%20AL%203800/RESOLUCION%203734%20DE%202007.pdf HTTP/1.1" 200 517372
66.249.66.19 - - [16/Jul/2024:05:25:06 -0500] "GET /BLA/resoluciones/AUTOS%202008/1607.pdf HTTP/1.1" 200 66621
66.249.66.23 - - [16/Jul/2024:05:25:07 -0500] "GET /BLA/resoluciones/AUTOS%202008/2731.pdf HTTP/1.1" 200 99928
66.249.66.22 - - [16/Jul/2024:05:25:07 -0500] "GET /BLA/resoluciones/AUTOS%202008/0808.pdf HTTP/1.1" 200 105557
66.249.66.21 - - [16/Jul/2024:05:25:08 -0500] "GET /BLA/resoluciones/AUTOS%202020/3694.pdf HTTP/1.1" 200 347650
66.249.66.23 - - [16/Jul/2024:05:25:08 -0500] "GET /BLA/resoluciones/RESOLUCIONES%202007/RES%202007%20701%20AL%20800/RESOLUCION%200779%20DE%202007.pdf HTTP/1.1" 200 201244
66.249.66.22 - - [16/Jul/2024:05:25:08 -0500] "GET /BLA/resoluciones/AUTOS%202008/2355.pdf HTTP/1.1" 200 181100
66.249.66.22 - - [16/Jul/2024:05:25:09 -0500] "GET /BLA/resoluciones/AUTOS%202008/3240.pdf HTTP/1.1" 200 60880
66.249.66.23 - - [16/Jul/2024:05:25:10 -0500] "GET /BLA/resoluciones/AUTOS%202008/3356.pdf HTTP/1.1" 200 102704
66.249.66.20 - - [16/Jul/2024:05:25:10 -0500] "GET /BLA/resoluciones/AUTOS%202008/1591.pdf HTTP/1.1" 200 138549
66.249.66.19 - - [16/Jul/2024:05:25:11 -0500] "GET /BLA/resoluciones/AUTOS%202008/0738.pdf HTTP/1.1" 200 78576
66.249.66.19 - - [16/Jul/2024:05:25:11 -0500] "GET /BLA/resoluciones/AUTOS%202008/0369.pdf HTTP/1.1" 200 284164
66.249.66.21 - - [16/Jul/2024:05:25:11 -0500] "GET /BLA/resoluciones/AUTOS%202008/3268.pdf HTTP/1.1" 200 58616
66.249.66.19 - - [16/Jul/2024:05:25:12 -0500] "GET /BLA/resoluciones/RESOLUCIONES%202007/RES%202007%201501%20AL%201600/RESOLUCION%201531%20DE%202007.pdf HTTP/1.1" 200 469271
66.249.66.22 - - [16/Jul/2024:05:25:12 -0500] "GET /BLA/resoluciones/RESOLUCIONES%202007/RES%202007%20701%20AL%20800/RESOLUCION%200775%20DE%202007.pdf HTTP/1.1" 200 234185
66.249.66.20 - - [16/Jul/2024:05:25:13 -0500] "GET /BLA/resoluciones/RESOLUCIONES%202007/RES%202007%201501%20AL%201600/RESOLUCION%201568%20DE%202007.pdf HTTP/1.1" 200 534448
66.249.66.21 - - [16/Jul/2024:05:25:13 -0500] "GET /BLA/resoluciones/AUTOS%202008/2292.pdf HTTP/1.1" 200 118255
66.249.66.22 - - [16/Jul/2024:05:25:14 -0500] "GET /BLA/resoluciones/AUTOS%202008/1126.pdf HTTP/1.1" 200 245042
66.249.66.19 - - [16/Jul/2024:05:25:14 -0500] "GET /BLA/resoluciones/AUTOS%202008/1732.pdf HTTP/1.1" 200 177968
66.249.66.21 - - [16/Jul/2024:05:25:15 -0500] "GET /BLA/resoluciones/RESOLUCIONES%202007/RES%202007%20701%20AL%20800/RESOLUCION%200732%20DE%202007.pdf HTTP/1.1" 200 233131
66.249.66.21 - - [16/Jul/2024:05:25:15 -0500] "GET /BLA/resoluciones/AUTOS%202008/3330.pdf HTTP/1.1" 200 55431
66.249.66.20 - - [16/Jul/2024:05:25:16 -0500] "GET /BLA/resoluciones/AUTOS%202008/1350.pdf HTTP/1.1" 200 177178
66.249.66.19 - - [16/Jul/2024:05:25:16 -0500] "GET /BLA/resoluciones/RESOLUCIONES%202007/RES%202007%201501%20AL%201600/RESOLUCION%201513%20DE%202007.pdf HTTP/1.1" 200 573325
66.249.66.21 - - [16/Jul/2024:05:25:16 -0500] "GET /BLA/resoluciones/AUTOS%202008/2180.pdf HTTP/1.1" 200 61951
66.249.66.21 - - [16/Jul/2024:05:25:17 -0500] "GET /BLA/resoluciones/AUTOS%202008/0812.pdf HTTP/1.1" 200 82731
66.249.66.21 - - [16/Jul/2024:05:25:17 -0500] "GET /BLA/resoluciones/AUTOS%202008/2946.pdf HTTP/1.1" 200 50270
66.249.66.21 - - [16/Jul/2024:05:25:18 -0500] "GET /BLA/resoluciones/AUTOS%202008/2720.pdf HTTP/1.1" 200 81127
66.249.66.21 - - [16/Jul/2024:05:25:18 -0500] "GET /BLA/resoluciones/AUTOS%202008/1828.pdf HTTP/1.1" 200 188715
66.249.66.19 - - [16/Jul/2024:05:25:19 -0500] "GET /BLA/resoluciones/RESOLUCIONES%202007/RES%202007%203701%20AL%203800/RESOLUCION%203708%20DE%202007.pdf HTTP/1.1" 200 1162241
66.249.66.20 - - [16/Jul/2024:05:25:19 -0500] "GET /BLA/resoluciones/RESOLUCIONES%202007/RES%202007%20701%20AL%20800/RESOLUCION%200750%20DE%202007.pdf HTTP/1.1" 200 232815
66.249.66.19 - - [16/Jul/2024:05:25:20 -0500] "GET /BLA/resoluciones/AUTOS%202008/0839.pdf HTTP/1.1" 200 78232
66.249.66.20 - - [16/Jul/2024:05:25:20 -0500] "GET /BLA/resoluciones/AUTOS%202008/3170.pdf HTTP/1.1" 200 101483
66.249.66.22 - - [16/Jul/2024:05:25:21 -0500] "GET /BLA/resoluciones/RESOLUCIONES%202007/RES%202007%203701%20AL%203800/RESOLUCION%203727%20DE%202007.pdf HTTP/1.1" 200 1267106
66.249.66.21 - - [16/Jul/2024:05:25:21 -0500] "GET /BLA/resoluciones/AUTOS%202008/0467.pdf HTTP/1.1" 200 97716
66.249.66.21 - - [16/Jul/2024:05:25:22 -0500] "GET /BLA/resoluciones/RESOLUCIONES%202007/RES%202007%20701%20AL%20800/RESOLUCION%200730%20DE%202007.pdf HTTP/1.1" 200 229714
66.249.66.20 - - [16/Jul/2024:05:25:22 -0500] "GET /BLA/resoluciones/AUTOS%202008/0480.pdf HTTP/1.1" 200 140592
66.249.66.19 - - [16/Jul/2024:05:25:22 -0500] "GET /BLA/resoluciones/AUTOS%202008/2253.pdf HTTP/1.1" 200 191733
66.249.66.22 - - [16/Jul/2024:05:25:23 -0500] "GET /BLA/resoluciones/AUTOS%202008/0329.pdf HTTP/1.1" 200 79641
66.249.66.22 - - [16/Jul/2024:05:25:23 -0500] "GET /BLA/resoluciones/AUTOS%202008/0346.pdf HTTP/1.1" 200 190601
66.249.66.1 - - [16/Jul/2024:05:25:24 -0500] "GET /BLA/resoluciones/AUTOS%202008/2818.pdf HTTP/1.1" 200 58067
66.249.66.19 - - [16/Jul/2024:05:25:24 -0500] "GET /BLA/resoluciones/AUTOS%202008/0434.pdf HTTP/1.1" 200 170166
66.249.66.1 - - [16/Jul/2024:05:25:25 -0500] "GET /BLA/resoluciones/AUTOS%202008/1856.pdf HTTP/1.1" 200 244703
66.249.66.22 - - [16/Jul/2024:05:25:25 -0500] "GET /BLA/resoluciones/AUTOS%202008/1121.pdf HTTP/1.1" 200 166990
66.249.66.22 - - [16/Jul/2024:05:25:26 -0500] "GET /BLA/resoluciones/AUTOS%202008/0037.pdf HTTP/1.1" 200 155291
66.249.66.22 - - [16/Jul/2024:05:25:26 -0500] "GET /BLA/resoluciones/RESOLUCIONES%202007/RES%202007%203701%20AL%203800/RESOLUCION%203799%20DE%202007.pdf HTTP/1.1" 200 301498
66.249.66.21 - - [16/Jul/2024:05:25:27 -0500] "GET /BLA/resoluciones/RESOLUCIONES%202007/RES%202007%201726%20AL%201800/RESOLUCION%201777%20DE%202007.pdf HTTP/1.1" 200 1403969
66.249.66.22 - - [16/Jul/2024:05:25:27 -0500] "GET /BLA/resoluciones/AUTOS%202008/3283.pdf HTTP/1.1" 200 71905
66.249.66.23 - - [16/Jul/2024:05:25:27 -0500] "GET /BLA/resoluciones/AUTOS%202008/1739.pdf HTTP/1.1" 200 205740
66.249.66.1 - - [16/Jul/2024:05:25:28 -0500] "GET /BLA/resoluciones/RESOLUCIONES%202007/RES%202007%20701%20AL%20800/RESOLUCION%200783%20DE%202007.pdf HTTP/1.1" 200 466766
66.249.66.21 - - [16/Jul/2024:05:25:28 -0500] "GET /BLA/resoluciones/AUTOS%202008/3301.pdf HTTP/1.1" 200 51515
66.249.66.21 - - [16/Jul/2024:05:25:29 -0500] "GET /BLA/resoluciones/AUTOS%202008/1502.pdf HTTP/1.1" 200 300963
66.249.66.19 - - [16/Jul/2024:05:25:29 -0500] "GET /BLA/resoluciones/AUTOS%202008/2741.pdf HTTP/1.1" 200 101961
66.249.66.2 - - [16/Jul/2024:05:25:30 -0500] "GET /BLA/resoluciones/AUTOS%202008/2903.pdf HTTP/1.1" 200 102096
66.249.66.2 - - [16/Jul/2024:05:25:30 -0500] "GET /BLA/resoluciones/AUTOS%202008/2587.pdf HTTP/1.1" 200 79644
66.249.66.22 - - [16/Jul/2024:05:25:31 -0500] "GET /BLA/resoluciones/AUTOS%202008/0040.pdf HTTP/1.1" 200 82842
66.249.66.20 - - [16/Jul/2024:05:25:31 -0500] "GET /BLA/resoluciones/AUTOS%202008/0228.pdf HTTP/1.1" 200 107639
66.249.66.1 - - [16/Jul/2024:05:25:32 -0500] "GET /BLA/resoluciones/RESOLUCIONES%202007/RES%202007%203701%20AL%203800/RESOLUCION%203754%20DE%202007.pdf HTTP/1.1" 200 128098
66.249.66.23 - - [16/Jul/2024:05:25:32 -0500] "GET /BLA/resoluciones/AUTOS%202008/2759.pdf HTTP/1.1" 200 123838
66.249.66.20 - - [16/Jul/2024:05:25:32 -0500] "GET /BLA/resoluciones/RESOLUCIONES%202007/RES%202007%201501%20AL%201600/RESOLUCION%201589%20DE%202007.pdf HTTP/1.1" 200 718344
66.249.66.20 - - [16/Jul/2024:05:25:33 -0500] "GET /BLA/resoluciones/RESOLUCIONES%202007/RES%202007%201501%20AL%201600/RESOLUCION%201588%20DE%202007.pdf HTTP/1.1" 200 991198
66.249.66.22 - - [16/Jul/2024:05:25:33 -0500] "GET /BLA/resoluciones/AUTOS%202008/1246.pdf HTTP/1.1" 200 71641
66.249.66.21 - - [16/Jul/2024:05:25:34 -0500] "GET /BLA/resoluciones/AUTOS%202008/2165.pdf HTTP/1.1" 200 106481
66.249.66.19 - - [16/Jul/2024:05:25:34 -0500] "GET /BLA/resoluciones/RESOLUCIONES%202007/RES%202007%20101%20AL%20200/RESOLUCION%200185%20DE%202007.pdf HTTP/1.1" 200 336141
66.249.66.22 - - [16/Jul/2024:05:25:35 -0500] "GET /BLA/resoluciones/RESOLUCIONES%202007/RES%202007%201726%20AL%201800/RESOLUCION%201784%20DE%202007.pdf HTTP/1.1" 200 106309
66.249.66.1 - - [16/Jul/2024:05:25:35 -0500] "GET /BLA/resoluciones/RESOLUCIONES%202007/RES%202007%20701%20AL%20800/RESOLUCION%200794%20DE%202007.pdf HTTP/1.1" 200 94272
66.249.66.1 - - [16/Jul/2024:05:25:36 -0500] "GET /BLA/resoluciones/AUTOS%202008/2843.pdf HTTP/1.1" 200 59849
66.249.66.4 - - [16/Jul/2024:05:25:36 -0500] "GET /BLA/resoluciones/AUTOS%202008/1171.pdf HTTP/1.1" 200 217244
66.249.66.4 - - [16/Jul/2024:05:25:37 -0500] "GET /BLA/resoluciones/AUTOS%202008/0569.pdf HTTP/1.1" 200 172671
66.249.66.22 - - [16/Jul/2024:05:25:37 -0500] "GET /BLA/resoluciones/RESOLUCIONES%202007/RES%202007%203701%20AL%203800/RESOLUCION%203770%20DE%202007.pdf HTTP/1.1" 200 27968
66.249.66.20 - - [16/Jul/2024:05:25:37 -0500] "GET /BLA/resoluciones/RESOLUCIONES%202007/RES%202007%201501%20AL%201600/RESOLUCION%201530%20DE%202007.pdf HTTP/1.1" 200 784962
66.249.66.4 - - [16/Jul/2024:05:25:38 -0500] "GET /BLA/resoluciones/AUTOS%202008/3424.pdf HTTP/1.1" 200 84492
66.249.66.21 - - [16/Jul/2024:05:25:38 -0500] "GET /BLA/resoluciones/AUTOS%202008/0570.pdf HTTP/1.1" 200 91024
66.249.66.22 - - [16/Jul/2024:05:25:39 -0500] "GET /BLA/resoluciones/AUTOS%202008/1335.pdf HTTP/1.1" 200 73702
66.249.66.5 - - [16/Jul/2024:05:25:39 -0500] "GET /BLA/resoluciones/AUTOS%202008/0099.pdf HTTP/1.1" 200 268180
66.249.66.19 - - [16/Jul/2024:05:25:40 -0500] "GET /BLA/resoluciones/AUTOS%202008/2777.pdf HTTP/1.1" 200 122084
66.249.66.5 - - [16/Jul/2024:05:25:40 -0500] "GET /BLA/resoluciones/AUTOS%202008/0237.pdf HTTP/1.1" 200 96930
66.249.66.5 - - [16/Jul/2024:05:25:41 -0500] "GET /BLA/resoluciones/AUTOS%202008/2349.pdf HTTP/1.1" 200 80290
66.249.66.20 - - [16/Jul/2024:05:25:41 -0500] "GET /BLA/resoluciones/AUTOS%202008/1104.pdf HTTP/1.1" 200 57655
66.249.66.20 - - [16/Jul/2024:05:25:42 -0500] "GET /BLA/resoluciones/AUTOS%202008/2665.pdf HTTP/1.1" 200 73250
66.249.66.4 - - [16/Jul/2024:05:25:42 -0500] "GET /BLA/resoluciones/AUTOS%202008/1882.pdf HTTP/1.1" 200 98926
66.249.66.19 - - [16/Jul/2024:05:25:42 -0500] "GET /BLA/resoluciones/RESOLUCIONES%202007/RES%202007%20701%20AL%20800/RESOLUCION%200703%20DE%202007.pdf HTTP/1.1" 200 172739
66.249.66.20 - - [16/Jul/2024:05:25:43 -0500] "GET /BLA/resoluciones/AUTOS%202008/3115.pdf HTTP/1.1" 200 71283
66.249.66.23 - - [16/Jul/2024:05:25:43 -0500] "GET /BLA/resoluciones/AUTOS%202008/1663.pdf HTTP/1.1" 200 121529
66.249.66.6 - - [16/Jul/2024:05:25:44 -0500] "GET /BLA/resoluciones/RESOLUCIONES%202007/RES%202007%203701%20AL%203800/RESOLUCION%203766%20DE%202007.pdf HTTP/1.1" 200 32556
66.249.66.22 - - [16/Jul/2024:05:25:44 -0500] "GET /BLA/resoluciones/RESOLUCIONES%202007/RES%202007%20701%20AL%20800/RESOLUCION%200763%20DE%202007.pdf HTTP/1.1" 200 177936
66.249.66.2 - - [16/Jul/2024:05:25:45 -0500] "GET /BLA/resoluciones/AUTOS%202008/2695.pdf HTTP/1.1" 200 112668
66.249.66.23 - - [16/Jul/2024:05:25:45 -0500] "GET /BLA/resoluciones/AUTOS%202008/0290.pdf HTTP/1.1" 200 98448
66.249.66.2 - - [16/Jul/2024:05:25:46 -0500] "GET /BLA/resoluciones/AUTOS%202008/1153.pdf HTTP/1.1" 200 137764
66.249.66.2 - - [16/Jul/2024:05:25:46 -0500] "GET /BLA/resoluciones/AUTOS%202008/2033.pdf HTTP/1.1" 200 146311
66.249.66.2 - - [16/Jul/2024:05:25:47 -0500] "GET /BLA/resoluciones/RESOLUCIONES%202007/RES%202007%201726%20AL%201800/RESOLUCION%201766%20%20DE%202007.pdf HTTP/1.1" 200 556645
66.249.66.6 - - [16/Jul/2024:05:25:47 -0500] "GET /BLA/resoluciones/RESOLUCIONES%202007/RES%202007%201501%20AL%201600/RESOLUCION%201557%20DE%202007.pdf HTTP/1.1" 200 765453
66.249.66.4 - - [16/Jul/2024:05:25:47 -0500] "GET /BLA/resoluciones/AUTOS%202008/0341.pdf HTTP/1.1" 200 146497
66.249.66.19 - - [16/Jul/2024:05:25:48 -0500] "GET /BLA/resoluciones/RESOLUCIONES%202007/RES%202007%201726%20AL%201800/RESOLUCION%201743%20DE%202007.pdf HTTP/1.1" 200 28209
66.249.66.21 - - [16/Jul/2024:05:25:48 -0500] "GET /BLA/resoluciones/RESOLUCIONES%202007/RES%202007%20701%20AL%20800/RESOLUCION%200734%20DE%202007.pdf HTTP/1.1" 200 224765
66.249.66.21 - - [16/Jul/2024:05:25:49 -0500] "GET /BLA/resoluciones/AUTOS%202008/0429.pdf HTTP/1.1" 200 168450
66.249.66.21 - - [16/Jul/2024:05:25:49 -0500] "GET /BLA/resoluciones/AUTOS%202008/1945.pdf HTTP/1.1" 200 97296
66.249.66.2 - - [16/Jul/2024:05:25:50 -0500] "GET /BLA/resoluciones/RESOLUCIONES%202007/RES%202007%20701%20AL%20800/RESOLUCION%200789%20DE%202007.pdf HTTP/1.1" 200 259959
66.249.66.3 - - [16/Jul/2024:05:25:50 -0500] "GET /BLA/resoluciones/AUTOS%202008/0905.pdf HTTP/1.1" 200 68522
66.249.66.22 - - [16/Jul/2024:05:25:51 -0500] "GET /BLA/resoluciones/AUTOS%202008/1088.pdf HTTP/1.1" 200 67221
66.249.66.23 - - [16/Jul/2024:05:25:51 -0500] "GET /BLA/resoluciones/AUTOS%202008/2374.pdf HTTP/1.1" 200 58609
66.249.66.4 - - [16/Jul/2024:05:25:52 -0500] "GET /BLA/resoluciones/AUTOS%202008/2640.pdf HTTP/1.1" 200 64329
66.249.66.3 - - [16/Jul/2024:05:25:52 -0500] "GET /BLA/resoluciones/AUTOS%202008/0307.pdf HTTP/1.1" 200 111536
66.249.66.19 - - [16/Jul/2024:05:25:52 -0500] "GET /BLA/resoluciones/AUTOS%202008/1665.pdf HTTP/1.1" 200 69023
66.249.66.23 - - [16/Jul/2024:05:25:53 -0500] "GET /BLA/resoluciones/RESOLUCIONES%202007/RES%202007%20701%20AL%20800/RESOLUCION%200761%20DE%202007.pdf HTTP/1.1" 200 295632
66.249.66.1 - - [16/Jul/2024:05:25:53 -0500] "GET /BLA/resoluciones/AUTOS%202008/0055.pdf HTTP/1.1" 200 86043
66.249.66.7 - - [16/Jul/2024:05:25:54 -0500] "GET /BLA/resoluciones/AUTOS%202008/1810.pdf HTTP/1.1" 200 171944
66.249.66.19 - - [16/Jul/2024:05:25:54 -0500] "GET /BLA/resoluciones/AUTOS%202008/2210.pdf HTTP/1.1" 200 147403
66.249.66.20 - - [16/Jul/2024:05:25:55 -0500] "GET /BLA/resoluciones/RESOLUCIONES%202007/RES%202007%203701%20AL%203800/RESOLUCION%203730%20DE%202007.pdf HTTP/1.1" 200 401651
66.249.66.3 - - [16/Jul/2024:05:25:55 -0500] "GET /BLA/resoluciones/AUTOS%202008/3031.pdf HTTP/1.1" 200 126431
201.245.192.253 - - [16/Jul/2024:05:25:55 -0500] "GET /kwsrmcab/Wsrmcab?wsdl HTTP/1.1" 200 6948
66.249.66.19 - - [16/Jul/2024:05:25:56 -0500] "GET /BLA/resoluciones/RESOLUCIONES%202007/RES%202007%203701%20AL%203800/RESOLUCION%203714%20DE%202007.pdf HTTP/1.1" 200 542550
66.249.66.6 - - [16/Jul/2024:05:25:56 -0500] "GET /BLA/resoluciones/AUTOS%202008/0392.pdf HTTP/1.1" 200 96553
66.249.66.8 - - [16/Jul/2024:05:25:57 -0500] "GET /BLA/resoluciones/AUTOS%202008/3449.pdf HTTP/1.1" 200 124564
66.249.66.22 - - [16/Jul/2024:05:25:57 -0500] "GET /BLA/resoluciones/AUTOS%202008/2014.pdf HTTP/1.1" 200 146945
201.245.192.253 - - [16/Jul/2024:05:25:57 -0500] "POST /kwsrmcab/Wsrmcab  HTTP/1.1" 200 213
66.249.66.10 - - [16/Jul/2024:05:25:58 -0500] "GET /BLA/resoluciones/AUTOS%202008/1161.pdf HTTP/1.1" 200 154749
66.249.66.22 - - [16/Jul/2024:05:25:58 -0500] "GET /BLA/resoluciones/AUTOS%202008/0953.pdf HTTP/1.1" 200 106563
66.249.66.20 - - [16/Jul/2024:05:25:58 -0500] "GET /BLA/resoluciones/AUTOS%202008/0204.pdf HTTP/1.1" 200 320983
66.249.66.2 - - [16/Jul/2024:05:25:59 -0500] "GET /BLA/resoluciones/AUTOS%202008/2173.pdf HTTP/1.1" 200 77192
66.249.66.9 - - [16/Jul/2024:05:25:59 -0500] "GET /BLA/resoluciones/AUTOS%202008/0859.pdf HTTP/1.1" 200 77278
66.249.66.9 - - [16/Jul/2024:05:26:00 -0500] "GET /BLA/resoluciones/RESOLUCIONES%202007/RES%202007%201501%20AL%201600/RESOLUCION%201510%20DE%202007.pdf HTTP/1.1" 200 404006
114.32.246.205 - - [16/Jul/2024:05:26:00 -0500] "GET / HTTP/1.0" 200 319
156.59.198.136 - - [16/Jul/2024:05:26:30 -0500] "GET /BLA/resoluciones/AUTOS%202021/0245.php?act=chmod&f=6777.pdf HTTP/1.0" 200 2714
172.22.2.4 - - [16/Jul/2024:05:26:35 -0500] "GET /BLA/boletinlegal/Directivas/2014/Directiva%20No.%201%20del%2010%20de%20Abril%20de%202014.pdf HTTP/1.1" 200 258865
201.245.192.253 - - [16/Jul/2024:05:26:55 -0500] "GET /kwsrmcab/Wsrmcab?wsdl HTTP/1.1" 200 6948
216.245.221.92 - - [16/Jul/2024:05:27:01 -0500] "HEAD / HTTP/1.1" 200 -
66.249.66.20 - - [16/Jul/2024:05:27:49 -0500] "GET /BLA/resoluciones/AUTOS%202008/0970.pdf HTTP/1.1" 200 115676
201.245.192.253 - - [16/Jul/2024:05:27:55 -0500] "GET /kwsrmcab/Wsrmcab?wsdl HTTP/1.1" 200 6948
52.167.144.181 - - [16/Jul/2024:05:27:59 -0500] "GET /Publicaciones/2023EE228798.pdf HTTP/1.1" 404 228
172.22.2.4 - - [16/Jul/2024:05:28:05 -0500] "GET /BLA/boletinlegal/Directivas/2011/Directiva%20No.%204%20del%2028%20de%20Junio%20de%202011.pdf HTTP/1.1" 304 -
201.245.192.253 - - [16/Jul/2024:05:28:55 -0500] "GET /kwsrmcab/Wsrmcab?wsdl HTTP/1.1" 200 6948
172.22.2.4 - - [16/Jul/2024:05:27:39 -0500] "HEAD /BLA/boletinlegal/ HTTP/1.1" 200 -
66.249.66.20 - - [16/Jul/2024:05:29:50 -0500] "GET /BLA/resoluciones/AUTOS%202008/3255.pdf HTTP/1.1" 200 53072
201.245.192.253 - - [16/Jul/2024:05:29:55 -0500] "GET /kwsrmcab/Wsrmcab?wsdl HTTP/1.1" 200 6948
201.245.192.253 - - [16/Jul/2024:05:30:00 -0500] "POST /kwsrmcab/Wsrmcab HTTP/1.1" 200 29180
201.245.192.253 - - [16/Jul/2024:05:30:08 -0500] "POST /kwsrmcab/Wsrmcab HTTP/1.1" 200 29025
201.245.192.253 - - [16/Jul/2024:05:30:10 -0500] "POST /kwsrmcab/Wsrmcab HTTP/1.1" 200 26912
172.22.2.4 - - [16/Jul/2024:05:28:30 -0500] "GET /BLA/boletinlegal/ HTTP/1.1" 200 57889
201.245.192.253 - - [16/Jul/2024:05:30:55 -0500] "POST /kwsrmcab/Wsrmcab  HTTP/1.1" 200 213
201.245.192.253 - - [16/Jul/2024:05:30:55 -0500] "GET /kwsrmcab/Wsrmcab?wsdl HTTP/1.1" 200 6948
201.245.192.253 - - [16/Jul/2024:05:31:53 -0500] "POST /kwsrmcab/Wsrmcab HTTP/1.1" 200 26912
201.245.192.253 - - [16/Jul/2024:05:31:55 -0500] "GET /kwsrmcab/Wsrmcab?wsdl HTTP/1.1" 200 6948
216.245.221.92 - - [16/Jul/2024:05:32:00 -0500] "HEAD / HTTP/1.1" 200 -
66.249.66.21 - - [16/Jul/2024:05:32:48 -0500] "GET /BLA/resoluciones/RESOLUCIONES%202004/RES%202004%201451-1500/00001461.tif HTTP/1.1" 200 495548
201.245.192.253 - - [16/Jul/2024:05:32:55 -0500] "GET /kwsrmcab/Wsrmcab?wsdl HTTP/1.1" 200 6948
172.22.2.4 - - [16/Jul/2024:05:33:11 -0500] "GET /BLA/boletinlegal/jurisprudencia/analisis/AnalisisT-146-16.docx HTTP/1.1" 200 23021
201.245.192.253 - - [16/Jul/2024:05:33:55 -0500] "GET /kwsrmcab/Wsrmcab?wsdl HTTP/1.1" 200 6948
201.245.192.253 - - [16/Jul/2024:05:34:55 -0500] "GET /kwsrmcab/Wsrmcab?wsdl HTTP/1.1" 200 6948
17.241.219.15 - - [16/Jul/2024:05:34:56 -0500] "GET /BLA/boletinlegal/Circulares/2023/CIRCULAR%20No.%2000006%20DEL%2013%20DE%20JULIO%20DEL%202023.pdf HTTP/1.1" 200 375301
172.22.2.4 - - [16/Jul/2024:05:33:29 -0500] "HEAD /BLA/boletinlegal/ HTTP/1.1" 200 -
201.245.192.253 - - [16/Jul/2024:05:35:55 -0500] "GET /kwsrmcab/Wsrmcab?wsdl HTTP/1.1" 200 6948
172.22.2.4 - - [16/Jul/2024:05:34:20 -0500] "GET /BLA/boletinlegal/ HTTP/1.1" 200 58273
40.77.167.19 - - [16/Jul/2024:05:36:19 -0500] "GET /BLA/resoluciones/RESOLUCIONES%202014/1865.pdf HTTP/1.1" 304 -
201.245.192.253 - - [16/Jul/2024:05:35:54 -0500] "POST /kwsrmcab/Wsrmcab  HTTP/1.1" 200 213
66.249.66.21 - - [16/Jul/2024:05:36:50 -0500] "GET /BLA/resoluciones/AUTOS%202008/1666.pdf HTTP/1.1" 200 146908
201.245.192.253 - - [16/Jul/2024:05:36:55 -0500] "GET /kwsrmcab/Wsrmcab?wsdl HTTP/1.1" 200 6948
216.245.221.92 - - [16/Jul/2024:05:37:00 -0500] "HEAD / HTTP/1.1" 200 -
66.249.66.20 - - [16/Jul/2024:05:37:50 -0500] "GET /BLA/resoluciones/AUTOS%202008/1045.pdf HTTP/1.1" 200 136339
201.245.192.253 - - [16/Jul/2024:05:37:55 -0500] "GET /kwsrmcab/Wsrmcab?wsdl HTTP/1.1" 200 6948
66.249.66.21 - - [16/Jul/2024:05:38:51 -0500] "GET /BLA/resoluciones/AUTOS%202008/3004.pdf HTTP/1.1" 200 119998
201.245.192.253 - - [16/Jul/2024:05:38:55 -0500] "GET /kwsrmcab/Wsrmcab?wsdl HTTP/1.1" 200 6948
201.245.192.253 - - [16/Jul/2024:05:39:55 -0500] "GET /kwsrmcab/Wsrmcab?wsdl HTTP/1.1" 200 6948
201.245.192.253 - - [16/Jul/2024:05:40:08 -0500] "POST /kwsrmcab/Wsrmcab HTTP/1.1" 200 29025
201.245.192.253 - - [16/Jul/2024:05:40:00 -0500] "POST /kwsrmcab/Wsrmcab HTTP/1.1" 200 29180
201.245.192.253 - - [16/Jul/2024:05:40:11 -0500] "POST /kwsrmcab/Wsrmcab HTTP/1.1" 200 26912
201.245.192.253 - - [16/Jul/2024:05:40:55 -0500] "GET /kwsrmcab/Wsrmcab?wsdl HTTP/1.1" 200 6948
172.22.2.4 - - [16/Jul/2024:05:39:19 -0500] "HEAD /BLA/boletinlegal/ HTTP/1.1" 200 -
52.167.144.139 - - [16/Jul/2024:05:41:23 -0500] "GET /BLA/resoluciones/RESOLUCIONES%202018/0719.pdf HTTP/1.1" 200 348711
201.245.192.253 - - [16/Jul/2024:05:40:52 -0500] "POST /kwsrmcab/Wsrmcab  HTTP/1.1" 200 213
172.22.2.4 - - [16/Jul/2024:05:40:10 -0500] "GET /BLA/boletinlegal/ HTTP/1.1" 200 59967
201.245.192.253 - - [16/Jul/2024:05:41:53 -0500] "POST /kwsrmcab/Wsrmcab HTTP/1.1" 200 26912
201.245.192.253 - - [16/Jul/2024:05:41:55 -0500] "GET /kwsrmcab/Wsrmcab?wsdl HTTP/1.1" 200 6948
216.245.221.92 - - [16/Jul/2024:05:42:00 -0500] "HEAD / HTTP/1.1" 200 -
201.245.192.253 - - [16/Jul/2024:05:42:55 -0500] "GET /kwsrmcab/Wsrmcab?wsdl HTTP/1.1" 200 6948
201.245.192.253 - - [16/Jul/2024:05:43:55 -0500] "GET /kwsrmcab/Wsrmcab?wsdl HTTP/1.1" 200 6948
17.241.75.215 - - [16/Jul/2024:05:44:49 -0500] "GET /BLA/boletinlegal/Circulares/2023/CIRCULAR%20No.%2000011%20DEL%2023%20DE%20OCTUBRE%20DEL%202023.pdf HTTP/1.1" 200 334676
201.245.192.253 - - [16/Jul/2024:05:44:55 -0500] "GET /kwsrmcab/Wsrmcab?wsdl HTTP/1.1" 200 6948
172.22.2.4 - - [16/Jul/2024:05:43:39 -0500] "GET /BLA/boletinlegal/ HTTP/1.1" 200 61913
172.22.2.4 - - [16/Jul/2024:05:45:35 -0500] "GET /BLA/boletinlegal/robots.txt HTTP/1.1" 404 1038
201.245.192.253 - - [16/Jul/2024:05:45:51 -0500] "POST /kwsrmcab/Wsrmcab  HTTP/1.1" 200 213
66.249.66.21 - - [16/Jul/2024:05:45:51 -0500] "GET /BLA/resoluciones/RESOLUCIONES%202023/1718.pdf HTTP/1.1" 200 393727
201.245.192.253 - - [16/Jul/2024:05:45:55 -0500] "GET /kwsrmcab/Wsrmcab?wsdl HTTP/1.1" 200 6948
172.22.2.4 - - [16/Jul/2024:05:45:09 -0500] "HEAD /BLA/boletinlegal/ HTTP/1.1" 200 -
201.245.192.253 - - [16/Jul/2024:05:46:55 -0500] "GET /kwsrmcab/Wsrmcab?wsdl HTTP/1.1" 200 6948
216.245.221.92 - - [16/Jul/2024:05:46:59 -0500] "HEAD / HTTP/1.1" 200 -
172.22.2.4 - - [16/Jul/2024:05:46:00 -0500] "GET /BLA/boletinlegal/ HTTP/1.1" 200 58273
149.56.47.145 - - [16/Jul/2024:05:47:51 -0500] "GET /Publicaciones/2024EE46399.pdf HTTP/1.1" 404 227
66.249.66.19 - - [16/Jul/2024:05:47:52 -0500] "GET /BLA/resoluciones/RESOLUCIONES%202023/0488.pdf HTTP/1.1" 200 335225
201.245.192.253 - - [16/Jul/2024:05:47:55 -0500] "GET /kwsrmcab/Wsrmcab?wsdl HTTP/1.1" 200 6948
201.245.192.253 - - [16/Jul/2024:05:48:55 -0500] "GET /kwsrmcab/Wsrmcab?wsdl HTTP/1.1" 200 6948
201.245.192.253 - - [16/Jul/2024:05:49:55 -0500] "GET /kwsrmcab/Wsrmcab?wsdl HTTP/1.1" 200 6948
17.241.75.148 - - [16/Jul/2024:05:49:59 -0500] "GET /BLA/boletinlegal/Circulares/2011/Circular%20No.%209%20del%2003%20de%20Noviembre%20de%202011.pdf HTTP/1.1" 200 54568
201.245.192.253 - - [16/Jul/2024:05:50:55 -0500] "GET /kwsrmcab/Wsrmcab?wsdl HTTP/1.1" 200 6948
179.19.76.187 - - [16/Jul/2024:05:51:26 -0500] "GET /sipse/faces/index.xhtml HTTP/1.1" 200 677
179.19.76.187 - - [16/Jul/2024:05:51:26 -0500] "GET /sipse/faces/javax.faces.resource/theme.css?ln=primefaces-sipse HTTP/1.1" 304 -
179.19.76.187 - - [16/Jul/2024:05:51:26 -0500] "GET /sipse/faces/faces/autenticacion.xhtml HTTP/1.1" 200 12410
179.19.76.187 - - [16/Jul/2024:05:51:26 -0500] "GET /sipse/faces/javax.faces.resource/theme.css?ln=primefaces-sipse HTTP/1.1" 304 -
179.19.76.187 - - [16/Jul/2024:05:51:26 -0500] "GET /sipse/css/custom_css_sg.css HTTP/1.1" 304 -
179.19.76.187 - - [16/Jul/2024:05:51:26 -0500] "GET /sipse/faces/javax.faces.resource/primefaces.css?ln=primefaces&v=4.0 HTTP/1.1" 304 -
179.19.76.187 - - [16/Jul/2024:05:51:27 -0500] "GET /sipse/css/custom_css_sg_prime_login.css HTTP/1.1" 304 -
179.19.76.187 - - [16/Jul/2024:05:51:27 -0500] "GET /sipse/faces/javax.faces.resource/layout/layout.css?ln=primefaces&v=4.0 HTTP/1.1" 304 -
179.19.76.187 - - [16/Jul/2024:05:51:27 -0500] "GET /sipse/js/disable_browser_buttons.js HTTP/1.1" 304 -
179.19.76.187 - - [16/Jul/2024:05:51:27 -0500] "GET /sipse/faces/javax.faces.resource/jquery/jquery.js?ln=primefaces&v=4.0 HTTP/1.1" 304 -
179.19.76.187 - - [16/Jul/2024:05:51:27 -0500] "GET /sipse/faces/javax.faces.resource/jquery/jquery-plugins.js?ln=primefaces&v=4.0 HTTP/1.1" 304 -
179.19.76.187 - - [16/Jul/2024:05:51:27 -0500] "GET /sipse/faces/javax.faces.resource/primefaces.js?ln=primefaces&v=4.0 HTTP/1.1" 304 -
179.19.76.187 - - [16/Jul/2024:05:51:27 -0500] "GET /sipse/js/funciones.js HTTP/1.1" 304 -
179.19.76.187 - - [16/Jul/2024:05:51:27 -0500] "GET /sipse/faces/javax.faces.resource/layout/layout.js?ln=primefaces&v=4.0 HTTP/1.1" 304 -
179.19.76.187 - - [16/Jul/2024:05:51:27 -0500] "GET /sipse/css/imagen/logoSDG.png HTTP/1.1" 304 -
179.19.76.187 - - [16/Jul/2024:05:51:27 -0500] "GET /sipse/css/imagen/loginimg.png HTTP/1.1" 304 -
179.19.76.187 - - [16/Jul/2024:05:51:27 -0500] "GET /sipse/faces/javax.faces.resource/images/ui-icons_898989_256x240.png?ln=primefaces-aristo HTTP/1.1" 304 -
172.22.2.4 - - [16/Jul/2024:05:51:29 -0500] "GET /BLA/boletinlegal/actos.php HTTP/1.1" 200 9738
179.19.76.187 - - [16/Jul/2024:05:51:31 -0500] "POST /sipse/faces/autenticacion.xhtml HTTP/1.1" 200 16764
179.19.76.187 - - [16/Jul/2024:05:51:31 -0500] "GET /sipse/css/custom_css_sg_prime.css HTTP/1.1" 304 -
179.19.76.187 - - [16/Jul/2024:05:51:31 -0500] "GET /sipse/faces/javax.faces.resource/theme.css?ln=primefaces-sipse HTTP/1.1" 304 -
179.19.76.187 - - [16/Jul/2024:05:51:31 -0500] "GET /sipse/faces/javax.faces.resource/primefaces.css?ln=primefaces&v=4.0 HTTP/1.1" 304 -
179.19.76.187 - - [16/Jul/2024:05:51:31 -0500] "GET /sipse/faces/javax.faces.resource/layout/layout.css?ln=primefaces&v=4.0 HTTP/1.1" 304 -
179.19.76.187 - - [16/Jul/2024:05:51:31 -0500] "GET /sipse/js/jquery.min.js HTTP/1.1" 304 -
179.19.76.187 - - [16/Jul/2024:05:51:31 -0500] "GET /sipse/faces/javax.faces.resource/jquery/jquery.js?ln=primefaces&v=4.0 HTTP/1.1" 304 -
179.19.76.187 - - [16/Jul/2024:05:51:31 -0500] "GET /sipse/faces/javax.faces.resource/jquery/jquery-plugins.js?ln=primefaces&v=4.0 HTTP/1.1" 304 -
179.19.76.187 - - [16/Jul/2024:05:51:31 -0500] "GET /sipse/faces/javax.faces.resource/primefaces.js?ln=primefaces&v=4.0 HTTP/1.1" 304 -
179.19.76.187 - - [16/Jul/2024:05:51:32 -0500] "GET /sipse/faces/javax.faces.resource/layout/layout.js?ln=primefaces&v=4.0 HTTP/1.1" 304 -
179.19.76.187 - - [16/Jul/2024:05:51:32 -0500] "GET /sipse/css/v_mergente.css HTTP/1.1" 304 -
179.19.76.187 - - [16/Jul/2024:05:51:32 -0500] "GET /sipse/imagenes/logoAplicacion.jpg HTTP/1.1" 304 -
179.19.76.187 - - [16/Jul/2024:05:51:32 -0500] "GET /sipse/imagenes/cargando.gif HTTP/1.1" 304 -
179.19.76.187 - - [16/Jul/2024:05:51:32 -0500] "GET /sipse/css/imagen/contrasena.png HTTP/1.1" 404 383
179.19.76.187 - - [16/Jul/2024:05:51:32 -0500] "GET /sipse/faces/javax.faces.resource/messages/messages.png?ln=primefaces&v=4.0 HTTP/1.1" 304 -
179.19.76.187 - - [16/Jul/2024:05:51:36 -0500] "GET /sipse/faces/javax.faces.resource/images/ui-bg_flat_0_2d5972_40x100.png?ln=primefaces-aristo HTTP/1.1" 304 -
179.19.76.187 - - [16/Jul/2024:05:51:36 -0500] "POST /sipse/faces/bienvenido.xhtml HTTP/1.1" 200 2658
179.19.76.187 - - [16/Jul/2024:05:51:37 -0500] "POST /sipse/faces/bienvenido.xhtml HTTP/1.1" 200 42056
179.19.76.187 - - [16/Jul/2024:05:51:38 -0500] "GET /sipse/faces/javax.faces.resource/theme.css?ln=primefaces-sipse HTTP/1.1" 304 -
179.19.76.187 - - [16/Jul/2024:05:51:38 -0500] "GET /sipse/faces/javax.faces.resource/primefaces.css?ln=primefaces&v=4.0 HTTP/1.1" 304 -
179.19.76.187 - - [16/Jul/2024:05:51:38 -0500] "GET /sipse/faces/javax.faces.resource/layout/layout.css?ln=primefaces&v=4.0 HTTP/1.1" 304 -
179.19.76.187 - - [16/Jul/2024:05:51:38 -0500] "GET /sipse/faces/javax.faces.resource/jquery/jquery.js?ln=primefaces&v=4.0 HTTP/1.1" 304 -
179.19.76.187 - - [16/Jul/2024:05:51:38 -0500] "GET /sipse/faces/javax.faces.resource/jquery/jquery-plugins.js?ln=primefaces&v=4.0 HTTP/1.1" 304 -
179.19.76.187 - - [16/Jul/2024:05:51:38 -0500] "GET /sipse/faces/javax.faces.resource/primefaces.js?ln=primefaces&v=4.0 HTTP/1.1" 304 -
179.19.76.187 - - [16/Jul/2024:05:51:38 -0500] "GET /sipse/faces/javax.faces.resource/layout/layout.js?ln=primefaces&v=4.0 HTTP/1.1" 304 -
179.19.76.187 - - [16/Jul/2024:05:51:39 -0500] "POST /sipse/faces/presentacion/financiero/solicitudProceso/listarSolicitudProceso.xhtml HTTP/1.1" 200 1440
201.245.192.253 - - [16/Jul/2024:05:50:49 -0500] "POST /kwsrmcab/Wsrmcab  HTTP/1.1" 200 213
179.19.76.187 - - [16/Jul/2024:05:51:45 -0500] "POST /sipse/faces/presentacion/financiero/solicitudProceso/listarSolicitudProceso.xhtml HTTP/1.1" 200 129220
179.19.76.187 - - [16/Jul/2024:05:51:45 -0500] "GET /sipse/faces/javax.faces.resource/theme.css?ln=primefaces-sipse HTTP/1.1" 304 -
179.19.76.187 - - [16/Jul/2024:05:51:45 -0500] "GET /sipse/faces/javax.faces.resource/primefaces.css?ln=primefaces&v=4.0 HTTP/1.1" 304 -
179.19.76.187 - - [16/Jul/2024:05:51:45 -0500] "GET /sipse/faces/javax.faces.resource/layout/layout.css?ln=primefaces&v=4.0 HTTP/1.1" 304 -
179.19.76.187 - - [16/Jul/2024:05:51:45 -0500] "GET /sipse/faces/javax.faces.resource/jquery/jquery.js?ln=primefaces&v=4.0 HTTP/1.1" 304 -
179.19.76.187 - - [16/Jul/2024:05:51:46 -0500] "GET /sipse/faces/javax.faces.resource/jquery/jquery-plugins.js?ln=primefaces&v=4.0 HTTP/1.1" 304 -
179.19.76.187 - - [16/Jul/2024:05:51:46 -0500] "GET /sipse/faces/javax.faces.resource/primefaces.js?ln=primefaces&v=4.0 HTTP/1.1" 304 -
179.19.76.187 - - [16/Jul/2024:05:51:46 -0500] "GET /sipse/faces/javax.faces.resource/layout/layout.js?ln=primefaces&v=4.0 HTTP/1.1" 304 -
201.245.192.253 - - [16/Jul/2024:05:51:55 -0500] "GET /kwsrmcab/Wsrmcab?wsdl HTTP/1.1" 200 6948
216.245.221.92 - - [16/Jul/2024:05:51:59 -0500] "HEAD / HTTP/1.1" 200 -
179.19.76.187 - - [16/Jul/2024:05:51:57 -0500] "POST /sipse/faces/presentacion/financiero/solicitudProceso/consultarSolicitudProceso.xhtml HTTP/1.1" 200 39583
179.19.76.187 - - [16/Jul/2024:05:52:00 -0500] "GET /sipse/faces/javax.faces.resource/primefaces.css?ln=primefaces&v=4.0 HTTP/1.1" 304 -
179.19.76.187 - - [16/Jul/2024:05:52:00 -0500] "GET /sipse/faces/javax.faces.resource/layout/layout.css?ln=primefaces&v=4.0 HTTP/1.1" 304 -
179.19.76.187 - - [16/Jul/2024:05:52:00 -0500] "GET /sipse/faces/javax.faces.resource/theme.css?ln=primefaces-sipse HTTP/1.1" 304 -
179.19.76.187 - - [16/Jul/2024:05:52:00 -0500] "GET /sipse/faces/javax.faces.resource/jquery/jquery.js?ln=primefaces&v=4.0 HTTP/1.1" 304 -
179.19.76.187 - - [16/Jul/2024:05:52:00 -0500] "GET /sipse/faces/javax.faces.resource/jquery/jquery-plugins.js?ln=primefaces&v=4.0 HTTP/1.1" 304 -
179.19.76.187 - - [16/Jul/2024:05:52:00 -0500] "GET /sipse/faces/javax.faces.resource/primefaces.js?ln=primefaces&v=4.0 HTTP/1.1" 304 -
179.19.76.187 - - [16/Jul/2024:05:52:00 -0500] "GET /sipse/faces/javax.faces.resource/layout/layout.js?ln=primefaces&v=4.0 HTTP/1.1" 304 -
179.19.76.187 - - [16/Jul/2024:05:52:01 -0500] "POST /sipse/faces/presentacion/financiero/solicitudProceso/listarSolicitudProceso.xhtml HTTP/1.1" 200 1420
172.22.2.4 - - [16/Jul/2024:05:50:59 -0500] "HEAD /BLA/boletinlegal/ HTTP/1.1" 200 -
201.245.192.253 - - [16/Jul/2024:05:52:55 -0500] "GET /kwsrmcab/Wsrmcab?wsdl HTTP/1.1" 200 6948
216.244.66.195 - - [16/Jul/2024:05:53:17 -0500] "GET /BLA/resoluciones/AUTOS%202012/1745.pdf HTTP/1.1" 200 275072
216.244.66.195 - - [16/Jul/2024:05:53:23 -0500] "GET /BLA/resoluciones/AUTOS%202012/1750.pdf HTTP/1.1" 200 291727
216.244.66.195 - - [16/Jul/2024:05:53:28 -0500] "GET /BLA/resoluciones/AUTOS%202012/1790.pdf HTTP/1.1" 200 301496
172.22.2.4 - - [16/Jul/2024:05:51:50 -0500] "GET /BLA/boletinlegal/ HTTP/1.1" 200 57889
216.244.66.195 - - [16/Jul/2024:05:53:32 -0500] "GET /BLA/resoluciones/AUTOS%202012/1911.pdf HTTP/1.1" 200 644519
181.61.4.6 - - [16/Jul/2024:05:53:45 -0500] "GET /sipse/faces/index.xhtml HTTP/1.1" 200 677
181.61.4.6 - - [16/Jul/2024:05:53:45 -0500] "GET /sipse/faces/javax.faces.resource/theme.css?ln=primefaces-sipse HTTP/1.1" 304 -
181.61.4.6 - - [16/Jul/2024:05:53:45 -0500] "GET /sipse/faces/faces/autenticacion.xhtml HTTP/1.1" 200 12410
181.61.4.6 - - [16/Jul/2024:05:53:45 -0500] "GET /sipse/js/disable_browser_buttons.js HTTP/1.1" 304 -
181.61.4.6 - - [16/Jul/2024:05:53:45 -0500] "GET /sipse/faces/javax.faces.resource/theme.css?ln=primefaces-sipse HTTP/1.1" 304 -
181.61.4.6 - - [16/Jul/2024:05:53:45 -0500] "GET /sipse/js/funciones.js HTTP/1.1" 304 -
181.61.4.6 - - [16/Jul/2024:05:53:45 -0500] "GET /sipse/css/custom_css_sg.css HTTP/1.1" 304 -
181.61.4.6 - - [16/Jul/2024:05:53:45 -0500] "GET /sipse/css/custom_css_sg_prime_login.css HTTP/1.1" 304 -
181.61.4.6 - - [16/Jul/2024:05:53:46 -0500] "GET /sipse/faces/javax.faces.resource/primefaces.css?ln=primefaces&v=4.0 HTTP/1.1" 304 -
181.61.4.6 - - [16/Jul/2024:05:53:46 -0500] "GET /sipse/faces/javax.faces.resource/layout/layout.css?ln=primefaces&v=4.0 HTTP/1.1" 304 -
181.61.4.6 - - [16/Jul/2024:05:53:46 -0500] "GET /sipse/faces/javax.faces.resource/jquery/jquery.js?ln=primefaces&v=4.0 HTTP/1.1" 304 -
181.61.4.6 - - [16/Jul/2024:05:53:46 -0500] "GET /sipse/faces/javax.faces.resource/jquery/jquery-plugins.js?ln=primefaces&v=4.0 HTTP/1.1" 304 -
181.61.4.6 - - [16/Jul/2024:05:53:46 -0500] "GET /sipse/faces/javax.faces.resource/primefaces.js?ln=primefaces&v=4.0 HTTP/1.1" 304 -
181.61.4.6 - - [16/Jul/2024:05:53:46 -0500] "GET /sipse/faces/javax.faces.resource/layout/layout.js?ln=primefaces&v=4.0 HTTP/1.1" 304 -
181.61.4.6 - - [16/Jul/2024:05:53:46 -0500] "GET /sipse/faces/javax.faces.resource/images/ui-icons_898989_256x240.png?ln=primefaces-aristo HTTP/1.1" 200 5355
181.61.4.6 - - [16/Jul/2024:05:53:46 -0500] "GET /sipse/css/imagen/logoSDG.png HTTP/1.1" 200 53064
181.61.4.6 - - [16/Jul/2024:05:53:46 -0500] "GET /sipse/css/imagen/loginimg.png HTTP/1.1" 200 71635
181.61.4.6 - - [16/Jul/2024:05:53:49 -0500] "POST /sipse/faces/autenticacion.xhtml HTTP/1.1" 200 2220
181.61.4.6 - - [16/Jul/2024:05:53:49 -0500] "GET /sipse/faces/javax.faces.resource/messages/messages.png?ln=primefaces&v=4.0 HTTP/1.1" 304 -
181.61.4.6 - - [16/Jul/2024:05:53:50 -0500] "POST /sipse/faces/autenticacion.xhtml HTTP/1.1" 200 16334
181.61.4.6 - - [16/Jul/2024:05:53:50 -0500] "GET /sipse/css/custom_css_sg_prime.css HTTP/1.1" 304 -
181.61.4.6 - - [16/Jul/2024:05:53:50 -0500] "GET /sipse/js/jquery.min.js HTTP/1.1" 304 -
181.61.4.6 - - [16/Jul/2024:05:53:50 -0500] "GET /sipse/faces/javax.faces.resource/jquery/jquery.js?ln=primefaces&v=4.0 HTTP/1.1" 304 -
181.61.4.6 - - [16/Jul/2024:05:53:50 -0500] "GET /sipse/faces/javax.faces.resource/jquery/jquery-plugins.js?ln=primefaces&v=4.0 HTTP/1.1" 304 -
181.61.4.6 - - [16/Jul/2024:05:53:50 -0500] "GET /sipse/faces/javax.faces.resource/primefaces.js?ln=primefaces&v=4.0 HTTP/1.1" 304 -
181.61.4.6 - - [16/Jul/2024:05:53:50 -0500] "GET /sipse/faces/javax.faces.resource/layout/layout.js?ln=primefaces&v=4.0 HTTP/1.1" 304 -
181.61.4.6 - - [16/Jul/2024:05:53:51 -0500] "GET /sipse/css/v_mergente.css HTTP/1.1" 304 -
181.61.4.6 - - [16/Jul/2024:05:53:51 -0500] "GET /sipse/imagenes/cargando.gif HTTP/1.1" 304 -
181.61.4.6 - - [16/Jul/2024:05:53:51 -0500] "GET /sipse/css/imagen/contrasena.png HTTP/1.1" 404 383
181.61.4.6 - - [16/Jul/2024:05:53:51 -0500] "GET /sipse/imagenes/logoAplicacion.jpg HTTP/1.1" 304 -
181.61.4.6 - - [16/Jul/2024:05:53:52 -0500] "GET /sipse/faces/javax.faces.resource/images/ui-bg_flat_0_2d5972_40x100.png?ln=primefaces-aristo HTTP/1.1" 304 -
181.61.4.6 - - [16/Jul/2024:05:53:52 -0500] "POST /sipse/faces/bienvenido.xhtml HTTP/1.1" 200 2073
181.61.4.6 - - [16/Jul/2024:05:53:53 -0500] "POST /sipse/faces/bienvenido.xhtml HTTP/1.1" 200 38977
181.61.4.6 - - [16/Jul/2024:05:53:53 -0500] "GET /sipse/faces/javax.faces.resource/jquery/jquery.js?ln=primefaces&v=4.0 HTTP/1.1" 304 -
181.61.4.6 - - [16/Jul/2024:05:53:53 -0500] "GET /sipse/faces/javax.faces.resource/jquery/jquery-plugins.js?ln=primefaces&v=4.0 HTTP/1.1" 304 -
181.61.4.6 - - [16/Jul/2024:05:53:53 -0500] "GET /sipse/faces/javax.faces.resource/primefaces.js?ln=primefaces&v=4.0 HTTP/1.1" 304 -
181.61.4.6 - - [16/Jul/2024:05:53:53 -0500] "GET /sipse/faces/javax.faces.resource/layout/layout.js?ln=primefaces&v=4.0 HTTP/1.1" 304 -
201.245.192.253 - - [16/Jul/2024:05:53:55 -0500] "GET /kwsrmcab/Wsrmcab?wsdl HTTP/1.1" 200 6948
181.61.4.6 - - [16/Jul/2024:05:53:59 -0500] "POST /sipse/faces/presentacion/financiero/solicitudProceso/consultar.xhtml HTTP/1.1" 200 12685
181.61.4.6 - - [16/Jul/2024:05:54:03 -0500] "POST /sipse/faces/presentacion/financiero/solicitudProceso/consultar.xhtml HTTP/1.1" 200 102191
181.61.4.6 - - [16/Jul/2024:05:54:03 -0500] "GET /sipse/faces/javax.faces.resource/jquery/jquery.js?ln=primefaces&v=4.0 HTTP/1.1" 304 -
181.61.4.6 - - [16/Jul/2024:05:54:03 -0500] "GET /sipse/faces/javax.faces.resource/jquery/jquery-plugins.js?ln=primefaces&v=4.0 HTTP/1.1" 304 -
181.61.4.6 - - [16/Jul/2024:05:54:04 -0500] "GET /sipse/faces/javax.faces.resource/primefaces.js?ln=primefaces&v=4.0 HTTP/1.1" 304 -
181.61.4.6 - - [16/Jul/2024:05:54:04 -0500] "GET /sipse/faces/javax.faces.resource/layout/layout.js?ln=primefaces&v=4.0 HTTP/1.1" 304 -
216.244.66.195 - - [16/Jul/2024:05:54:09 -0500] "GET /BLA/resoluciones/AUTOS%202012/2204.pdf HTTP/1.1" 200 340872
172.22.2.4 - - [16/Jul/2024:05:54:28 -0500] "GET /BLA/boletinlegal/jurisprudencia/analisis/AnalisisT-095-16.docx HTTP/1.1" 200 20284
216.244.66.195 - - [16/Jul/2024:05:54:42 -0500] "GET /BLA/resoluciones/AUTOS%202012/2211.pdf HTTP/1.1" 200 362743
66.249.66.20 - - [16/Jul/2024:05:54:51 -0500] "GET /BLA/resoluciones/RESOLUCIONES%202023/0913.pdf HTTP/1.1" 200 398649
66.249.66.21 - - [16/Jul/2024:05:54:52 -0500] "GET /BLA/resoluciones/RESOLUCIONES%202007/RES%202007%201501%20AL%201600/RESOLUCION%201553%20DE%202007.pdf HTTP/1.1" 200 723291
66.249.66.20 - - [16/Jul/2024:05:54:52 -0500] "GET /BLA/resoluciones/RESOLUCIONES%202007/RES%202007%20701%20AL%20800/RESOLUCION%200755%20DE%202007.pdf HTTP/1.1" 200 272045
66.249.66.19 - - [16/Jul/2024:05:54:53 -0500] "GET /BLA/resoluciones/RESOLUCIONES%202007/RES%202007%203701%20AL%203800/RESOLUCION%203713%20DE%202007.pdf HTTP/1.1" 200 880815
66.249.66.19 - - [16/Jul/2024:05:54:54 -0500] "GET /BLA/resoluciones/RESOLUCIONES%202007/RES%202007%20801%20AL%20900/RESOLUCION%200857%20DE%202007.pdf HTTP/1.1" 200 350410
66.249.66.20 - - [16/Jul/2024:05:54:54 -0500] "GET /BLA/resoluciones/RESOLUCIONES%202007/RES%202007%201201%20AL%201300/RESOLUCION%201219%20DE%202007.pdf HTTP/1.1" 200 224253
66.249.66.19 - - [16/Jul/2024:05:54:54 -0500] "GET /BLA/resoluciones/RESOLUCIONES%202007/RES%202007%201201%20AL%201300/RESOLUCION%201204%20DE%202007.pdf HTTP/1.1" 200 390506
66.249.66.20 - - [16/Jul/2024:05:54:55 -0500] "GET /BLA/resoluciones/RESOLUCIONES%202007/RES%202007%201801%20AL%201900/RESOLUCION%201814%20DE%202007.pdf HTTP/1.1" 200 526876
66.249.66.19 - - [16/Jul/2024:05:54:55 -0500] "GET /BLA/resoluciones/AUTOS%202008/0929.pdf HTTP/1.1" 200 82985
201.245.192.253 - - [16/Jul/2024:05:54:55 -0500] "GET /kwsrmcab/Wsrmcab?wsdl HTTP/1.1" 200 6948
66.249.66.21 - - [16/Jul/2024:05:54:56 -0500] "GET /BLA/resoluciones/AUTOS%202008/1679.pdf HTTP/1.1" 200 167815
66.249.66.20 - - [16/Jul/2024:05:54:56 -0500] "GET /BLA/resoluciones/RESOLUCIONES%202007/RES%202007%20701%20AL%20800/RESOLUCION%200791%20DE%202007.pdf HTTP/1.1" 200 306286
66.249.66.21 - - [16/Jul/2024:05:54:57 -0500] "GET /BLA/resoluciones/AUTOS%202008/3194.pdf HTTP/1.1" 200 99118
66.249.66.21 - - [16/Jul/2024:05:54:57 -0500] "GET /BLA/resoluciones/AUTOS%202008/0158.pdf HTTP/1.1" 200 227316
66.249.66.19 - - [16/Jul/2024:05:54:58 -0500] "GET /BLA/resoluciones/AUTOS%202020/3835.pdf HTTP/1.1" 200 357567
66.249.66.19 - - [16/Jul/2024:05:54:58 -0500] "GET /BLA/resoluciones/RESOLUCIONES%202007/RES%202007%20101%20AL%20200/RESOLUCION%200150%20DE%202007.pdf HTTP/1.1" 200 355231
66.249.66.21 - - [16/Jul/2024:05:54:59 -0500] "GET /BLA/resoluciones/AUTOS%202008/3254.pdf HTTP/1.1" 200 65550
66.249.66.19 - - [16/Jul/2024:05:54:59 -0500] "GET /BLA/resoluciones/RESOLUCIONES%202007/RES%202007%201501%20AL%201600/RESOLUCION%201547%20DE%202007.pdf HTTP/1.1" 200 1022571
66.249.66.19 - - [16/Jul/2024:05:55:00 -0500] "GET /BLA/resoluciones/AUTOS%202008/0378.pdf HTTP/1.1" 200 144041
40.77.167.35 - - [16/Jul/2024:05:55:00 -0500] "GET /Publicaciones/2024EE114971.pdf HTTP/1.1" 404 228
66.249.66.20 - - [16/Jul/2024:05:55:00 -0500] "GET /BLA/resoluciones/RESOLUCIONES%202007/RES%202007%201726%20AL%201800/RESOLUCION%201799%20DE%202007.pdf HTTP/1.1" 200 321038
66.249.66.20 - - [16/Jul/2024:05:55:01 -0500] "GET /BLA/resoluciones/AUTOS%202008/2816.pdf HTTP/1.1" 200 75248
66.249.66.20 - - [16/Jul/2024:05:55:01 -0500] "GET /BLA/resoluciones/AUTOS%202008/2392.pdf HTTP/1.1" 200 131431
66.249.66.20 - - [16/Jul/2024:05:55:02 -0500] "GET /BLA/resoluciones/AUTOS%202008/1716.pdf HTTP/1.1" 200 89168
66.249.66.19 - - [16/Jul/2024:05:55:02 -0500] "GET /BLA/resoluciones/AUTOS%202008/2936.pdf HTTP/1.1" 200 68128
66.249.66.21 - - [16/Jul/2024:05:55:03 -0500] "GET /BLA/resoluciones/AUTOS%202008/0724.pdf HTTP/1.1" 200 93823
66.249.66.22 - - [16/Jul/2024:05:55:03 -0500] "GET /BLA/resoluciones/RESOLUCIONES%202007/RES%202007%203701%20AL%203800/RESOLUCION%203757%20DE%202007.pdf HTTP/1.1" 200 77370
66.249.66.20 - - [16/Jul/2024:05:55:04 -0500] "GET /BLA/resoluciones/AUTOS%202008/2598.pdf HTTP/1.1" 200 77503
66.249.66.23 - - [16/Jul/2024:05:55:04 -0500] "GET /BLA/resoluciones/AUTOS%202008/2556.pdf HTTP/1.1" 200 207149
66.249.66.20 - - [16/Jul/2024:05:55:05 -0500] "GET /BLA/resoluciones/AUTOS%202008/2525.pdf HTTP/1.1" 200 81043
66.249.66.19 - - [16/Jul/2024:05:55:05 -0500] "GET /BLA/resoluciones/AUTOS%202008/2199.pdf HTTP/1.1" 200 171896
66.249.66.23 - - [16/Jul/2024:05:55:06 -0500] "GET /BLA/resoluciones/RESOLUCIONES%202007/RES%202007%201501%20AL%201600/RESOLUCION%201586%20DE%202007.pdf HTTP/1.1" 200 1039632
66.249.66.21 - - [16/Jul/2024:05:55:06 -0500] "GET /BLA/resoluciones/AUTOS%202008/0328.pdf HTTP/1.1" 200 62576
66.249.66.21 - - [16/Jul/2024:05:55:07 -0500] "GET /BLA/resoluciones/AUTOS%202008/2589.pdf HTTP/1.1" 200 82484
66.249.66.22 - - [16/Jul/2024:05:55:07 -0500] "GET /BLA/resoluciones/RESOLUCIONES%202007/RES%202007%20701%20AL%20800/RESOLUCION%200726%20DE%202007.pdf HTTP/1.1" 200 230077
66.249.66.1 - - [16/Jul/2024:05:55:08 -0500] "GET /BLA/resoluciones/AUTOS%202008/0498.pdf HTTP/1.1" 200 77482
66.249.66.2 - - [16/Jul/2024:05:55:08 -0500] "GET /BLA/resoluciones/AUTOS%202008/0002.pdf HTTP/1.1" 200 76647
66.249.66.19 - - [16/Jul/2024:05:55:08 -0500] "GET /BLA/resoluciones/AUTOS%202008/0210.pdf HTTP/1.1" 200 100253
66.249.66.1 - - [16/Jul/2024:05:55:09 -0500] "GET /BLA/resoluciones/AUTOS%202008/2251.pdf HTTP/1.1" 200 156826
66.249.66.19 - - [16/Jul/2024:05:55:10 -0500] "GET /BLA/resoluciones/AUTOS%202008/0169.pdf HTTP/1.1" 200 167813
66.249.66.2 - - [16/Jul/2024:05:55:10 -0500] "GET /BLA/resoluciones/AUTOS%202020/4615.pdf HTTP/1.1" 200 392332
66.249.66.20 - - [16/Jul/2024:05:55:10 -0500] "GET /BLA/resoluciones/AUTOS%202008/0852.pdf HTTP/1.1" 200 79347
66.249.66.23 - - [16/Jul/2024:05:55:11 -0500] "GET /BLA/resoluciones/AUTOS%202008/3365.pdf HTTP/1.1" 200 100282
66.249.66.21 - - [16/Jul/2024:05:55:11 -0500] "GET /BLA/resoluciones/AUTOS%202008/0313.pdf HTTP/1.1" 200 104358
66.249.66.23 - - [16/Jul/2024:05:55:12 -0500] "GET /BLA/resoluciones/AUTOS%202008/1181.pdf HTTP/1.1" 200 129679
66.249.66.20 - - [16/Jul/2024:05:55:12 -0500] "GET /BLA/resoluciones/RESOLUCIONES%202007/RES%202007%201501%20AL%201600/RESOLUCION%201566%20DE%202007.pdf HTTP/1.1" 200 620273
216.244.66.195 - - [16/Jul/2024:05:55:12 -0500] "GET /BLA/resoluciones/AUTOS%202012/2448.pdf HTTP/1.1" 200 471704
66.249.66.20 - - [16/Jul/2024:05:55:12 -0500] "GET /BLA/resoluciones/AUTOS%202020/3796.pdf HTTP/1.1" 200 355244
66.249.66.19 - - [16/Jul/2024:05:55:13 -0500] "GET /BLA/resoluciones/AUTOS%202020/4070.pdf HTTP/1.1" 200 390958
66.249.66.23 - - [16/Jul/2024:05:55:13 -0500] "GET /BLA/resoluciones/AUTOS%202008/2694.pdf HTTP/1.1" 200 101373
66.249.66.21 - - [16/Jul/2024:05:55:14 -0500] "GET /BLA/resoluciones/AUTOS%202008/1074.pdf HTTP/1.1" 200 135028
66.249.66.21 - - [16/Jul/2024:05:55:14 -0500] "GET /BLA/resoluciones/AUTOS%202008/1823.pdf HTTP/1.1" 200 209863
66.249.66.19 - - [16/Jul/2024:05:55:15 -0500] "GET /BLA/resoluciones/AUTOS%202008/0735.pdf HTTP/1.1" 200 148461
66.249.66.23 - - [16/Jul/2024:05:55:15 -0500] "GET /BLA/resoluciones/RESOLUCIONES%202007/RES%202007%203401%20AL%203500/RESOLUCION%203458%20DE%202007.pdf HTTP/1.1" 200 251566
66.249.66.20 - - [16/Jul/2024:05:55:16 -0500] "GET /BLA/resoluciones/AUTOS%202008/2547.pdf HTTP/1.1" 200 135843
66.249.66.21 - - [16/Jul/2024:05:55:16 -0500] "GET /BLA/resoluciones/RESOLUCIONES%202007/RES%202007%20101%20AL%20200/RESOLUCION%200124%20%20DE%202007.pdf HTTP/1.1" 200 392554
66.249.66.20 - - [16/Jul/2024:05:55:17 -0500] "GET /BLA/resoluciones/AUTOS%202008/2383.pdf HTTP/1.1" 200 87140
66.249.66.19 - - [16/Jul/2024:05:55:17 -0500] "GET /BLA/resoluciones/AUTOS%202008/0460.pdf HTTP/1.1" 200 101849
66.249.66.19 - - [16/Jul/2024:05:55:17 -0500] "GET /BLA/resoluciones/RESOLUCIONES%202007/RES%202007%201501%20AL%201600/RESOLUCION%201577%20DE%202007.pdf HTTP/1.1" 200 532471
66.249.66.22 - - [16/Jul/2024:05:55:18 -0500] "GET /BLA/resoluciones/AUTOS%202008/3459.pdf HTTP/1.1" 200 78924
66.249.66.20 - - [16/Jul/2024:05:55:18 -0500] "GET /BLA/resoluciones/RESOLUCIONES%202007/RES%202007%20701%20AL%20800/RESOLUCION%200762%20DE%202007.pdf HTTP/1.1" 200 295850
66.249.66.20 - - [16/Jul/2024:05:55:19 -0500] "GET /BLA/resoluciones/AUTOS%202008/1321.pdf HTTP/1.1" 200 439170
66.249.66.22 - - [16/Jul/2024:05:55:19 -0500] "GET /BLA/resoluciones/AUTOS%202008/1137.pdf HTTP/1.1" 200 63018
66.249.66.21 - - [16/Jul/2024:05:55:20 -0500] "GET /BLA/resoluciones/AUTOS%202008/0982.pdf HTTP/1.1" 200 128729
66.249.66.22 - - [16/Jul/2024:05:55:20 -0500] "GET /BLA/resoluciones/AUTOS%202008/2427.pdf HTTP/1.1" 200 329587
66.249.66.20 - - [16/Jul/2024:05:55:21 -0500] "GET /BLA/resoluciones/AUTOS%202008/0242.pdf HTTP/1.1" 200 103371
66.249.66.22 - - [16/Jul/2024:05:55:21 -0500] "GET /BLA/resoluciones/AUTOS%202008/0105.pdf HTTP/1.1" 200 75083
66.249.66.22 - - [16/Jul/2024:05:55:22 -0500] "GET /BLA/resoluciones/RESOLUCIONES%202007/RES%202007%201501%20AL%201600/RESOLUCION%201541%20DE%202007.pdf HTTP/1.1" 200 528274
66.249.66.22 - - [16/Jul/2024:05:55:22 -0500] "GET /BLA/resoluciones/RESOLUCIONES%202007/RES%202007%201501%20AL%201600/RESOLUCION%201540%20DE%202007.pdf HTTP/1.1" 200 360260
66.249.66.21 - - [16/Jul/2024:05:55:22 -0500] "GET /BLA/resoluciones/AUTOS%202008/3390.pdf HTTP/1.1" 200 139894
66.249.66.21 - - [16/Jul/2024:05:55:23 -0500] "GET /BLA/resoluciones/AUTOS%202008/0622.pdf HTTP/1.1" 200 161720
66.249.66.21 - - [16/Jul/2024:05:55:23 -0500] "GET /BLA/resoluciones/AUTOS%202008/2417.pdf HTTP/1.1" 200 104200
66.249.66.19 - - [16/Jul/2024:05:55:24 -0500] "GET /BLA/resoluciones/RESOLUCIONES%202007/RES%202007%203701%20AL%203800/RESOLUCION%203796%20DE%202007.pdf HTTP/1.1" 200 745815
66.249.66.21 - - [16/Jul/2024:05:55:24 -0500] "GET /BLA/resoluciones/AUTOS%202008/1217.pdf HTTP/1.1" 200 176484
52.167.144.215 - - [16/Jul/2024:05:55:24 -0500] "GET /BLA/resoluciones/RESOLUCIONES%202018/1951.pdf HTTP/1.1" 200 413523
66.249.66.22 - - [16/Jul/2024:05:55:25 -0500] "GET /BLA/resoluciones/AUTOS%202008/2979.pdf HTTP/1.1" 200 177464
66.249.66.21 - - [16/Jul/2024:05:55:25 -0500] "GET /BLA/resoluciones/AUTOS%202008/2371.pdf HTTP/1.1" 200 99095
66.249.66.23 - - [16/Jul/2024:05:55:26 -0500] "GET /BLA/resoluciones/AUTOS%202008/1580.pdf HTTP/1.1" 200 132221
66.249.66.23 - - [16/Jul/2024:05:55:26 -0500] "GET /BLA/resoluciones/AUTOS%202008/1925.pdf HTTP/1.1" 200 127477
66.249.66.22 - - [16/Jul/2024:05:55:27 -0500] "GET /BLA/resoluciones/AUTOS%202008/0979.pdf HTTP/1.1" 200 135000
66.249.66.23 - - [16/Jul/2024:05:55:27 -0500] "GET /BLA/resoluciones/AUTOS%202008/0407.pdf HTTP/1.1" 200 81959
66.249.66.22 - - [16/Jul/2024:05:55:27 -0500] "GET /BLA/resoluciones/RESOLUCIONES%202007/RES%202007%203701%20AL%203800/RESOLUCION%203718%20DE%202007.pdf HTTP/1.1" 200 689579
66.249.66.22 - - [16/Jul/2024:05:55:28 -0500] "GET /BLA/resoluciones/AUTOS%202008/0048.pdf HTTP/1.1" 200 82009
66.249.66.20 - - [16/Jul/2024:05:55:28 -0500] "GET /BLA/resoluciones/AUTOS%202008/1414.pdf HTTP/1.1" 200 138445
66.249.66.22 - - [16/Jul/2024:05:55:29 -0500] "GET /BLA/resoluciones/AUTOS%202008/0223.pdf HTTP/1.1" 200 319847
66.249.66.23 - - [16/Jul/2024:05:55:29 -0500] "GET /BLA/resoluciones/AUTOS%202008/0383.pdf HTTP/1.1" 200 140073
66.249.66.21 - - [16/Jul/2024:05:55:30 -0500] "GET /BLA/resoluciones/AUTOS%202008/1558.pdf HTTP/1.1" 200 85597
66.249.66.1 - - [16/Jul/2024:05:55:30 -0500] "GET /BLA/resoluciones/AUTOS%202008/0075.pdf HTTP/1.1" 200 153368
66.249.66.2 - - [16/Jul/2024:05:55:31 -0500] "GET /BLA/resoluciones/AUTOS%202008/0005.pdf HTTP/1.1" 200 85471
66.249.66.2 - - [16/Jul/2024:05:55:31 -0500] "GET /BLA/resoluciones/AUTOS%202008/1860.pdf HTTP/1.1" 200 201246
66.249.66.23 - - [16/Jul/2024:05:55:32 -0500] "GET /BLA/resoluciones/RESOLUCIONES%202007/RES%202007%201726%20AL%201800/RESOLUCION%201783%20DE%202007.pdf HTTP/1.1" 200 895075
66.249.66.21 - - [16/Jul/2024:05:55:32 -0500] "GET /BLA/resoluciones/AUTOS%202008/2171.pdf HTTP/1.1" 200 177474
66.249.66.19 - - [16/Jul/2024:05:55:32 -0500] "GET /BLA/resoluciones/AUTOS%202008/1210.pdf HTTP/1.1" 200 81124
