201.245.192.253 - - [16/Jul/2024:08:44:00 -0500] "POST /sipse/faces/presentacion/financiero/solicitudProceso/consultarSolicitudProceso.xhtml HTTP/1.1" 200 1578869
186.29.32.138 - - [16/Jul/2024:08:44:02 -0500] "POST /sipse/faces/presentacion/financiero/solicitudProceso/listarSolicitudProceso.xhtml HTTP/1.1" 200 13655
186.29.32.138 - - [16/Jul/2024:08:44:05 -0500] "POST /sipse/faces/presentacion/financiero/solicitudProceso/listarSolicitudProceso.xhtml HTTP/1.1" 200 13542
216.244.66.195 - - [16/Jul/2024:08:44:07 -0500] "GET /BLA/resoluciones/AUTOS%202007/1477.pdf HTTP/1.1" 200 41614
181.53.12.168 - - [16/Jul/2024:08:44:10 -0500] "GET /sipse/faces/javax.faces.resource/theme.css?ln=primefaces-sipse HTTP/1.1" 304 -
181.53.12.168 - - [16/Jul/2024:08:44:10 -0500] "POST /sipse/faces/presentacion/financiero/estudioPrevio/personalSolicitado/asociarProfesionPersonalSolicitado.xhtml HTTP/1.1" 200 49437
181.53.12.168 - - [16/Jul/2024:08:44:10 -0500] "GET /sipse/faces/javax.faces.resource/primefaces.css?ln=primefaces&v=4.0 HTTP/1.1" 304 -
181.53.12.168 - - [16/Jul/2024:08:44:10 -0500] "GET /sipse/faces/javax.faces.resource/primefaces.js?ln=primefaces&v=4.0 HTTP/1.1" 304 -
181.53.12.168 - - [16/Jul/2024:08:44:10 -0500] "GET /sipse/faces/javax.faces.resource/layout/layout.css?ln=primefaces&v=4.0 HTTP/1.1" 304 -
181.53.12.168 - - [16/Jul/2024:08:44:10 -0500] "GET /sipse/faces/javax.faces.resource/jquery/jquery-plugins.js?ln=primefaces&v=4.0 HTTP/1.1" 304 -
181.53.12.168 - - [16/Jul/2024:08:44:10 -0500] "GET /sipse/faces/javax.faces.resource/jquery/jquery.js?ln=primefaces&v=4.0 HTTP/1.1" 304 -
181.53.12.168 - - [16/Jul/2024:08:44:10 -0500] "GET /sipse/faces/javax.faces.resource/layout/layout.js?ln=primefaces&v=4.0 HTTP/1.1" 304 -
186.29.32.138 - - [16/Jul/2024:08:44:11 -0500] "POST /sipse/faces/presentacion/financiero/solicitudProceso/listarSolicitudProceso.xhtml HTTP/1.1" 200 13542
186.29.32.138 - - [16/Jul/2024:08:44:13 -0500] "POST /sipse/faces/presentacion/financiero/solicitudProceso/listarSolicitudProceso.xhtml HTTP/1.1" 200 13500
216.244.66.195 - - [16/Jul/2024:08:44:16 -0500] "GET /BLA/resoluciones/AUTOS%202007/1559.pdf HTTP/1.1" 200 28085
186.29.32.138 - - [16/Jul/2024:08:44:18 -0500] "POST /sipse/faces/presentacion/financiero/solicitudProceso/listarSolicitudProceso.xhtml HTTP/1.1" 200 13500
198.235.24.12 - - [16/Jul/2024:08:44:19 -0500] "GET / HTTP/1.1" 200 319
186.29.32.138 - - [16/Jul/2024:08:44:20 -0500] "POST /sipse/faces/presentacion/financiero/solicitudProceso/listarSolicitudProceso.xhtml HTTP/1.1" 200 13705
186.102.71.200 - - [16/Jul/2024:08:44:22 -0500] "GET /kwssiamovil/sm/ldap/au?x=U2FsdGVkX1/4QpN7n7cpyT0/JtFmFgRiLvexSRR5h93iUjwQZ/hQZiW2+fNlCvpF&y=U2FsdGVkX18Vdc2Lp6YW1ugTx5umcwd1HwiawWXM5Ldwg3NGCzlUwqD6mKR0/vmt HTTP/1.1" 200 30
186.102.71.200 - - [16/Jul/2024:08:44:22 -0500] "GET /kwssiamovil/sm/acme/s?s=U2FsdGVkX19N9QmUcD2gcBTrrqAK/EHoXMLSDgHH+Sb7Rd7UM3Xy2OLYjXpt27t6rfX/8246SO+cktkWh82tBI9K1IyD2ii3Yb61hk36yIU=&u=U2FsdGVkX19Qm7GTHvQGWiXtxfOpraHcXSNGuc9QP8I=&y=U2FsdGVkX18Vdc2Lp6YW1ugTx5umcwd1HwiawWXM5Ldwg3NGCzlUwqD6mKR0/vmt HTTP/1.1" 200 70
186.102.71.200 - - [16/Jul/2024:08:44:22 -0500] "GET /kwssiamovil/sm/acme/s?s=U2FsdGVkX1/fpj7Gepdpnpv1xwzWoU6Y68N5Uv2Nx4U84mh9S5/Lpt53aDr7kRNcDiaQz54cRzf0Kek48Sz+eY4SuxZKCrL+DJyqktsW9JWF29W9+ka94ECh/fcR5b7UmtNtzc5CCIbRRTifC7NdIdX/xRSc2CVYscStDB9aIn1fuaHx/BEqEoezHjRnUVBWV7cmuKm86qa9Zk8LB/Orhuhl7G1gP2R/yxyOGAURNrMWXXCa3woiu4KRUrhymOSriFsJLMgdKOx6vXgFBc3dbY+5X0872D/rQT7P4TdNEQcRlFgyQ+qKqQ823gXnnWNBSXJKPZmSzczfUgAUXLv3SPVRK5IhjEhm6issuTP7WD24OZLvT0AvUIxl2owI0eUK04/1B0CK1PMpAS8jrusJMugMAIBnixHdCDf83dRF42+qKHZvFtNYrskAJBUAKJeHM6zj6ZSvWxVLgmJeCT1XCL6IsPJV70IMhClS9kMgYUfui7M5xGpmuf7wk0SEH9qtW3TJSClCaj6YDM6ai8f+eA3Tj2AA/5C35zG8slrjSDpQxcLOw15DyRVJByoCantyMdRA0Dh8MiPO+unOxTrpfssiUdlf4w4wd9N2XLORvLkPmznWrORbepn/XfUOsQpztsnGVcClGgpbQAzPVqdIBFxoqin26+0329DOeRucWALeyDQhqibVO2a9/E3u2Y1PhF+UQhILOxFR1HDX/gJqE5xbzJ5hpAnDUX4UIwqwN3h+oZcaKc4tLQnoZzhot0Fbc4WwFMx3KcY2wxA+6SE/fE7MQWsdTQZSsE8KQvALK7x/FCh/jG6x0dCTQzyiro4bnLs241tmc1KUOLqG/WaPnzKcqzM35zsODJ6JvhovCBYoWcgAlImapnBQQI7HpJ8rwt/MAL8vFLlHSoysQgZ+i6b1NPPIoIzc5AknxZ/R7yty1SF3Xi/gzhDL75d1BNFhqoda56K4GZnNic+EDm2OiHCfkNAtTi32tPn6I3F8cBYw5xzUmCMhy4KELcfxBj80dZow6mjNdgO9n4c2tWu4DyF4bMWdk0hEbq9SPlBtHfQU6YU/PcYHB+heGmfXfsMkHU95SY2e/y8jrhsRmyYEqJ9FJo7nAV/OeHiKlKmWPxsR5O7ea1flvJjgEKLhu4JAxkhpkQ1C40qLfBncFyoG53Y2ilCBWHy1rwHb2NOIoOkCZAjqH0lOoCfy8zPOhua3/DBU9/9phFhMq7bHqgKJzsxKeVdM1uktMISLQauMm5N3NNd/a+/tw2Oistq+4zil/pYjPI8YdQEk555zvQEq1s/Vb6xevvjE8NM9TZn87HI02UcsAxlrlPM0BFRvHEI1DNGGvXGvL5u+I5PGTSEHqEzVn7uvKAKPlHcJBYlbMTDU65PsY8xiArw+FGYrkB/4BqSlsqSE6ZCIevfSEco3ARxZ1141MRNm2FBSPmL2LrBVphBZLkM5H0Zob5mV+hQTy5Axgr8lhYgsRZ9GNAvMjAOxZgUghaayl01eVlqYjjJDmF5mEPhVUVD1a54D9p2yKtlun7b+cTxWZ5SvTgzGdU5KbhKcyzEg0W0Tcw9CJZjNzzhHxW0VDerVjZ/8STTwQFtL/8YQESMrC6k+VcqbKMHWOb8HhPSKVwx8+LTQis+DheCRHK4t8NxRCrPJbrWFBd2awufo5lNEJZqE7OiwXNMCwbA7gKXjrk/0gHw013GuwRnhVnCbB7cjn9SVkPKFxiuSHWYSTm0ikI8DcCzhwuZP0JzxEIRtRXybf0WkChM=&u=U2FsdGVkX19Qm7GTHvQGWiXtxfOpraHcXSNGuc9QP8I=&y=U2FsdGVkX18Vdc2Lp6YW1ugTx5umcwd1HwiawWXM5Ldwg3NGCzlUwqD6mKR0/vmt HTTP/1.1" 200 697
201.245.192.253 - - [16/Jul/2024:08:44:22 -0500] "POST /sipse/faces/presentacion/financiero/solicitudProceso/consultarSolicitudProceso.xhtml HTTP/1.1" 200 911
186.102.71.200 - - [16/Jul/2024:08:44:22 -0500] "GET /kwssiamovil/sm/acme/s?s=U2FsdGVkX19mlKd8oY/BvdRhxZONrgTMPbFJ1nkoGuDXJEd4vEoE2C/hOSnryJOfuLe8R4k/UIG0UFKeGlORgVUqDu1lXXlCXPbkZj3zvV9R90RjT+6iyqTKTsxVF4jWZUcjsAPNvbcBQuQHRAL55ZXnLy14eG5AUpR25q0bYv3ukGTVRrAa5ZV6GzBTwoRwze/vQkUM42ZSPm81I4XQHg5UjsgbHh3G0Dlcca61QymD9541KLFCZcAZAORrpt+eVsyNU4d5qi+rLo3q11Q9+Xw2hibuNK4cyb5OsnZwnLGRQB0DabO4Rrd7mZXESSROXUiOjFGIeHXzlqz6vI6V9r/nKLDby+AzJw+RQoMhaQqnyyYOMvzaXVc6Cx6BInUTmGKmJYkb9lo1GRJ9w2BlQJSkF/DMSNCXliwl2PgZ3Cz28tfPwAb4d5G44g3qM2cWB31pXRjYiFJPwG6A827VoCF+9TGXpqcPwWRlP70VNEjxj13JyGnSw6tElqYKd8TajsdtVjsHVHq7FUFABls5EbSGZIaktqrwJ4axtYZikJm/euS+Jpgptc8Tbxxu2XVUqNBCTL9HfYF4/lj+zUi9yNVmRKLKxsIanvgIc64UwrvNQt5QdgU/KFcmpSCrrUCHBZmbNeyreQOBFiOQHFN76F4ddPhIYYjKXgAnR3KYse1r0FNsT56I61mS8FjVKuRUgob3oKLaLfysa732lHMHWVuPrqHSjiKr8tePljcS/5nN8EXh4yZ2NHXUU+wRAtih&u=U2FsdGVkX19Qm7GTHvQGWiXtxfOpraHcXSNGuc9QP8I=&y=U2FsdGVkX18Vdc2Lp6YW1ugTx5umcwd1HwiawWXM5Ldwg3NGCzlUwqD6mKR0/vmt HTTP/1.1" 200 208
186.102.71.200 - - [16/Jul/2024:08:44:23 -0500] "GET /kwssiamovil/sm/cjson/pre?f=1&x=U2FsdGVkX1/4QpN7n7cpyT0/JtFmFgRiLvexSRR5h93iUjwQZ/hQZiW2+fNlCvpF HTTP/1.1" 200 30244
216.244.66.195 - - [16/Jul/2024:08:44:25 -0500] "GET /BLA/resoluciones/AUTOS%202007/1602.pdf HTTP/1.1" 200 47159
216.244.66.195 - - [16/Jul/2024:08:44:33 -0500] "GET /BLA/resoluciones/AUTOS%202007/1678.pdf HTTP/1.1" 200 32832
186.29.32.138 - - [16/Jul/2024:08:44:37 -0500] "POST /sipse/faces/presentacion/financiero/solicitudProceso/listarSolicitudProceso.xhtml HTTP/1.1" 200 13705
216.244.66.195 - - [16/Jul/2024:08:44:39 -0500] "GET /BLA/resoluciones/AUTOS%202007/1720.pdf HTTP/1.1" 200 38738
186.29.32.138 - - [16/Jul/2024:08:44:41 -0500] "POST /sipse/faces/presentacion/financiero/solicitudProceso/listarSolicitudProceso.xhtml HTTP/1.1" 200 13501
186.29.32.138 - - [16/Jul/2024:08:44:46 -0500] "POST /sipse/faces/presentacion/financiero/solicitudProceso/listarSolicitudProceso.xhtml HTTP/1.1" 200 13501
216.244.66.195 - - [16/Jul/2024:08:44:48 -0500] "GET /BLA/resoluciones/AUTOS%202007/1741.pdf HTTP/1.1" 200 38867
186.29.32.138 - - [16/Jul/2024:08:44:49 -0500] "POST /sipse/faces/presentacion/financiero/solicitudProceso/listarSolicitudProceso.xhtml HTTP/1.1" 200 13538
66.249.66.21 - - [16/Jul/2024:08:44:52 -0500] "GET /BLA/resoluciones/AUTOS%202008/3458.pdf HTTP/1.1" 200 257449
66.249.66.20 - - [16/Jul/2024:08:44:52 -0500] "GET /BLA/resoluciones/RESOLUCIONES%202023/1438.pdf HTTP/1.1" 200 326122
66.249.66.21 - - [16/Jul/2024:08:44:53 -0500] "GET /BLA/resoluciones/AUTOS%202023/4154.pdf HTTP/1.1" 200 418277
66.249.66.21 - - [16/Jul/2024:08:44:53 -0500] "GET /BLA/resoluciones/RESOLUCIONES%202023/1791.pdf HTTP/1.1" 200 801553
216.244.66.195 - - [16/Jul/2024:08:44:53 -0500] "GET /BLA/resoluciones/AUTOS%202019/0200.pdf HTTP/1.1" 200 262207
186.29.32.138 - - [16/Jul/2024:08:44:53 -0500] "POST /sipse/faces/presentacion/financiero/solicitudProceso/listarSolicitudProceso.xhtml HTTP/1.1" 200 13538
201.245.192.253 - - [16/Jul/2024:08:44:55 -0500] "GET /kwsrmcab/Wsrmcab?wsdl HTTP/1.1" 200 6948
186.29.32.138 - - [16/Jul/2024:08:44:56 -0500] "POST /sipse/faces/presentacion/financiero/solicitudProceso/listarSolicitudProceso.xhtml HTTP/1.1" 200 13542
201.245.192.253 - - [16/Jul/2024:08:44:59 -0500] "POST /kwsrmcab/Wsrmcab  HTTP/1.1" 200 213
216.244.66.195 - - [16/Jul/2024:08:45:00 -0500] "GET /BLA/resoluciones/AUTOS%202019/1904.pdf HTTP/1.1" 200 261224
186.29.32.138 - - [16/Jul/2024:08:45:01 -0500] "POST /sipse/faces/presentacion/financiero/solicitudProceso/listarSolicitudProceso.xhtml HTTP/1.1" 200 13542
186.29.32.138 - - [16/Jul/2024:08:45:03 -0500] "POST /sipse/faces/presentacion/financiero/solicitudProceso/listarSolicitudProceso.xhtml HTTP/1.1" 200 13521
186.29.32.138 - - [16/Jul/2024:08:45:04 -0500] "POST /sipse/faces/presentacion/financiero/solicitudProceso/listarSolicitudProceso.xhtml HTTP/1.1" 200 13525
186.29.32.138 - - [16/Jul/2024:08:45:15 -0500] "POST /sipse/faces/presentacion/financiero/solicitudProceso/listarSolicitudProceso.xhtml HTTP/1.1" 200 13521
186.29.32.138 - - [16/Jul/2024:08:45:24 -0500] "POST /sipse/faces/presentacion/financiero/solicitudProceso/listarSolicitudProceso.xhtml HTTP/1.1" 200 13521
216.244.66.195 - - [16/Jul/2024:08:45:24 -0500] "GET /BLA/resoluciones/AUTOS%202019/2554.pdf HTTP/1.1" 200 257685
186.29.32.138 - - [16/Jul/2024:08:45:31 -0500] "POST /sipse/faces/presentacion/financiero/solicitudProceso/listarSolicitudProceso.xhtml HTTP/1.1" 200 13521
181.53.12.168 - - [16/Jul/2024:08:45:35 -0500] "POST /sipse/faces/presentacion/financiero/estudioPrevio/personalSolicitado/personalSolicitadoSolicitudProceso.xhtml HTTP/1.1" 200 36783
181.53.12.168 - - [16/Jul/2024:08:45:35 -0500] "GET /sipse/faces/javax.faces.resource/theme.css?ln=primefaces-sipse HTTP/1.1" 304 -
181.53.12.168 - - [16/Jul/2024:08:45:35 -0500] "GET /sipse/faces/javax.faces.resource/jquery/jquery.js?ln=primefaces&v=4.0 HTTP/1.1" 304 -
181.53.12.168 - - [16/Jul/2024:08:45:35 -0500] "GET /sipse/faces/javax.faces.resource/primefaces.css?ln=primefaces&v=4.0 HTTP/1.1" 304 -
181.53.12.168 - - [16/Jul/2024:08:45:35 -0500] "GET /sipse/faces/javax.faces.resource/layout/layout.css?ln=primefaces&v=4.0 HTTP/1.1" 304 -
181.53.12.168 - - [16/Jul/2024:08:45:35 -0500] "GET /sipse/faces/javax.faces.resource/jquery/jquery-plugins.js?ln=primefaces&v=4.0 HTTP/1.1" 304 -
181.53.12.168 - - [16/Jul/2024:08:45:35 -0500] "GET /sipse/faces/javax.faces.resource/primefaces.js?ln=primefaces&v=4.0 HTTP/1.1" 304 -
181.53.12.168 - - [16/Jul/2024:08:45:36 -0500] "GET /sipse/faces/javax.faces.resource/layout/layout.js?ln=primefaces&v=4.0 HTTP/1.1" 304 -
186.29.32.138 - - [16/Jul/2024:08:45:40 -0500] "POST /sipse/faces/presentacion/financiero/solicitudProceso/listarSolicitudProceso.xhtml HTTP/1.1" 200 13521
186.29.32.138 - - [16/Jul/2024:08:45:43 -0500] "POST /sipse/faces/presentacion/financiero/solicitudProceso/listarSolicitudProceso.xhtml HTTP/1.1" 200 13479
181.53.12.168 - - [16/Jul/2024:08:45:44 -0500] "POST /sipse/faces/presentacion/financiero/estudioPrevio/personalSolicitado/asociarProfesionPersonalSolicitado.xhtml HTTP/1.1" 200 21300
216.244.66.195 - - [16/Jul/2024:08:45:45 -0500] "GET /BLA/resoluciones/AUTOS%202019/3470.pdf HTTP/1.1" 200 433680
186.29.32.138 - - [16/Jul/2024:08:45:48 -0500] "POST /sipse/faces/presentacion/financiero/solicitudProceso/listarSolicitudProceso.xhtml HTTP/1.1" 200 13479
181.53.12.168 - - [16/Jul/2024:08:45:52 -0500] "GET /sipse/faces/javax.faces.resource/images/ui-icons_898989_256x240.png?ln=primefaces-aristo HTTP/1.1" 304 -
66.249.66.20 - - [16/Jul/2024:08:45:54 -0500] "GET /BLA/resoluciones/RESOLUCIONES%202023/1371.pdf HTTP/1.1" 200 412392
181.53.12.168 - - [16/Jul/2024:08:45:53 -0500] "POST /sipse/faces/presentacion/financiero/estudioPrevio/personalSolicitado/asociarProfesionPersonalSolicitado.xhtml HTTP/1.1" 200 50757
181.53.12.168 - - [16/Jul/2024:08:45:54 -0500] "GET /sipse/faces/javax.faces.resource/theme.css?ln=primefaces-sipse HTTP/1.1" 304 -
181.53.12.168 - - [16/Jul/2024:08:45:54 -0500] "GET /sipse/faces/javax.faces.resource/primefaces.css?ln=primefaces&v=4.0 HTTP/1.1" 304 -
181.53.12.168 - - [16/Jul/2024:08:45:54 -0500] "GET /sipse/faces/javax.faces.resource/jquery/jquery.js?ln=primefaces&v=4.0 HTTP/1.1" 304 -
181.53.12.168 - - [16/Jul/2024:08:45:54 -0500] "GET /sipse/faces/javax.faces.resource/layout/layout.css?ln=primefaces&v=4.0 HTTP/1.1" 304 -
181.53.12.168 - - [16/Jul/2024:08:45:54 -0500] "GET /sipse/faces/javax.faces.resource/jquery/jquery-plugins.js?ln=primefaces&v=4.0 HTTP/1.1" 304 -
181.53.12.168 - - [16/Jul/2024:08:45:54 -0500] "GET /sipse/faces/javax.faces.resource/primefaces.js?ln=primefaces&v=4.0 HTTP/1.1" 304 -
181.53.12.168 - - [16/Jul/2024:08:45:54 -0500] "GET /sipse/faces/javax.faces.resource/layout/layout.js?ln=primefaces&v=4.0 HTTP/1.1" 304 -
66.249.66.21 - - [16/Jul/2024:08:45:54 -0500] "GET /BLA/resoluciones/RESOLUCIONES%202023/1793.pdf HTTP/1.1" 200 407729
201.245.192.253 - - [16/Jul/2024:08:45:55 -0500] "GET /kwsrmcab/Wsrmcab?wsdl HTTP/1.1" 200 6948
181.53.12.168 - - [16/Jul/2024:08:45:57 -0500] "POST /sipse/faces/presentacion/financiero/estudioPrevio/personalSolicitado/personalSolicitadoSolicitudProceso.xhtml HTTP/1.1" 200 36787
181.53.12.168 - - [16/Jul/2024:08:45:58 -0500] "GET /sipse/faces/javax.faces.resource/theme.css?ln=primefaces-sipse HTTP/1.1" 304 -
181.53.12.168 - - [16/Jul/2024:08:45:58 -0500] "GET /sipse/faces/javax.faces.resource/primefaces.css?ln=primefaces&v=4.0 HTTP/1.1" 304 -
181.53.12.168 - - [16/Jul/2024:08:45:58 -0500] "GET /sipse/faces/javax.faces.resource/jquery/jquery.js?ln=primefaces&v=4.0 HTTP/1.1" 304 -
181.53.12.168 - - [16/Jul/2024:08:45:58 -0500] "GET /sipse/faces/javax.faces.resource/layout/layout.css?ln=primefaces&v=4.0 HTTP/1.1" 304 -
181.53.12.168 - - [16/Jul/2024:08:45:58 -0500] "GET /sipse/faces/javax.faces.resource/jquery/jquery-plugins.js?ln=primefaces&v=4.0 HTTP/1.1" 304 -
181.53.12.168 - - [16/Jul/2024:08:45:58 -0500] "GET /sipse/faces/javax.faces.resource/primefaces.js?ln=primefaces&v=4.0 HTTP/1.1" 304 -
181.53.12.168 - - [16/Jul/2024:08:45:58 -0500] "GET /sipse/faces/javax.faces.resource/layout/layout.js?ln=primefaces&v=4.0 HTTP/1.1" 304 -
181.53.12.168 - - [16/Jul/2024:08:46:01 -0500] "POST /sipse/faces/presentacion/financiero/estudioPrevio/personalSolicitado/asociarProfesionPersonalSolicitado.xhtml HTTP/1.1" 200 7395
186.29.32.138 - - [16/Jul/2024:08:46:03 -0500] "POST /sipse/faces/presentacion/financiero/solicitudProceso/listarSolicitudProceso.xhtml HTTP/1.1" 200 13479
181.53.12.168 - - [16/Jul/2024:08:46:05 -0500] "POST /sipse/faces/presentacion/financiero/estudioPrevio/personalSolicitado/asociarProfesionPersonalSolicitado.xhtml HTTP/1.1" 200 52040
181.53.12.168 - - [16/Jul/2024:08:46:05 -0500] "GET /sipse/faces/javax.faces.resource/theme.css?ln=primefaces-sipse HTTP/1.1" 304 -
181.53.12.168 - - [16/Jul/2024:08:46:05 -0500] "GET /sipse/faces/javax.faces.resource/primefaces.css?ln=primefaces&v=4.0 HTTP/1.1" 304 -
181.53.12.168 - - [16/Jul/2024:08:46:05 -0500] "GET /sipse/faces/javax.faces.resource/layout/layout.css?ln=primefaces&v=4.0 HTTP/1.1" 304 -
181.53.12.168 - - [16/Jul/2024:08:46:05 -0500] "GET /sipse/faces/javax.faces.resource/jquery/jquery-plugins.js?ln=primefaces&v=4.0 HTTP/1.1" 304 -
181.53.12.168 - - [16/Jul/2024:08:46:05 -0500] "GET /sipse/faces/javax.faces.resource/jquery/jquery.js?ln=primefaces&v=4.0 HTTP/1.1" 304 -
181.53.12.168 - - [16/Jul/2024:08:46:05 -0500] "GET /sipse/faces/javax.faces.resource/primefaces.js?ln=primefaces&v=4.0 HTTP/1.1" 304 -
181.53.12.168 - - [16/Jul/2024:08:46:05 -0500] "GET /sipse/faces/javax.faces.resource/layout/layout.js?ln=primefaces&v=4.0 HTTP/1.1" 304 -
186.29.32.138 - - [16/Jul/2024:08:46:06 -0500] "POST /sipse/faces/presentacion/financiero/solicitudProceso/listarSolicitudProceso.xhtml HTTP/1.1" 200 13474
216.244.66.195 - - [16/Jul/2024:08:46:07 -0500] "GET /BLA/resoluciones/AUTOS%202019/3483.pdf HTTP/1.1" 200 558333
186.29.32.138 - - [16/Jul/2024:08:46:10 -0500] "POST /sipse/faces/presentacion/financiero/solicitudProceso/listarSolicitudProceso.xhtml HTTP/1.1" 200 13474
181.53.12.168 - - [16/Jul/2024:08:46:12 -0500] "POST /sipse/faces/presentacion/financiero/estudioPrevio/personalSolicitado/personalSolicitadoSolicitudProceso.xhtml HTTP/1.1" 200 36791
181.53.12.168 - - [16/Jul/2024:08:46:12 -0500] "GET /sipse/faces/javax.faces.resource/layout/layout.css?ln=primefaces&v=4.0 HTTP/1.1" 304 -
181.53.12.168 - - [16/Jul/2024:08:46:12 -0500] "GET /sipse/faces/javax.faces.resource/primefaces.css?ln=primefaces&v=4.0 HTTP/1.1" 304 -
181.53.12.168 - - [16/Jul/2024:08:46:12 -0500] "GET /sipse/faces/javax.faces.resource/theme.css?ln=primefaces-sipse HTTP/1.1" 304 -
181.53.12.168 - - [16/Jul/2024:08:46:12 -0500] "GET /sipse/faces/javax.faces.resource/jquery/jquery.js?ln=primefaces&v=4.0 HTTP/1.1" 304 -
181.53.12.168 - - [16/Jul/2024:08:46:12 -0500] "GET /sipse/faces/javax.faces.resource/jquery/jquery-plugins.js?ln=primefaces&v=4.0 HTTP/1.1" 304 -
181.53.12.168 - - [16/Jul/2024:08:46:12 -0500] "GET /sipse/faces/javax.faces.resource/primefaces.js?ln=primefaces&v=4.0 HTTP/1.1" 304 -
181.53.12.168 - - [16/Jul/2024:08:46:12 -0500] "GET /sipse/faces/javax.faces.resource/layout/layout.js?ln=primefaces&v=4.0 HTTP/1.1" 304 -
186.29.32.138 - - [16/Jul/2024:08:46:13 -0500] "POST /sipse/faces/presentacion/financiero/solicitudProceso/listarSolicitudProceso.xhtml HTTP/1.1" 200 13545
181.53.12.168 - - [16/Jul/2024:08:46:15 -0500] "POST /sipse/faces/presentacion/financiero/estudioPrevio/personalSolicitado/asociarProfesionPersonalSolicitado.xhtml HTTP/1.1" 200 21153
181.53.12.168 - - [16/Jul/2024:08:46:18 -0500] "POST /sipse/faces/presentacion/financiero/estudioPrevio/personalSolicitado/asociarProfesionPersonalSolicitado.xhtml HTTP/1.1" 200 53311
181.53.12.168 - - [16/Jul/2024:08:46:18 -0500] "GET /sipse/faces/javax.faces.resource/jquery/jquery.js?ln=primefaces&v=4.0 HTTP/1.1" 304 -
181.53.12.168 - - [16/Jul/2024:08:46:18 -0500] "GET /sipse/faces/javax.faces.resource/theme.css?ln=primefaces-sipse HTTP/1.1" 304 -
181.53.12.168 - - [16/Jul/2024:08:46:18 -0500] "GET /sipse/faces/javax.faces.resource/layout/layout.js?ln=primefaces&v=4.0 HTTP/1.1" 304 -
181.53.12.168 - - [16/Jul/2024:08:46:18 -0500] "GET /sipse/faces/javax.faces.resource/primefaces.css?ln=primefaces&v=4.0 HTTP/1.1" 304 -
181.53.12.168 - - [16/Jul/2024:08:46:18 -0500] "GET /sipse/faces/javax.faces.resource/jquery/jquery-plugins.js?ln=primefaces&v=4.0 HTTP/1.1" 304 -
181.53.12.168 - - [16/Jul/2024:08:46:18 -0500] "GET /sipse/faces/javax.faces.resource/primefaces.js?ln=primefaces&v=4.0 HTTP/1.1" 304 -
181.53.12.168 - - [16/Jul/2024:08:46:18 -0500] "GET /sipse/faces/javax.faces.resource/layout/layout.css?ln=primefaces&v=4.0 HTTP/1.1" 304 -
186.29.32.138 - - [16/Jul/2024:08:46:18 -0500] "POST /sipse/faces/presentacion/financiero/solicitudProceso/listarSolicitudProceso.xhtml HTTP/1.1" 200 13545
181.63.25.39 - - [16/Jul/2024:08:46:20 -0500] "GET /BLA/resoluciones/ HTTP/1.1" 200 14105
181.63.25.39 - - [16/Jul/2024:08:46:22 -0500] "GET /BLA/resoluciones/index.php?dir=AUTOS+2017%2F HTTP/1.1" 200 485470
216.244.66.195 - - [16/Jul/2024:08:46:26 -0500] "GET /BLA/resoluciones/AUTOS%202019/3887.pdf HTTP/1.1" 200 276932
181.53.12.168 - - [16/Jul/2024:08:46:36 -0500] "POST /sipse/faces/presentacion/financiero/estudioPrevio/personalSolicitado/personalSolicitadoSolicitudProceso.xhtml HTTP/1.1" 200 36794
181.53.12.168 - - [16/Jul/2024:08:46:36 -0500] "GET /sipse/faces/javax.faces.resource/theme.css?ln=primefaces-sipse HTTP/1.1" 304 -
181.53.12.168 - - [16/Jul/2024:08:46:36 -0500] "GET /sipse/faces/javax.faces.resource/layout/layout.css?ln=primefaces&v=4.0 HTTP/1.1" 304 -
181.53.12.168 - - [16/Jul/2024:08:46:36 -0500] "GET /sipse/faces/javax.faces.resource/jquery/jquery.js?ln=primefaces&v=4.0 HTTP/1.1" 304 -
181.53.12.168 - - [16/Jul/2024:08:46:36 -0500] "GET /sipse/faces/javax.faces.resource/primefaces.css?ln=primefaces&v=4.0 HTTP/1.1" 304 -
181.53.12.168 - - [16/Jul/2024:08:46:36 -0500] "GET /sipse/faces/javax.faces.resource/jquery/jquery-plugins.js?ln=primefaces&v=4.0 HTTP/1.1" 304 -
181.53.12.168 - - [16/Jul/2024:08:46:36 -0500] "GET /sipse/faces/javax.faces.resource/primefaces.js?ln=primefaces&v=4.0 HTTP/1.1" 304 -
181.53.12.168 - - [16/Jul/2024:08:46:36 -0500] "GET /sipse/faces/javax.faces.resource/layout/layout.js?ln=primefaces&v=4.0 HTTP/1.1" 304 -
181.53.12.168 - - [16/Jul/2024:08:46:39 -0500] "POST /sipse/faces/presentacion/financiero/estudioPrevio/personalSolicitado/asociarProfesionPersonalSolicitado.xhtml HTTP/1.1" 200 18324
181.53.12.168 - - [16/Jul/2024:08:46:40 -0500] "POST /sipse/faces/presentacion/financiero/estudioPrevio/personalSolicitado/asociarProfesionPersonalSolicitado.xhtml HTTP/1.1" 200 1419
181.53.12.168 - - [16/Jul/2024:08:46:41 -0500] "POST /sipse/faces/presentacion/financiero/estudioPrevio/personalSolicitado/asociarProfesionPersonalSolicitado.xhtml HTTP/1.1" 200 18324
181.53.12.168 - - [16/Jul/2024:08:46:42 -0500] "POST /sipse/faces/presentacion/financiero/estudioPrevio/personalSolicitado/asociarProfesionPersonalSolicitado.xhtml HTTP/1.1" 200 14243
216.244.66.195 - - [16/Jul/2024:08:46:43 -0500] "GET /BLA/resoluciones/AUTOS%202019/3910.pdf HTTP/1.1" 200 -
181.53.12.168 - - [16/Jul/2024:08:46:45 -0500] "POST /sipse/faces/presentacion/financiero/estudioPrevio/personalSolicitado/asociarProfesionPersonalSolicitado.xhtml HTTP/1.1" 200 54587
181.53.12.168 - - [16/Jul/2024:08:46:46 -0500] "GET /sipse/faces/javax.faces.resource/primefaces.css?ln=primefaces&v=4.0 HTTP/1.1" 304 -
181.53.12.168 - - [16/Jul/2024:08:46:46 -0500] "GET /sipse/faces/javax.faces.resource/theme.css?ln=primefaces-sipse HTTP/1.1" 304 -
181.53.12.168 - - [16/Jul/2024:08:46:46 -0500] "GET /sipse/faces/javax.faces.resource/layout/layout.css?ln=primefaces&v=4.0 HTTP/1.1" 304 -
181.53.12.168 - - [16/Jul/2024:08:46:46 -0500] "GET /sipse/faces/javax.faces.resource/jquery/jquery-plugins.js?ln=primefaces&v=4.0 HTTP/1.1" 304 -
181.53.12.168 - - [16/Jul/2024:08:46:46 -0500] "GET /sipse/faces/javax.faces.resource/jquery/jquery.js?ln=primefaces&v=4.0 HTTP/1.1" 304 -
181.53.12.168 - - [16/Jul/2024:08:46:46 -0500] "GET /sipse/faces/javax.faces.resource/primefaces.js?ln=primefaces&v=4.0 HTTP/1.1" 304 -
181.53.12.168 - - [16/Jul/2024:08:46:46 -0500] "GET /sipse/faces/javax.faces.resource/layout/layout.js?ln=primefaces&v=4.0 HTTP/1.1" 304 -
181.53.12.168 - - [16/Jul/2024:08:46:52 -0500] "POST /sipse/faces/presentacion/financiero/estudioPrevio/personalSolicitado/personalSolicitadoSolicitudProceso.xhtml HTTP/1.1" 200 36798
181.53.12.168 - - [16/Jul/2024:08:46:52 -0500] "GET /sipse/faces/javax.faces.resource/primefaces.css?ln=primefaces&v=4.0 HTTP/1.1" 304 -
181.53.12.168 - - [16/Jul/2024:08:46:52 -0500] "GET /sipse/faces/javax.faces.resource/layout/layout.css?ln=primefaces&v=4.0 HTTP/1.1" 304 -
181.53.12.168 - - [16/Jul/2024:08:46:52 -0500] "GET /sipse/faces/javax.faces.resource/theme.css?ln=primefaces-sipse HTTP/1.1" 304 -
181.53.12.168 - - [16/Jul/2024:08:46:52 -0500] "GET /sipse/faces/javax.faces.resource/jquery/jquery.js?ln=primefaces&v=4.0 HTTP/1.1" 304 -
181.53.12.168 - - [16/Jul/2024:08:46:52 -0500] "GET /sipse/faces/javax.faces.resource/jquery/jquery-plugins.js?ln=primefaces&v=4.0 HTTP/1.1" 304 -
181.53.12.168 - - [16/Jul/2024:08:46:52 -0500] "GET /sipse/faces/javax.faces.resource/primefaces.js?ln=primefaces&v=4.0 HTTP/1.1" 304 -
181.53.12.168 - - [16/Jul/2024:08:46:52 -0500] "GET /sipse/faces/javax.faces.resource/layout/layout.js?ln=primefaces&v=4.0 HTTP/1.1" 304 -
181.53.12.168 - - [16/Jul/2024:08:46:54 -0500] "POST /sipse/faces/presentacion/financiero/estudioPrevio/personalSolicitado/asociarProfesionPersonalSolicitado.xhtml HTTP/1.1" 200 21364
201.245.192.253 - - [16/Jul/2024:08:46:55 -0500] "GET /kwsrmcab/Wsrmcab?wsdl HTTP/1.1" 200 6948
66.249.66.20 - - [16/Jul/2024:08:46:55 -0500] "GET /BLA/resoluciones/AUTOS%202008/0427.pdf HTTP/1.1" 200 300198
181.53.12.168 - - [16/Jul/2024:08:46:55 -0500] "POST /sipse/faces/presentacion/financiero/estudioPrevio/personalSolicitado/asociarProfesionPersonalSolicitado.xhtml HTTP/1.1" 200 1415
181.53.12.168 - - [16/Jul/2024:08:46:57 -0500] "POST /sipse/faces/presentacion/financiero/estudioPrevio/personalSolicitado/asociarProfesionPersonalSolicitado.xhtml HTTP/1.1" 200 21364
216.244.66.195 - - [16/Jul/2024:08:46:58 -0500] "GET /BLA/resoluciones/AUTOS%202019/4231.pdf HTTP/1.1" 200 325820
216.245.221.92 - - [16/Jul/2024:08:46:59 -0500] "HEAD / HTTP/1.1" 200 -
181.53.12.168 - - [16/Jul/2024:08:46:59 -0500] "POST /sipse/faces/presentacion/financiero/estudioPrevio/personalSolicitado/asociarProfesionPersonalSolicitado.xhtml HTTP/1.1" 200 21364
181.53.12.168 - - [16/Jul/2024:08:47:02 -0500] "POST /sipse/faces/presentacion/financiero/estudioPrevio/personalSolicitado/asociarProfesionPersonalSolicitado.xhtml HTTP/1.1" 200 55854
181.53.12.168 - - [16/Jul/2024:08:47:02 -0500] "GET /sipse/faces/javax.faces.resource/theme.css?ln=primefaces-sipse HTTP/1.1" 304 -
181.53.12.168 - - [16/Jul/2024:08:47:02 -0500] "GET /sipse/faces/javax.faces.resource/layout/layout.css?ln=primefaces&v=4.0 HTTP/1.1" 304 -
181.53.12.168 - - [16/Jul/2024:08:47:02 -0500] "GET /sipse/faces/javax.faces.resource/primefaces.css?ln=primefaces&v=4.0 HTTP/1.1" 304 -
181.53.12.168 - - [16/Jul/2024:08:47:02 -0500] "GET /sipse/faces/javax.faces.resource/jquery/jquery.js?ln=primefaces&v=4.0 HTTP/1.1" 304 -
181.53.12.168 - - [16/Jul/2024:08:47:02 -0500] "GET /sipse/faces/javax.faces.resource/jquery/jquery-plugins.js?ln=primefaces&v=4.0 HTTP/1.1" 304 -
181.53.12.168 - - [16/Jul/2024:08:47:02 -0500] "GET /sipse/faces/javax.faces.resource/primefaces.js?ln=primefaces&v=4.0 HTTP/1.1" 304 -
181.53.12.168 - - [16/Jul/2024:08:47:02 -0500] "GET /sipse/faces/javax.faces.resource/layout/layout.js?ln=primefaces&v=4.0 HTTP/1.1" 304 -
181.53.12.168 - - [16/Jul/2024:08:47:12 -0500] "POST /sipse/faces/presentacion/financiero/estudioPrevio/personalSolicitado/personalSolicitadoSolicitudProceso.xhtml HTTP/1.1" 200 33602
181.53.12.168 - - [16/Jul/2024:08:47:12 -0500] "GET /sipse/faces/javax.faces.resource/theme.css?ln=primefaces-sipse HTTP/1.1" 304 -
181.53.12.168 - - [16/Jul/2024:08:47:12 -0500] "GET /sipse/faces/javax.faces.resource/layout/layout.css?ln=primefaces&v=4.0 HTTP/1.1" 304 -
181.53.12.168 - - [16/Jul/2024:08:47:12 -0500] "GET /sipse/faces/javax.faces.resource/primefaces.css?ln=primefaces&v=4.0 HTTP/1.1" 304 -
181.53.12.168 - - [16/Jul/2024:08:47:12 -0500] "GET /sipse/faces/javax.faces.resource/jquery/jquery.js?ln=primefaces&v=4.0 HTTP/1.1" 304 -
181.53.12.168 - - [16/Jul/2024:08:47:12 -0500] "GET /sipse/faces/javax.faces.resource/jquery/jquery-plugins.js?ln=primefaces&v=4.0 HTTP/1.1" 304 -
181.53.12.168 - - [16/Jul/2024:08:47:12 -0500] "GET /sipse/faces/javax.faces.resource/primefaces.js?ln=primefaces&v=4.0 HTTP/1.1" 304 -
181.53.12.168 - - [16/Jul/2024:08:47:12 -0500] "GET /sipse/faces/javax.faces.resource/layout/layout.js?ln=primefaces&v=4.0 HTTP/1.1" 304 -
216.244.66.195 - - [16/Jul/2024:08:47:13 -0500] "GET /BLA/resoluciones/AUTOS%202019/4383.pdf HTTP/1.1" 200 322984
181.53.13.75 - - [16/Jul/2024:08:47:15 -0500] "GET /sipse/faces/javax.faces.resource/images/ui-icons_898989_256x240.png?ln=primefaces-aristo HTTP/1.1" 304 -
181.53.12.168 - - [16/Jul/2024:08:47:15 -0500] "POST /sipse/faces/presentacion/financiero/estudioPrevio/personalSolicitado/asociarEspecializacionPersonalSolicitado.xhtml HTTP/1.1" 200 18520
181.53.13.75 - - [16/Jul/2024:08:47:16 -0500] "POST /sipse/faces/presentacion/financiero/estudioPrevio/personalSolicitado/personalSolicitadoSolicitudProceso.xhtml HTTP/1.1" 200 7051
181.53.12.168 - - [16/Jul/2024:08:47:17 -0500] "POST /sipse/faces/presentacion/financiero/estudioPrevio/personalSolicitado/asociarEspecializacionPersonalSolicitado.xhtml HTTP/1.1" 200 16106
181.53.12.168 - - [16/Jul/2024:08:47:18 -0500] "POST /sipse/faces/presentacion/financiero/estudioPrevio/personalSolicitado/asociarEspecializacionPersonalSolicitado.xhtml HTTP/1.1" 200 18520
186.29.35.204 - - [16/Jul/2024:08:47:18 -0500] "GET /sipse/faces/index.xhtml HTTP/1.1" 200 677
186.29.35.204 - - [16/Jul/2024:08:47:18 -0500] "GET /sipse/faces/javax.faces.resource/theme.css?ln=primefaces-sipse HTTP/1.1" 304 -
186.29.35.204 - - [16/Jul/2024:08:47:19 -0500] "GET /sipse/faces/faces/autenticacion.xhtml HTTP/1.1" 200 12410
186.29.35.204 - - [16/Jul/2024:08:47:19 -0500] "GET /sipse/js/disable_browser_buttons.js HTTP/1.1" 304 -
186.29.35.204 - - [16/Jul/2024:08:47:19 -0500] "GET /sipse/css/custom_css_sg_prime_login.css HTTP/1.1" 304 -
186.29.35.204 - - [16/Jul/2024:08:47:19 -0500] "GET /sipse/css/custom_css_sg.css HTTP/1.1" 304 -
186.29.35.204 - - [16/Jul/2024:08:47:19 -0500] "GET /sipse/faces/javax.faces.resource/theme.css?ln=primefaces-sipse HTTP/1.1" 304 -
186.29.35.204 - - [16/Jul/2024:08:47:19 -0500] "GET /sipse/js/funciones.js HTTP/1.1" 304 -
186.29.35.204 - - [16/Jul/2024:08:47:19 -0500] "GET /sipse/faces/javax.faces.resource/primefaces.css?ln=primefaces&v=4.0 HTTP/1.1" 304 -
186.29.35.204 - - [16/Jul/2024:08:47:19 -0500] "GET /sipse/faces/javax.faces.resource/layout/layout.css?ln=primefaces&v=4.0 HTTP/1.1" 304 -
186.29.35.204 - - [16/Jul/2024:08:47:19 -0500] "GET /sipse/faces/javax.faces.resource/jquery/jquery.js?ln=primefaces&v=4.0 HTTP/1.1" 304 -
186.29.35.204 - - [16/Jul/2024:08:47:19 -0500] "GET /sipse/faces/javax.faces.resource/jquery/jquery-plugins.js?ln=primefaces&v=4.0 HTTP/1.1" 304 -
186.29.35.204 - - [16/Jul/2024:08:47:19 -0500] "GET /sipse/faces/javax.faces.resource/layout/layout.js?ln=primefaces&v=4.0 HTTP/1.1" 304 -
186.29.35.204 - - [16/Jul/2024:08:47:19 -0500] "GET /sipse/faces/javax.faces.resource/primefaces.js?ln=primefaces&v=4.0 HTTP/1.1" 304 -
186.29.35.204 - - [16/Jul/2024:08:47:19 -0500] "GET /sipse/css/imagen/loginimg.png HTTP/1.1" 304 -
186.29.35.204 - - [16/Jul/2024:08:47:19 -0500] "GET /sipse/css/imagen/logoSDG.png HTTP/1.1" 304 -
186.29.35.204 - - [16/Jul/2024:08:47:19 -0500] "GET /sipse/faces/javax.faces.resource/images/ui-icons_898989_256x240.png?ln=primefaces-aristo HTTP/1.1" 304 -
181.53.12.168 - - [16/Jul/2024:08:47:19 -0500] "POST /sipse/faces/presentacion/financiero/estudioPrevio/personalSolicitado/asociarEspecializacionPersonalSolicitado.xhtml HTTP/1.1" 200 18678
181.53.12.168 - - [16/Jul/2024:08:47:21 -0500] "POST /sipse/faces/presentacion/financiero/estudioPrevio/personalSolicitado/asociarEspecializacionPersonalSolicitado.xhtml HTTP/1.1" 200 18682
186.29.35.204 - - [16/Jul/2024:08:47:31 -0500] "POST /sipse/faces/autenticacion.xhtml HTTP/1.1" 200 2223
186.29.35.204 - - [16/Jul/2024:08:47:31 -0500] "GET /sipse/faces/javax.faces.resource/messages/messages.png?ln=primefaces&v=4.0 HTTP/1.1" 304 -
186.29.35.204 - - [16/Jul/2024:08:47:32 -0500] "POST /sipse/faces/autenticacion.xhtml HTTP/1.1" 200 16341
186.29.35.204 - - [16/Jul/2024:08:47:32 -0500] "GET /sipse/css/custom_css_sg_prime.css HTTP/1.1" 304 -
186.29.35.204 - - [16/Jul/2024:08:47:32 -0500] "GET /sipse/faces/javax.faces.resource/theme.css?ln=primefaces-sipse HTTP/1.1" 304 -
186.29.35.204 - - [16/Jul/2024:08:47:32 -0500] "GET /sipse/faces/javax.faces.resource/primefaces.css?ln=primefaces&v=4.0 HTTP/1.1" 304 -
186.29.35.204 - - [16/Jul/2024:08:47:32 -0500] "GET /sipse/faces/javax.faces.resource/layout/layout.css?ln=primefaces&v=4.0 HTTP/1.1" 304 -
186.29.35.204 - - [16/Jul/2024:08:47:32 -0500] "GET /sipse/js/jquery.min.js HTTP/1.1" 304 -
186.29.35.204 - - [16/Jul/2024:08:47:32 -0500] "GET /sipse/faces/javax.faces.resource/jquery/jquery.js?ln=primefaces&v=4.0 HTTP/1.1" 304 -
186.29.35.204 - - [16/Jul/2024:08:47:32 -0500] "GET /sipse/faces/javax.faces.resource/jquery/jquery-plugins.js?ln=primefaces&v=4.0 HTTP/1.1" 304 -
186.29.35.204 - - [16/Jul/2024:08:47:32 -0500] "GET /sipse/faces/javax.faces.resource/primefaces.js?ln=primefaces&v=4.0 HTTP/1.1" 304 -
186.29.35.204 - - [16/Jul/2024:08:47:32 -0500] "GET /sipse/faces/javax.faces.resource/layout/layout.js?ln=primefaces&v=4.0 HTTP/1.1" 304 -
186.29.35.204 - - [16/Jul/2024:08:47:32 -0500] "GET /sipse/css/v_mergente.css HTTP/1.1" 304 -
186.29.35.204 - - [16/Jul/2024:08:47:32 -0500] "GET /sipse/imagenes/cargando.gif HTTP/1.1" 304 -
186.29.35.204 - - [16/Jul/2024:08:47:32 -0500] "GET /sipse/imagenes/logoAplicacion.jpg HTTP/1.1" 304 -
186.29.35.204 - - [16/Jul/2024:08:47:32 -0500] "GET /sipse/css/imagen/contrasena.png HTTP/1.1" 404 383
186.29.35.204 - - [16/Jul/2024:08:47:34 -0500] "GET /sipse/faces/javax.faces.resource/images/ui-bg_flat_0_2d5972_40x100.png?ln=primefaces-aristo HTTP/1.1" 304 -
186.29.35.204 - - [16/Jul/2024:08:47:34 -0500] "POST /sipse/faces/bienvenido.xhtml HTTP/1.1" 200 2658
186.29.35.204 - - [16/Jul/2024:08:47:35 -0500] "POST /sipse/faces/bienvenido.xhtml HTTP/1.1" 200 64279
186.29.35.204 - - [16/Jul/2024:08:47:36 -0500] "GET /sipse/faces/javax.faces.resource/theme.css?ln=primefaces-sipse HTTP/1.1" 304 -
186.29.35.204 - - [16/Jul/2024:08:47:36 -0500] "GET /sipse/faces/javax.faces.resource/primefaces.css?ln=primefaces&v=4.0 HTTP/1.1" 304 -
186.29.35.204 - - [16/Jul/2024:08:47:36 -0500] "GET /sipse/faces/javax.faces.resource/layout/layout.css?ln=primefaces&v=4.0 HTTP/1.1" 304 -
186.29.35.204 - - [16/Jul/2024:08:47:36 -0500] "GET /sipse/faces/javax.faces.resource/jquery/jquery.js?ln=primefaces&v=4.0 HTTP/1.1" 304 -
186.29.35.204 - - [16/Jul/2024:08:47:36 -0500] "GET /sipse/faces/javax.faces.resource/jquery/jquery-plugins.js?ln=primefaces&v=4.0 HTTP/1.1" 304 -
186.29.35.204 - - [16/Jul/2024:08:47:36 -0500] "GET /sipse/faces/javax.faces.resource/primefaces.js?ln=primefaces&v=4.0 HTTP/1.1" 304 -
186.29.35.204 - - [16/Jul/2024:08:47:36 -0500] "GET /sipse/faces/javax.faces.resource/layout/layout.js?ln=primefaces&v=4.0 HTTP/1.1" 304 -
186.29.35.204 - - [16/Jul/2024:08:47:36 -0500] "POST /sipse/faces/presentacion/financiero/solicitudProceso/listarSolicitudProceso.xhtml HTTP/1.1" 200 1556
186.29.35.204 - - [16/Jul/2024:08:47:38 -0500] "POST /sipse/faces/presentacion/financiero/solicitudProceso/listarSolicitudProceso.xhtml HTTP/1.1" 200 13705
172.22.2.4 - - [16/Jul/2024:08:45:59 -0500] "HEAD /BLA/boletinlegal/ HTTP/1.1" 200 -
186.29.35.204 - - [16/Jul/2024:08:47:42 -0500] "POST /sipse/faces/presentacion/financiero/solicitudProceso/listarSolicitudProceso.xhtml HTTP/1.1" 200 13705
181.53.13.75 - - [16/Jul/2024:08:47:42 -0500] "POST /sipse/faces/presentacion/financiero/estudioPrevio/personalSolicitado/personalSolicitadoSolicitudProceso.xhtml HTTP/1.1" 200 36783
181.53.13.75 - - [16/Jul/2024:08:47:43 -0500] "GET /sipse/faces/javax.faces.resource/theme.css?ln=primefaces-sipse HTTP/1.1" 304 -
181.53.13.75 - - [16/Jul/2024:08:47:43 -0500] "GET /sipse/faces/javax.faces.resource/primefaces.css?ln=primefaces&v=4.0 HTTP/1.1" 304 -
181.53.13.75 - - [16/Jul/2024:08:47:43 -0500] "GET /sipse/faces/javax.faces.resource/layout/layout.css?ln=primefaces&v=4.0 HTTP/1.1" 304 -
181.53.13.75 - - [16/Jul/2024:08:47:43 -0500] "GET /sipse/faces/javax.faces.resource/jquery/jquery.js?ln=primefaces&v=4.0 HTTP/1.1" 304 -
181.53.13.75 - - [16/Jul/2024:08:47:43 -0500] "GET /sipse/faces/javax.faces.resource/jquery/jquery-plugins.js?ln=primefaces&v=4.0 HTTP/1.1" 304 -
181.53.13.75 - - [16/Jul/2024:08:47:43 -0500] "GET /sipse/faces/javax.faces.resource/primefaces.js?ln=primefaces&v=4.0 HTTP/1.1" 304 -
181.53.13.75 - - [16/Jul/2024:08:47:43 -0500] "GET /sipse/faces/javax.faces.resource/layout/layout.js?ln=primefaces&v=4.0 HTTP/1.1" 304 -
181.53.12.168 - - [16/Jul/2024:08:47:43 -0500] "POST /sipse/faces/presentacion/financiero/estudioPrevio/personalSolicitado/asociarEspecializacionPersonalSolicitado.xhtml HTTP/1.1" 200 18904
186.29.35.204 - - [16/Jul/2024:08:47:48 -0500] "POST /sipse/faces/presentacion/financiero/solicitudProceso/listarSolicitudProceso.xhtml HTTP/1.1" 200 13705
186.29.35.204 - - [16/Jul/2024:08:47:50 -0500] "POST /sipse/faces/presentacion/financiero/solicitudProceso/listarSolicitudProceso.xhtml HTTP/1.1" 200 13538
181.53.13.75 - - [16/Jul/2024:08:47:51 -0500] "POST /sipse/faces/presentacion/financiero/estudioPrevio/personalSolicitado/asociarProfesionPersonalSolicitado.xhtml HTTP/1.1" 200 21322
181.53.13.75 - - [16/Jul/2024:08:47:51 -0500] "POST /sipse/faces/presentacion/financiero/estudioPrevio/personalSolicitado/asociarProfesionPersonalSolicitado.xhtml HTTP/1.1" 200 21322
186.29.35.204 - - [16/Jul/2024:08:47:53 -0500] "POST /sipse/faces/presentacion/financiero/solicitudProceso/listarSolicitudProceso.xhtml HTTP/1.1" 200 13538
181.53.13.75 - - [16/Jul/2024:08:47:53 -0500] "POST /sipse/faces/presentacion/financiero/estudioPrevio/personalSolicitado/asociarProfesionPersonalSolicitado.xhtml HTTP/1.1" 200 21300
69.171.249.6 - - [16/Jul/2024:08:47:54 -0500] "GET /alcaldia-de-bogota-y-fundacion-exito-entregaron-en-ciudad-bolivar-la-primera-terraza-verde-de-la-capital.html HTTP/1.1" 200 852
69.171.249.115 - - [16/Jul/2024:08:47:54 -0500] "GET /alcaldia-de-bogota-y-fundacion-exito-entregaron-en-ciudad-bolivar-la-primera-terraza-verde-de-la-capital.html HTTP/1.1" 200 852
201.245.192.253 - - [16/Jul/2024:08:47:55 -0500] "GET /kwsrmcab/Wsrmcab?wsdl HTTP/1.1" 200 6948
69.171.251.14 - - [16/Jul/2024:08:47:55 -0500] "GET /images/terrazas%20verdes.jpg HTTP/1.1" 200 63951
186.29.35.204 - - [16/Jul/2024:08:47:58 -0500] "POST /sipse/faces/presentacion/financiero/solicitudProceso/listarSolicitudProceso.xhtml HTTP/1.1" 200 13534
181.53.12.168 - - [16/Jul/2024:08:47:59 -0500] "POST /sipse/faces/presentacion/financiero/estudioPrevio/personalSolicitado/asociarEspecializacionPersonalSolicitado.xhtml HTTP/1.1" 200 1446
186.29.35.204 - - [16/Jul/2024:08:47:59 -0500] "POST /sipse/faces/presentacion/financiero/solicitudProceso/listarSolicitudProceso.xhtml HTTP/1.1" 200 13474
181.53.12.168 - - [16/Jul/2024:08:48:01 -0500] "POST /sipse/faces/presentacion/financiero/estudioPrevio/personalSolicitado/asociarEspecializacionPersonalSolicitado.xhtml HTTP/1.1" 200 1450
181.53.12.168 - - [16/Jul/2024:08:48:02 -0500] "POST /sipse/faces/presentacion/financiero/estudioPrevio/personalSolicitado/asociarEspecializacionPersonalSolicitado.xhtml HTTP/1.1" 200 18706
186.29.35.204 - - [16/Jul/2024:08:48:02 -0500] "POST /sipse/faces/presentacion/financiero/solicitudProceso/listarSolicitudProceso.xhtml HTTP/1.1" 200 13474
186.102.90.192 - - [16/Jul/2024:08:48:08 -0500] "GET /kwssiamovil/sm/ldap/au?x=U2FsdGVkX18Xi/ai8UcD7dCh2vNJ1TM8Yx6O6+taBBIGNUl9VYlk+y68NX1w3w1D&y=U2FsdGVkX1+VA3jzWbzqKiQcgh1qjjWJ+FpCCzpKUEk= HTTP/1.1" 200 30
186.102.90.192 - - [16/Jul/2024:08:48:08 -0500] "GET /kwssiamovil/sm/acme/s?s=U2FsdGVkX1/0kAFk/K+vICbYx2x9NPt9QN5Qu+BViisJ11ApFP5EWSyGTrTTXwwfwkQObSx//JOvPeZsad38J/DDAPIAOMLFkE+xXYRKMrk=&u=U2FsdGVkX1+gfCoeUPnwuMfJ+iHsUnmdel4hqTaBqVE=&y=U2FsdGVkX1+VA3jzWbzqKiQcgh1qjjWJ+FpCCzpKUEk= HTTP/1.1" 200 97
186.102.90.192 - - [16/Jul/2024:08:48:08 -0500] "GET /kwssiamovil/sm/acme/s?s=U2FsdGVkX18AsmUzVDAp9lpxBF7Bu/LOQdEbnku9h9zY3c2fjW4nwq57pAr3ILB6RX3mux1vI3EcFiQSHKwodXwCtKg80zFwmDemc05DNbhQtVJgL+Pc7qFpeAtTlIO7Tyyw2OfWOaGFgO4M1CgdavvwVuNN3X+i98VkWonMNFUoc80FphsNlrxoHijjgPUadY7Dw0QnNd+3rM1dK/wAc1j5BMM/QnZJXVjQW7Gxq3p9bQVE7oAi/DcrjBfpMwx/Rnl7/EZiGzaHRv1q0PwRW4A/wgnQBvKo+R0WORgbhXO6D1cgbXkG405zIT4rXTS1JLg9vVd4ysxUAzbboxvrIRwq3XC33IHoV1pOGgsbOdLVJ1mU+kkXyE7r/pRJdJKa3OwgwLz8HZH3nKcUingHEz18fpIsKu6h3TeMP/Kr9ugegC87rS1LJ7Z5H0JhtiedlvM9ri+1BXTIn9nEgr3nB6K/UeC4Xs37JHlBobXL6L93eoQNx9gOOPbYlQrJpzM1TrXaE2MI86MVWMcKM7u/kGSh+Q0PgqVyrw5M45AUwlndpgumOrbZf15mrZQQ9TJRYFOrPD9xGKVwD0dBe6sOWmPP01J4sIKxUthV7Tti01CM9OoTGnHXPVkPpHZGGcRaCTysZvYiTclr40J2BP4dNUh4uy6BPlEmqsVSOeJ9RVOWEAlMquTkSBUGzz128KgkXm9WN4ibKdxiDSldz/tMcvNlyyiTt2aHAyktKyw9Te4S9dQoJ4+uxVLhJMMMAH4MMq60EVEZNZdPKRX3L/qMHkTBWHMZzMnPc17dqeIWkPeBJks6b89fUD7xaJHIw/HkFR2MsXTVUiNpMMi+inigoeWpYA6qNx7e0AJH3EqF3hhDS1mkbI9I9nrqe3KoNfSJWIaVw2zyoDaoWluDElNwygpgMp08dL+nPZSX8zbRD+1rgH/yL1B8UEyMOYVJSyXjUr+IJzUnnXhR3UHT3+wy2C9z3A426AcRlN5ka8Gp2+pzaPsPJoZ/ayONducl1PhhtgaewKWe3NAhayo8PFsLwR/qBg/YVC+Y/eFmG+4rWi2W5OyuRzvFczDa63XmHZmzrnqPa5lCqHVX5DEhMBdL7DZuP1eNsPs+brqjWosGwDjfKw6SKx196FFDxy4oYsJVcj5CeF2/uCGpFPWEXuF8WCNzh0ILorAF3WDeurKh/Sxg4OXyGJrwTORFQUl9ituOOspIg4k/P0Kvre0gyHkLvG2OPlJNLomH7OqeGbgngmXCADsM2/kkRcec5cf5MQIirmYjIVLiyG4nnWmpBRcMuHFc/e37TyRykdnraesVV2+nsXiUXW6fyHGu9NQ1Aa1znYT93zAryNpz2trl5ELGrlAPR3nJ0uz9FPVD0zn2SHgmCivQscrUkM2t+g6oh8T+bpPY22N+bqQ0P2Y2bdic9jUGf1WfjWJNEM54UMAHynt+qVVhDx7yFxV/CEmgfk6ORMqaXxo7bBqcMiwjs8567Doyq9NQ1i6Yqlze6NHZZWGSQD9lucbVzXbN6li8O8Zsnwesx+SwJ9q7aOWb2gUlWh33T+QimI55cj2DtOgV6m1H/wvmD2sc57Mk7CproxcxsFLMitKIAmK2yZkR6uwCH8n4+7XmchYBnUUV53VfbpE3+9UJPjmx2H58pvQ+FtV/v1qWvEyC1O8YqOIH5+5s9hmkRSAcGv/NoMltHF7HbEQJv/a0fOVT9w8Esb6xe8AF5opQtVdSh02HZfg7tT2eCH+nR4cyO7D+/I/+7tIj1rU=&u=U2FsdGVkX1+gfCoeUPnwuMfJ+iHsUnmdel4hqTaBqVE=&y=U2FsdGVkX1+VA3jzWbzqKiQcgh1qjjWJ+FpCCzpKUEk= HTTP/1.1" 200 2322
186.102.90.192 - - [16/Jul/2024:08:48:08 -0500] "GET /kwssiamovil/sm/acme/s?s=U2FsdGVkX1+Y80uw0JiaVSmVfQqLiDC4A2JOSdgPxEm5lojyunSyGAxVi3cF0CWVC+xEpRlw0FyE3faEXP8UOU05Hg0z0mCCnA1tGk9sX4R/ABmAt4WroQ9BvBQtXbQ1nkoihu2Hr5nY9reppgVeFoWn2dM4cgJxkce5GYSWc1bgoHp8I2zw+K40+LsKAehAlPOaSXzTg7wrlXTS/jSA2kXHIvqJOMiQJe2cH5bWCChmZE77jPyRIhFMC56H+3S9/HEyNZ2/yqSvN1UG/s0nk3XNs+dZaHLSr76/p4UiFUCNO2YQ3+1tS0Bd6pXeKsZNskBLHHW+z5pgLykrVyJb9/Z4+ndjzdDxMuB67kRoyvHBAxLdIR2XNfAERi8Co/CHeJXO5zG78S4ijF192kSOWYgwFwlb5zXf4f3RFaaa7NWKc0bqYcm/7luBiHuq2E+F0ZcVFo+vRNMMfk4FMI+vxdafa4e3BI16XWK+n5Nsb98q4cQZEQYqjplwR2odnGuEeAnzuxiC6jl39uqFon8O6EXqJ6OUOJC5TnR9q8t+O9nqGtF8SBIc5vSUimjmR2TYnaOgJ2BPjOV2FiGvMLAUWy+nndeXUGFc/sAZ8jqiIZ8OdtGPXb5JxFr2JEza+r8qJudzLVh2offcN3gXA7E/89m7AKoKIugcmgcUwBSbBYgiWJccHqqy1g6XTbXREMctRMZj0EU3na3oa0hkYbdoNLMueodLVnynmpITtwNIh1occHzv3bHBI+N+sIaBrgvc&u=U2FsdGVkX1+gfCoeUPnwuMfJ+iHsUnmdel4hqTaBqVE=&y=U2FsdGVkX1+VA3jzWbzqKiQcgh1qjjWJ+FpCCzpKUEk= HTTP/1.1" 200 352
186.102.90.192 - - [16/Jul/2024:08:48:08 -0500] "GET /kwssiamovil/sm/cjson/pre?f=9&x=U2FsdGVkX18Xi/ai8UcD7dCh2vNJ1TM8Yx6O6+taBBIGNUl9VYlk+y68NX1w3w1D HTTP/1.1" 200 23812
186.102.90.192 - - [16/Jul/2024:08:48:08 -0500] "GET /kwssiamovil/sm/cjson/pre?f=18&x=U2FsdGVkX18Xi/ai8UcD7dCh2vNJ1TM8Yx6O6+taBBIGNUl9VYlk+y68NX1w3w1D HTTP/1.1" 200 32013
186.29.35.204 - - [16/Jul/2024:08:48:09 -0500] "POST /sipse/faces/presentacion/financiero/solicitudProceso/listarSolicitudProceso.xhtml HTTP/1.1" 200 13474
181.53.13.75 - - [16/Jul/2024:08:48:11 -0500] "GET /sipse/faces/javax.faces.resource/theme.css?ln=primefaces-sipse HTTP/1.1" 304 -
181.53.13.75 - - [16/Jul/2024:08:48:11 -0500] "GET /sipse/faces/javax.faces.resource/primefaces.js?ln=primefaces&v=4.0 HTTP/1.1" 304 -
181.53.13.75 - - [16/Jul/2024:08:48:11 -0500] "GET /sipse/faces/javax.faces.resource/layout/layout.css?ln=primefaces&v=4.0 HTTP/1.1" 304 -
181.53.13.75 - - [16/Jul/2024:08:48:11 -0500] "GET /sipse/faces/javax.faces.resource/jquery/jquery.js?ln=primefaces&v=4.0 HTTP/1.1" 304 -
181.53.13.75 - - [16/Jul/2024:08:48:11 -0500] "POST /sipse/faces/presentacion/financiero/estudioPrevio/personalSolicitado/asociarProfesionPersonalSolicitado.xhtml HTTP/1.1" 200 50757
181.53.13.75 - - [16/Jul/2024:08:48:11 -0500] "GET /sipse/faces/javax.faces.resource/primefaces.css?ln=primefaces&v=4.0 HTTP/1.1" 304 -
181.53.13.75 - - [16/Jul/2024:08:48:11 -0500] "GET /sipse/faces/javax.faces.resource/jquery/jquery-plugins.js?ln=primefaces&v=4.0 HTTP/1.1" 304 -
181.53.13.75 - - [16/Jul/2024:08:48:11 -0500] "GET /sipse/faces/javax.faces.resource/layout/layout.js?ln=primefaces&v=4.0 HTTP/1.1" 304 -
186.29.35.204 - - [16/Jul/2024:08:48:11 -0500] "POST /sipse/faces/presentacion/financiero/solicitudProceso/listarSolicitudProceso.xhtml HTTP/1.1" 200 13615
181.53.12.168 - - [16/Jul/2024:08:48:11 -0500] "POST /sipse/faces/presentacion/financiero/estudioPrevio/personalSolicitado/asociarEspecializacionPersonalSolicitado.xhtml HTTP/1.1" 200 16107
181.53.13.75 - - [16/Jul/2024:08:48:15 -0500] "POST /sipse/faces/presentacion/financiero/estudioPrevio/personalSolicitado/personalSolicitadoSolicitudProceso.xhtml HTTP/1.1" 200 36787
181.53.13.75 - - [16/Jul/2024:08:48:16 -0500] "GET /sipse/faces/javax.faces.resource/theme.css?ln=primefaces-sipse HTTP/1.1" 304 -
181.53.13.75 - - [16/Jul/2024:08:48:16 -0500] "GET /sipse/faces/javax.faces.resource/primefaces.css?ln=primefaces&v=4.0 HTTP/1.1" 304 -
181.53.13.75 - - [16/Jul/2024:08:48:16 -0500] "GET /sipse/faces/javax.faces.resource/layout/layout.css?ln=primefaces&v=4.0 HTTP/1.1" 304 -
186.29.35.204 - - [16/Jul/2024:08:48:15 -0500] "POST /sipse/faces/presentacion/financiero/solicitudProceso/listarSolicitudProceso.xhtml HTTP/1.1" 200 13615
181.53.13.75 - - [16/Jul/2024:08:48:16 -0500] "GET /sipse/faces/javax.faces.resource/jquery/jquery.js?ln=primefaces&v=4.0 HTTP/1.1" 304 -
181.53.13.75 - - [16/Jul/2024:08:48:16 -0500] "GET /sipse/faces/javax.faces.resource/jquery/jquery-plugins.js?ln=primefaces&v=4.0 HTTP/1.1" 304 -
181.53.13.75 - - [16/Jul/2024:08:48:16 -0500] "GET /sipse/faces/javax.faces.resource/primefaces.js?ln=primefaces&v=4.0 HTTP/1.1" 304 -
181.53.13.75 - - [16/Jul/2024:08:48:16 -0500] "GET /sipse/faces/javax.faces.resource/layout/layout.js?ln=primefaces&v=4.0 HTTP/1.1" 304 -
181.53.13.75 - - [16/Jul/2024:08:48:23 -0500] "POST /sipse/faces/presentacion/financiero/estudioPrevio/personalSolicitado/asociarProfesionPersonalSolicitado.xhtml HTTP/1.1" 200 10383
181.53.12.168 - - [16/Jul/2024:08:48:25 -0500] "POST /sipse/faces/presentacion/financiero/estudioPrevio/personalSolicitado/asociarEspecializacionPersonalSolicitado.xhtml HTTP/1.1" 200 18652
186.29.35.204 - - [16/Jul/2024:08:48:25 -0500] "POST /sipse/faces/presentacion/financiero/solicitudProceso/listarSolicitudProceso.xhtml HTTP/1.1" 200 13615
186.29.35.204 - - [16/Jul/2024:08:48:26 -0500] "POST /sipse/faces/presentacion/financiero/solicitudProceso/listarSolicitudProceso.xhtml HTTP/1.1" 200 13615
172.22.2.4 - - [16/Jul/2024:08:46:50 -0500] "GET /BLA/boletinlegal/ HTTP/1.1" 200 57889
181.53.13.75 - - [16/Jul/2024:08:48:31 -0500] "GET /sipse/faces/javax.faces.resource/theme.css?ln=primefaces-sipse HTTP/1.1" 304 -
181.53.13.75 - - [16/Jul/2024:08:48:31 -0500] "GET /sipse/faces/javax.faces.resource/primefaces.css?ln=primefaces&v=4.0 HTTP/1.1" 304 -
181.53.13.75 - - [16/Jul/2024:08:48:31 -0500] "GET /sipse/faces/javax.faces.resource/layout/layout.css?ln=primefaces&v=4.0 HTTP/1.1" 304 -
181.53.13.75 - - [16/Jul/2024:08:48:31 -0500] "GET /sipse/faces/javax.faces.resource/jquery/jquery.js?ln=primefaces&v=4.0 HTTP/1.1" 304 -
181.53.13.75 - - [16/Jul/2024:08:48:31 -0500] "POST /sipse/faces/presentacion/financiero/estudioPrevio/personalSolicitado/asociarProfesionPersonalSolicitado.xhtml HTTP/1.1" 200 52040
181.53.13.75 - - [16/Jul/2024:08:48:31 -0500] "GET /sipse/faces/javax.faces.resource/jquery/jquery-plugins.js?ln=primefaces&v=4.0 HTTP/1.1" 304 -
181.53.13.75 - - [16/Jul/2024:08:48:31 -0500] "GET /sipse/faces/javax.faces.resource/primefaces.js?ln=primefaces&v=4.0 HTTP/1.1" 304 -
181.53.13.75 - - [16/Jul/2024:08:48:31 -0500] "GET /sipse/faces/javax.faces.resource/layout/layout.js?ln=primefaces&v=4.0 HTTP/1.1" 304 -
186.29.35.204 - - [16/Jul/2024:08:48:31 -0500] "POST /sipse/faces/presentacion/financiero/solicitudProceso/listarSolicitudProceso.xhtml HTTP/1.1" 200 13615
186.29.35.204 - - [16/Jul/2024:08:48:35 -0500] "POST /sipse/faces/presentacion/financiero/solicitudProceso/listarSolicitudProceso.xhtml HTTP/1.1" 200 13615
181.53.13.75 - - [16/Jul/2024:08:48:37 -0500] "POST /sipse/faces/presentacion/financiero/estudioPrevio/personalSolicitado/personalSolicitadoSolicitudProceso.xhtml HTTP/1.1" 200 36791
181.53.13.75 - - [16/Jul/2024:08:48:37 -0500] "GET /sipse/faces/javax.faces.resource/primefaces.css?ln=primefaces&v=4.0 HTTP/1.1" 304 -
181.53.13.75 - - [16/Jul/2024:08:48:37 -0500] "GET /sipse/faces/javax.faces.resource/theme.css?ln=primefaces-sipse HTTP/1.1" 304 -
181.53.13.75 - - [16/Jul/2024:08:48:37 -0500] "GET /sipse/faces/javax.faces.resource/layout/layout.css?ln=primefaces&v=4.0 HTTP/1.1" 304 -
181.53.13.75 - - [16/Jul/2024:08:48:37 -0500] "GET /sipse/faces/javax.faces.resource/jquery/jquery.js?ln=primefaces&v=4.0 HTTP/1.1" 304 -
181.53.13.75 - - [16/Jul/2024:08:48:37 -0500] "GET /sipse/faces/javax.faces.resource/jquery/jquery-plugins.js?ln=primefaces&v=4.0 HTTP/1.1" 304 -
181.53.13.75 - - [16/Jul/2024:08:48:37 -0500] "GET /sipse/faces/javax.faces.resource/primefaces.js?ln=primefaces&v=4.0 HTTP/1.1" 304 -
181.53.13.75 - - [16/Jul/2024:08:48:37 -0500] "GET /sipse/faces/javax.faces.resource/layout/layout.js?ln=primefaces&v=4.0 HTTP/1.1" 304 -
181.53.12.168 - - [16/Jul/2024:08:48:41 -0500] "POST /sipse/faces/presentacion/financiero/estudioPrevio/personalSolicitado/asociarEspecializacionPersonalSolicitado.xhtml HTTP/1.1" 200 16107
181.53.13.75 - - [16/Jul/2024:08:48:42 -0500] "POST /sipse/faces/presentacion/financiero/estudioPrevio/personalSolicitado/asociarProfesionPersonalSolicitado.xhtml HTTP/1.1" 200 20872
181.53.13.75 - - [16/Jul/2024:08:48:44 -0500] "POST /sipse/faces/presentacion/financiero/estudioPrevio/personalSolicitado/asociarProfesionPersonalSolicitado.xhtml HTTP/1.1" 200 20794
201.245.192.253 - - [16/Jul/2024:08:48:44 -0500] "GET /sipse/faces/index.xhtml HTTP/1.1" 200 677
201.245.192.253 - - [16/Jul/2024:08:48:44 -0500] "GET /sipse/faces/javax.faces.resource/theme.css?ln=primefaces-sipse HTTP/1.1" 304 -
201.245.192.253 - - [16/Jul/2024:08:48:45 -0500] "GET /favicon.ico HTTP/1.1" 200 7782
201.245.192.253 - - [16/Jul/2024:08:48:45 -0500] "GET /sipse/js/disable_browser_buttons.js HTTP/1.1" 200 3230
201.245.192.253 - - [16/Jul/2024:08:48:45 -0500] "GET /sipse/faces/faces/autenticacion.xhtml HTTP/1.1" 200 12410
201.245.192.253 - - [16/Jul/2024:08:48:45 -0500] "GET /sipse/css/custom_css_sg_prime_login.css HTTP/1.1" 200 443
201.245.192.253 - - [16/Jul/2024:08:48:45 -0500] "GET /sipse/faces/javax.faces.resource/theme.css?ln=primefaces-sipse HTTP/1.1" 304 -
201.245.192.253 - - [16/Jul/2024:08:48:45 -0500] "GET /sipse/css/custom_css_sg.css HTTP/1.1" 200 9694
