!C99Shell v. 1.0 pre-release build #13!

Software: Apache. PHP/5.5.15 

uname -a: Windows NT SVR-DMZ 6.1 build 7600 (Windows Server 2008 R2 Enterprise Edition) i586 

SYSTEM 

Safe-mode: OFF (not secure)

E:\nuevo\apache\logs\   drwxrwxrwx
Free 8.02 GB of 239.26 GB (3.35%)
Detected drives: [ a ] [ c ] [ d ] [ e ] [ f ]
Home    Back    Forward    UPDIR    Refresh    Search    Buffer    Encoder    Tools    Proc.    FTP brute    Sec.    SQL    PHP-code    Update    Feedback    Self remove    Logout    


Viewing file:     error.2014.10.28.log (83.15 KB)      -rw-rw-rw-
Select action/file-type:
(+) | (+) | (+) | Code (+) | Session (+) | (+) | SDB (+) | (+) | (+) | (+) | (+) | (+) |
[Tue Oct 28 01:33:09.530011 2014] [proxy:error] [pid 4888:tid 1820] (OS 10061)No connection could be made because the target machine actively refused it.  : AH00957: HTTP: attempt to connect to 172.22.1.36:8080 (172.22.1.36) failed
[Tue Oct 28 01:33:09.530011 2014] [proxy:error] [pid 4888:tid 1820] AH00959: ap_proxy_connect_backend disabling worker for (172.22.1.36) for 60s
[Tue Oct 28 01:33:09.530011 2014] [proxy_http:error] [pid 4888:tid 1820] [client 181.60.135.80:49702] AH01114: HTTP: failed to make connection to backend: 172.22.1.36
[Tue Oct 28 01:33:23.039635 2014] [proxy:error] [pid 4888:tid 904] AH00940: HTTP: disabled connection for (172.22.1.36)
[Tue Oct 28 01:33:40.511666 2014] [proxy:error] [pid 4888:tid 1820] AH00940: HTTP: disabled connection for (172.22.1.36)
[Tue Oct 28 03:15:21.748782 2014] [mpm_winnt:warn] [pid 4888:tid 3172] (OS 64)The specified network name is no longer available.  : AH00341: winnt_accept: Asynchronous AcceptEx failed.
[Tue Oct 28 04:06:37.171384 2014] [core:error] [pid 4888:tid 1540] (22)Invalid argument: [client 180.76.6.159:62430] AH00127: Cannot map GET /Autoliquidacion/TR%C1MITES%20VERTIMIENTOS/REGISTRO%20DE%20VERTIMIENTOS/formulario%20reg%20de%20vertimientos%20no%20domesticos.doc HTTP/1.1 to file
[Tue Oct 28 04:06:52.724611 2014] [proxy_http:error] [pid 4888:tid 1716] (OS 10054)An existing connection was forcibly closed by the remote host.  : [client 181.137.149.52:49354] AH01102: error reading status line from remote server 172.22.1.31:80, referer: http://www.ambientebogota.gov.co/web/intranet/aplicaciones-para-acceder-fuera-de-la-sda
[Tue Oct 28 04:06:52.724611 2014] [proxy:error] [pid 4888:tid 1716] [client 181.137.149.52:49354] AH00898: Error reading from remote server returned by /isolucionsda/, referer: http://www.ambientebogota.gov.co/web/intranet/aplicaciones-para-acceder-fuera-de-la-sda
[Tue Oct 28 04:27:40.118402 2014] [proxy_http:error] [pid 4888:tid 1300] (OS 10054)An existing connection was forcibly closed by the remote host.  : [client 181.137.149.52:49818] AH01102: error reading status line from remote server 172.22.1.31:80, referer: http://190.27.245.106/isolucionsda/IdentificaUsuario.asp?Pagina1=FrameSetGeneral.asp&
[Tue Oct 28 04:27:40.118402 2014] [proxy:error] [pid 4888:tid 1300] [client 181.137.149.52:49818] AH00898: Error reading from remote server returned by /isolucionsda/g/Img_DivBarraSup.jpg, referer: http://190.27.245.106/isolucionsda/IdentificaUsuario.asp?Pagina1=FrameSetGeneral.asp&
[Tue Oct 28 04:28:03.690043 2014] [proxy_http:error] [pid 4888:tid 1804] (OS 10054)An existing connection was forcibly closed by the remote host.  : [client 181.137.149.52:49827] AH01102: error reading status line from remote server 172.22.1.31:80, referer: http://190.27.245.106/isolucionsda/Encabezado.asp?Pagina1=FrameSetGeneral.asp&&Pagina=MagazinHome.asp
[Tue Oct 28 04:46:24.226176 2014] [mpm_winnt:warn] [pid 4888:tid 3172] (OS 64)The specified network name is no longer available.  : AH00341: winnt_accept: Asynchronous AcceptEx failed.
[Tue Oct 28 05:03:57.665827 2014] [mpm_winnt:warn] [pid 4888:tid 3172] (OS 64)The specified network name is no longer available.  : AH00341: winnt_accept: Asynchronous AcceptEx failed.
[Tue Oct 28 05:04:22.672671 2014] [mpm_winnt:warn] [pid 4888:tid 3172] (OS 64)The specified network name is no longer available.  : AH00341: winnt_accept: Asynchronous AcceptEx failed.
[Tue Oct 28 06:59:46.062431 2014] [proxy_http:error] [pid 4888:tid 1684] (20014)Internal error: [client 186.145.144.64:50350] AH01102: error reading status line from remote server 172.22.1.47:80, referer: http://190.27.245.106/forest/usutareas.do?group_system_actual=3&a=0.89298399132827
[Tue Oct 28 07:00:38.338123 2014] [proxy_http:error] [pid 4888:tid 904] (OS 10054)An existing connection was forcibly closed by the remote host.  : [client 186.145.144.64:50355] AH01095: prefetch request body failed to 172.22.1.47:80 (172.22.1.47) from 186.145.144.64 (), referer: http://190.27.245.106/forest/usutareas.do?group_system_actual=3&a=0.89298399132827
[Tue Oct 28 07:41:13.098800 2014] [proxy:error] [pid 4888:tid 1300] (OS 10061)No connection could be made because the target machine actively refused it.  : AH00957: HTTP: attempt to connect to 172.22.1.36:8080 (172.22.1.36) failed
[Tue Oct 28 07:41:13.098800 2014] [proxy:error] [pid 4888:tid 1300] AH00959: ap_proxy_connect_backend disabling worker for (172.22.1.36) for 60s
[Tue Oct 28 07:41:13.098800 2014] [proxy_http:error] [pid 4888:tid 1300] [client 190.24.146.202:38570] AH01114: HTTP: failed to make connection to backend: 172.22.1.36
[Tue Oct 28 08:50:20.492884 2014] [proxy_http:error] [pid 4888:tid 1772] (OS 10054)An existing connection was forcibly closed by the remote host.  : [client 186.145.144.64:51698] AH02609: read request body failed to 172.22.1.47:80 (172.22.1.47) from 186.145.144.64 (), referer: http://190.27.245.106/forest/usutareas.do?group_system_actual=3&a=0.23023311911529898
[Tue Oct 28 08:50:20.492884 2014] [proxy_http:error] [pid 4888:tid 1772] [client 186.145.144.64:51698] AH01097: pass request body failed to 172.22.1.47:80 (172.22.1.47) from 186.145.144.64 (), referer: http://190.27.245.106/forest/usutareas.do?group_system_actual=3&a=0.23023311911529898
[Tue Oct 28 09:16:43.335064 2014] [proxy:error] [pid 4888:tid 824] (OS 10061)No connection could be made because the target machine actively refused it.  : AH00957: HTTP: attempt to connect to 172.22.1.36:8080 (172.22.1.36) failed
[Tue Oct 28 09:16:43.335064 2014] [proxy:error] [pid 4888:tid 824] AH00959: ap_proxy_connect_backend disabling worker for (172.22.1.36) for 60s
[Tue Oct 28 09:16:43.335064 2014] [proxy_http:error] [pid 4888:tid 824] [client 190.25.232.42:37352] AH01114: HTTP: failed to make connection to backend: 172.22.1.36, referer: http://ambientebogota.gov.co/en/plan-institucional-de-gestion-ambiental-piga1
[Tue Oct 28 09:30:58.654367 2014] [proxy_http:error] [pid 4888:tid 1316] (20014)Internal error: [client 201.245.192.253:59546] AH01102: error reading status line from remote server 172.22.1.47:80, referer: http://190.27.245.106/forest/buscar.do?type=procesos
[Tue Oct 28 09:32:30.335728 2014] [proxy_http:error] [pid 4888:tid 904] (20014)Internal error: [client 201.245.192.253:48644] AH01102: error reading status line from remote server 172.22.1.47:80, referer: http://190.27.245.106/forest/buscar.do?type=procesos
[Tue Oct 28 09:32:30.335728 2014] [proxy:error] [pid 4888:tid 904] [client 201.245.192.253:48644] AH00898: Error reading from remote server returned by /forest/js/sarissa.js, referer: http://190.27.245.106/forest/buscar.do?type=procesos
[Tue Oct 28 09:32:30.351328 2014] [proxy_http:error] [pid 4888:tid 1148] (20014)Internal error: [client 201.245.192.253:48442] AH01102: error reading status line from remote server 172.22.1.47:80, referer: http://190.27.245.106/forest/buscar.do?type=procesos
[Tue Oct 28 09:45:55.468742 2014] [proxy:error] [pid 4888:tid 920] (OS 10061)No connection could be made because the target machine actively refused it.  : AH00957: HTTP: attempt to connect to 172.22.1.36:8080 (172.22.1.36) failed
[Tue Oct 28 09:45:55.468742 2014] [proxy:error] [pid 4888:tid 920] AH00959: ap_proxy_connect_backend disabling worker for (172.22.1.36) for 60s
[Tue Oct 28 09:45:55.468742 2014] [proxy_http:error] [pid 4888:tid 920] [client 190.145.116.2:15705] AH01114: HTTP: failed to make connection to backend: 172.22.1.36, referer: http://www.ambientebogota.gov.co/web/sda/planeacion-ambiental
[Tue Oct 28 09:46:07.433963 2014] [proxy:error] [pid 4888:tid 1700] AH00940: HTTP: disabled connection for (172.22.1.36)
[Tue Oct 28 09:46:42.518425 2014] [proxy_http:error] [pid 4888:tid 1380] (20014)Internal error: [client 201.245.192.253:49893] AH01102: error reading status line from remote server 172.22.1.47:80, referer: http://190.27.245.106/forest/buscar.do?type=procesos
[Tue Oct 28 09:46:42.518425 2014] [proxy:error] [pid 4888:tid 1380] [client 201.245.192.253:49893] AH00898: Error reading from remote server returned by /forest/js/autocompletar2.js, referer: http://190.27.245.106/forest/buscar.do?type=procesos
[Tue Oct 28 09:48:09.004976 2014] [proxy:error] [pid 4888:tid 1716] (OS 10061)No connection could be made because the target machine actively refused it.  : AH00957: HTTP: attempt to connect to 172.22.1.36:8080 (172.22.1.36) failed
[Tue Oct 28 09:48:09.004976 2014] [proxy:error] [pid 4888:tid 1716] AH00959: ap_proxy_connect_backend disabling worker for (172.22.1.36) for 60s
[Tue Oct 28 09:48:09.004976 2014] [proxy_http:error] [pid 4888:tid 1716] [client 201.245.192.253:50934] AH01114: HTTP: failed to make connection to backend: 172.22.1.36
[Tue Oct 28 09:50:57.594473 2014] [proxy:error] [pid 4888:tid 784] (OS 10061)No connection could be made because the target machine actively refused it.  : AH00957: HTTP: attempt to connect to 172.22.1.36:8080 (172.22.1.36) failed
[Tue Oct 28 09:50:57.594473 2014] [proxy:error] [pid 4888:tid 784] AH00959: ap_proxy_connect_backend disabling worker for (172.22.1.36) for 60s
[Tue Oct 28 09:50:57.594473 2014] [proxy_http:error] [pid 4888:tid 784] [client 201.245.192.253:53990] AH01114: HTTP: failed to make connection to backend: 172.22.1.36
[Tue Oct 28 09:51:06.252488 2014] [proxy:error] [pid 4888:tid 1780] AH00940: HTTP: disabled connection for (172.22.1.36)
[Tue Oct 28 09:51:40.790948 2014] [proxy:error] [pid 4888:tid 1412] (OS 10061)No connection could be made because the target machine actively refused it.  : AH00957: HTTP: attempt to connect to 172.22.1.36:8080 (172.22.1.36) failed
[Tue Oct 28 09:51:40.790948 2014] [proxy:error] [pid 4888:tid 1412] AH00959: ap_proxy_connect_backend disabling worker for (172.22.1.36) for 60s
[Tue Oct 28 09:51:40.790948 2014] [proxy_http:error] [pid 4888:tid 1412] [client 201.245.192.253:54698] AH01114: HTTP: failed to make connection to backend: 172.22.1.36, referer: http://www.ambientebogota.gov.co/web/sda/planeacion-ambiental
[Tue Oct 28 09:57:11.261929 2014] [proxy_http:error] [pid 4888:tid 1180] (20014)Internal error: [client 201.245.192.253:47872] AH01102: error reading status line from remote server 172.22.1.47:80, referer: http://190.27.245.106/forest/frameset?
[Tue Oct 28 09:57:11.480329 2014] [proxy_http:error] [pid 4888:tid 896] (20014)Internal error: [client 201.245.192.253:47878] AH01102: error reading status line from remote server 172.22.1.47:80, referer: http://190.27.245.106/forest/usutareas.do?_a=0.0073939545545727015&group_system_actual=3
[Tue Oct 28 10:08:12.640691 2014] [proxy:error] [pid 4888:tid 1580] (OS 10061)No connection could be made because the target machine actively refused it.  : AH00957: HTTP: attempt to connect to 172.22.1.36:8080 (172.22.1.36) failed
[Tue Oct 28 10:08:12.640691 2014] [proxy:error] [pid 4888:tid 1580] AH00959: ap_proxy_connect_backend disabling worker for (172.22.1.36) for 60s
[Tue Oct 28 10:08:12.640691 2014] [proxy_http:error] [pid 4888:tid 1580] [client 190.84.155.46:51978] AH01114: HTTP: failed to make connection to backend: 172.22.1.36
[Tue Oct 28 10:08:45.385148 2014] [proxy:error] [pid 4888:tid 1820] AH00940: HTTP: disabled connection for (172.22.1.36)
[Tue Oct 28 10:12:57.326591 2014] [mpm_winnt:warn] [pid 4888:tid 3172] (OS 64)The specified network name is no longer available.  : AH00341: winnt_accept: Asynchronous AcceptEx failed.
[Tue Oct 28 10:15:28.756057 2014] [proxy_http:error] [pid 4888:tid 1316] (20014)Internal error: [client 201.245.192.253:53346] AH01102: error reading status line from remote server 172.22.1.47:80, referer: http://190.27.245.106/forest/usutareas.do?_a=0.973499646410346&group_system_actual=3
[Tue Oct 28 10:15:28.756057 2014] [proxy:error] [pid 4888:tid 1316] [client 201.245.192.253:53346] AH00898: Error reading from remote server returned by /forest/session.jsp, referer: http://190.27.245.106/forest/usutareas.do?_a=0.973499646410346&group_system_actual=3
[Tue Oct 28 10:15:28.756057 2014] [negotiation:error] [pid 4888:tid 1316] [client 201.245.192.253:53346] AH00690: no acceptable variant: E:/nuevo/apache/error/HTTP_BAD_GATEWAY.html.var, referer: http://190.27.245.106/forest/usutareas.do?_a=0.973499646410346&group_system_actual=3
[Tue Oct 28 10:16:10.330130 2014] [proxy_http:error] [pid 4888:tid 1204] (20014)Internal error: [client 201.245.192.253:53967] AH01102: error reading status line from remote server 172.22.1.47:80, referer: http://190.27.245.106/forest/usutareas.do?group_system_actual=3&codTraEsc=16755389&_a=0.7320324176540219
[Tue Oct 28 10:20:55.217830 2014] [proxy_http:error] [pid 4888:tid 784] (20014)Internal error: [client 201.245.192.253:58548] AH01102: error reading status line from remote server 172.22.1.47:80, referer: http://190.27.245.106/forest/usutareas.do?group_system_actual=3&a=0.2698146337643266
[Tue Oct 28 10:20:55.249030 2014] [proxy_http:error] [pid 4888:tid 1188] (20014)Internal error: [client 201.245.192.253:58749] AH01102: error reading status line from remote server 172.22.1.47:80, referer: http://190.27.245.106/forest/usutareas.do?group_system_actual=3&a=0.2698146337643266
[Tue Oct 28 10:23:07.038062 2014] [core:error] [pid 4888:tid 1716] (20024)The given path is misformatted or contained invalid characters: [client 66.249.88.213:39387] AH00127: Cannot map GET /galeria/carrusel/Carrusel/jquery-ui-%0A%0A1.8.13.custom.min.js HTTP/1.1 to file, referer: http://www.ambientebogota.gov.co/
[Tue Oct 28 10:25:21.214897 2014] [proxy_http:error] [pid 4888:tid 1612] (20014)Internal error: [client 201.245.192.253:51016] AH01102: error reading status line from remote server 172.22.1.47:80, referer: http://190.27.245.106/forest/skins/gdocs-jar/popup/FileViewer.jsp?codDoc=1504081&ext=pdf&codfile=-1&iscodfile=false&nombre=2012ER080220.pdf
[Tue Oct 28 10:26:20.401401 2014] [proxy_http:error] [pid 4888:tid 1804] (20014)Internal error: [client 201.245.192.253:52111] AH01102: error reading status line from remote server 172.22.1.47:80, referer: http://190.27.245.106/forest/usutareas.do?group_system_actual=3&codTraEsc=16723078&_a=0.07843538226588176
[Tue Oct 28 10:27:39.493540 2014] [proxy_http:error] [pid 4888:tid 1148] (20014)Internal error: [client 201.245.192.253:53658] AH01102: error reading status line from remote server 172.22.1.47:80, referer: http://190.27.245.106/forest/index2.jsp?a=0.4553918478742788
[Tue Oct 28 10:27:39.493540 2014] [proxy:error] [pid 4888:tid 1148] [client 201.245.192.253:53658] AH00898: Error reading from remote server returned by /forest/skins/gdocs-jar/css/menu.css, referer: http://190.27.245.106/forest/index2.jsp?a=0.4553918478742788
[Tue Oct 28 10:28:57.634077 2014] [proxy_http:error] [pid 4888:tid 1412] (20014)Internal error: [client 201.245.192.253:51736] AH01102: error reading status line from remote server 172.22.1.47:80, referer: http://190.27.245.106/forest/usutareas.do?_a=0.6995290406048298&group_system_actual=3
[Tue Oct 28 10:29:54.652178 2014] [proxy_http:error] [pid 4888:tid 1148] (20014)Internal error: [client 201.245.192.253:56607] AH01102: error reading status line from remote server 172.22.1.47:80, referer: http://190.27.245.106/forest/index2.jsp?a=0.3977722068468412
[Tue Oct 28 10:29:54.652178 2014] [proxy_http:error] [pid 4888:tid 724] (20014)Internal error: [client 201.245.192.253:56608] AH01102: error reading status line from remote server 172.22.1.47:80, referer: http://190.27.245.106/forest/index2.jsp?a=0.3977722068468412
[Tue Oct 28 10:30:04.963796 2014] [proxy_http:error] [pid 4888:tid 1412] (20014)Internal error: [client 201.245.192.253:56867] AH01102: error reading status line from remote server 172.22.1.47:80, referer: http://190.27.245.106/forest/config/representante?group_system_actual=6&_a=0.01947329636840489
[Tue Oct 28 10:30:04.994996 2014] [proxy_http:error] [pid 4888:tid 1204] (20014)Internal error: [client 201.245.192.253:56915] AH01102: error reading status line from remote server 172.22.1.47:80, referer: http://190.27.245.106/forest/config/representante?group_system_actual=6&_a=0.01947329636840489
[Tue Oct 28 10:30:04.994996 2014] [proxy:error] [pid 4888:tid 1204] [client 201.245.192.253:56915] AH00898: Error reading from remote server returned by /forest/js/jquery/plugins/jquery.tablednd.js, referer: http://190.27.245.106/forest/config/representante?group_system_actual=6&_a=0.01947329636840489
[Tue Oct 28 10:30:04.994996 2014] [proxy_http:error] [pid 4888:tid 1044] (20014)Internal error: [client 201.245.192.253:56913] AH01102: error reading status line from remote server 172.22.1.47:80, referer: http://190.27.245.106/forest/config/representante?group_system_actual=6&_a=0.01947329636840489
[Tue Oct 28 10:30:04.994996 2014] [proxy:error] [pid 4888:tid 1044] [client 201.245.192.253:56913] AH00898: Error reading from remote server returned by /forest/js/jquery/plugins/jquery.contextmenu.js, referer: http://190.27.245.106/forest/config/representante?group_system_actual=6&_a=0.01947329636840489
[Tue Oct 28 10:30:05.010596 2014] [proxy_http:error] [pid 4888:tid 924] (20014)Internal error: [client 201.245.192.253:56917] AH01102: error reading status line from remote server 172.22.1.47:80, referer: http://190.27.245.106/forest/config/representante?group_system_actual=6&_a=0.01947329636840489
[Tue Oct 28 10:30:05.010596 2014] [proxy:error] [pid 4888:tid 924] [client 201.245.192.253:56917] AH00898: Error reading from remote server returned by /forest/js/jqGridConf.js, referer: http://190.27.245.106/forest/config/representante?group_system_actual=6&_a=0.01947329636840489
[Tue Oct 28 10:30:28.363837 2014] [proxy_http:error] [pid 4888:tid 1188] (20014)Internal error: [client 201.245.192.253:57342] AH01102: error reading status line from remote server 172.22.1.47:80, referer: http://190.27.245.106/forest/terceros.do?_a=0.16989172492086457&group_system_actual=6
[Tue Oct 28 10:30:28.363837 2014] [proxy:error] [pid 4888:tid 1188] [client 201.245.192.253:57342] AH00898: Error reading from remote server returned by /forest/skins/gdocs-jar/css/autocomplete.css, referer: http://190.27.245.106/forest/terceros.do?_a=0.16989172492086457&group_system_actual=6
[Tue Oct 28 10:31:03.651099 2014] [proxy_http:error] [pid 4888:tid 1540] (20014)Internal error: [client 201.245.192.253:57962] AH01102: error reading status line from remote server 172.22.1.47:80, referer: http://190.27.245.106/forest/
[Tue Oct 28 10:31:03.651099 2014] [proxy:error] [pid 4888:tid 1540] [client 201.245.192.253:57962] AH00898: Error reading from remote server returned by /forest/css/index.css, referer: http://190.27.245.106/forest/
[Tue Oct 28 10:32:53.740492 2014] [proxy_http:error] [pid 4888:tid 1476] (20014)Internal error: [client 201.245.192.253:59690] AH01102: error reading status line from remote server 172.22.1.47:80, referer: http://190.27.245.106/forest/usutareas.do?_a=0.22528499062173069&group_system_actual=3
[Tue Oct 28 10:34:52.207100 2014] [proxy:error] [pid 4888:tid 1364] (OS 10061)No connection could be made because the target machine actively refused it.  : AH00957: HTTP: attempt to connect to 172.22.1.36:8080 (172.22.1.36) failed
[Tue Oct 28 10:34:52.207100 2014] [proxy:error] [pid 4888:tid 1364] AH00959: ap_proxy_connect_backend disabling worker for (172.22.1.36) for 60s
[Tue Oct 28 10:34:52.207100 2014] [proxy_http:error] [pid 4888:tid 1364] [client 201.245.192.253:47625] AH01114: HTTP: failed to make connection to backend: 172.22.1.36
[Tue Oct 28 10:35:01.520316 2014] [proxy_http:error] [pid 4888:tid 1292] (20014)Internal error: [client 201.245.192.253:50156] AH01102: error reading status line from remote server 172.22.1.47:80, referer: http://190.27.245.106/forest/usutareas.do?group_system_actual=3&a=0.03900887886993587
[Tue Oct 28 10:36:15.277246 2014] [proxy_http:error] [pid 4888:tid 1836] (20014)Internal error: [client 201.245.192.253:52052] AH01102: error reading status line from remote server 172.22.1.47:80, referer: http://190.27.245.106/forest/usutareas.do?group_system_actual=3&a=0.05623989226296544
[Tue Oct 28 10:36:15.277246 2014] [proxy:error] [pid 4888:tid 1836] [client 201.245.192.253:52052] AH00898: Error reading from remote server returned by /forest/img/ayuda.gif, referer: http://190.27.245.106/forest/usutareas.do?group_system_actual=3&a=0.05623989226296544
[Tue Oct 28 10:39:53.506029 2014] [proxy_http:error] [pid 4888:tid 1204] (20014)Internal error: [client 201.245.192.253:55866] AH01102: error reading status line from remote server 172.22.1.47:80, referer: http://190.27.245.106/forest/misactividades.do?_a=0.9369807185139507&group_system_actual=3
[Tue Oct 28 10:41:18.307778 2014] [proxy_http:error] [pid 4888:tid 1340] (20014)Internal error: [client 201.245.192.253:57549] AH01102: error reading status line from remote server 172.22.1.47:80, referer: http://190.27.245.106/forest/usutareas.do?_a=0.6525498195551336&group_system_actual=3
[Tue Oct 28 10:46:53.037566 2014] [proxy_http:error] [pid 4888:tid 1572] (OS 10054)An existing connection was forcibly closed by the remote host.  : [client 201.245.192.253:51134] AH01102: error reading status line from remote server 172.22.1.31:80, referer: http://190.27.245.106/isolucionsda/MagazinHome.asp
[Tue Oct 28 10:48:32.050940 2014] [proxy_http:error] [pid 4888:tid 920] (20014)Internal error: [client 201.245.192.253:53113] AH01102: error reading status line from remote server 172.22.1.47:80, referer: http://190.27.245.106/forest/usutareas.do?_a=0.4747385876253247&group_system_actual=3
[Tue Oct 28 10:54:11.195536 2014] [proxy_http:error] [pid 4888:tid 824] (20014)Internal error: [client 191.95.243.17:60135] AH01102: error reading status line from remote server 172.22.1.47:80, referer: http://190.27.245.106/forest/buscar.do?type=procesos
[Tue Oct 28 10:54:12.131537 2014] [proxy_http:error] [pid 4888:tid 896] (20014)Internal error: [client 191.95.243.17:60395] AH01102: error reading status line from remote server 172.22.1.47:80, referer: http://190.27.245.106/forest/buscar.do?type=procesos
[Tue Oct 28 10:55:47.338505 2014] [proxy_http:error] [pid 4888:tid 1340] (20014)Internal error: [client 201.245.192.253:48978] AH01102: error reading status line from remote server 172.22.1.47:80, referer: http://190.27.245.106/forest/usutareas.do?group_system_actual=3&codTraEsc=16408787&_a=0.06385593997429484
[Tue Oct 28 10:55:48.258906 2014] [proxy_http:error] [pid 4888:tid 864] (20014)Internal error: [client 201.245.192.253:48976] AH01102: error reading status line from remote server 172.22.1.47:80, referer: http://190.27.245.106/forest/suactividades.do?group_system_actual=3
[Tue Oct 28 10:55:50.614510 2014] [proxy_http:error] [pid 4888:tid 816] (20014)Internal error: [client 201.245.192.253:49008] AH01102: error reading status line from remote server 172.22.1.47:80, referer: http://190.27.245.106/forest/frameset?
[Tue Oct 28 10:56:15.418554 2014] [proxy_http:error] [pid 4888:tid 816] (20014)Internal error: [client 201.245.192.253:49454] AH01102: error reading status line from remote server 172.22.1.47:80, referer: http://190.27.245.106/forest/usutareas.do?_a=0.25871274759992957&group_system_actual=3
[Tue Oct 28 10:56:15.621354 2014] [proxy_http:error] [pid 4888:tid 864] (20014)Internal error: [client 201.245.192.253:49455] AH01102: error reading status line from remote server 172.22.1.47:80, referer: http://190.27.245.106/forest/reportes.do?menu=1&group_system_actual=5
[Tue Oct 28 10:56:52.312619 2014] [proxy_http:error] [pid 4888:tid 1420] (20014)Internal error: [client 201.245.192.253:50134] AH01102: error reading status line from remote server 172.22.1.47:80, referer: http://190.27.245.106/forest/usutareas.do?group_system_actual=3&codTraEsc=16408788&_a=0.6261021311381044
[Tue Oct 28 10:56:52.406219 2014] [proxy_http:error] [pid 4888:tid 816] (20014)Internal error: [client 201.245.192.253:50138] AH01102: error reading status line from remote server 172.22.1.47:80, referer: http://190.27.245.106/forest/usutareas.do?group_system_actual=3&codTraEsc=16408788&_a=0.6261021311381044
[Tue Oct 28 10:59:16.129271 2014] [proxy_http:error] [pid 4888:tid 1580] (20014)Internal error: [client 191.95.243.17:60150] AH01102: error reading status line from remote server 172.22.1.47:80, referer: http://190.27.245.106/forest/usutareas.do?group_system_actual=3&codAct=1477&numPro=2817578&codPro=134&fecTra=2014-10-17%2011:18:07.0&codInst=2841357&codTraEsc=16709534
[Tue Oct 28 11:00:28.544599 2014] [proxy_http:error] [pid 4888:tid 1116] (20014)Internal error: [client 201.245.192.253:53528] AH01102: error reading status line from remote server 172.22.1.47:80, referer: http://190.27.245.106/forest/index2.jsp?a=0.0366822849991435
[Tue Oct 28 11:01:29.540706 2014] [proxy:error] [pid 4888:tid 1628] (OS 10061)No connection could be made because the target machine actively refused it.  : AH00957: HTTP: attempt to connect to 172.22.1.36:8080 (172.22.1.36) failed
[Tue Oct 28 11:01:29.540706 2014] [proxy:error] [pid 4888:tid 1628] AH00959: ap_proxy_connect_backend disabling worker for (172.22.1.36) for 60s
[Tue Oct 28 11:01:29.540706 2014] [proxy_http:error] [pid 4888:tid 1628] [client 201.245.192.253:54399] AH01114: HTTP: failed to make connection to backend: 172.22.1.36
[Tue Oct 28 11:03:01.206467 2014] [proxy_http:error] [pid 4888:tid 1476] (20014)Internal error: [client 201.245.192.253:56219] AH01102: error reading status line from remote server 172.22.1.47:80, referer: http://190.27.245.106/forest/buscar.do
[Tue Oct 28 11:03:05.652475 2014] [proxy_http:error] [pid 4888:tid 1116] (20014)Internal error: [client 201.245.192.253:56552] AH01102: error reading status line from remote server 172.22.1.47:80
[Tue Oct 28 11:04:29.191621 2014] [proxy_http:error] [pid 4888:tid 1836] (20014)Internal error: [client 201.245.192.253:57497] AH01102: error reading status line from remote server 172.22.1.47:80, referer: http://190.27.245.106/forest/index2.jsp?_a=0.5712467766597615
[Tue Oct 28 11:05:16.272504 2014] [proxy_http:error] [pid 4888:tid 864] (20014)Internal error: [client 201.245.192.253:58351] AH01102: error reading status line from remote server 172.22.1.47:80, referer: http://190.27.245.106/forest/buscar.do?type=procesos
[Tue Oct 28 11:05:34.056535 2014] [proxy_http:error] [pid 4888:tid 784] (20014)Internal error: [client 201.245.192.253:58764] AH01102: error reading status line from remote server 172.22.1.47:80, referer: http://190.27.245.106/forest/buscar.do?type=procesos
[Tue Oct 28 11:10:03.157008 2014] [proxy_http:error] [pid 4888:tid 1188] (20014)Internal error: [client 201.245.192.253:49746] AH01102: error reading status line from remote server 172.22.1.47:80, referer: http://190.27.245.106/forest/index2.jsp?_a=0.33974451012261997
[Tue Oct 28 11:10:40.909074 2014] [proxy_http:error] [pid 4888:tid 1364] (20014)Internal error: [client 201.245.192.253:51322] AH01102: error reading status line from remote server 172.22.1.47:80, referer: http://190.27.245.106/forest/buscar.do?type=procesos
[Tue Oct 28 11:11:46.897190 2014] [proxy:error] [pid 4888:tid 1300] (OS 10061)No connection could be made because the target machine actively refused it.  : AH00957: HTTP: attempt to connect to 172.22.1.36:8080 (172.22.1.36) failed
[Tue Oct 28 11:11:46.897190 2014] [proxy:error] [pid 4888:tid 1300] AH00959: ap_proxy_connect_backend disabling worker for (172.22.1.36) for 60s
[Tue Oct 28 11:11:46.897190 2014] [proxy_http:error] [pid 4888:tid 1300] [client 201.245.192.253:50436] AH01114: HTTP: failed to make connection to backend: 172.22.1.36
[Tue Oct 28 11:11:57.630009 2014] [proxy_http:error] [pid 4888:tid 1540] (20014)Internal error: [client 201.245.192.253:52703] AH01102: error reading status line from remote server 172.22.1.47:80, referer: http://190.27.245.106/forest/frameset?
[Tue Oct 28 11:13:13.414942 2014] [proxy_http:error] [pid 4888:tid 1628] (20014)Internal error: [client 181.70.234.178:49492] AH01102: error reading status line from remote server 172.22.1.47:80, referer: http://190.27.245.106/forest/buscar.do?type=procesos
[Tue Oct 28 11:13:13.414942 2014] [proxy:error] [pid 4888:tid 1628] [client 181.70.234.178:49492] AH00898: Error reading from remote server returned by /forest/login.do, referer: http://190.27.245.106/forest/buscar.do?type=procesos
[Tue Oct 28 11:13:40.262589 2014] [proxy:error] [pid 4888:tid 1716] (OS 10061)No connection could be made because the target machine actively refused it.  : AH00957: HTTP: attempt to connect to 172.22.1.36:8080 (172.22.1.36) failed
[Tue Oct 28 11:13:40.262589 2014] [proxy:error] [pid 4888:tid 1716] AH00959: ap_proxy_connect_backend disabling worker for (172.22.1.36) for 60s
[Tue Oct 28 11:13:40.262589 2014] [proxy_http:error] [pid 4888:tid 1716] [client 201.245.192.253:54151] AH01114: HTTP: failed to make connection to backend: 172.22.1.36
[Tue Oct 28 11:15:41.880403 2014] [proxy_http:error] [pid 4888:tid 920] (20014)Internal error: [client 201.245.192.253:56173] AH01102: error reading status line from remote server 172.22.1.47:80, referer: http://190.27.245.106/forest/reportes.do?menu=1&group_system_actual=5
[Tue Oct 28 11:20:19.546291 2014] [proxy:error] [pid 4888:tid 724] (OS 10061)No connection could be made because the target machine actively refused it.  : AH00957: HTTP: attempt to connect to 172.22.1.36:8080 (172.22.1.36) failed
[Tue Oct 28 11:20:19.546291 2014] [proxy:error] [pid 4888:tid 724] AH00959: ap_proxy_connect_backend disabling worker for (172.22.1.36) for 60s
[Tue Oct 28 11:20:19.546291 2014] [proxy_http:error] [pid 4888:tid 724] [client 201.245.192.253:59694] AH01114: HTTP: failed to make connection to backend: 172.22.1.36
[Tue Oct 28 11:29:27.653253 2014] [negotiation:error] [pid 4888:tid 1820] [client 201.245.192.253:55235] AH00690: no acceptable variant: E:/nuevo/apache/error/HTTP_NOT_FOUND.html.var, referer: http://190.27.245.106/BLA/boletinlegal/admin/actos/modificar.php
[Tue Oct 28 11:32:11.235141 2014] [negotiation:error] [pid 4888:tid 864] [client 201.245.192.253:56450] AH00690: no acceptable variant: E:/nuevo/apache/error/HTTP_NOT_FOUND.html.var, referer: http://190.27.245.106/BLA/boletinlegal/admin/actos/modificar.php
[Tue Oct 28 11:32:43.714398 2014] [negotiation:error] [pid 4888:tid 1628] [client 201.245.192.253:58156] AH00690: no acceptable variant: E:/nuevo/apache/error/HTTP_NOT_FOUND.html.var, referer: http://190.27.245.106/BLA/boletinlegal/admin/actos/mostrar.php
[Tue Oct 28 11:33:00.297227 2014] [negotiation:error] [pid 4888:tid 1780] [client 201.245.192.253:58547] AH00690: no acceptable variant: E:/nuevo/apache/error/HTTP_NOT_FOUND.html.var, referer: http://190.27.245.106/BLA/boletinlegal/admin/actos/mostrar.php
[Tue Oct 28 11:33:30.608080 2014] [negotiation:error] [pid 4888:tid 1612] [client 201.245.192.253:58962] AH00690: no acceptable variant: E:/nuevo/apache/error/HTTP_NOT_FOUND.html.var, referer: http://190.27.245.106/BLA/boletinlegal/admin/actos/mostrar.php
[Tue Oct 28 11:33:43.025702 2014] [negotiation:error] [pid 4888:tid 1580] [client 201.245.192.253:59112] AH00690: no acceptable variant: E:/nuevo/apache/error/HTTP_NOT_FOUND.html.var, referer: http://190.27.245.106/BLA/boletinlegal/admin/actos/mostrar.php
[Tue Oct 28 11:34:56.829431 2014] [proxy_http:error] [pid 4888:tid 1348] (20014)Internal error: [client 201.245.192.253:47751] AH01102: error reading status line from remote server 172.22.1.47:80, referer: http://190.27.245.106/forest/usutareas.do?_a=0.03463751683011651&group_system_actual=3
[Tue Oct 28 11:34:59.793437 2014] [negotiation:error] [pid 4888:tid 1068] [client 201.245.192.253:47834] AH00690: no acceptable variant: E:/nuevo/apache/error/HTTP_NOT_FOUND.html.var, referer: http://190.27.245.106/BLA/boletinlegal/admin/actos/modificar.php
[Tue Oct 28 11:35:38.637505 2014] [negotiation:error] [pid 4888:tid 1188] [client 201.245.192.253:48392] AH00690: no acceptable variant: E:/nuevo/apache/error/HTTP_NOT_FOUND.html.var, referer: http://190.27.245.106/BLA/boletinlegal/admin/actos/modificar.php
[Tue Oct 28 11:36:59.164846 2014] [proxy:error] [pid 4888:tid 1572] (OS 10061)No connection could be made because the target machine actively refused it.  : AH00957: HTTP: attempt to connect to 172.22.1.36:8080 (172.22.1.36) failed
[Tue Oct 28 11:36:59.164846 2014] [proxy:error] [pid 4888:tid 1572] AH00959: ap_proxy_connect_backend disabling worker for (172.22.1.36) for 60s
[Tue Oct 28 11:36:59.164846 2014] [proxy_http:error] [pid 4888:tid 1572] [client 201.245.192.253:49455] AH01114: HTTP: failed to make connection to backend: 172.22.1.36
[Tue Oct 28 11:37:18.430880 2014] [proxy_http:error] [pid 4888:tid 1572] (20014)Internal error: [client 201.245.192.253:49729] AH01102: error reading status line from remote server 172.22.1.47:80, referer: http://190.27.245.106/forest/usutareas.do?_a=0.03463751683011651&group_system_actual=3
[Tue Oct 28 11:51:55.324020 2014] [proxy:error] [pid 4888:tid 1732] (OS 10061)No connection could be made because the target machine actively refused it.  : AH00957: HTTP: attempt to connect to 172.22.1.36:8080 (172.22.1.36) failed
[Tue Oct 28 11:51:55.324020 2014] [proxy:error] [pid 4888:tid 1732] AH00959: ap_proxy_connect_backend disabling worker for (172.22.1.36) for 60s
[Tue Oct 28 11:51:55.324020 2014] [proxy_http:error] [pid 4888:tid 1732] [client 190.25.232.42:38835] AH01114: HTTP: failed to make connection to backend: 172.22.1.36, referer: http://ambientebogota.gov.co/en/plan-institucional-de-gestion-ambiental-piga1
[Tue Oct 28 11:55:32.133201 2014] [proxy_http:error] [pid 4888:tid 1068] (20014)Internal error: [client 201.245.192.253:52526] AH01102: error reading status line from remote server 172.22.1.47:80, referer: http://190.27.245.106/forest/buscar.do?type=procesos
[Tue Oct 28 11:55:32.148801 2014] [proxy_http:error] [pid 4888:tid 1068] (20014)Internal error: [client 201.245.192.253:52846] AH01102: error reading status line from remote server 172.22.1.47:80, referer: http://190.27.245.106/forest/buscar.do?type=procesos
[Tue Oct 28 11:55:32.148801 2014] [proxy:error] [pid 4888:tid 1068] [client 201.245.192.253:52846] AH00898: Error reading from remote server returned by /forest/css/escritorio.css, referer: http://190.27.245.106/forest/buscar.do?type=procesos
[Tue Oct 28 12:01:55.161674 2014] [proxy_http:error] [pid 4888:tid 1364] (20014)Internal error: [client 201.245.192.253:52867] AH01102: error reading status line from remote server 172.22.1.47:80, referer: http://190.27.245.106/forest/buscar.do?type=procesos
[Tue Oct 28 12:01:55.192874 2014] [proxy_http:error] [pid 4888:tid 1364] (20014)Internal error: [client 201.245.192.253:52899] AH01102: error reading status line from remote server 172.22.1.47:80, referer: http://190.27.245.106/forest/buscar.do?type=procesos
[Tue Oct 28 12:01:55.192874 2014] [proxy:error] [pid 4888:tid 1364] [client 201.245.192.253:52899] AH00898: Error reading from remote server returned by /forest/1ibre/jscalendar/lang/calendar-es.js, referer: http://190.27.245.106/forest/buscar.do?type=procesos
[Tue Oct 28 12:01:55.192874 2014] [proxy_http:error] [pid 4888:tid 1364] (20014)Internal error: [client 201.245.192.253:52899] AH01102: error reading status line from remote server 172.22.1.47:80, referer: http://190.27.245.106/forest/buscar.do?type=procesos
[Tue Oct 28 12:04:56.652393 2014] [proxy_http:error] [pid 4888:tid 904] (20014)Internal error: [client 201.245.192.253:55704] AH01102: error reading status line from remote server 172.22.1.47:80, referer: http://190.27.245.106/forest/index2.jsp?a=0.5894352511753758
[Tue Oct 28 12:10:07.217738 2014] [proxy_http:error] [pid 4888:tid 924] (20014)Internal error: [client 201.245.192.253:48083] AH01102: error reading status line from remote server 172.22.1.47:80, referer: http://190.27.245.106/forest/terceros.do?_a=0.06112989751060305&group_system_actual=6
[Tue Oct 28 12:12:49.365423 2014] [proxy_http:error] [pid 4888:tid 864] (20014)Internal error: [client 201.245.192.253:51039] AH01102: error reading status line from remote server 172.22.1.47:80, referer: http://190.27.245.106/forest/skins/gdocs-jar/popup/FileViewerTree.jsp?coddoc=1646926&ext=doc&numpro=2559385&nombre=EDIFICIO%20PARK%204.doc&codfile=-1&rootPath=/forest/
[Tue Oct 28 12:13:37.678708 2014] [mpm_winnt:error] [pid 4888:tid 6744] AH00326: Server ran out of threads to serve requests. Consider raising the ThreadsPerChild setting
[Tue Oct 28 12:17:23.613905 2014] [proxy_http:error] [pid 4888:tid 688] (20014)Internal error: [client 201.245.192.253:56753] AH01102: error reading status line from remote server 172.22.1.47:80, referer: http://190.27.245.106/forest/
[Tue Oct 28 12:34:26.492101 2014] [proxy_http:error] [pid 4888:tid 1748] (OS 10054)An existing connection was forcibly closed by the remote host.  : [client 201.245.192.253:59405] AH01102: error reading status line from remote server 172.22.1.31:80, referer: http://190.27.245.106/isolucionsda/FrameSetGeneral.asp?Pagina=Menu.asp&IdModulo=4
[Tue Oct 28 12:44:22.007547 2014] [proxy_http:error] [pid 4888:tid 1740] (20014)Internal error: [client 201.245.192.253:54300] AH01102: error reading status line from remote server 172.22.1.47:80, referer: http://190.27.245.106/forest/usutareas.do?_a=0.5713502168655396&group_system_actual=3
[Tue Oct 28 12:49:58.515738 2014] [proxy:error] [pid 4888:tid 1692] (OS 10061)No connection could be made because the target machine actively refused it.  : AH00957: HTTP: attempt to connect to 172.22.1.36:8080 (172.22.1.36) failed
[Tue Oct 28 12:49:58.515738 2014] [proxy:error] [pid 4888:tid 1692] AH00959: ap_proxy_connect_backend disabling worker for (172.22.1.36) for 60s
[Tue Oct 28 12:49:58.515738 2014] [proxy_http:error] [pid 4888:tid 1692] [client 201.245.192.253:59044] AH01114: HTTP: failed to make connection to backend: 172.22.1.36
[Tue Oct 28 12:55:31.421323 2014] [proxy_http:error] [pid 4888:tid 1804] (OS 10054)An existing connection was forcibly closed by the remote host.  : [client 201.245.192.253:50897] AH01102: error reading status line from remote server 172.22.1.31:80, referer: http://190.27.245.106/isolucionsda/Encabezado.asp?Pagina1=FrameSetGeneral.asp&&Pagina=MagazinHome.asp
[Tue Oct 28 12:55:31.421323 2014] [proxy:error] [pid 4888:tid 1804] [client 201.245.192.253:50897] AH00898: Error reading from remote server returned by /isolucionsda/Session.asp, referer: http://190.27.245.106/isolucionsda/Encabezado.asp?Pagina1=FrameSetGeneral.asp&&Pagina=MagazinHome.asp
[Tue Oct 28 13:38:58.374102 2014] [proxy:error] [pid 4888:tid 992] (OS 10061)No connection could be made because the target machine actively refused it.  : AH00957: HTTP: attempt to connect to 172.22.1.36:8080 (172.22.1.36) failed
[Tue Oct 28 13:38:58.374102 2014] [proxy:error] [pid 4888:tid 992] AH00959: ap_proxy_connect_backend disabling worker for (172.22.1.36) for 60s
[Tue Oct 28 13:38:58.374102 2014] [proxy_http:error] [pid 4888:tid 992] [client 66.249.64.167:62970] AH01114: HTTP: failed to make connection to backend: 172.22.1.36
[Tue Oct 28 13:43:59.844632 2014] [proxy:error] [pid 4888:tid 1868] (OS 10061)No connection could be made because the target machine actively refused it.  : AH00957: HTTP: attempt to connect to 172.22.1.36:8080 (172.22.1.36) failed
[Tue Oct 28 13:43:59.844632 2014] [proxy:error] [pid 4888:tid 1868] AH00959: ap_proxy_connect_backend disabling worker for (172.22.1.36) for 60s
[Tue Oct 28 13:43:59.844632 2014] [proxy_http:error] [pid 4888:tid 1868] [client 190.25.232.42:47892] AH01114: HTTP: failed to make connection to backend: 172.22.1.36
[Tue Oct 28 13:51:53.556064 2014] [proxy:error] [pid 4888:tid 1452] (OS 10061)No connection could be made because the target machine actively refused it.  : AH00957: HTTP: attempt to connect to 172.22.1.36:8080 (172.22.1.36) failed
[Tue Oct 28 13:51:53.556064 2014] [proxy:error] [pid 4888:tid 1452] AH00959: ap_proxy_connect_backend disabling worker for (172.22.1.36) for 60s
[Tue Oct 28 13:51:53.556064 2014] [proxy_http:error] [pid 4888:tid 1452] [client 201.245.192.253:51485] AH01114: HTTP: failed to make connection to backend: 172.22.1.36
[Tue Oct 28 13:52:32.556132 2014] [proxy_http:error] [pid 4888:tid 920] (20014)Internal error: [client 201.245.192.253:52068] AH01102: error reading status line from remote server 172.22.1.47:80, referer: http://190.27.245.106/forest/buscar.do?type=documentos
[Tue Oct 28 13:52:32.556132 2014] [proxy:error] [pid 4888:tid 920] [client 201.245.192.253:52068] AH00898: Error reading from remote server returned by /forest/1ibre/jscalendar/calendar-setup.js, referer: http://190.27.245.106/forest/buscar.do?type=documentos
[Tue Oct 28 13:52:51.135765 2014] [proxy:error] [pid 4888:tid 960] AH00940: HTTP: disabled connection for (172.22.1.36)
[Tue Oct 28 13:54:39.540355 2014] [proxy:error] [pid 4888:tid 1452] (OS 10061)No connection could be made because the target machine actively refused it.  : AH00957: HTTP: attempt to connect to 172.22.1.36:8080 (172.22.1.36) failed
[Tue Oct 28 13:54:39.540355 2014] [proxy:error] [pid 4888:tid 1452] AH00959: ap_proxy_connect_backend disabling worker for (172.22.1.36) for 60s
[Tue Oct 28 13:54:39.540355 2014] [proxy_http:error] [pid 4888:tid 1452] [client 190.25.232.42:57662] AH01114: HTTP: failed to make connection to backend: 172.22.1.36
[Tue Oct 28 14:04:42.466814 2014] [proxy:error] [pid 4888:tid 1804] (OS 10061)No connection could be made because the target machine actively refused it.  : AH00957: HTTP: attempt to connect to 172.22.1.36:8080 (172.22.1.36) failed
[Tue Oct 28 14:04:42.466814 2014] [proxy:error] [pid 4888:tid 1804] AH00959: ap_proxy_connect_backend disabling worker for (172.22.1.36) for 60s
[Tue Oct 28 14:04:42.466814 2014] [proxy_http:error] [pid 4888:tid 1804] [client 190.24.237.97:13038] AH01114: HTTP: failed to make connection to backend: 172.22.1.36, referer: http://www.ambientebogota.gov.co/web/sda/planeacion-ambiental
[Tue Oct 28 14:05:12.840068 2014] [proxy:error] [pid 4888:tid 1100] AH00940: HTTP: disabled connection for (172.22.1.36)
[Tue Oct 28 14:08:58.681664 2014] [proxy:error] [pid 4888:tid 1060] (OS 10061)No connection could be made because the target machine actively refused it.  : AH00957: HTTP: attempt to connect to 172.22.1.36:8080 (172.22.1.36) failed
[Tue Oct 28 14:08:58.681664 2014] [proxy:error] [pid 4888:tid 1060] AH00959: ap_proxy_connect_backend disabling worker for (172.22.1.36) for 60s
[Tue Oct 28 14:08:58.681664 2014] [proxy_http:error] [pid 4888:tid 1060] [client 190.25.232.42:46297] AH01114: HTTP: failed to make connection to backend: 172.22.1.36
[Tue Oct 28 14:09:12.612489 2014] [proxy:error] [pid 4888:tid 1316] AH00940: HTTP: disabled connection for (172.22.1.36)
[Tue Oct 28 14:13:11.183708 2014] [proxy:error] [pid 4888:tid 688] (OS 10061)No connection could be made because the target machine actively refused it.  : AH00957: HTTP: attempt to connect to 172.22.1.36:8080 (172.22.1.36) failed
[Tue Oct 28 14:13:11.183708 2014] [proxy:error] [pid 4888:tid 688] AH00959: ap_proxy_connect_backend disabling worker for (172.22.1.36) for 60s
[Tue Oct 28 14:13:11.183708 2014] [proxy_http:error] [pid 4888:tid 688] [client 190.24.237.97:14178] AH01114: HTTP: failed to make connection to backend: 172.22.1.36, referer: http://www.ambientebogota.gov.co/web/sda/320
[Tue Oct 28 14:13:12.977711 2014] [proxy:error] [pid 4888:tid 1268] AH00940: HTTP: disabled connection for (172.22.1.36)
[Tue Oct 28 14:13:22.290927 2014] [proxy:error] [pid 4888:tid 1772] AH00940: HTTP: disabled connection for (172.22.1.36)
[Tue Oct 28 14:25:51.669443 2014] [proxy:error] [pid 4888:tid 1612] (OS 10061)No connection could be made because the target machine actively refused it.  : AH00957: HTTP: attempt to connect to 172.22.1.36:8080 (172.22.1.36) failed
[Tue Oct 28 14:25:51.669443 2014] [proxy:error] [pid 4888:tid 1612] AH00959: ap_proxy_connect_backend disabling worker for (172.22.1.36) for 60s
[Tue Oct 28 14:25:51.669443 2014] [proxy_http:error] [pid 4888:tid 1612] [client 190.25.232.42:36803] AH01114: HTTP: failed to make connection to backend: 172.22.1.36
[Tue Oct 28 14:27:00.746365 2014] [proxy_http:error] [pid 4888:tid 1588] (20014)Internal error: [client 200.119.76.42:1435] AH01102: error reading status line from remote server 172.22.1.47:80, referer: http://190.27.245.106/forest/usutareas.do?_a=0.9805005777161568&group_system_actual=3
[Tue Oct 28 14:31:50.688474 2014] [proxy:error] [pid 4888:tid 1268] (OS 10061)No connection could be made because the target machine actively refused it.  : AH00957: HTTP: attempt to connect to 172.22.1.36:8080 (172.22.1.36) failed
[Tue Oct 28 14:31:50.688474 2014] [proxy:error] [pid 4888:tid 1268] AH00959: ap_proxy_connect_backend disabling worker for (172.22.1.36) for 60s
[Tue Oct 28 14:31:50.688474 2014] [proxy_http:error] [pid 4888:tid 1268] [client 190.60.251.178:8263] AH01114: HTTP: failed to make connection to backend: 172.22.1.36, referer: http://www.google.com.co/url?sa=t&rct=j&q=&esrc=s&source=web&cd=5&sqi=2&ved=0CDcQFjAE&url=http%3A%2F%2F190.27.245.106%2FstormWeb%2F&ei=2e9PVIGzO4WnNvCGgtgO&usg=AFQjCNGHk1ivKbZN1pYKamUT4XoFyk1HFg&bvm=bv.78597519,d.eXY
[Tue Oct 28 14:32:28.206540 2014] [proxy_http:error] [pid 4888:tid 904] (20014)Internal error: [client 201.245.192.253:58757] AH01102: error reading status line from remote server 172.22.1.47:80, referer: http://190.27.245.106/forest/usutareas.do?_a=0.05711274081841111&group_system_actual=3
[Tue Oct 28 14:32:28.346940 2014] [proxy_http:error] [pid 4888:tid 1748] (20014)Internal error: [client 201.245.192.253:58773] AH01102: error reading status line from remote server 172.22.1.47:80
[Tue Oct 28 14:32:34.649351 2014] [proxy_http:error] [pid 4888:tid 724] (20014)Internal error: [client 201.245.192.253:58855] AH01102: error reading status line from remote server 172.22.1.47:80, referer: http://190.27.245.106/forest/usutareas.do?_a=0.05711274081841111&group_system_actual=3
[Tue Oct 28 14:32:40.374561 2014] [proxy_http:error] [pid 4888:tid 808] (20014)Internal error: [client 201.245.192.253:59505] AH01102: error reading status line from remote server 172.22.1.47:80, referer: http://190.27.245.106/forest/usutareas.do?_a=0.05711274081841111&group_system_actual=3
[Tue Oct 28 14:34:33.615160 2014] [proxy_http:error] [pid 4888:tid 1772] (20014)Internal error: [client 201.245.192.253:49328] AH01102: error reading status line from remote server 172.22.1.47:80
[Tue Oct 28 14:34:33.615160 2014] [proxy:error] [pid 4888:tid 1772] [client 201.245.192.253:49328] AH00898: Error reading from remote server returned by /forest/skins/gdocs-jar/img/top-search-icon.gif
[Tue Oct 28 14:34:42.725576 2014] [proxy_http:error] [pid 4888:tid 1772] (20014)Internal error: [client 201.245.192.253:49528] AH01102: error reading status line from remote server 172.22.1.47:80, referer: http://190.27.245.106/forest/
[Tue Oct 28 14:35:33.394465 2014] [proxy_http:error] [pid 4888:tid 1332] (20014)Internal error: [client 201.245.192.253:50597] AH01102: error reading status line from remote server 172.22.1.47:80, referer: http://190.27.245.106/forest/usutareas.do?group_system_actual=3&codTraEsc=16762701&_a=0.5661418808683557
[Tue Oct 28 14:42:18.308776 2014] [proxy:error] [pid 4888:tid 1628] (OS 10061)No connection could be made because the target machine actively refused it.  : AH00957: HTTP: attempt to connect to 172.22.1.36:8080 (172.22.1.36) failed
[Tue Oct 28 14:42:18.308776 2014] [proxy:error] [pid 4888:tid 1628] AH00959: ap_proxy_connect_backend disabling worker for (172.22.1.36) for 60s
[Tue Oct 28 14:42:18.308776 2014] [proxy_http:error] [pid 4888:tid 1628] [client 190.24.146.202:39134] AH01114: HTTP: failed to make connection to backend: 172.22.1.36
[Tue Oct 28 14:44:19.225589 2014] [proxy_http:error] [pid 4888:tid 1620] (20014)Internal error: [client 201.245.192.253:59448] AH01102: error reading status line from remote server 172.22.1.47:80, referer: http://190.27.245.106/forest/misactividades.do?_a=0.6497408361174166&group_system_actual=3
[Tue Oct 28 14:46:02.887771 2014] [proxy_http:error] [pid 4888:tid 1772] (20014)Internal error: [client 201.245.192.253:50677] AH01102: error reading status line from remote server 172.22.1.47:80, referer: http://190.27.245.106/forest/misactividades.do?group_system_actual=3&codPro=176&_a=0.029660746220145695
[Tue Oct 28 14:46:08.815781 2014] [proxy_http:error] [pid 4888:tid 1460] (20014)Internal error: [client 201.245.192.253:50767] AH01102: error reading status line from remote server 172.22.1.47:80, referer: http://190.27.245.106/forest/index2.jsp?_a=0.718715893664349
[Tue Oct 28 14:52:40.906870 2014] [proxy_http:error] [pid 4888:tid 712] (20014)Internal error: [client 201.245.192.253:48638] AH01102: error reading status line from remote server 172.22.1.47:80, referer: http://190.27.245.106/forest/usutareas.do?group_system_actual=3&codTraEsc=16750948&_a=0.9627628103688204
[Tue Oct 28 14:56:24.596663 2014] [proxy_http:error] [pid 4888:tid 724] (20014)Internal error: [client 201.245.192.253:56553] AH01102: error reading status line from remote server 172.22.1.47:80, referer: http://190.27.245.106/forest/usutareas.do?_a=0.834215786746196&group_system_actual=3
