!C99Shell v. 1.0 pre-release build #13!

Software: Apache. PHP/5.5.15 

uname -a: Windows NT SVR-DMZ 6.1 build 7600 (Windows Server 2008 R2 Enterprise Edition) i586 

SYSTEM 

Safe-mode: OFF (not secure)

E:\nuevo\apache\logs\   drwxrwxrwx
Free 9.41 GB of 239.26 GB (3.93%)
Detected drives: [ a ] [ c ] [ d ] [ e ] [ f ]
Home    Back    Forward    UPDIR    Refresh    Search    Buffer    Encoder    Tools    Proc.    FTP brute    Sec.    SQL    PHP-code    Update    Feedback    Self remove    Logout    


Viewing file:     error.2014.11.03.log (29 KB)      -rw-rw-rw-
Select action/file-type:
(+) | (+) | (+) | Code (+) | Session (+) | (+) | SDB (+) | (+) | (+) | (+) | (+) | (+) |
[Mon Nov 03 00:38:40.289051 2014] [core:error] [pid 4888:tid 1032] (22)Invalid argument: [client 180.76.5.25:56001] AH00127: Cannot map GET /Autoliquidacion/Solicitud%20de%20expedici%F3n%20de%20certificados%20de%20estado%20de%20conservaci%F3n%20ambiental%20(CECA)/Lista%20de%20chequeo%20Formulario%20de%20Solicitud%20de%20CECAS.pdf HTTP/1.1 to file
[Mon Nov 03 00:57:54.224078 2014] [core:error] [pid 4888:tid 1212] (22)Invalid argument: [client 180.76.5.190:40861] AH00127: Cannot map GET /portalsiaccapacitaciones/0035%20Gu%EDa%20de%20Tramites%2005-09-2013.pdf HTTP/1.1 to file
[Mon Nov 03 01:20:31.052061 2014] [core:error] [pid 4888:tid 1364] (22)Invalid argument: [client 180.76.6.37:35448] AH00127: Cannot map GET /portalsiaccapacitaciones/0016.%20Acuerdo%20510%20Uso%20Racional%20Energia%20Navide%F1a%2020%20de%20Junio.pdf HTTP/1.1 to file
[Mon Nov 03 01:26:12.911062 2014] [mpm_winnt:warn] [pid 4888:tid 3172] (OS 64)The specified network name is no longer available.  : AH00341: winnt_accept: Asynchronous AcceptEx failed.
[Mon Nov 03 01:26:19.431873 2014] [core:error] [pid 4888:tid 968] (22)Invalid argument: [client 185.10.104.130:60441] AH00127: Cannot map GET /Autoliquidacion/Grupo%20Forestal%20-%20Silvicultura/Solicitud%20y%20lista%20de%20chequeo%20Evaluaci%F3n%20Silvicultural.xlsx HTTP/1.1 to file
[Mon Nov 03 02:20:25.908775 2014] [core:error] [pid 4888:tid 1212] (22)Invalid argument: [client 180.76.6.136:30627] AH00127: Cannot map GET /Autoliquidacion/Solicitud%20de%20Clasificaci%F3n%20de%20Impacto%20Ambiental/lista-chequeo-sol-clasificacion-impacto-ambiental0.pdf HTTP/1.1 to file
[Mon Nov 03 02:31:18.973722 2014] [core:error] [pid 4888:tid 968] (22)Invalid argument: [client 180.76.5.57:35445] AH00127: Cannot map GET /portalsiaccapacitaciones/0008.%20PLAN%20DE%20CAPACITACIONES%20A%D1O%202013.pdf HTTP/1.1 to file
[Mon Nov 03 02:37:23.093962 2014] [core:error] [pid 4888:tid 968] (22)Invalid argument: [client 180.76.5.194:58862] AH00127: Cannot map GET /Autoliquidacion/Solicitudes%20relacionadas%20con%20calidad%20del%20aire%20auditiva%20y%20visual/Solicitudes%20relacionadas%20a%20Programa%20de%20Autorregulaci%F3n%20Ambiental/formato%20de%20relacion%20de%20vehiculos.pdf HTTP/1.1 to file
[Mon Nov 03 02:56:45.250203 2014] [mpm_winnt:warn] [pid 4888:tid 3172] (OS 64)The specified network name is no longer available.  : AH00341: winnt_accept: Asynchronous AcceptEx failed.
[Mon Nov 03 03:05:09.895490 2014] [core:error] [pid 4888:tid 1820] (22)Invalid argument: [client 180.76.5.24:36995] AH00127: Cannot map GET /Autoliquidacion/Solicitudes%20relacionadas%20con%20calidad%20del%20aire%20auditiva%20y%20visual/Evaluaci%F3n%20para%20Certificaci%F3n%20en%20materia%20de%20Revisi%F3n%20de%20Gases/lista%20de%20chequeo%20certificacion%20en%20materia%20de%20revision%20de%20gases.pdf HTTP/1.1 to file
[Mon Nov 03 03:27:11.796011 2014] [core:error] [pid 4888:tid 1484] (22)Invalid argument: [client 180.76.5.176:59081] AH00127: Cannot map GET /portalsiaccapacitaciones/0061.%20Presentaci%F3n%20Implementaci%F3n%20PIGA%2019-12-2013.pdf HTTP/1.1 to file
[Mon Nov 03 03:40:08.959177 2014] [mpm_winnt:warn] [pid 4888:tid 3172] (OS 64)The specified network name is no longer available.  : AH00341: winnt_accept: Asynchronous AcceptEx failed.
[Mon Nov 03 03:45:20.600924 2014] [access_compat:error] [pid 4888:tid 968] [client 100.43.85.25:49368] AH01797: client denied by server configuration: E:/nuevo/htdocs/xampp/
[Mon Nov 03 04:59:18.311518 2014] [core:error] [pid 4888:tid 1364] (20024)The given path is misformatted or contained invalid characters: [client 144.76.156.211:37761] AH00127: Cannot map GET /galeria/carrusel/Carrusel/jquery-ui-%0A%0A1.8.13.custom.min.js HTTP/1.1 to file, referer: http://www.ambientebogota.gov.co/
[Mon Nov 03 05:15:36.746237 2014] [core:error] [pid 4888:tid 824] (22)Invalid argument: [client 180.76.5.62:20080] AH00127: Cannot map GET /Autoliquidacion/Solicitud%20de%20Clasificaci%F3n%20de%20Impacto%20Ambiental/Formulario%20de%20solicitud%20clasificaci%F3n%20impacto............pdf HTTP/1.1 to file
[Mon Nov 03 05:18:27.582137 2014] [core:error] [pid 4888:tid 1484] (22)Invalid argument: [client 180.76.6.21:19045] AH00127: Cannot map GET /portalsiaccapacitaciones/0020.%20Presentaci%F3n%20Aprovechamiento%20de%20Residuos%20Org%E1nicos%20Hospital%20Nazareth.pdf HTTP/1.1 to file
[Mon Nov 03 05:36:07.136998 2014] [core:error] [pid 4888:tid 824] (20024)The given path is misformatted or contained invalid characters: [client 109.235.51.45:35635] AH00127: Cannot map GET /w00tw00t.at.blackhats.romanian.anti-sec:) HTTP/1.1 to file
[Mon Nov 03 05:36:07.495799 2014] [access_compat:error] [pid 4888:tid 1032] [client 109.235.51.45:35724] AH01797: client denied by server configuration: E:/nuevo/htdocs/phpMyAdmin
[Mon Nov 03 05:41:21.617951 2014] [core:error] [pid 4888:tid 1364] (22)Invalid argument: [client 180.76.6.133:63856] AH00127: Cannot map GET /portalsiaccapacitaciones/0064.%20Presentaci%F3n%20%20Grupo%20PIGA-SCASP%2004-03-2014.pdf HTTP/1.1 to file
[Mon Nov 03 05:43:23.641365 2014] [core:error] [pid 4888:tid 1212] (22)Invalid argument: [client 180.76.6.52:19108] AH00127: Cannot map GET /portalsiaccapacitaciones/0007.%20Presentaci%F3n%20RESPEL-PGIR.pdf HTTP/1.1 to file
[Mon Nov 03 05:43:32.626981 2014] [core:error] [pid 4888:tid 1484] (22)Invalid argument: [client 180.76.5.60:32957] AH00127: Cannot map GET /portalsiaccapacitaciones/0075.%20EcoConducci%F3n%20-%20T%E9cnicas%20para%20disminuir%20Consumo%20%2005-05-14.pdf HTTP/1.1 to file
[Mon Nov 03 06:46:35.167624 2014] [mpm_winnt:warn] [pid 4888:tid 3172] (OS 64)The specified network name is no longer available.  : AH00341: winnt_accept: Asynchronous AcceptEx failed.
[Mon Nov 03 07:06:14.390296 2014] [core:error] [pid 4888:tid 1524] (22)Invalid argument: [client 180.76.6.150:24022] AH00127: Cannot map GET /portalsiaccapacitaciones/0039.%20Presentaci%F3n%20Preco%2019-09-13.pdf HTTP/1.1 to file
[Mon Nov 03 07:13:38.446076 2014] [core:error] [pid 4888:tid 1172] (22)Invalid argument: [client 180.76.5.23:62451] AH00127: Cannot map GET /portalsiaccapacitaciones/0058.%20Taller%20pr%E1ctico_pliegos%20Aseo%20y%20Cafeteria.pdf HTTP/1.1 to file
[Mon Nov 03 07:53:40.101494 2014] [core:error] [pid 4888:tid 1212] (22)Invalid argument: [client 180.76.6.159:36825] AH00127: Cannot map GET /portalsiaccapacitaciones/0069.%20EcoConducci%F3n%20-%20Definiciones%2005-05-14.pdf HTTP/1.1 to file
[Mon Nov 03 08:00:48.089246 2014] [core:error] [pid 4888:tid 692] (22)Invalid argument: [client 180.76.6.47:17923] AH00127: Cannot map GET /Autoliquidacion/Solicitudes%20relacionadas%20con%20calidad%20del%20aire%20auditiva%20y%20visual/Acompa%F1amiento%20para%20muestreo%20isocin%E9tico%20y%20o%20determinaciones%20de%20emisiones%20a%20fuentes%20fijas/protocolo%20para%20el%20monitoreo%20de%20emisiones%20atmosfericas.pdf HTTP/1.1 to file
[Mon Nov 03 08:05:48.342973 2014] [core:error] [pid 4888:tid 1260] (22)Invalid argument: [client 180.76.5.77:43142] AH00127: Cannot map GET /portalsiaccapacitaciones/0053.%20Presentaci%F3n%20Contexto%20PYCS,%20CPS,%20Gu%EDa%20MADS%2013-11-2013.pdf HTTP/1.1 to file
[Mon Nov 03 08:33:04.069246 2014] [core:error] [pid 4888:tid 1212] (22)Invalid argument: [client 180.76.5.73:46594] AH00127: Cannot map GET /portalsiaccapacitaciones/0003.%20Presentaci%F3n%20Circular%20Conjunta.pdf HTTP/1.1 to file
[Mon Nov 03 08:51:50.048024 2014] [core:error] [pid 4888:tid 1524] (22)Invalid argument: [client 180.76.6.150:57786] AH00127: Cannot map GET /Autoliquidacion/Solicitudes%20relacionadas%20con%20calidad%20del%20aire%20auditiva%20y%20visual/Evaluaci%F3n%20para%20Certificaci%F3n%20en%20materia%20de%20Revisi%F3n%20de%20Gases/solicitud%20de%20evaluacion%20para%20certificacion%20en%20materia%20de%20revision%20de%20gases%20_%20cda.pdf HTTP/1.1 to file
[Mon Nov 03 09:26:14.089649 2014] [core:error] [pid 4888:tid 692] (22)Invalid argument: [client 180.76.6.51:28459] AH00127: Cannot map GET /portalsiaccapacitaciones/0043.%20Presentaci%F3n%20Gestores%20Almacenamiento%20de%20Respel%20-%20PRECO%2003-10-2013.pdf HTTP/1.1 to file
[Mon Nov 03 09:27:03.073735 2014] [core:error] [pid 4888:tid 736] (22)Invalid argument: [client 180.76.6.64:14213] AH00127: Cannot map GET /Autoliquidacion/Solicitudes%20relacionadas%20con%20calidad%20del%20aire%20auditiva%20y%20visual/Solicitudes%20relacionadas%20a%20Programa%20de%20Autorregulaci%F3n%20Ambiental/carta%20de%20autorizacion%20para%20realizar%20las%20visitas%20tecnicas%20del%20p.pdf HTTP/1.1 to file
[Mon Nov 03 09:34:30.170521 2014] [core:error] [pid 4888:tid 1364] (22)Invalid argument: [client 180.76.5.77:5632] AH00127: Cannot map GET /portalsiaccapacitaciones/0031.%20Presentaci%F3n%20residuos%20peligrosos%20-%20Bienes%20Inservibles%20-%201%20de%20Agosto.pdf HTTP/1.1 to file
[Mon Nov 03 09:38:28.180139 2014] [core:error] [pid 4888:tid 884] (22)Invalid argument: [client 180.76.6.153:2628] AH00127: Cannot map GET /portalsiaccapacitaciones/0012.%20Presentaci%F3n%20Resoluci%F3n%20Escombros%2023-05-13.pdf HTTP/1.1 to file
[Mon Nov 03 10:14:01.532686 2014] [negotiation:error] [pid 4888:tid 1156] [client 213.4.28.4:55870] AH00690: no acceptable variant: E:/nuevo/apache/error/HTTP_NOT_FOUND.html.var
[Mon Nov 03 10:14:03.420289 2014] [negotiation:error] [pid 4888:tid 1156] [client 213.4.28.4:55870] AH00690: no acceptable variant: E:/nuevo/apache/error/HTTP_NOT_FOUND.html.var
[Mon Nov 03 10:17:58.933903 2014] [core:error] [pid 4888:tid 1364] (22)Invalid argument: [client 180.76.5.150:5069] AH00127: Cannot map GET /Autoliquidacion/Solicitudes%20relacionadas%20con%20calidad%20del%20aire%20auditiva%20y%20visual/Acompa%F1amiento%20para%20muestreo%20isocin%E9tico%20y%20o%20determinaciones%20de%20emisiones%20a%20fuentes%20fijas/lineamientos%20Construccion%20Mues%20Emision%20.pdf HTTP/1.1 to file
[Mon Nov 03 10:21:32.903879 2014] [core:error] [pid 4888:tid 736] (22)Invalid argument: [client 180.76.6.28:53917] AH00127: Cannot map GET /portalsiaccapacitaciones/0049.%20ADOPCI%D3N%20DEL%20PROGRAMA%20DE%20ECOCOCONDUCCION%20EN%20PICA%2017-10-2013.pdf HTTP/1.1 to file
[Mon Nov 03 10:24:02.882542 2014] [mpm_winnt:warn] [pid 4888:tid 3172] (OS 64)The specified network name is no longer available.  : AH00341: winnt_accept: Asynchronous AcceptEx failed.
[Mon Nov 03 10:29:53.914359 2014] [core:error] [pid 4888:tid 1220] (22)Invalid argument: [client 180.76.6.139:19433] AH00127: Cannot map GET /portalsiaccapacitaciones/0059.%20Taller%20pr%E1ctico_pliegos%20papeler%EDa%20y%20oficina.pdf HTTP/1.1 to file
[Mon Nov 03 10:43:58.094241 2014] [core:error] [pid 4888:tid 1016] (22)Invalid argument: [client 180.76.5.20:52524] AH00127: Cannot map GET /Autoliquidacion/Solicitudes%20relacionadas%20con%20calidad%20del%20aire%20auditiva%20y%20visual/Acompa%F1amiento%20para%20muestreo%20isocin%E9tico%20y%20o%20determinaciones%20de%20emisiones%20a%20fuentes%20fijas/formato%20chequeo%20de%20boquillas.pdf HTTP/1.1 to file
[Mon Nov 03 10:46:50.006543 2014] [core:error] [pid 4888:tid 1172] (22)Invalid argument: [client 180.76.5.18:61868] AH00127: Cannot map GET /Autoliquidacion/Grupo%20Forestal%20-%20Industria%20de%20la%20Madera/Solicitud%20de%20Salvoconducto%20de%20movilizaci%F3n%20flora.pdf HTTP/1.1 to file
[Mon Nov 03 11:19:06.112344 2014] [proxy_http:error] [pid 4888:tid 692] (OS 10054)An existing connection was forcibly closed by the remote host.  : [client 190.158.162.39:50176] AH01102: error reading status line from remote server 172.22.1.31:80, referer: http://190.27.245.106/isolucionsda/BarraTitulos.asp?Pagina1=FrameSetGeneral.asp&&Pagina=MagazinHome.asp
[Mon Nov 03 11:19:06.112344 2014] [proxy:error] [pid 4888:tid 692] [client 190.158.162.39:50176] AH00898: Error reading from remote server returned by /isolucionsda/g/Bgr_BarraCurva2.jpg, referer: http://190.27.245.106/isolucionsda/BarraTitulos.asp?Pagina1=FrameSetGeneral.asp&&Pagina=MagazinHome.asp
[Mon Nov 03 11:22:58.661952 2014] [core:error] [pid 4888:tid 1172] (22)Invalid argument: [client 180.76.6.149:19766] AH00127: Cannot map GET /portalsiaccapacitaciones/0042.%20Presentaci%F3n%20Superficies%20vegetadas%20%2019-09-2013.pdf HTTP/1.1 to file
[Mon Nov 03 11:26:21.696309 2014] [core:error] [pid 4888:tid 1820] (22)Invalid argument: [client 180.76.5.73:34373] AH00127: Cannot map GET /Autoliquidacion/Grupo%20Forestal%20-%20Industria%20de%20la%20Madera/Lista%20de%20chequeo%20-%20Verificaci%F3n%20de%20permisos%20CITIES%20y%20NO%20CITIES.pdf HTTP/1.1 to file
[Mon Nov 03 11:30:05.712702 2014] [core:error] [pid 4888:tid 692] (22)Invalid argument: [client 180.76.6.151:28444] AH00127: Cannot map GET /portalsiaccapacitaciones/0032.%20PRESENTACI%D3N%20FUENTES%20FIJAS%20-%2015%20de%20Agosto.pdf HTTP/1.1 to file
[Mon Nov 03 11:31:17.784829 2014] [core:error] [pid 4888:tid 824] (22)Invalid argument: [client 180.76.6.154:41263] AH00127: Cannot map GET /POT-2013/Cartografia/03_Suelos%20de%20Protecci%F3n.pdf HTTP/1.1 to file
[Mon Nov 03 11:36:49.753412 2014] [core:error] [pid 4888:tid 1116] (22)Invalid argument: [client 180.76.5.168:33896] AH00127: Cannot map GET /Autoliquidacion/Grupo%20Forestal%20-%20Industria%20de%20la%20Madera/Formulario%20para%20la%20Relaci%F3n%20de%20Movimientos.pdf HTTP/1.1 to file
[Mon Nov 03 11:40:12.787769 2014] [core:error] [pid 4888:tid 1836] (22)Invalid argument: [client 180.76.6.46:27130] AH00127: Cannot map GET /portalsiaccapacitaciones/0044.%20Presentaci%F3n%20Socializaci%F3n%20Gesti%F3n%20del%20Riesgo%20-%20PIRE%2003-10-2013.pdf HTTP/1.1 to file
[Mon Nov 03 12:09:13.721627 2014] [proxy_http:error] [pid 4888:tid 1404] (OS 10054)An existing connection was forcibly closed by the remote host.  : [client 186.31.107.195:10673] AH01102: error reading status line from remote server 172.22.1.31:80, referer: http://190.27.245.106/isolucionsda/MagazinHome.asp
[Mon Nov 03 12:10:05.654118 2014] [core:error] [pid 4888:tid 1580] (22)Invalid argument: [client 180.76.6.147:44070] AH00127: Cannot map GET /Autoliquidacion/Cobro%20Evaluacion%20Certificaci%F3n%20Para%20La%20Deducci%F3n%20Por%20Inversi%F3n%20En%20Medio%20Ambiente/Formato%20de%20solicitud%20por%20acreditaci%F3n%20ambiental.....pdf HTTP/1.1 to file
[Mon Nov 03 12:16:57.650841 2014] [core:error] [pid 4888:tid 884] (22)Invalid argument: [client 180.76.6.14:25278] AH00127: Cannot map GET /portalsiaccapacitaciones/0048.%20Presentaci%F3n%20TetraPak%2017-10-2013.pdf HTTP/1.1 to file
[Mon Nov 03 12:24:27.290431 2014] [mpm_winnt:warn] [pid 4888:tid 3172] (OS 64)The specified network name is no longer available.  : AH00341: winnt_accept: Asynchronous AcceptEx failed.
[Mon Nov 03 12:24:27.696032 2014] [mpm_winnt:warn] [pid 4888:tid 3172] (OS 64)The specified network name is no longer available.  : AH00341: winnt_accept: Asynchronous AcceptEx failed.
[Mon Nov 03 12:24:27.696032 2014] [mpm_winnt:warn] [pid 4888:tid 3172] (OS 64)The specified network name is no longer available.  : AH00341: winnt_accept: Asynchronous AcceptEx failed.
[Mon Nov 03 12:24:27.696032 2014] [mpm_winnt:warn] [pid 4888:tid 3172] (OS 64)The specified network name is no longer available.  : AH00341: winnt_accept: Asynchronous AcceptEx failed.
[Mon Nov 03 12:24:27.898832 2014] [mpm_winnt:warn] [pid 4888:tid 3172] (OS 64)The specified network name is no longer available.  : AH00341: winnt_accept: Asynchronous AcceptEx failed.
[Mon Nov 03 12:24:28.008032 2014] [mpm_winnt:warn] [pid 4888:tid 3172] (OS 64)The specified network name is no longer available.  : AH00341: winnt_accept: Asynchronous AcceptEx failed.
[Mon Nov 03 12:24:33.218442 2014] [mpm_winnt:warn] [pid 4888:tid 3172] (OS 64)The specified network name is no longer available.  : AH00341: winnt_accept: Asynchronous AcceptEx failed.
[Mon Nov 03 12:24:33.390042 2014] [mpm_winnt:warn] [pid 4888:tid 3172] (OS 64)The specified network name is no longer available.  : AH00341: winnt_accept: Asynchronous AcceptEx failed.
[Mon Nov 03 12:24:33.530442 2014] [mpm_winnt:warn] [pid 4888:tid 3172] (OS 64)The specified network name is no longer available.  : AH00341: winnt_accept: Asynchronous AcceptEx failed.
[Mon Nov 03 12:27:01.496702 2014] [core:error] [pid 4888:tid 884] (22)Invalid argument: [client 180.76.6.146:49248] AH00127: Cannot map GET /portalsiaccapacitaciones/0005.%20Presentaci%F3n%20Experiencia%20Hospital%20Sim%F3n%20Bol%EDvar.pdf HTTP/1.1 to file
[Mon Nov 03 12:29:16.514939 2014] [core:error] [pid 4888:tid 968] (22)Invalid argument: [client 180.76.5.67:31345] AH00127: Cannot map GET /POT-2013/Cartografia/32_Altura%20para%20c%E1lculo%20de%20edificabilidad%20predominante%20y%20aisl.pdf HTTP/1.1 to file
[Mon Nov 03 12:32:11.547247 2014] [core:error] [pid 4888:tid 1172] (22)Invalid argument: [client 180.76.5.57:34760] AH00127: Cannot map GET /portalsiaccapacitaciones/0009.%20Presentaci%F3n%20Hospitalarios%20(Clasificaci%F3n,%20Cuantificaci%F3n)%20-%20Lista%20de%20asistencia%2023-05-13.pdf HTTP/1.1 to file
[Mon Nov 03 12:33:01.514134 2014] [core:error] [pid 4888:tid 692] (22)Invalid argument: [client 180.76.5.169:37129] AH00127: Cannot map GET /Autoliquidacion/Solicitudes%20relacionadas%20con%20calidad%20del%20aire%20auditiva%20y%20visual/Evaluaci%F3n%20de%20permisos%20de%20emisi%F3n%20para%20fuentes%20fijas/lista%20de%20chequeo%20permiso%20de%20emisiones.pdf HTTP/1.1 to file
[Mon Nov 03 12:46:28.630352 2014] [proxy_http:error] [pid 4888:tid 1404] (OS 10054)An existing connection was forcibly closed by the remote host.  : [client 186.31.107.195:14255] AH01102: error reading status line from remote server 172.22.1.31:80, referer: http://190.27.245.106/isolucionsda/Manual.web/Home%20Page.htm
[Mon Nov 03 12:59:35.885735 2014] [proxy_http:error] [pid 4888:tid 1212] (OS 10054)An existing connection was forcibly closed by the remote host.  : [client 190.158.162.39:52036] AH01102: error reading status line from remote server 172.22.1.31:80, referer: http://190.27.245.106/isolucionsda/FrameSetGeneral.asp?Pagina=Menu.asp&IdModulo=4
[Mon Nov 03 12:59:35.885735 2014] [proxy:error] [pid 4888:tid 1212] [client 190.158.162.39:52036] AH00898: Error reading from remote server returned by /isolucionsda/Menu.asp, referer: http://190.27.245.106/isolucionsda/FrameSetGeneral.asp?Pagina=Menu.asp&IdModulo=4
[Mon Nov 03 12:59:38.116539 2014] [proxy_http:error] [pid 4888:tid 824] (OS 10054)An existing connection was forcibly closed by the remote host.  : [client 190.158.162.39:52037] AH01102: error reading status line from remote server 172.22.1.31:80, referer: http://190.27.245.106/isolucionsda/FrameSetGeneral.asp?Pagina=Menu.asp&IdModulo=4
[Mon Nov 03 13:19:58.506682 2014] [core:error] [pid 4888:tid 1260] (22)Invalid argument: [client 180.76.6.134:2982] AH00127: Cannot map GET /Autoliquidacion/Solicitudes%20relacionadas%20con%20calidad%20del%20aire%20auditiva%20y%20visual/Acompa%F1amiento%20para%20muestreo%20isocin%E9tico%20y%20o%20determinaciones%20de%20emisiones%20a%20fuentes%20fijas/formato%20metodo%2025%20a%20hc%20totales.pdf HTTP/1.1 to file
[Mon Nov 03 13:33:45.432935 2014] [core:error] [pid 4888:tid 1220] (22)Invalid argument: [client 180.76.5.71:15562] AH00127: Cannot map GET /portalsiaccapacitaciones/0052.%20Presentaci%F3n%20Bienes%20Inservibles%2031-10-2013.pdf HTTP/1.1 to file
[Mon Nov 03 13:38:27.233830 2014] [proxy_http:error] [pid 4888:tid 1404] (OS 10054)An existing connection was forcibly closed by the remote host.  : [client 190.158.162.39:52603] AH01102: error reading status line from remote server 172.22.1.31:80, referer: http://190.27.245.106/isolucionsda/FrameSetGeneral.asp?Pagina1=FrameSetGeneral.asp&
[Mon Nov 03 13:38:27.233830 2014] [proxy:error] [pid 4888:tid 1404] [client 190.158.162.39:52603] AH00898: Error reading from remote server returned by /isolucionsda/MagazinHome.asp, referer: http://190.27.245.106/isolucionsda/FrameSetGeneral.asp?Pagina1=FrameSetGeneral.asp&
[Mon Nov 03 13:40:59.926898 2014] [core:error] [pid 4888:tid 692] (22)Invalid argument: [client 180.76.5.170:12079] AH00127: Cannot map GET /portalsiaccapacitaciones/0006.%20Capaciaci%F3n%20Metodolog%EDa%20Protocolo%20GHG%20.pdf HTTP/1.1 to file
[Mon Nov 03 14:02:06.867523 2014] [proxy_http:error] [pid 4888:tid 1260] (OS 10054)An existing connection was forcibly closed by the remote host.  : [client 190.158.162.39:53010] AH01102: error reading status line from remote server 172.22.1.31:80, referer: http://190.27.245.106/isolucionsda/Encabezado.asp?Pagina1=FrameSetGeneral.asp&&Pagina=MagazinHome.asp
[Mon Nov 03 14:12:44.799444 2014] [proxy_http:error] [pid 4888:tid 864] (OS 10054)An existing connection was forcibly closed by the remote host.  : [client 190.29.141.94:54405] AH01102: error reading status line from remote server 172.22.1.31:80, referer: http://190.27.245.106/isolucionsda/Encabezado.asp?Pagina1=FrameSetGeneral.asp&&Pagina=MagazinHome.asp
[Mon Nov 03 14:12:44.799444 2014] [proxy:error] [pid 4888:tid 864] [client 190.29.141.94:54405] AH00898: Error reading from remote server returned by /isolucionsda/g/Bot_Siguiente.jpg, referer: http://190.27.245.106/isolucionsda/Encabezado.asp?Pagina1=FrameSetGeneral.asp&&Pagina=MagazinHome.asp
[Mon Nov 03 14:22:09.192835 2014] [core:error] [pid 4888:tid 692] (22)Invalid argument: [client 180.76.5.28:6208] AH00127: Cannot map GET /portalsiaccapacitaciones/0060.%20Presentaci%F3n%20Balance%20Grupo%20de%20Instrumentos%2019-12-2013.pdf HTTP/1.1 to file
[Mon Nov 03 14:44:08.364352 2014] [core:error] [pid 4888:tid 1836] (22)Invalid argument: [client 180.76.6.142:13815] AH00127: Cannot map GET /portalsiaccapacitaciones/0074.%20EcoConducci%F3n%20-%20Seguridad%20vial%20-%20Comportamental%2005-05-14.pdf HTTP/1.1 to file
[Mon Nov 03 14:51:41.139547 2014] [core:error] [pid 4888:tid 1580] (22)Invalid argument: [client 180.76.6.63:28809] AH00127: Cannot map GET /portalsiaccapacitaciones/0045.%20Presentaci%F3n%20Socializaci%F3n%20Instructivo%20Huella%20de%20Carbono%2003-10-2013.pdf HTTP/1.1 to file
[Mon Nov 03 14:51:51.123565 2014] [core:error] [pid 4888:tid 1644] (22)Invalid argument: [client 180.76.6.45:23138] AH00127: Cannot map GET /portalsiaccapacitaciones/0014.%20GESTI%D3N%20DE%20LOS%20ENVASES%20CLASIFICADOS%20COMO%20RESIDUOS%20YO%20DESECHOS%20PELIGROSOS.pdf HTTP/1.1 to file
[Mon Nov 03 15:00:55.190120 2014] [core:error] [pid 4888:tid 1364] (22)Invalid argument: [client 180.76.5.177:26953] AH00127: Cannot map GET /Autoliquidacion/Grupo%20Forestal%20-%20Industria%20de%20la%20Madera/Solicitud%20de%20verificaci%F3n%20para%20exportaci%F3n%20o%20importaci%F3n.pdf HTTP/1.1 to file
[Mon Nov 03 15:18:20.126756 2014] [core:error] [pid 4888:tid 840] (22)Invalid argument: [client 180.76.6.37:32749] AH00127: Cannot map GET /Autoliquidacion/Solicitudes%20relacionadas%20con%20calidad%20del%20aire%20auditiva%20y%20visual/Solicitudes%20relacionadas%20a%20Programa%20de%20Autorregulaci%F3n%20Ambiental/carta%20de%20solicitud%20de%20aprobacion%20programa%20de%20autorregulacion.pdf HTTP/1.1 to file
[Mon Nov 03 15:23:02.081651 2014] [core:error] [pid 4888:tid 692] (22)Invalid argument: [client 180.76.6.17:36228] AH00127: Cannot map GET /portalsiaccapacitaciones/0018.%20Presentacion%20Instrumentos%20de%20Planeaci%F3n%20Ambiental%20del%20D.C.%20%2020%20Junio%202013.pdf HTTP/1.1 to file
[Mon Nov 03 15:26:17.114194 2014] [core:error] [pid 4888:tid 780] (22)Invalid argument: [client 180.76.5.153:51052] AH00127: Cannot map GET /Autoliquidacion/Solicitud%20de%20expedici%F3n%20de%20certificados%20de%20estado%20de%20conservaci%F3n%20ambiental%20(CECA)/Formulario%20de%20solicitud%20de%20CECAS.pdf HTTP/1.1 to file
[Mon Nov 03 15:36:36.186681 2014] [core:error] [pid 4888:tid 1220] (22)Invalid argument: [client 180.76.6.44:26225] AH00127: Cannot map GET /Autoliquidacion/Solicitud%20de%20expedici%F3n%20de%20certificados%20de%20estado%20de%20conservaci%F3n%20ambiental%20(CECA)/Ver%20toda%20la%20informaci%F3n%20sobre%20expedici%F3n%20de%20certificados........pdf HTTP/1.1 to file
[Mon Nov 03 15:37:25.279967 2014] [mpm_winnt:warn] [pid 4888:tid 3172] (OS 64)The specified network name is no longer available.  : AH00341: winnt_accept: Asynchronous AcceptEx failed.
[Mon Nov 03 15:40:30.202692 2014] [core:error] [pid 4888:tid 780] (22)Invalid argument: [client 180.76.6.135:50267] AH00127: Cannot map GET /Autoliquidacion/Grupo%20Forestal%20-%20Industria%20de%20la%20Madera/Lista%20de%20chequeo%20-%20Certificaci%F3n.pdf HTTP/1.1 to file
[Mon Nov 03 15:48:12.088303 2014] [core:error] [pid 4888:tid 884] (22)Invalid argument: [client 180.76.6.60:53994] AH00127: Cannot map GET /portalsiaccapacitaciones/0046.%20Presentaci%F3n%20Campa%F1a%20Recolecci%F3n%20RESPEL%2003-10-2013.pdf HTTP/1.1 to file
[Mon Nov 03 17:12:59.992440 2014] [core:error] [pid 4888:tid 884] (22)Invalid argument: [client 180.76.6.21:59688] AH00127: Cannot map GET /portalsiaccapacitaciones/0047.%20Presentaci%F3n%20Campa%F1a%20RAEE's%20y%20Seguimiento%20RCD%2017-10-2013.pdf HTTP/1.1 to file
[Mon Nov 03 17:35:40.285629 2014] [proxy:error] [pid 4888:tid 864] (OS 10060)A connection attempt failed because the connected party did not properly respond after a period of time, or established connection failed because connected host has failed to respond.  : AH00957: HTTP: attempt to connect to 172.22.1.32:80 (172.22.1.32) failed
[Mon Nov 03 17:35:40.285629 2014] [proxy:error] [pid 4888:tid 864] AH00959: ap_proxy_connect_backend disabling worker for (172.22.1.32) for 60s
[Mon Nov 03 17:35:40.285629 2014] [proxy_http:error] [pid 4888:tid 864] [client 188.165.15.90:35227] AH01114: HTTP: failed to make connection to backend: 172.22.1.32
[Mon Nov 03 17:43:52.887694 2014] [mpm_winnt:warn] [pid 4888:tid 3172] (OS 64)The specified network name is no longer available.  : AH00341: winnt_accept: Asynchronous AcceptEx failed.
[Mon Nov 03 17:46:26.984765 2014] [proxy_http:error] [pid 4888:tid 1836] (OS 10054)An existing connection was forcibly closed by the remote host.  : [client 201.184.172.179:55080] AH01102: error reading status line from remote server 172.22.1.31:80, referer: http://190.27.245.106/isolucionsda/FrameSetGeneral.asp?Pagina1=FrameSetGeneral.asp&
[Mon Nov 03 17:46:26.984765 2014] [proxy:error] [pid 4888:tid 1836] [client 201.184.172.179:55080] AH00898: Error reading from remote server returned by /isolucionsda/BarraFavoritos.asp, referer: http://190.27.245.106/isolucionsda/FrameSetGeneral.asp?Pagina1=FrameSetGeneral.asp&
[Mon Nov 03 17:52:56.080649 2014] [proxy_http:error] [pid 4888:tid 840] (OS 10054)An existing connection was forcibly closed by the remote host.  : [client 201.184.172.179:55118] AH01102: error reading status line from remote server 172.22.1.31:80, referer: http://190.27.245.106/isolucionsda/BancoConocimiento/M/Monitoreo_SeguimientoyControldeRuidoenelDistritoCapital_v5/Monitoreo_SeguimientoyControldeRuidoenelDistritoCapital_v5.asp?IdArticulo=3439
[Mon Nov 03 17:52:56.080649 2014] [proxy:error] [pid 4888:tid 840] [client 201.184.172.179:55118] AH00898: Error reading from remote server returned by /isolucionsda/FrameSetArticulo.asp, referer: http://190.27.245.106/isolucionsda/BancoConocimiento/M/Monitoreo_SeguimientoyControldeRuidoenelDistritoCapital_v5/Monitoreo_SeguimientoyControldeRuidoenelDistritoCapital_v5.asp?IdArticulo=3439
[Mon Nov 03 20:25:02.024678 2014] [proxy_http:error] [pid 4888:tid 968] (OS 10054)An existing connection was forcibly closed by the remote host.  : [client 186.28.45.9:11885] AH01102: error reading status line from remote server 172.22.1.31:80, referer: http://190.27.245.106/isolucionsda/Encabezado.asp?Pagina1=FrameSetGeneral.asp&&Pagina=MagazinHome.asp
[Mon Nov 03 20:48:04.187105 2014] [:error] [pid 4888:tid 1364] [client 178.255.215.77:50519] script 'E:/nuevo/htdocs/SQLyogTunnel.php' not found or unable to stat
[Mon Nov 03 20:58:15.709179 2014] [proxy_http:error] [pid 4888:tid 1644] (OS 10054)An existing connection was forcibly closed by the remote host.  : [client 190.24.2.153:12792] AH01102: error reading status line from remote server 172.22.1.31:80, referer: http://190.27.245.106/isolucionsda/FrameSetGeneral.asp?Pagina1=FrameSetGeneral.asp&
[Mon Nov 03 20:58:15.709179 2014] [proxy:error] [pid 4888:tid 1644] [client 190.24.2.153:12792] AH00898: Error reading from remote server returned by /isolucionsda/BarraFavoritos.asp, referer: http://190.27.245.106/isolucionsda/FrameSetGeneral.asp?Pagina1=FrameSetGeneral.asp&
[Mon Nov 03 21:13:36.969798 2014] [core:error] [pid 4888:tid 1644] (22)Invalid argument: [client 180.76.6.153:31369] AH00127: Cannot map GET /portalsiaccapacitaciones/0038.%20Presentaci%F3n%20Construcci%F3n%20Sostenible.pdf HTTP/1.1 to file
[Mon Nov 03 21:45:32.481562 2014] [mpm_winnt:warn] [pid 4888:tid 3172] (OS 64)The specified network name is no longer available.  : AH00341: winnt_accept: Asynchronous AcceptEx failed.
[Mon Nov 03 22:57:35.986356 2014] [core:error] [pid 4888:tid 1836] (22)Invalid argument: [client 180.76.5.144:16682] AH00127: Cannot map GET /Autoliquidacion/Solicitudes%20relacionadas%20con%20calidad%20del%20aire%20auditiva%20y%20visual/Evaluaci%F3n%20para%20Certificaci%F3n%20en%20materia%20de%20Revisi%F3n%20de%20Gases/solicitud%20de%20certificacion%20en%20materia%20de%20revision%20de%20gases.pdf HTTP/1.1 to file
[Mon Nov 03 23:32:57.964483 2014] [core:error] [pid 4888:tid 1524] (22)Invalid argument: [client 180.76.6.155:4691] AH00127: Cannot map GET /portalsiaccapacitaciones/0072.%20EcoConducci%F3n%20-%20Normatividad%20Emisiones%2005-05-14.pdf HTTP/1.1 to file
[Mon Nov 03 23:38:01.011616 2014] [core:error] [pid 4888:tid 1804] (22)Invalid argument: [client 180.76.5.57:55610] AH00127: Cannot map GET /portalsiaccapacitaciones/0023.%20PRESENTACI%D3N%20GESTORES%20AMBIENTALES%20SDA%204%20de%20Julio.pdf HTTP/1.1 to file

:: Command execute ::

Enter:
 
Select:
 

:: Search ::
regexp 

:: Upload ::
 
[ ok ]

:: Make Dir ::
 
[ ok ]
:: Make File ::
 
[ ok ]

:: Go Dir ::
 
:: Go File ::
 

--[ c99shell v. 1.0 pre-release build #13 powered by Captain Crunch Security Team | http://ccteam.ru | Generation time: 0.0312 ]--