!C99Shell v. 1.0 pre-release build #13!

Software: Apache. PHP/5.5.15 

uname -a: Windows NT SVR-DMZ 6.1 build 7600 (Windows Server 2008 R2 Enterprise Edition) i586 

SYSTEM 

Safe-mode: OFF (not secure)

E:\nuevo\apache\logs\   drwxrwxrwx
Free 5.02 GB of 239.26 GB (2.1%)
Detected drives: [ a ] [ c ] [ d ] [ e ] [ f ]
Home    Back    Forward    UPDIR    Refresh    Search    Buffer    Encoder    Tools    Proc.    FTP brute    Sec.    SQL    PHP-code    Update    Feedback    Self remove    Logout    


Viewing file:     error.2014.11.14.log (43.51 KB)      -rw-rw-rw-
Select action/file-type:
(+) | (+) | (+) | Code (+) | Session (+) | (+) | SDB (+) | (+) | (+) | (+) | (+) | (+) |
[Fri Nov 14 01:09:47.756853 2014] [mpm_winnt:warn] [pid 4888:tid 3172] (OS 64)The specified network name is no longer available.  : AH00341: winnt_accept: Asynchronous AcceptEx failed.
[Fri Nov 14 01:09:47.756853 2014] [mpm_winnt:warn] [pid 4888:tid 3172] (OS 64)The specified network name is no longer available.  : AH00341: winnt_accept: Asynchronous AcceptEx failed.
[Fri Nov 14 01:09:47.756853 2014] [mpm_winnt:warn] [pid 4888:tid 3172] (OS 64)The specified network name is no longer available.  : AH00341: winnt_accept: Asynchronous AcceptEx failed.
[Fri Nov 14 01:09:47.756853 2014] [mpm_winnt:warn] [pid 4888:tid 3172] (OS 64)The specified network name is no longer available.  : AH00341: winnt_accept: Asynchronous AcceptEx failed.
[Fri Nov 14 01:09:47.756853 2014] [mpm_winnt:warn] [pid 4888:tid 3172] (OS 64)The specified network name is no longer available.  : AH00341: winnt_accept: Asynchronous AcceptEx failed.
[Fri Nov 14 01:09:47.756853 2014] [mpm_winnt:warn] [pid 4888:tid 3172] (OS 64)The specified network name is no longer available.  : AH00341: winnt_accept: Asynchronous AcceptEx failed.
[Fri Nov 14 01:09:47.756853 2014] [mpm_winnt:warn] [pid 4888:tid 3172] (OS 64)The specified network name is no longer available.  : AH00341: winnt_accept: Asynchronous AcceptEx failed.
[Fri Nov 14 01:09:47.756853 2014] [mpm_winnt:warn] [pid 4888:tid 3172] (OS 64)The specified network name is no longer available.  : AH00341: winnt_accept: Asynchronous AcceptEx failed.
[Fri Nov 14 01:09:47.756853 2014] [mpm_winnt:warn] [pid 4888:tid 3172] (OS 64)The specified network name is no longer available.  : AH00341: winnt_accept: Asynchronous AcceptEx failed.
[Fri Nov 14 01:09:47.756853 2014] [mpm_winnt:warn] [pid 4888:tid 3172] (OS 64)The specified network name is no longer available.  : AH00341: winnt_accept: Asynchronous AcceptEx failed.
[Fri Nov 14 01:09:47.756853 2014] [mpm_winnt:warn] [pid 4888:tid 3172] (OS 64)The specified network name is no longer available.  : AH00341: winnt_accept: Asynchronous AcceptEx failed.
[Fri Nov 14 01:09:47.756853 2014] [mpm_winnt:warn] [pid 4888:tid 3172] (OS 64)The specified network name is no longer available.  : AH00341: winnt_accept: Asynchronous AcceptEx failed.
[Fri Nov 14 01:09:47.756853 2014] [mpm_winnt:warn] [pid 4888:tid 3172] (OS 64)The specified network name is no longer available.  : AH00341: winnt_accept: Asynchronous AcceptEx failed.
[Fri Nov 14 01:09:47.756853 2014] [mpm_winnt:warn] [pid 4888:tid 3172] (OS 64)The specified network name is no longer available.  : AH00341: winnt_accept: Asynchronous AcceptEx failed.
[Fri Nov 14 01:09:47.756853 2014] [mpm_winnt:warn] [pid 4888:tid 3172] (OS 64)The specified network name is no longer available.  : AH00341: winnt_accept: Asynchronous AcceptEx failed.
[Fri Nov 14 01:09:47.756853 2014] [mpm_winnt:warn] [pid 4888:tid 3172] (OS 64)The specified network name is no longer available.  : AH00341: winnt_accept: Asynchronous AcceptEx failed.
[Fri Nov 14 01:09:47.756853 2014] [mpm_winnt:warn] [pid 4888:tid 3172] (OS 64)The specified network name is no longer available.  : AH00341: winnt_accept: Asynchronous AcceptEx failed.
[Fri Nov 14 01:37:04.979728 2014] [mpm_winnt:warn] [pid 4888:tid 3172] (OS 64)The specified network name is no longer available.  : AH00341: winnt_accept: Asynchronous AcceptEx failed.
[Fri Nov 14 04:18:41.947161 2014] [mpm_winnt:warn] [pid 4888:tid 3172] (OS 64)The specified network name is no longer available.  : AH00341: winnt_accept: Asynchronous AcceptEx failed.
[Fri Nov 14 05:12:47.659661 2014] [mpm_winnt:warn] [pid 4888:tid 3172] (OS 64)The specified network name is no longer available.  : AH00341: winnt_accept: Asynchronous AcceptEx failed.
[Fri Nov 14 05:35:23.319643 2014] [:error] [pid 4888:tid 1860] [client 178.255.215.77:46923] script 'E:/nuevo/htdocs/calendar.php' not found or unable to stat
[Fri Nov 14 07:47:26.047158 2014] [proxy_http:error] [pid 4888:tid 724] (OS 10054)An existing connection was forcibly closed by the remote host.  : [client 201.245.192.253:48386] AH01102: error reading status line from remote server 172.22.1.31:80, referer: http://190.27.245.106/isolucionsda/FramesetArticulo.asp?Pagina=BancoConocimiento%2FA%2FActadevisitaevaluaciondeimpactosambientales%5Fv5%2FActadevisitaevaluaciondeimpactosambientales%5Fv5%2Easp&IdArticulo=4423
[Fri Nov 14 07:47:26.047158 2014] [proxy:error] [pid 4888:tid 724] [client 201.245.192.253:48386] AH00898: Error reading from remote server returned by /isolucionsda/BancoConocimiento/A/Actadevisitaevaluaciondeimpactosambientales_v5/Actadevisitaevaluaciondeimpactosambientales_v5.asp, referer: http://190.27.245.106/isolucionsda/FramesetArticulo.asp?Pagina=BancoConocimiento%2FA%2FActadevisitaevaluaciondeimpactosambientales%5Fv5%2FActadevisitaevaluaciondeimpactosambientales%5Fv5%2Easp&IdArticulo=4423
[Fri Nov 14 07:55:51.456846 2014] [proxy_http:error] [pid 4888:tid 1588] (OS 10054)An existing connection was forcibly closed by the remote host.  : [client 201.245.192.253:52113] AH01102: error reading status line from remote server 172.22.1.31:80, referer: http://190.27.245.106/isolucionsda/FrameSetGeneral.asp?Pagina=Menu.asp&IdModulo=4
[Fri Nov 14 07:55:51.456846 2014] [proxy:error] [pid 4888:tid 1588] [client 201.245.192.253:52113] AH00898: Error reading from remote server returned by /isolucionsda/BarraTitulos.asp, referer: http://190.27.245.106/isolucionsda/FrameSetGeneral.asp?Pagina=Menu.asp&IdModulo=4
[Fri Nov 14 08:01:51.926679 2014] [proxy_http:error] [pid 4888:tid 992] (OS 10054)An existing connection was forcibly closed by the remote host.  : [client 201.245.192.253:55388] AH01102: error reading status line from remote server 172.22.1.31:80
[Fri Nov 14 08:04:23.590146 2014] [mpm_winnt:warn] [pid 4888:tid 3172] (OS 64)The specified network name is no longer available.  : AH00341: winnt_accept: Asynchronous AcceptEx failed.
[Fri Nov 14 08:16:27.527017 2014] [proxy_http:error] [pid 4888:tid 1852] (OS 10054)An existing connection was forcibly closed by the remote host.  : [client 200.118.175.1:49738] AH01102: error reading status line from remote server 172.22.1.31:80, referer: http://190.27.245.106/isolucionsda/Encabezado.asp?Pagina1=FrameSetGeneral.asp&&Pagina=MagazinHome.asp
[Fri Nov 14 08:16:27.527017 2014] [proxy:error] [pid 4888:tid 1852] [client 200.118.175.1:49738] AH00898: Error reading from remote server returned by /isolucionsda/g/Bot_Siguiente.jpg, referer: http://190.27.245.106/isolucionsda/Encabezado.asp?Pagina1=FrameSetGeneral.asp&&Pagina=MagazinHome.asp
[Fri Nov 14 08:26:00.781224 2014] [mpm_winnt:warn] [pid 4888:tid 3172] (OS 64)The specified network name is no longer available.  : AH00341: winnt_accept: Asynchronous AcceptEx failed.
[Fri Nov 14 08:35:19.418205 2014] [proxy_http:error] [pid 4888:tid 1740] (OS 10054)An existing connection was forcibly closed by the remote host.  : [client 201.245.192.253:51985] AH01102: error reading status line from remote server 172.22.1.31:80
[Fri Nov 14 08:35:19.418205 2014] [proxy:error] [pid 4888:tid 1740] [client 201.245.192.253:51985] AH00898: Error reading from remote server returned by /isolucionsda/g/Bot_Glosario.jpg
[Fri Nov 14 08:35:19.418205 2014] [proxy_http:error] [pid 4888:tid 1372] (OS 10054)An existing connection was forcibly closed by the remote host.  : [client 201.245.192.253:51987] AH01102: error reading status line from remote server 172.22.1.31:80
[Fri Nov 14 08:35:19.418205 2014] [proxy:error] [pid 4888:tid 1372] [client 201.245.192.253:51987] AH00898: Error reading from remote server returned by /isolucionsda/g/Bot_Ayuda.jpg
[Fri Nov 14 08:35:19.418205 2014] [proxy_http:error] [pid 4888:tid 1468] (OS 10054)An existing connection was forcibly closed by the remote host.  : [client 201.245.192.253:51988] AH01102: error reading status line from remote server 172.22.1.31:80
[Fri Nov 14 08:35:19.418205 2014] [proxy:error] [pid 4888:tid 1468] [client 201.245.192.253:51988] AH00898: Error reading from remote server returned by /isolucionsda/g/Img_DivVertBarraSup.jpg
[Fri Nov 14 08:38:10.410106 2014] [proxy_http:error] [pid 4888:tid 1060] (OS 10054)An existing connection was forcibly closed by the remote host.  : [client 201.244.55.205:18489] AH01102: error reading status line from remote server 172.22.1.31:80, referer: http://190.27.245.106/isolucionsda/bancoconocimiento/P/PARTICIPACION_v7/PARTICIPACION_v7.asp?IdArticulo=6824
[Fri Nov 14 08:38:10.410106 2014] [proxy:error] [pid 4888:tid 1060] [client 201.244.55.205:18489] AH00898: Error reading from remote server returned by /isolucionsda/bancoconocimiento/A/Acompannamientoaldesarrollodeloscabildosdepresupuestosparticipativos_v1/Acompannamientoaldesarrollodeloscabildosdepresupuestosparticipativos_v1.asp, referer: http://190.27.245.106/isolucionsda/bancoconocimiento/P/PARTICIPACION_v7/PARTICIPACION_v7.asp?IdArticulo=6824
[Fri Nov 14 08:39:44.915072 2014] [mpm_winnt:warn] [pid 4888:tid 3172] (OS 64)The specified network name is no longer available.  : AH00341: winnt_accept: Asynchronous AcceptEx failed.
[Fri Nov 14 08:48:09.544758 2014] [proxy_http:error] [pid 4888:tid 1516] (OS 10054)An existing connection was forcibly closed by the remote host.  : [client 201.245.192.253:58986] AH01102: error reading status line from remote server 172.22.1.31:80, referer: http://190.27.245.106/isolucionsda/FrameSetGeneral.asp?Pagina1=FrameSetGeneral.asp&
[Fri Nov 14 08:48:09.544758 2014] [proxy:error] [pid 4888:tid 1516] [client 201.245.192.253:58986] AH00898: Error reading from remote server returned by /isolucionsda/BarraFavoritos.asp, referer: http://190.27.245.106/isolucionsda/FrameSetGeneral.asp?Pagina1=FrameSetGeneral.asp&
[Fri Nov 14 08:52:41.266035 2014] [mpm_winnt:warn] [pid 4888:tid 3172] (OS 64)The specified network name is no longer available.  : AH00341: winnt_accept: Asynchronous AcceptEx failed.
[Fri Nov 14 08:53:22.091307 2014] [mpm_winnt:warn] [pid 4888:tid 3172] (OS 64)The specified network name is no longer available.  : AH00341: winnt_accept: Asynchronous AcceptEx failed.
[Fri Nov 14 08:56:36.982449 2014] [proxy_http:error] [pid 4888:tid 1572] (OS 10054)An existing connection was forcibly closed by the remote host.  : [client 181.135.76.220:49449] AH01102: error reading status line from remote server 172.22.1.31:80, referer: http://190.27.245.106/isolucionsda/Encabezado.asp?Pagina1=FrameSetGeneral.asp&&Pagina=MagazinHome.asp
[Fri Nov 14 09:09:07.220967 2014] [proxy_http:error] [pid 4888:tid 828] (OS 10054)An existing connection was forcibly closed by the remote host.  : [client 201.245.192.253:55007] AH01102: error reading status line from remote server 172.22.1.31:80, referer: http://190.27.245.106/isolucionsda/Encabezado.asp?Pagina=ListadoMaestroDocumentos3.asp
[Fri Nov 14 09:20:28.271363 2014] [proxy_http:error] [pid 4888:tid 748] (OS 10054)An existing connection was forcibly closed by the remote host.  : [client 201.245.192.253:49167] AH01102: error reading status line from remote server 172.22.1.31:80, referer: http://190.27.245.106/isolucionsda/FrameSetGeneral.asp?Pagina1=FrameSetGeneral.asp&
[Fri Nov 14 09:20:28.271363 2014] [proxy:error] [pid 4888:tid 748] [client 201.245.192.253:49167] AH00898: Error reading from remote server returned by /isolucionsda/BarraFavoritos.asp, referer: http://190.27.245.106/isolucionsda/FrameSetGeneral.asp?Pagina1=FrameSetGeneral.asp&
[Fri Nov 14 09:30:51.866859 2014] [proxy_http:error] [pid 4888:tid 848] (OS 10054)An existing connection was forcibly closed by the remote host.  : [client 201.245.192.253:52973] AH01102: error reading status line from remote server 172.22.1.31:80, referer: http://190.27.245.106/isolucionsda/Encabezado.asp?Pagina1=FrameSetGeneral.asp&&Pagina=MagazinHome.asp
[Fri Nov 14 09:41:58.331229 2014] [mpm_winnt:warn] [pid 4888:tid 3172] (OS 64)The specified network name is no longer available.  : AH00341: winnt_accept: Asynchronous AcceptEx failed.
[Fri Nov 14 09:45:18.183180 2014] [proxy_http:error] [pid 4888:tid 1572] (OS 10054)An existing connection was forcibly closed by the remote host.  : [client 201.245.192.253:50987] AH01102: error reading status line from remote server 172.22.1.31:80, referer: http://190.27.245.106/isolucionsda/FrameSetGeneral.asp?Pagina=Menu.asp&IdModulo=4
[Fri Nov 14 09:45:18.183180 2014] [proxy:error] [pid 4888:tid 1572] [client 201.245.192.253:50987] AH00898: Error reading from remote server returned by /isolucionsda/BarraFavoritos.asp, referer: http://190.27.245.106/isolucionsda/FrameSetGeneral.asp?Pagina=Menu.asp&IdModulo=4
[Fri Nov 14 09:45:18.183180 2014] [proxy_http:error] [pid 4888:tid 1164] (OS 10054)An existing connection was forcibly closed by the remote host.  : [client 201.245.192.253:50986] AH01102: error reading status line from remote server 172.22.1.31:80, referer: http://190.27.245.106/isolucionsda/FrameSetGeneral.asp?Pagina=Menu.asp&IdModulo=4
[Fri Nov 14 09:45:18.183180 2014] [proxy:error] [pid 4888:tid 1164] [client 201.245.192.253:50986] AH00898: Error reading from remote server returned by /isolucionsda/Menu.asp, referer: http://190.27.245.106/isolucionsda/FrameSetGeneral.asp?Pagina=Menu.asp&IdModulo=4
[Fri Nov 14 09:49:28.969221 2014] [proxy_http:error] [pid 4888:tid 848] (OS 10054)An existing connection was forcibly closed by the remote host.  : [client 181.135.76.220:49746] AH01102: error reading status line from remote server 172.22.1.31:80, referer: http://190.27.245.106/isolucionsda/Session.asp?Continue=1
[Fri Nov 14 09:49:28.969221 2014] [proxy:error] [pid 4888:tid 848] [client 181.135.76.220:49746] AH00898: Error reading from remote server returned by /isolucionsda/Session.asp, referer: http://190.27.245.106/isolucionsda/Session.asp?Continue=1
[Fri Nov 14 09:52:22.550726 2014] [mpm_winnt:warn] [pid 4888:tid 3172] (OS 64)The specified network name is no longer available.  : AH00341: winnt_accept: Asynchronous AcceptEx failed.
[Fri Nov 14 09:53:21.191229 2014] [proxy_http:error] [pid 4888:tid 1372] (OS 10054)An existing connection was forcibly closed by the remote host.  : [client 201.245.192.253:48970] AH01102: error reading status line from remote server 172.22.1.31:80, referer: http://190.27.245.106/isolucionsda/FrameSetGeneral.asp?Pagina1=FrameSetGeneral.asp&
[Fri Nov 14 09:53:21.191229 2014] [proxy:error] [pid 4888:tid 1372] [client 201.245.192.253:48970] AH00898: Error reading from remote server returned by /isolucionsda/BarraTitulos.asp, referer: http://190.27.245.106/isolucionsda/FrameSetGeneral.asp?Pagina1=FrameSetGeneral.asp&
[Fri Nov 14 09:53:23.968033 2014] [proxy_http:error] [pid 4888:tid 828] (OS 10054)An existing connection was forcibly closed by the remote host.  : [client 201.245.192.253:49028] AH01102: error reading status line from remote server 172.22.1.31:80, referer: http://190.27.245.106/isolucionsda/FrameSetGeneral.asp?Pagina=Menu.asp&IdModulo=17
[Fri Nov 14 09:53:23.968033 2014] [proxy:error] [pid 4888:tid 828] [client 201.245.192.253:49028] AH00898: Error reading from remote server returned by /isolucionsda/BarraFavoritos.asp, referer: http://190.27.245.106/isolucionsda/FrameSetGeneral.asp?Pagina=Menu.asp&IdModulo=17
[Fri Nov 14 09:57:36.173676 2014] [proxy_http:error] [pid 4888:tid 828] (OS 10054)An existing connection was forcibly closed by the remote host.  : [client 201.245.192.253:54094] AH01102: error reading status line from remote server 172.22.1.31:80
[Fri Nov 14 09:57:36.173676 2014] [proxy:error] [pid 4888:tid 828] [client 201.245.192.253:54094] AH00898: Error reading from remote server returned by /isolucionsda/g/img_flecha03.jpg
[Fri Nov 14 09:57:36.173676 2014] [proxy_http:error] [pid 4888:tid 1668] (OS 10054)An existing connection was forcibly closed by the remote host.  : [client 201.245.192.253:54095] AH01102: error reading status line from remote server 172.22.1.31:80
[Fri Nov 14 09:57:36.173676 2014] [proxy:error] [pid 4888:tid 1668] [client 201.245.192.253:54095] AH00898: Error reading from remote server returned by /isolucionsda/g/bgr_linea.jpg
[Fri Nov 14 10:19:40.368402 2014] [proxy_http:error] [pid 4888:tid 1700] (OS 10054)An existing connection was forcibly closed by the remote host.  : [client 201.245.192.253:49366] AH01102: error reading status line from remote server 172.22.1.31:80, referer: http://190.27.245.106/isolucionsda/FrameSetGeneral.asp?Pagina=FiltroNoConformidades.asp&Estado=Abiertas&PintarAuditorias=SI&EsAbierta=1&ConMenu=NO
[Fri Nov 14 10:19:40.368402 2014] [proxy:error] [pid 4888:tid 1700] [client 201.245.192.253:49366] AH00898: Error reading from remote server returned by /isolucionsda/FiltroNoConformidades.asp, referer: http://190.27.245.106/isolucionsda/FrameSetGeneral.asp?Pagina=FiltroNoConformidades.asp&Estado=Abiertas&PintarAuditorias=SI&EsAbierta=1&ConMenu=NO
[Fri Nov 14 10:34:06.684724 2014] [proxy_http:error] [pid 4888:tid 1324] (20014)Internal error: [client 201.244.243.113:54368] AH01102: error reading status line from remote server 172.22.1.47:80, referer: http://190.27.245.106/forest/usutareas.do?_a=0.5485034342855215&group_system_actual=3
[Fri Nov 14 10:36:12.623745 2014] [mpm_winnt:warn] [pid 4888:tid 3172] (OS 64)The specified network name is no longer available.  : AH00341: winnt_accept: Asynchronous AcceptEx failed.
[Fri Nov 14 10:46:02.772782 2014] [proxy_http:error] [pid 4888:tid 1852] (20014)Internal error: [client 190.158.7.219:50607] AH01102: error reading status line from remote server 172.22.1.47:80, referer: http://190.27.245.106/forest/buscar.do?type=documentos
[Fri Nov 14 10:50:17.521229 2014] [proxy_http:error] [pid 4888:tid 1268] (20014)Internal error: [client 201.245.192.253:52299] AH01102: error reading status line from remote server 172.22.1.47:80
[Fri Nov 14 10:50:17.521229 2014] [proxy:error] [pid 4888:tid 1268] [client 201.245.192.253:52299] AH00898: Error reading from remote server returned by /forest/skins/gdocs-jar/img/icons/p7z.gif
[Fri Nov 14 10:50:21.421236 2014] [proxy_http:error] [pid 4888:tid 748] (20014)Internal error: [client 201.245.192.253:52415] AH01102: error reading status line from remote server 172.22.1.47:80, referer: http://190.27.245.106/forest/misactividades.do?group_system_actual=3&codPro=95&_a=0.8648389558702284
[Fri Nov 14 10:52:03.008614 2014] [proxy_http:error] [pid 4888:tid 1372] (20014)Internal error: [client 201.245.192.253:55139] AH01102: error reading status line from remote server 172.22.1.47:80
[Fri Nov 14 10:52:03.008614 2014] [proxy:error] [pid 4888:tid 1372] [client 201.245.192.253:55139] AH00898: Error reading from remote server returned by /forest/img/forestIcon.gif
[Fri Nov 14 11:04:37.677540 2014] [:error] [pid 4888:tid 1716] [client 201.245.192.253:50428] script 'E:/nuevo/htdocs/sharer.php' not found or unable to stat, referer: http://www.xn--vdeos-zsa.biz/el-peor-concursante-de-quien-quiere-ser-millonario/
[Fri Nov 14 11:49:16.484045 2014] [proxy_http:error] [pid 4888:tid 1028] (20014)Internal error: [client 201.245.192.253:50341] AH01102: error reading status line from remote server 172.22.1.47:80, referer: http://190.27.245.106/forest/usutareas.do?_a=0.39866003580391407&group_system_actual=3
[Fri Nov 14 11:49:16.484045 2014] [proxy:error] [pid 4888:tid 1028] [client 201.245.192.253:50341] AH00898: Error reading from remote server returned by /forest/usutareas.do, referer: http://190.27.245.106/forest/usutareas.do?_a=0.39866003580391407&group_system_actual=3
[Fri Nov 14 11:54:23.228384 2014] [proxy_http:error] [pid 4888:tid 1724] (20014)Internal error: [client 201.245.192.253:58673] AH01102: error reading status line from remote server 172.22.1.47:80, referer: http://190.27.245.106/forest/usutareas.do?_a=0.6096565444022417&group_system_actual=3
[Fri Nov 14 11:54:41.106015 2014] [proxy_http:error] [pid 4888:tid 1276] (20014)Internal error: [client 201.245.192.253:59199] AH01102: error reading status line from remote server 172.22.1.47:80, referer: http://190.27.245.106/forest/usutareas.do?group_system_actual=3&a=0.8639977420680225
[Fri Nov 14 11:58:58.709268 2014] [proxy_http:error] [pid 4888:tid 1372] (20014)Internal error: [client 191.88.148.141:45137] AH01102: error reading status line from remote server 172.22.1.47:80, referer: http://190.27.245.106/forest/buscar.do?type=documentos
[Fri Nov 14 12:03:47.309775 2014] [proxy_http:error] [pid 4888:tid 1028] (20014)Internal error: [client 201.245.192.253:48254] AH01102: error reading status line from remote server 172.22.1.47:80, referer: http://190.27.245.106/forest/index2.jsp?_a=0.6327441575260555
[Fri Nov 14 12:03:50.382980 2014] [proxy_http:error] [pid 4888:tid 1028] (20014)Internal error: [client 201.245.192.253:48298] AH01102: error reading status line from remote server 172.22.1.47:80, referer: http://190.27.245.106/forest/buscar.do?type=documentos
[Fri Nov 14 12:08:30.481472 2014] [proxy_http:error] [pid 4888:tid 1668] (20014)Internal error: [client 201.245.192.253:55600] AH01102: error reading status line from remote server 172.22.1.47:80, referer: http://www.secretariadeambiente.gov.co/forest/documentos/1824725/2014ER54359.html
[Fri Nov 14 12:08:30.481472 2014] [proxy:error] [pid 4888:tid 1668] [client 201.245.192.253:55600] AH00898: Error reading from remote server returned by /webfile/skins/gdocs-jar/img/pencil.png, referer: http://www.secretariadeambiente.gov.co/forest/documentos/1824725/2014ER54359.html
[Fri Nov 14 12:08:30.606272 2014] [proxy_http:error] [pid 4888:tid 824] (20014)Internal error: [client 201.245.192.253:55605] AH01102: error reading status line from remote server 172.22.1.47:80, referer: http://www.secretariadeambiente.gov.co/forest/documentos/1824725/2014ER54359.html
[Fri Nov 14 12:15:00.762958 2014] [proxy_http:error] [pid 4888:tid 1628] (OS 10054)An existing connection was forcibly closed by the remote host.  : [client 201.245.192.253:52783] AH01102: error reading status line from remote server 172.22.1.31:80, referer: http://190.27.245.106/isolucionsda/Magazin.asp?Sigla=PIRE
[Fri Nov 14 12:15:00.762958 2014] [proxy:error] [pid 4888:tid 1628] [client 201.245.192.253:52783] AH00898: Error reading from remote server returned by /isolucionsda/FramesetArticulo.asp, referer: http://190.27.245.106/isolucionsda/Magazin.asp?Sigla=PIRE
[Fri Nov 14 12:17:25.344012 2014] [proxy_http:error] [pid 4888:tid 1260] (OS 10054)An existing connection was forcibly closed by the remote host.  : [client 201.245.192.253:56376] AH01102: error reading status line from remote server 172.22.1.31:80, referer: http://190.27.245.106/isolucionsda/Encabezado.asp?pagina=bancoconocimiento/G/GESTIONJURIDICA_v4/GESTIONJURIDICA_v4.asp?IdArticulo=2412
[Fri Nov 14 12:20:00.158683 2014] [proxy_http:error] [pid 4888:tid 1348] (20014)Internal error: [client 201.245.192.253:47505] AH01102: error reading status line from remote server 172.22.1.47:80, referer: http://190.27.245.106/forest/usutareas.do?_a=0.7738624690912614&group_system_actual=3
[Fri Nov 14 12:20:00.158683 2014] [proxy:error] [pid 4888:tid 1348] [client 201.245.192.253:47505] AH00898: Error reading from remote server returned by /forest/usutareas.do, referer: http://190.27.245.106/forest/usutareas.do?_a=0.7738624690912614&group_system_actual=3
[Fri Nov 14 12:23:50.290288 2014] [proxy_http:error] [pid 4888:tid 1700] (OS 10054)An existing connection was forcibly closed by the remote host.  : [client 201.245.192.253:54440] AH01102: error reading status line from remote server 172.22.1.31:80, referer: http://190.27.245.106/isolucionsda/FrameSetGeneral.asp?Pagina1=FrameSetGeneral.asp&
[Fri Nov 14 12:23:50.290288 2014] [proxy:error] [pid 4888:tid 1700] [client 201.245.192.253:54440] AH00898: Error reading from remote server returned by /isolucionsda/BarraTitulos.asp, referer: http://190.27.245.106/isolucionsda/FrameSetGeneral.asp?Pagina1=FrameSetGeneral.asp&
[Fri Nov 14 13:01:12.655826 2014] [proxy_http:error] [pid 4888:tid 1692] (OS 10054)An existing connection was forcibly closed by the remote host.  : [client 201.245.192.253:50070] AH01102: error reading status line from remote server 172.22.1.31:80, referer: http://190.27.245.106/isolucionsda/FrameSetGeneral.asp?Pagina=Menu.asp&IdModulo=7
[Fri Nov 14 13:01:12.655826 2014] [proxy:error] [pid 4888:tid 1692] [client 201.245.192.253:50070] AH00898: Error reading from remote server returned by /isolucionsda/BarraTitulos.asp, referer: http://190.27.245.106/isolucionsda/FrameSetGeneral.asp?Pagina=Menu.asp&IdModulo=7
[Fri Nov 14 13:01:14.418629 2014] [proxy_http:error] [pid 4888:tid 1692] (OS 10054)An existing connection was forcibly closed by the remote host.  : [client 201.245.192.253:50070] AH01102: error reading status line from remote server 172.22.1.31:80, referer: http://190.27.245.106/isolucionsda/FrameSetGeneral.asp?Pagina=FiltroNoConformidades.asp&Estado=Abiertas&PintarAuditorias=SI&EsAbierta=1&ConMenu=NO
[Fri Nov 14 13:05:21.866264 2014] [proxy_http:error] [pid 4888:tid 1492] (OS 10054)An existing connection was forcibly closed by the remote host.  : [client 201.245.192.253:51745] AH01102: error reading status line from remote server 172.22.1.31:80, referer: http://190.27.245.106/isolucionsda/FrameSetGeneral.asp?Pagina1=FrameSetGeneral.asp&
[Fri Nov 14 13:05:21.866264 2014] [proxy:error] [pid 4888:tid 1492] [client 201.245.192.253:51745] AH00898: Error reading from remote server returned by /isolucionsda/BarraFavoritos.asp, referer: http://190.27.245.106/isolucionsda/FrameSetGeneral.asp?Pagina1=FrameSetGeneral.asp&
[Fri Nov 14 13:05:21.866264 2014] [proxy_http:error] [pid 4888:tid 1260] (OS 10054)An existing connection was forcibly closed by the remote host.  : [client 201.245.192.253:51743] AH01102: error reading status line from remote server 172.22.1.31:80, referer: http://190.27.245.106/isolucionsda/FrameSetGeneral.asp?Pagina1=FrameSetGeneral.asp&
[Fri Nov 14 13:05:21.866264 2014] [proxy:error] [pid 4888:tid 1260] [client 201.245.192.253:51743] AH00898: Error reading from remote server returned by /isolucionsda/BarraTitulos.asp, referer: http://190.27.245.106/isolucionsda/FrameSetGeneral.asp?Pagina1=FrameSetGeneral.asp&
[Fri Nov 14 13:12:52.395055 2014] [proxy_http:error] [pid 4888:tid 1028] (OS 10054)An existing connection was forcibly closed by the remote host.  : [client 201.245.192.253:54865] AH01102: error reading status line from remote server 172.22.1.31:80, referer: http://190.27.245.106/isolucionsda/FrameSetGeneral.asp?Pagina1=FrameSetGeneral.asp&
[Fri Nov 14 13:12:52.395055 2014] [proxy:error] [pid 4888:tid 1028] [client 201.245.192.253:54865] AH00898: Error reading from remote server returned by /isolucionsda/MagazinHome.asp, referer: http://190.27.245.106/isolucionsda/FrameSetGeneral.asp?Pagina1=FrameSetGeneral.asp&
[Fri Nov 14 13:22:10.985236 2014] [proxy_http:error] [pid 4888:tid 828] (OS 10054)An existing connection was forcibly closed by the remote host.  : [client 201.245.192.253:59825] AH01102: error reading status line from remote server 172.22.1.31:80, referer: http://190.27.245.106/isolucionsda/Session.asp
[Fri Nov 14 13:22:10.985236 2014] [proxy:error] [pid 4888:tid 828] [client 201.245.192.253:59825] AH00898: Error reading from remote server returned by /isolucionsda/Session.asp, referer: http://190.27.245.106/isolucionsda/Session.asp
[Fri Nov 14 14:27:37.950934 2014] [proxy_http:error] [pid 4888:tid 1260] (20014)Internal error: [client 201.245.192.253:50424] AH01102: error reading status line from remote server 172.22.1.47:80, referer: http://190.27.245.106/forest/terceros.do?_a=0.6204241826728507&group_system_actual=6
[Fri Nov 14 14:31:27.832938 2014] [proxy_http:error] [pid 4888:tid 1492] (20014)Internal error: [client 201.245.192.253:55302] AH01102: error reading status line from remote server 172.22.1.47:80, referer: http://190.27.245.106/forest/usutareas.do?_a=0.08180782152339816&group_system_actual=3
[Fri Nov 14 14:47:56.595874 2014] [mpm_winnt:warn] [pid 4888:tid 3172] (OS 64)The specified network name is no longer available.  : AH00341: winnt_accept: Asynchronous AcceptEx failed.
[Fri Nov 14 14:54:07.361726 2014] [proxy_http:error] [pid 4888:tid 1452] (20014)Internal error: [client 201.245.192.253:53426] AH01102: error reading status line from remote server 172.22.1.47:80
[Fri Nov 14 14:54:07.361726 2014] [proxy:error] [pid 4888:tid 1452] [client 201.245.192.253:53426] AH00898: Error reading from remote server returned by /forest/js/jquery/css/jquery-ui-selectmenu.css
[Fri Nov 14 15:07:28.282732 2014] [proxy_http:error] [pid 4888:tid 1772] (OS 10054)An existing connection was forcibly closed by the remote host.  : [client 201.245.192.253:56127] AH01102: error reading status line from remote server 172.22.1.31:80, referer: http://190.27.245.106/isolucionsda/FrameSetGeneral.asp?Pagina=Menu.asp&IdModulo=4
[Fri Nov 14 15:07:28.282732 2014] [proxy:error] [pid 4888:tid 1772] [client 201.245.192.253:56127] AH00898: Error reading from remote server returned by /isolucionsda/BarraTitulos.asp, referer: http://190.27.245.106/isolucionsda/FrameSetGeneral.asp?Pagina=Menu.asp&IdModulo=4
[Fri Nov 14 15:07:29.343534 2014] [proxy_http:error] [pid 4888:tid 1492] (OS 10054)An existing connection was forcibly closed by the remote host.  : [client 201.245.192.253:56129] AH01102: error reading status line from remote server 172.22.1.31:80, referer: http://190.27.245.106/isolucionsda/FrameSetGeneral.asp?Pagina=ListadoMaestroDocumentos3.asp
[Fri Nov 14 15:07:29.343534 2014] [proxy_http:error] [pid 4888:tid 1772] (OS 10054)An existing connection was forcibly closed by the remote host.  : [client 201.245.192.253:56127] AH01102: error reading status line from remote server 172.22.1.31:80, referer: http://190.27.245.106/isolucionsda/FrameSetGeneral.asp?Pagina=ListadoMaestroDocumentos3.asp
[Fri Nov 14 15:12:52.326502 2014] [proxy_http:error] [pid 4888:tid 1516] (20014)Internal error: [client 201.245.192.253:50009] AH01102: error reading status line from remote server 172.22.1.47:80
[Fri Nov 14 15:12:52.326502 2014] [proxy:error] [pid 4888:tid 1516] [client 201.245.192.253:50009] AH00898: Error reading from remote server returned by /forest/skins/gdocs-jar/css/forest.css
[Fri Nov 14 15:12:52.388902 2014] [proxy_http:error] [pid 4888:tid 1540] (20014)Internal error: [client 201.245.192.253:50012] AH01102: error reading status line from remote server 172.22.1.47:80
[Fri Nov 14 15:12:52.388902 2014] [proxy:error] [pid 4888:tid 1540] [client 201.245.192.253:50012] AH00898: Error reading from remote server returned by /forest/css/escritorio.css
[Fri Nov 14 15:12:52.435702 2014] [proxy_http:error] [pid 4888:tid 1852] (20014)Internal error: [client 201.245.192.253:50016] AH01102: error reading status line from remote server 172.22.1.47:80
[Fri Nov 14 15:12:52.435702 2014] [proxy:error] [pid 4888:tid 1852] [client 201.245.192.253:50016] AH00898: Error reading from remote server returned by /forest/1ibre/jscalendar/calendar-win2k-1.css
[Fri Nov 14 15:12:53.122103 2014] [proxy_http:error] [pid 4888:tid 1492] (20014)Internal error: [client 201.245.192.253:50030] AH01102: error reading status line from remote server 172.22.1.47:80, referer: http://190.27.245.106/forest/
[Fri Nov 14 15:12:53.122103 2014] [proxy:error] [pid 4888:tid 1492] [client 201.245.192.253:50030] AH00898: Error reading from remote server returned by /forest/img/base/login/nomSistema.png, referer: http://190.27.245.106/forest/
[Fri Nov 14 15:12:53.122103 2014] [proxy_http:error] [pid 4888:tid 1852] (20014)Internal error: [client 201.245.192.253:50036] AH01102: error reading status line from remote server 172.22.1.47:80
[Fri Nov 14 15:12:53.122103 2014] [proxy:error] [pid 4888:tid 1852] [client 201.245.192.253:50036] AH00898: Error reading from remote server returned by /forest/skins/gdocs-jar/img/okey.gif
[Fri Nov 14 15:12:53.449704 2014] [proxy_http:error] [pid 4888:tid 848] (20014)Internal error: [client 201.245.192.253:50033] AH01102: error reading status line from remote server 172.22.1.47:80
[Fri Nov 14 15:12:53.449704 2014] [proxy:error] [pid 4888:tid 848] [client 201.245.192.253:50033] AH00898: Error reading from remote server returned by /forest/img/loading.gif
[Fri Nov 14 15:12:53.496504 2014] [proxy_http:error] [pid 4888:tid 1724] (20014)Internal error: [client 201.245.192.253:50042] AH01102: error reading status line from remote server 172.22.1.47:80
[Fri Nov 14 15:12:53.496504 2014] [proxy:error] [pid 4888:tid 1724] [client 201.245.192.253:50042] AH00898: Error reading from remote server returned by /forest/img/base/login/big_seperator.png
[Fri Nov 14 15:14:31.807876 2014] [proxy_http:error] [pid 4888:tid 1540] (20014)Internal error: [client 201.245.192.253:52019] AH01102: error reading status line from remote server 172.22.1.47:80, referer: http://190.27.245.106/forest/misactividades.do?group_system_actual=3&codPro=95&_a=0.9086435527717464
[Fri Nov 14 15:14:31.807876 2014] [proxy:error] [pid 4888:tid 1540] [client 201.245.192.253:52019] AH00898: Error reading from remote server returned by /forest/skins/gdocs-jar/popup/popup.jsp, referer: http://190.27.245.106/forest/misactividades.do?group_system_actual=3&codPro=95&_a=0.9086435527717464
[Fri Nov 14 15:16:23.831673 2014] [proxy_http:error] [pid 4888:tid 1692] (20014)Internal error: [client 201.245.192.253:54068] AH01102: error reading status line from remote server 172.22.1.47:80, referer: http://190.27.245.106/forest/system/process.jsp?numPro=2317309
[Fri Nov 14 15:16:24.268474 2014] [proxy_http:error] [pid 4888:tid 1724] (20014)Internal error: [client 201.245.192.253:54224] AH01102: error reading status line from remote server 172.22.1.47:80, referer: http://190.27.245.106/forest/skins/gdocs-jar/popup/FileViewerTree.jsp?coddoc=1952205&ext=docx&numpro=2317309&nombre=Formato%20Oficio%20Salida%20(CON%20LOGO)%20Feb%2018.docx&codfile=-1&rootPath=/forest/
[Fri Nov 14 15:16:24.268474 2014] [proxy:error] [pid 4888:tid 1724] [client 201.245.192.253:54224] AH00898: Error reading from remote server returned by /forest/visualizar.do, referer: http://190.27.245.106/forest/skins/gdocs-jar/popup/FileViewerTree.jsp?coddoc=1952205&ext=docx&numpro=2317309&nombre=Formato%20Oficio%20Salida%20(CON%20LOGO)%20Feb%2018.docx&codfile=-1&rootPath=/forest/
[Fri Nov 14 15:16:25.376076 2014] [proxy_http:error] [pid 4888:tid 1724] (20014)Internal error: [client 201.245.192.253:54224] AH01102: error reading status line from remote server 172.22.1.47:80, referer: http://190.27.245.106/forest/reportes.do?menu=1&group_system_actual=5
[Fri Nov 14 15:16:27.653680 2014] [proxy_http:error] [pid 4888:tid 1452] (20014)Internal error: [client 201.245.192.253:54263] AH01102: error reading status line from remote server 172.22.1.47:80, referer: http://190.27.245.106/forest/reportes.do?menu=1&group_system_actual=5
[Fri Nov 14 15:19:51.109237 2014] [proxy_http:error] [pid 4888:tid 1372] (20014)Internal error: [client 201.245.192.253:58121] AH01102: error reading status line from remote server 172.22.1.47:80, referer: http://190.27.245.106/forest/login.do
[Fri Nov 14 15:19:51.109237 2014] [proxy:error] [pid 4888:tid 1372] [client 201.245.192.253:58121] AH00898: Error reading from remote server returned by /forest/index2.jsp, referer: http://190.27.245.106/forest/login.do
[Fri Nov 14 15:20:26.349699 2014] [proxy_http:error] [pid 4888:tid 1724] (20014)Internal error: [client 201.245.192.253:58510] AH01102: error reading status line from remote server 172.22.1.47:80, referer: http://190.27.245.106/forest/buscar.do?type=procesos
[Fri Nov 14 15:20:33.837712 2014] [proxy_http:error] [pid 4888:tid 1260] (20014)Internal error: [client 201.245.192.253:58478] AH01102: error reading status line from remote server 172.22.1.47:80, referer: http://190.27.245.106/forest/usutareas.do?group_system_actual=3&codTraEsc=16902176&_a=0.8863762590664312
[Fri Nov 14 15:20:51.543743 2014] [proxy_http:error] [pid 4888:tid 1748] (20014)Internal error: [client 201.245.192.253:59007] AH01102: error reading status line from remote server 172.22.1.47:80, referer: http://190.27.245.106/forest/buscar.do?type=procesos
[Fri Nov 14 15:20:51.574943 2014] [proxy_http:error] [pid 4888:tid 1540] (20014)Internal error: [client 201.245.192.253:58946] AH01102: error reading status line from remote server 172.22.1.47:80, referer: http://190.27.245.106/forest/buscar.do?type=procesos
[Fri Nov 14 15:21:01.324960 2014] [proxy_http:error] [pid 4888:tid 1164] (20014)Internal error: [client 201.245.192.253:59314] AH01102: error reading status line from remote server 172.22.1.47:80, referer: http://190.27.245.106/forest/misactividades.do?group_system_actual=3&codPro=95&_a=0.9086435527717464
[Fri Nov 14 15:21:15.068585 2014] [proxy_http:error] [pid 4888:tid 896] (20014)Internal error: [client 201.245.192.253:59602] AH01102: error reading status line from remote server 172.22.1.47:80, referer: http://190.27.245.106/forest/?_a=0.2089396242517978
[Fri Nov 14 15:21:15.115385 2014] [proxy_http:error] [pid 4888:tid 1764] (20014)Internal error: [client 201.245.192.253:59611] AH01102: error reading status line from remote server 172.22.1.47:80
[Fri Nov 14 15:21:15.115385 2014] [proxy:error] [pid 4888:tid 1764] [client 201.245.192.253:59611] AH00898: Error reading from remote server returned by /forest/skins/gdocs-jar/css/autocomplete.css
[Fri Nov 14 15:21:15.208985 2014] [proxy_http:error] [pid 4888:tid 1700] (20014)Internal error: [client 201.245.192.253:59629] AH01102: error reading status line from remote server 172.22.1.47:80
[Fri Nov 14 15:21:15.208985 2014] [proxy:error] [pid 4888:tid 1700] [client 201.245.192.253:59629] AH00898: Error reading from remote server returned by /forest/img/base/bsc2_r1_c1.gif
[Fri Nov 14 15:45:32.237944 2014] [proxy_http:error] [pid 4888:tid 1548] (20014)Internal error: [client 201.245.192.253:57085] AH01102: error reading status line from remote server 172.22.1.47:80, referer: http://190.27.245.106/forest/reportes.do?menu=1&group_system_actual=5
[Fri Nov 14 16:01:49.876061 2014] [mpm_winnt:warn] [pid 4888:tid 3172] (OS 64)The specified network name is no longer available.  : AH00341: winnt_accept: Asynchronous AcceptEx failed.
[Fri Nov 14 16:49:42.872707 2014] [proxy_http:error] [pid 4888:tid 1548] (OS 10054)An existing connection was forcibly closed by the remote host.  : [client 201.245.192.253:58342] AH01102: error reading status line from remote server 172.22.1.31:80, referer: http://190.27.245.106/isolucionsda/FrameSetGeneral.asp?Pagina1=FrameSetGeneral.asp&
[Fri Nov 14 16:49:42.872707 2014] [proxy:error] [pid 4888:tid 1548] [client 201.245.192.253:58342] AH00898: Error reading from remote server returned by /isolucionsda/BarraFavoritos.asp, referer: http://190.27.245.106/isolucionsda/FrameSetGeneral.asp?Pagina1=FrameSetGeneral.asp&
[Fri Nov 14 16:51:55.519740 2014] [cgi:error] [pid 4888:tid 828] [client 62.218.224.221:48776] script not found or unable to stat: E:/nuevo/htdocs/index.asp
[Fri Nov 14 16:51:55.972141 2014] [cgi:error] [pid 4888:tid 1372] [client 62.218.224.221:48836] script not found or unable to stat: E:/nuevo/htdocs/iisstart.asp
[Fri Nov 14 16:51:56.440142 2014] [cgi:error] [pid 4888:tid 1372] [client 62.218.224.221:48899] script not found or unable to stat: E:/nuevo/htdocs/main.asp
[Fri Nov 14 16:51:56.892543 2014] [cgi:error] [pid 4888:tid 1212] [client 62.218.224.221:48954] script not found or unable to stat: E:/nuevo/htdocs/default.asp
[Fri Nov 14 16:51:57.126543 2014] [cgi:error] [pid 4888:tid 1372] [client 62.218.224.221:48978] script not found or unable to stat: E:/nuevo/htdocs/home.asp
[Fri Nov 14 16:51:57.594544 2014] [:error] [pid 4888:tid 1372] [client 62.218.224.221:49007] script 'E:/nuevo/htdocs/default.php' not found or unable to stat
[Fri Nov 14 16:51:57.828544 2014] [:error] [pid 4888:tid 1372] [client 62.218.224.221:49020] script 'E:/nuevo/htdocs/home.php' not found or unable to stat
[Fri Nov 14 16:51:58.062545 2014] [cgi:error] [pid 4888:tid 1372] [client 62.218.224.221:49037] script not found or unable to stat: E:/nuevo/htdocs/iisstart.asp
[Fri Nov 14 16:51:58.296545 2014] [cgi:error] [pid 4888:tid 1372] [client 62.218.224.221:49054] script not found or unable to stat: E:/nuevo/htdocs/localstart.asp
[Fri Nov 14 16:51:58.530546 2014] [cgi:error] [pid 4888:tid 1372] [client 62.218.224.221:49073] script not found or unable to stat: E:/nuevo/htdocs/Entrada.asp
[Fri Nov 14 16:52:35.221810 2014] [proxy_http:error] [pid 4888:tid 1260] (OS 10054)An existing connection was forcibly closed by the remote host.  : [client 201.245.192.253:49177] AH01102: error reading status line from remote server 172.22.1.31:80, referer: http://190.27.245.106/isolucionsda/FrameSetGeneral.asp?Pagina=Menu.asp&IdModulo=5
[Fri Nov 14 16:52:35.221810 2014] [proxy:error] [pid 4888:tid 1260] [client 201.245.192.253:49177] AH00898: Error reading from remote server returned by /isolucionsda/Menu.asp, referer: http://190.27.245.106/isolucionsda/FrameSetGeneral.asp?Pagina=Menu.asp&IdModulo=5
[Fri Nov 14 17:46:26.909886 2014] [proxy_http:error] [pid 4888:tid 1764] (OS 10054)An existing connection was forcibly closed by the remote host.  : [client 181.50.175.155:51414] AH01102: error reading status line from remote server 172.22.1.31:80
[Fri Nov 14 17:46:26.909886 2014] [proxy:error] [pid 4888:tid 1764] [client 181.50.175.155:51414] AH00898: Error reading from remote server returned by /isolucionsda/
[Fri Nov 14 18:33:32.700850 2014] [mpm_winnt:warn] [pid 4888:tid 3172] (OS 64)The specified network name is no longer available.  : AH00341: winnt_accept: Asynchronous AcceptEx failed.
[Fri Nov 14 20:18:41.527531 2014] [proxy_http:error] [pid 4888:tid 896] (OS 10054)An existing connection was forcibly closed by the remote host.  : [client 181.135.103.208:54848] AH01102: error reading status line from remote server 172.22.1.31:80, referer: http://190.27.245.106/isolucionsda/FrameSetGeneral.asp?Pagina1=FrameSetGeneral.asp&
[Fri Nov 14 20:18:41.527531 2014] [proxy:error] [pid 4888:tid 896] [client 181.135.103.208:54848] AH00898: Error reading from remote server returned by /isolucionsda/MagazinHome.asp, referer: http://190.27.245.106/isolucionsda/FrameSetGeneral.asp?Pagina1=FrameSetGeneral.asp&
[Fri Nov 14 20:32:57.111034 2014] [proxy_http:error] [pid 4888:tid 1212] (OS 10054)An existing connection was forcibly closed by the remote host.  : [client 200.3.154.44:49357] AH01102: error reading status line from remote server 172.22.1.31:80, referer: http://www.ambientebogota.gov.co/web/intranet/aplicaciones-para-acceder-fuera-de-la-sda
[Fri Nov 14 20:32:57.111034 2014] [proxy:error] [pid 4888:tid 1212] [client 200.3.154.44:49357] AH00898: Error reading from remote server returned by /isolucionsda/, referer: http://www.ambientebogota.gov.co/web/intranet/aplicaciones-para-acceder-fuera-de-la-sda
[Fri Nov 14 20:51:59.579040 2014] [core:error] [pid 4888:tid 1540] (22)Invalid argument: [client 202.46.50.44:22712] AH00127: Cannot map GET /Autoliquidacion/Grupo%20Forestal%20-%20Silvicultura/Solicitud%20y%20lista%20de%20chequeo%20Evaluaci%F3n%20Silvicultural.xlsx HTTP/1.1 to file
[Fri Nov 14 23:08:13.765398 2014] [:error] [pid 4888:tid 1772] [client 72.9.148.228:46888] script 'E:/nuevo/htdocs/wp-login.php' not found or unable to stat, referer: http://www.google.com/
[Fri Nov 14 23:17:17.738353 2014] [:error] [pid 4888:tid 748] [client 72.9.148.228:47609] script 'E:/nuevo/htdocs/wp-login.php' not found or unable to stat, referer: http://www.google.com/
[Fri Nov 14 23:26:15.892498 2014] [:error] [pid 4888:tid 748] [client 72.9.148.228:48465] script 'E:/nuevo/htdocs/wp-login.php' not found or unable to stat, referer: http://www.google.com/
[Fri Nov 14 23:31:32.245454 2014] [negotiation:error] [pid 4888:tid 1468] [client 104.194.6.194:1087] AH00690: no acceptable variant: E:/nuevo/apache/error/HTTP_METHOD_NOT_ALLOWED.html.var
[Fri Nov 14 23:31:32.541855 2014] [:error] [pid 4888:tid 1468] [client 104.194.6.194:1087] script 'E:/nuevo/htdocs/xmlrpc.php' not found or unable to stat
[Fri Nov 14 23:31:32.682255 2014] [:error] [pid 4888:tid 1468] [client 104.194.6.194:1087] script 'E:/nuevo/htdocs/wp-login.php' not found or unable to stat
[Fri Nov 14 23:35:46.837901 2014] [:error] [pid 4888:tid 1764] [client 72.9.148.228:49348] script 'E:/nuevo/htdocs/wp-login.php' not found or unable to stat, referer: http://www.google.com/
[Fri Nov 14 23:44:12.889190 2014] [:error] [pid 4888:tid 1588] [client 72.9.148.228:49900] script 'E:/nuevo/htdocs/wp-login.php' not found or unable to stat, referer: http://www.google.com/

:: Command execute ::

Enter:
 
Select:
 

:: Search ::
regexp 

:: Upload ::
 
[ ok ]

:: Make Dir ::
 
[ ok ]
:: Make File ::
 
[ ok ]

:: Go Dir ::
 
:: Go File ::
 

--[ c99shell v. 1.0 pre-release build #13 powered by Captain Crunch Security Team | http://ccteam.ru | Generation time: 0.0468 ]--