!C99Shell v. 1.0 pre-release build #13!

Software: Apache. PHP/5.5.15 

uname -a: Windows NT SVR-DMZ 6.1 build 7600 (Windows Server 2008 R2 Enterprise Edition) i586 

SYSTEM 

Safe-mode: OFF (not secure)

E:\nuevo\apache\logs\   drwxrwxrwx
Free 8.02 GB of 239.26 GB (3.35%)
Detected drives: [ a ] [ c ] [ d ] [ e ] [ f ]
Home    Back    Forward    UPDIR    Refresh    Search    Buffer    Encoder    Tools    Proc.    FTP brute    Sec.    SQL    PHP-code    Update    Feedback    Self remove    Logout    


Viewing file:     error.2014.11.24.log (21.97 KB)      -rw-rw-rw-
Select action/file-type:
(+) | (+) | (+) | Code (+) | Session (+) | (+) | SDB (+) | (+) | (+) | (+) | (+) | (+) |
[Mon Nov 24 01:09:10.876642 2014] [mpm_winnt:warn] [pid 2748:tid 1984] (OS 64)The specified network name is no longer available.  : AH00341: winnt_accept: Asynchronous AcceptEx failed.
[Mon Nov 24 02:45:22.375980 2014] [mpm_winnt:warn] [pid 2748:tid 1984] (OS 64)The specified network name is no longer available.  : AH00341: winnt_accept: Asynchronous AcceptEx failed.
[Mon Nov 24 03:09:33.054728 2014] [core:error] [pid 2748:tid 1852] (20024)The given path is misformatted or contained invalid characters: [client 23.243.13.152:55896] AH00127: Cannot map GET /galeria/carrusel/Carrusel/jquery-ui-%0A%0A1.8.13.custom.min.js HTTP/1.1 to file
[Mon Nov 24 03:24:34.611511 2014] [:error] [pid 2748:tid 1708] [client 151.226.15.149:51677] script 'E:/nuevo/htdocs/xmlrpc.php' not found or unable to stat
[Mon Nov 24 04:03:09.719977 2014] [mpm_winnt:warn] [pid 2748:tid 1984] (OS 64)The specified network name is no longer available.  : AH00341: winnt_accept: Asynchronous AcceptEx failed.
[Mon Nov 24 04:17:19.016669 2014] [mpm_winnt:warn] [pid 2748:tid 1984] (OS 64)The specified network name is no longer available.  : AH00341: winnt_accept: Asynchronous AcceptEx failed.
[Mon Nov 24 05:43:19.961134 2014] [mpm_winnt:warn] [pid 2748:tid 1984] (OS 64)The specified network name is no longer available.  : AH00341: winnt_accept: Asynchronous AcceptEx failed.
[Mon Nov 24 07:48:43.921749 2014] [proxy_http:error] [pid 2748:tid 1800] (OS 10054)An existing connection was forcibly closed by the remote host.  : [client 201.244.55.205:11973] AH01102: error reading status line from remote server 172.22.1.31:80, referer: http://190.27.245.106/isolucionsda/FrameSetGeneral.asp?Pagina1=FrameSetGeneral.asp&
[Mon Nov 24 07:48:43.921749 2014] [proxy:error] [pid 2748:tid 1800] [client 201.244.55.205:11973] AH00898: Error reading from remote server returned by /isolucionsda/MagazinHome.asp, referer: http://190.27.245.106/isolucionsda/FrameSetGeneral.asp?Pagina1=FrameSetGeneral.asp&
[Mon Nov 24 08:01:53.423536 2014] [proxy_http:error] [pid 2748:tid 1808] (OS 10054)An existing connection was forcibly closed by the remote host.  : [client 190.24.229.178:10490] AH01102: error reading status line from remote server 172.22.1.31:80, referer: http://190.27.245.106/isolucionsda/Encabezado.asp?Pagina1=FrameSetGeneral.asp&&Pagina=MagazinHome.asp
[Mon Nov 24 08:01:53.423536 2014] [proxy:error] [pid 2748:tid 1808] [client 190.24.229.178:10490] AH00898: Error reading from remote server returned by /isolucionsda/g/Bgr_BarraBotPrins.jpg, referer: http://190.27.245.106/isolucionsda/Encabezado.asp?Pagina1=FrameSetGeneral.asp&&Pagina=MagazinHome.asp
[Mon Nov 24 08:12:49.747889 2014] [mpm_winnt:warn] [pid 2748:tid 1984] (OS 64)The specified network name is no longer available.  : AH00341: winnt_accept: Asynchronous AcceptEx failed.
[Mon Nov 24 08:24:46.303947 2014] [proxy_http:error] [pid 2748:tid 1712] (OS 10054)An existing connection was forcibly closed by the remote host.  : [client 201.244.55.205:13712] AH01102: error reading status line from remote server 172.22.1.31:80, referer: http://190.27.245.106/isolucionsda/FrameSetGeneral.asp?Pagina1=FrameSetGeneral.asp&
[Mon Nov 24 08:24:46.303947 2014] [proxy:error] [pid 2748:tid 1712] [client 201.244.55.205:13712] AH00898: Error reading from remote server returned by /isolucionsda/MagazinHome.asp, referer: http://190.27.245.106/isolucionsda/FrameSetGeneral.asp?Pagina1=FrameSetGeneral.asp&
[Mon Nov 24 09:31:12.754550 2014] [:error] [pid 2748:tid 1732] [client 198.50.178.196:44563] script 'E:/nuevo/htdocs/calendar.php' not found or unable to stat
[Mon Nov 24 09:50:43.489806 2014] [proxy_http:error] [pid 2748:tid 1752] (20014)Internal error: [client 201.245.192.253:54367] AH01102: error reading status line from remote server 172.22.1.47:80
[Mon Nov 24 09:50:43.489806 2014] [proxy:error] [pid 2748:tid 1752] [client 201.245.192.253:54367] AH00898: Error reading from remote server returned by /forest/img/jquery/ui-bg_gloss-wave_55_5c9ccc_500x100.png
[Mon Nov 24 09:50:43.489806 2014] [proxy_http:error] [pid 2748:tid 1812] (20014)Internal error: [client 201.245.192.253:54370] AH01102: error reading status line from remote server 172.22.1.47:80
[Mon Nov 24 09:50:43.489806 2014] [proxy:error] [pid 2748:tid 1812] [client 201.245.192.253:54370] AH00898: Error reading from remote server returned by /forest/img/jquery/ui-icons_d8e7f3_256x240.png
[Mon Nov 24 09:51:11.710255 2014] [proxy_http:error] [pid 2748:tid 1816] (20014)Internal error: [client 201.245.192.253:54995] AH01102: error reading status line from remote server 172.22.1.47:80
[Mon Nov 24 09:51:11.710255 2014] [proxy:error] [pid 2748:tid 1816] [client 201.245.192.253:54995] AH00898: Error reading from remote server returned by /forest/img/pantalla.gif
[Mon Nov 24 10:01:09.222505 2014] [proxy_http:error] [pid 2748:tid 1828] (20014)Internal error: [client 201.245.192.253:54446] AH01102: error reading status line from remote server 172.22.1.47:80
[Mon Nov 24 10:01:09.222505 2014] [proxy:error] [pid 2748:tid 1828] [client 201.245.192.253:54446] AH00898: Error reading from remote server returned by /forest/1ibre/jscalendar/calendar-win2k-1.css
[Mon Nov 24 10:18:39.260349 2014] [proxy_http:error] [pid 2748:tid 1712] (20014)Internal error: [client 201.245.192.253:48343] AH01102: error reading status line from remote server 172.22.1.47:80
[Mon Nov 24 10:18:39.260349 2014] [proxy:error] [pid 2748:tid 1712] [client 201.245.192.253:48343] AH00898: Error reading from remote server returned by /forest/1ibre/jscalendar/calendar.js
[Mon Nov 24 10:18:39.385149 2014] [proxy_http:error] [pid 2748:tid 1712] (20014)Internal error: [client 201.245.192.253:48346] AH01102: error reading status line from remote server 172.22.1.47:80
[Mon Nov 24 10:18:39.385149 2014] [proxy:error] [pid 2748:tid 1712] [client 201.245.192.253:48346] AH00898: Error reading from remote server returned by /forest/1ibre/jscalendar/calendar-setup.js
[Mon Nov 24 10:55:49.925867 2014] [proxy_http:error] [pid 2748:tid 1724] (OS 10054)An existing connection was forcibly closed by the remote host.  : [client 201.245.192.253:48636] AH01102: error reading status line from remote server 172.22.1.31:80, referer: http://190.27.245.106/isolucionsda/ListadoMaestroDocumentos3.asp
[Mon Nov 24 10:55:49.925867 2014] [proxy:error] [pid 2748:tid 1724] [client 201.245.192.253:48636] AH00898: Error reading from remote server returned by /isolucionsda/FramesetArticulo.asp, referer: http://190.27.245.106/isolucionsda/ListadoMaestroDocumentos3.asp
[Mon Nov 24 11:40:32.102978 2014] [proxy_http:error] [pid 2748:tid 1768] (OS 10054)An existing connection was forcibly closed by the remote host.  : [client 201.245.192.253:59908] AH01102: error reading status line from remote server 172.22.1.31:80, referer: http://190.27.245.106/isolucionsda/Encabezado.asp?Pagina1=FrameSetGeneral.asp&&Pagina=MagazinHome.asp
[Mon Nov 24 11:41:13.739451 2014] [proxy_http:error] [pid 2748:tid 1728] (OS 10054)An existing connection was forcibly closed by the remote host.  : [client 201.245.192.253:48327] AH01102: error reading status line from remote server 172.22.1.31:80, referer: http://190.27.245.106/isolucionsda/FrameSetGeneral.asp?Pagina=Menu.asp&IdModulo=7
[Mon Nov 24 11:41:13.739451 2014] [proxy:error] [pid 2748:tid 1728] [client 201.245.192.253:48327] AH00898: Error reading from remote server returned by /isolucionsda/BarraFavoritos.asp, referer: http://190.27.245.106/isolucionsda/FrameSetGeneral.asp?Pagina=Menu.asp&IdModulo=7
[Mon Nov 24 13:16:45.098918 2014] [proxy_http:error] [pid 2748:tid 1880] (OS 10054)An existing connection was forcibly closed by the remote host.  : [client 201.245.192.253:58476] AH01102: error reading status line from remote server 172.22.1.31:80, referer: http://190.27.245.106/isolucionsda/FrameSetGeneral.asp?Pagina=ListadoMaestroDocumentos3.asp
[Mon Nov 24 13:16:45.098918 2014] [proxy:error] [pid 2748:tid 1880] [client 201.245.192.253:58476] AH00898: Error reading from remote server returned by /isolucionsda/ListadoMaestroDocumentos3.asp, referer: http://190.27.245.106/isolucionsda/FrameSetGeneral.asp?Pagina=ListadoMaestroDocumentos3.asp
[Mon Nov 24 13:24:39.620552 2014] [:error] [pid 2748:tid 1856] [client 184.189.222.47:62904] script 'E:/nuevo/htdocs/BLA/normatividad.php' not found or unable to stat
[Mon Nov 24 13:39:18.901496 2014] [proxy_http:error] [pid 2748:tid 1752] (OS 10054)An existing connection was forcibly closed by the remote host.  : [client 201.245.192.253:59437] AH01102: error reading status line from remote server 172.22.1.31:80, referer: http://190.27.245.106/isolucionsda/FrameSetGeneral.asp?Pagina=Menu.asp&IdModulo=4
[Mon Nov 24 13:39:18.901496 2014] [proxy:error] [pid 2748:tid 1752] [client 201.245.192.253:59437] AH00898: Error reading from remote server returned by /isolucionsda/Menu.asp, referer: http://190.27.245.106/isolucionsda/FrameSetGeneral.asp?Pagina=Menu.asp&IdModulo=4
[Mon Nov 24 13:52:39.323302 2014] [proxy_http:error] [pid 2748:tid 1844] (20014)Internal error: [client 201.245.192.253:55715] AH01102: error reading status line from remote server 172.22.1.47:80
[Mon Nov 24 13:52:39.323302 2014] [proxy:error] [pid 2748:tid 1844] [client 201.245.192.253:55715] AH00898: Error reading from remote server returned by /forest/skins/gdocs-jar/js/xml_utilities.js
[Mon Nov 24 14:02:42.967362 2014] [proxy_http:error] [pid 2748:tid 1816] (OS 10054)An existing connection was forcibly closed by the remote host.  : [client 201.245.192.253:51037] AH01102: error reading status line from remote server 172.22.1.31:80, referer: http://190.27.245.106/isolucionsda/FrameSetGeneral.asp?Pagina=Menu.asp&IdModulo=4
[Mon Nov 24 14:02:42.967362 2014] [proxy:error] [pid 2748:tid 1816] [client 201.245.192.253:51037] AH00898: Error reading from remote server returned by /isolucionsda/Menu.asp, referer: http://190.27.245.106/isolucionsda/FrameSetGeneral.asp?Pagina=Menu.asp&IdModulo=4
[Mon Nov 24 14:11:37.065500 2014] [proxy_http:error] [pid 2748:tid 1880] (20014)Internal error: [client 201.245.192.253:58282] AH01102: error reading status line from remote server 172.22.1.47:80, referer: http://190.27.245.106/forest/index2.jsp?a=0.5858722294942997
[Mon Nov 24 14:12:10.667959 2014] [proxy_http:error] [pid 2748:tid 1780] (OS 10054)An existing connection was forcibly closed by the remote host.  : [client 201.245.192.253:58791] AH01102: error reading status line from remote server 172.22.1.31:80, referer: http://190.27.245.106/isolucionsda/FrameSetGeneral.asp?Pagina=Menu.asp&IdModulo=4
[Mon Nov 24 14:12:10.667959 2014] [proxy:error] [pid 2748:tid 1780] [client 201.245.192.253:58791] AH00898: Error reading from remote server returned by /isolucionsda/BarraTitulos.asp, referer: http://190.27.245.106/isolucionsda/FrameSetGeneral.asp?Pagina=Menu.asp&IdModulo=4
[Mon Nov 24 14:14:14.672577 2014] [proxy_http:error] [pid 2748:tid 1712] (OS 10054)An existing connection was forcibly closed by the remote host.  : [client 201.245.192.253:48110] AH01102: error reading status line from remote server 172.22.1.31:80, referer: http://190.27.245.106/isolucionsda/FrameSetGeneral.asp?Pagina=ListadoMaestroDocumentos3.asp
[Mon Nov 24 14:21:44.702168 2014] [proxy_http:error] [pid 2748:tid 1780] (OS 10054)An existing connection was forcibly closed by the remote host.  : [client 201.245.192.253:54664] AH01102: error reading status line from remote server 172.22.1.31:80, referer: http://190.27.245.106/isolucionsda/FrameSetGeneral.asp?Pagina1=FrameSetGeneral.asp&
[Mon Nov 24 14:21:44.702168 2014] [proxy:error] [pid 2748:tid 1780] [client 201.245.192.253:54664] AH00898: Error reading from remote server returned by /isolucionsda/BarraTitulos.asp, referer: http://190.27.245.106/isolucionsda/FrameSetGeneral.asp?Pagina1=FrameSetGeneral.asp&
[Mon Nov 24 14:21:44.717768 2014] [proxy_http:error] [pid 2748:tid 1844] (OS 10054)An existing connection was forcibly closed by the remote host.  : [client 201.245.192.253:54665] AH01102: error reading status line from remote server 172.22.1.31:80, referer: http://190.27.245.106/isolucionsda/FrameSetGeneral.asp?Pagina1=FrameSetGeneral.asp&
[Mon Nov 24 14:21:44.717768 2014] [proxy:error] [pid 2748:tid 1844] [client 201.245.192.253:54665] AH00898: Error reading from remote server returned by /isolucionsda/MagazinHome.asp, referer: http://190.27.245.106/isolucionsda/FrameSetGeneral.asp?Pagina1=FrameSetGeneral.asp&
[Mon Nov 24 14:22:42.531469 2014] [proxy_http:error] [pid 2748:tid 1704] (OS 10054)An existing connection was forcibly closed by the remote host.  : [client 201.245.192.253:55505] AH01102: error reading status line from remote server 172.22.1.31:80, referer: http://190.27.245.106/isolucionsda/FrameSetGeneral.asp?Pagina=Menu.asp&IdModulo=4
[Mon Nov 24 14:30:32.825495 2014] [proxy_http:error] [pid 2748:tid 1852] (20014)Internal error: [client 201.245.192.253:48904] AH01102: error reading status line from remote server 172.22.1.47:80, referer: http://190.27.245.106/forest/
[Mon Nov 24 14:44:54.150808 2014] [negotiation:error] [pid 2748:tid 1864] [client 201.245.192.253:48013] AH00690: no acceptable variant: E:/nuevo/apache/error/HTTP_NOT_FOUND.html.var, referer: http://ambientebogota.gov.co/presupuesto-orientado-a-resultados
[Mon Nov 24 14:44:54.182008 2014] [negotiation:error] [pid 2748:tid 1728] [client 201.245.192.253:48093] AH00690: no acceptable variant: E:/nuevo/apache/error/HTTP_NOT_FOUND.html.var, referer: http://ambientebogota.gov.co/presupuesto-orientado-a-resultados
[Mon Nov 24 14:45:11.420038 2014] [negotiation:error] [pid 2748:tid 1728] [client 201.245.192.253:48225] AH00690: no acceptable variant: E:/nuevo/apache/error/HTTP_NOT_FOUND.html.var, referer: http://ambientebogota.gov.co/presupuesto-orientado-a-resultados
[Mon Nov 24 14:45:11.420038 2014] [negotiation:error] [pid 2748:tid 1752] [client 201.245.192.253:48279] AH00690: no acceptable variant: E:/nuevo/apache/error/HTTP_NOT_FOUND.html.var, referer: http://ambientebogota.gov.co/presupuesto-orientado-a-resultados
[Mon Nov 24 14:58:22.030427 2014] [proxy_http:error] [pid 2748:tid 1752] (20014)Internal error: [client 201.245.192.253:47980] AH01102: error reading status line from remote server 172.22.1.47:80, referer: http://190.27.245.106/forest/index2.jsp?a=0.7756076329486932
[Mon Nov 24 15:10:09.320069 2014] [:error] [pid 2748:tid 1864] [client 123.125.71.91:2241] script 'E:/nuevo/htdocs/dama.php' not found or unable to stat
[Mon Nov 24 15:16:50.755575 2014] [proxy_http:error] [pid 2748:tid 1684] (OS 10054)An existing connection was forcibly closed by the remote host.  : [client 201.245.192.253:51080] AH01102: error reading status line from remote server 172.22.1.31:80, referer: http://190.27.245.106/isolucionsda/FrameSetGeneral.asp?Pagina=Administracion/SalaEdicion/Magazines.asp
[Mon Nov 24 16:11:43.034157 2014] [proxy_http:error] [pid 2748:tid 1772] (20014)Internal error: [client 201.245.192.253:48697] AH01102: error reading status line from remote server 172.22.1.47:80, referer: http://190.27.245.106/forest/index2.jsp?a=0.5284685772334816
[Mon Nov 24 16:17:00.120314 2014] [proxy_http:error] [pid 2748:tid 1684] (20014)Internal error: [client 201.245.192.253:52715] AH01102: error reading status line from remote server 172.22.1.47:80
[Mon Nov 24 16:17:00.120314 2014] [proxy:error] [pid 2748:tid 1684] [client 201.245.192.253:52715] AH00898: Error reading from remote server returned by /forest/skins/gdocs-jar/js/autocompletar2.js
[Mon Nov 24 16:18:14.251644 2014] [proxy_http:error] [pid 2748:tid 1888] (20014)Internal error: [client 201.245.192.253:53523] AH01102: error reading status line from remote server 172.22.1.47:80, referer: http://190.27.245.106/forest/buscar.do?type=procesos
[Mon Nov 24 16:26:35.230924 2014] [proxy_http:error] [pid 2748:tid 1768] (20014)Internal error: [client 201.245.192.253:47741] AH01102: error reading status line from remote server 172.22.1.47:80, referer: http://190.27.245.106/forest/usutareas.do?group_system_actual=3&a=0.7560718280728906
[Mon Nov 24 16:28:55.428371 2014] [proxy_http:error] [pid 2748:tid 1740] (20014)Internal error: [client 201.245.192.253:49272] AH01102: error reading status line from remote server 172.22.1.47:80, referer: http://190.27.245.106/forest/usutareas.do?_a=0.48999760299921036&group_system_actual=3
[Mon Nov 24 16:28:55.428371 2014] [proxy:error] [pid 2748:tid 1740] [client 201.245.192.253:49272] AH00898: Error reading from remote server returned by /forest/skins/gdocs-jar/popup/escritorio/radicar.jsp, referer: http://190.27.245.106/forest/usutareas.do?_a=0.48999760299921036&group_system_actual=3
[Mon Nov 24 16:59:53.955235 2014] [proxy_http:error] [pid 2748:tid 1680] (20014)Internal error: [client 190.27.202.204:28441] AH01102: error reading status line from remote server 172.22.1.47:80, referer: http://190.27.245.106/forest/index2.jsp?a=0.3165669816381883
[Mon Nov 24 17:37:47.831829 2014] [mpm_winnt:warn] [pid 2748:tid 1984] (OS 64)The specified network name is no longer available.  : AH00341: winnt_accept: Asynchronous AcceptEx failed.
[Mon Nov 24 17:52:12.495548 2014] [core:error] [pid 2748:tid 1828] (20024)The given path is misformatted or contained invalid characters: [client 222.74.212.77:58846] AH00127: Cannot map GET /w00tw00t.at.blackhats.romanian.anti-sec:) HTTP/1.1 to file
[Mon Nov 24 17:52:13.150749 2014] [access_compat:error] [pid 2748:tid 1840] [client 222.74.212.77:60201] AH01797: client denied by server configuration: E:/nuevo/htdocs/phpMyAdmin
[Mon Nov 24 17:52:13.805950 2014] [access_compat:error] [pid 2748:tid 1680] [client 222.74.212.77:33092] AH01797: client denied by server configuration: E:/nuevo/phpMyAdmin/scripts
[Mon Nov 24 17:52:15.927554 2014] [proxy_http:error] [pid 2748:tid 1784] (OS 10054)An existing connection was forcibly closed by the remote host.  : [client 186.115.67.210:59690] AH01102: error reading status line from remote server 172.22.1.31:80, referer: http://190.27.245.106/isolucionsda/FrameSetGeneral.asp?Pagina1=FrameSetGeneral.asp&
[Mon Nov 24 17:52:15.927554 2014] [proxy:error] [pid 2748:tid 1784] [client 186.115.67.210:59690] AH00898: Error reading from remote server returned by /isolucionsda/BarraFavoritos.asp, referer: http://190.27.245.106/isolucionsda/FrameSetGeneral.asp?Pagina1=FrameSetGeneral.asp&
[Mon Nov 24 18:04:37.240856 2014] [proxy_http:error] [pid 2748:tid 1784] (20014)Internal error: [client 186.83.128.190:49258] AH01102: error reading status line from remote server 172.22.1.47:80, referer: http://190.27.245.106/forest/usutareas.do?group_system_actual=3&a=0.9627833876293153
[Mon Nov 24 18:28:07.592533 2014] [proxy_http:error] [pid 2748:tid 1812] (OS 10054)An existing connection was forcibly closed by the remote host.  : [client 190.158.107.78:49327] AH01102: error reading status line from remote server 172.22.1.31:80, referer: http://190.27.245.106/isolucionsda/FrameSetGeneral.asp?Pagina1=FrameSetGeneral.asp&
[Mon Nov 24 18:28:07.592533 2014] [proxy:error] [pid 2748:tid 1812] [client 190.158.107.78:49327] AH00898: Error reading from remote server returned by /isolucionsda/MagazinHome.asp, referer: http://190.27.245.106/isolucionsda/FrameSetGeneral.asp?Pagina1=FrameSetGeneral.asp&
[Mon Nov 24 18:28:07.592533 2014] [proxy_http:error] [pid 2748:tid 1684] (OS 10054)An existing connection was forcibly closed by the remote host.  : [client 190.158.107.78:49329] AH01102: error reading status line from remote server 172.22.1.31:80, referer: http://190.27.245.106/isolucionsda/FrameSetGeneral.asp?Pagina1=FrameSetGeneral.asp&
[Mon Nov 24 18:28:07.592533 2014] [proxy:error] [pid 2748:tid 1684] [client 190.158.107.78:49329] AH00898: Error reading from remote server returned by /isolucionsda/BarraFavoritos.asp, referer: http://190.27.245.106/isolucionsda/FrameSetGeneral.asp?Pagina1=FrameSetGeneral.asp&
[Mon Nov 24 18:38:28.288423 2014] [proxy_http:error] [pid 2748:tid 1828] (OS 10054)An existing connection was forcibly closed by the remote host.  : [client 201.245.192.253:55967] AH01102: error reading status line from remote server 172.22.1.31:80, referer: http://190.27.245.106/isolucionsda/FrameSetGeneral.asp?Pagina=Menu.asp&IdModulo=7
[Mon Nov 24 18:38:28.288423 2014] [proxy:error] [pid 2748:tid 1828] [client 201.245.192.253:55967] AH00898: Error reading from remote server returned by /isolucionsda/BarraFavoritos.asp, referer: http://190.27.245.106/isolucionsda/FrameSetGeneral.asp?Pagina=Menu.asp&IdModulo=7
[Mon Nov 24 19:46:42.096414 2014] [core:error] [pid 2748:tid 1752] (22)Invalid argument: [client 202.46.62.140:3917] AH00127: Cannot map GET /POT-2013/Cartografia/03_Suelos%20de%20Protecci%F3n.pdf HTTP/1.1 to file
[Mon Nov 24 20:26:22.661595 2014] [mpm_winnt:warn] [pid 2748:tid 1984] (OS 64)The specified network name is no longer available.  : AH00341: winnt_accept: Asynchronous AcceptEx failed.
[Mon Nov 24 21:44:32.157632 2014] [proxy_http:error] [pid 2748:tid 1684] (OS 10060)A connection attempt failed because the connected party did not properly respond after a period of time, or established connection failed because connected host has failed to respond.  : [client 190.252.129.9:49786] AH01095: prefetch request body failed to 172.22.1.47:80 (172.22.1.47) from 190.252.129.9 (), referer: http://190.27.245.106/forest/usutareas.do?_a=0.4889310198452639&group_system_actual=3
[Mon Nov 24 21:47:11.324711 2014] [proxy_http:error] [pid 2748:tid 1812] (OS 10054)An existing connection was forcibly closed by the remote host.  : [client 190.252.129.9:49857] AH01102: error reading status line from remote server 172.22.1.47:80, referer: http://190.27.245.106/forest/usutareas.do?_a=0.10947275139366497&group_system_actual=3
[Mon Nov 24 21:47:11.324711 2014] [proxy:error] [pid 2748:tid 1812] [client 190.252.129.9:49857] AH00898: Error reading from remote server returned by /forest/usutareas.do, referer: http://190.27.245.106/forest/usutareas.do?_a=0.10947275139366497&group_system_actual=3
[Mon Nov 24 21:49:05.438912 2014] [proxy_http:error] [pid 2748:tid 1852] (20014)Internal error: [client 190.252.129.9:49954] AH01102: error reading status line from remote server 172.22.1.47:80, referer: http://190.27.245.106/forest/usutareas.do?group_system_actual=3&a=0.6547804762422199
[Mon Nov 24 22:25:25.652941 2014] [mpm_winnt:warn] [pid 2748:tid 1984] (OS 64)The specified network name is no longer available.  : AH00341: winnt_accept: Asynchronous AcceptEx failed.

:: Command execute ::

Enter:
 
Select:
 

:: Search ::
regexp 

:: Upload ::
 
[ ok ]

:: Make Dir ::
 
[ ok ]
:: Make File ::
 
[ ok ]

:: Go Dir ::
 
:: Go File ::
 

--[ c99shell v. 1.0 pre-release build #13 powered by Captain Crunch Security Team | http://ccteam.ru | Generation time: 0.0156 ]--