!C99Shell v. 1.0 pre-release build #13!

Software: Apache. PHP/5.5.15 

uname -a: Windows NT SVR-DMZ 6.1 build 7600 (Windows Server 2008 R2 Enterprise Edition) i586 

SYSTEM 

Safe-mode: OFF (not secure)

E:\nuevo\apache\logs\   drwxrwxrwx
Free 8.02 GB of 239.26 GB (3.35%)
Detected drives: [ a ] [ c ] [ d ] [ e ] [ f ]
Home    Back    Forward    UPDIR    Refresh    Search    Buffer    Encoder    Tools    Proc.    FTP brute    Sec.    SQL    PHP-code    Update    Feedback    Self remove    Logout    


Viewing file:     error.2014.12.03.log (32.96 KB)      -rw-rw-rw-
Select action/file-type:
(+) | (+) | (+) | Code (+) | Session (+) | (+) | SDB (+) | (+) | (+) | (+) | (+) | (+) |
[Wed Dec 03 00:19:35.508024 2014] [:error] [pid 2748:tid 1496] [client 207.46.13.71:9926] script 'E:/nuevo/htdocs/autentica.php' not found or unable to stat
[Wed Dec 03 00:21:19.685007 2014] [:error] [pid 2748:tid 1760] [client 207.46.13.71:34315] script 'E:/nuevo/htdocs/Fabiss.php' not found or unable to stat
[Wed Dec 03 00:22:05.346287 2014] [:error] [pid 2748:tid 1692] [client 157.55.39.13:53875] script 'E:/nuevo/htdocs/calendar.php' not found or unable to stat
[Wed Dec 03 00:22:05.533488 2014] [:error] [pid 2748:tid 1692] [client 157.55.39.13:53875] script 'E:/nuevo/htdocs/phpinfo.php' not found or unable to stat
[Wed Dec 03 00:22:05.580288 2014] [:error] [pid 2748:tid 1760] [client 157.55.39.13:54263] script 'E:/nuevo/htdocs/index2.php' not found or unable to stat
[Wed Dec 03 00:22:05.783088 2014] [:error] [pid 2748:tid 1760] [client 157.55.39.13:54263] script 'E:/nuevo/htdocs/prueba2.php' not found or unable to stat
[Wed Dec 03 00:24:45.464969 2014] [:error] [pid 2748:tid 1692] [client 157.55.39.4:2744] script 'E:/nuevo/htdocs/emsproxy.php' not found or unable to stat
[Wed Dec 03 00:24:46.322970 2014] [:error] [pid 2748:tid 1692] [client 157.55.39.4:2744] script 'E:/nuevo/htdocs/enviamail.php' not found or unable to stat
[Wed Dec 03 00:37:46.137140 2014] [mpm_winnt:warn] [pid 2748:tid 1984] (OS 64)The specified network name is no longer available.  : AH00341: winnt_accept: Asynchronous AcceptEx failed.
[Wed Dec 03 00:38:11.128384 2014] [mpm_winnt:warn] [pid 2748:tid 1984] (OS 64)The specified network name is no longer available.  : AH00341: winnt_accept: Asynchronous AcceptEx failed.
[Wed Dec 03 00:50:32.411486 2014] [:error] [pid 2748:tid 1492] [client 157.55.39.103:62118] script 'E:/nuevo/htdocs/dos.php' not found or unable to stat
[Wed Dec 03 02:47:45.033638 2014] [mpm_winnt:warn] [pid 2748:tid 1984] (OS 64)The specified network name is no longer available.  : AH00341: winnt_accept: Asynchronous AcceptEx failed.
[Wed Dec 03 04:52:46.092413 2014] [mpm_winnt:warn] [pid 2748:tid 1984] (OS 64)The specified network name is no longer available.  : AH00341: winnt_accept: Asynchronous AcceptEx failed.
[Wed Dec 03 04:53:11.114857 2014] [mpm_winnt:warn] [pid 2748:tid 1984] (OS 64)The specified network name is no longer available.  : AH00341: winnt_accept: Asynchronous AcceptEx failed.
[Wed Dec 03 05:10:21.574667 2014] [mpm_winnt:warn] [pid 2748:tid 1984] (OS 64)The specified network name is no longer available.  : AH00341: winnt_accept: Asynchronous AcceptEx failed.
[Wed Dec 03 05:36:50.954259 2014] [mpm_winnt:warn] [pid 2748:tid 1984] (OS 64)The specified network name is no longer available.  : AH00341: winnt_accept: Asynchronous AcceptEx failed.
[Wed Dec 03 07:42:38.454316 2014] [proxy_http:error] [pid 2748:tid 1528] (OS 10054)An existing connection was forcibly closed by the remote host.  : [client 186.145.147.158:49318] AH01102: error reading status line from remote server 172.22.1.31:80, referer: http://www.ambientebogota.gov.co/web/intranet/aplicaciones-para-acceder-fuera-de-la-sda
[Wed Dec 03 07:42:38.454316 2014] [proxy:error] [pid 2748:tid 1528] [client 186.145.147.158:49318] AH00898: Error reading from remote server returned by /isolucionsda/, referer: http://www.ambientebogota.gov.co/web/intranet/aplicaciones-para-acceder-fuera-de-la-sda
[Wed Dec 03 08:05:22.053711 2014] [proxy_http:error] [pid 2748:tid 1748] (OS 10054)An existing connection was forcibly closed by the remote host.  : [client 201.245.192.253:54082] AH01102: error reading status line from remote server 172.22.1.31:80, referer: http://190.27.245.106/isolucionsda/FrameSetGeneral.asp?Pagina1=FrameSetGeneral.asp&
[Wed Dec 03 08:05:22.053711 2014] [proxy:error] [pid 2748:tid 1748] [client 201.245.192.253:54082] AH00898: Error reading from remote server returned by /isolucionsda/MagazinHome.asp, referer: http://190.27.245.106/isolucionsda/FrameSetGeneral.asp?Pagina1=FrameSetGeneral.asp&
[Wed Dec 03 08:26:10.368903 2014] [proxy_http:error] [pid 2748:tid 1748] (OS 10054)An existing connection was forcibly closed by the remote host.  : [client 201.245.192.253:52310] AH01102: error reading status line from remote server 172.22.1.31:80, referer: http://www.ambientebogota.gov.co/web/intranet/aplicaciones-para-acceder-fuera-de-la-sda
[Wed Dec 03 08:26:10.368903 2014] [proxy:error] [pid 2748:tid 1748] [client 201.245.192.253:52310] AH00898: Error reading from remote server returned by /isolucionsda/, referer: http://www.ambientebogota.gov.co/web/intranet/aplicaciones-para-acceder-fuera-de-la-sda
[Wed Dec 03 08:31:51.494702 2014] [proxy_http:error] [pid 2748:tid 1456] (OS 10054)An existing connection was forcibly closed by the remote host.  : [client 201.245.192.253:55430] AH01102: error reading status line from remote server 172.22.1.31:80, referer: http://190.27.245.106/isolucionsda/FrameSetGeneral.asp?Pagina1=FrameSetGeneral.asp&
[Wed Dec 03 08:31:52.742705 2014] [proxy_http:error] [pid 2748:tid 1476] (OS 10054)An existing connection was forcibly closed by the remote host.  : [client 201.245.192.253:55510] AH01102: error reading status line from remote server 172.22.1.31:80, referer: http://190.27.245.106/isolucionsda/FrameSetGeneral.asp?Pagina=Menu.asp&IdModulo=4
[Wed Dec 03 08:31:52.742705 2014] [proxy:error] [pid 2748:tid 1476] [client 201.245.192.253:55510] AH00898: Error reading from remote server returned by /isolucionsda/BarraFavoritos.asp, referer: http://190.27.245.106/isolucionsda/FrameSetGeneral.asp?Pagina=Menu.asp&IdModulo=4
[Wed Dec 03 08:34:18.493761 2014] [proxy_http:error] [pid 2748:tid 1752] (OS 10054)An existing connection was forcibly closed by the remote host.  : [client 201.244.55.205:20699] AH01102: error reading status line from remote server 172.22.1.31:80, referer: http://190.27.245.106/isolucionsda/FrameSetGeneral.asp?Pagina=Menu.asp&IdModulo=4
[Wed Dec 03 09:34:10.714070 2014] [proxy_http:error] [pid 2748:tid 1612] (OS 10054)An existing connection was forcibly closed by the remote host.  : [client 190.26.119.3:27500] AH01102: error reading status line from remote server 172.22.1.31:80, referer: http://190.27.245.106/isolucionsda/FrameSetGeneral.asp?Pagina1=FrameSetGeneral.asp&
[Wed Dec 03 09:34:10.714070 2014] [proxy:error] [pid 2748:tid 1612] [client 190.26.119.3:27500] AH00898: Error reading from remote server returned by /isolucionsda/BarraTitulos.asp, referer: http://190.27.245.106/isolucionsda/FrameSetGeneral.asp?Pagina1=FrameSetGeneral.asp&
[Wed Dec 03 09:52:50.438237 2014] [proxy_http:error] [pid 2748:tid 1612] (OS 10054)An existing connection was forcibly closed by the remote host.  : [client 201.245.192.253:50925] AH01102: error reading status line from remote server 172.22.1.31:80, referer: http://www.ambientebogota.gov.co/web/intranet/aplicaciones-para-acceder-fuera-de-la-sda
[Wed Dec 03 09:52:50.438237 2014] [proxy:error] [pid 2748:tid 1612] [client 201.245.192.253:50925] AH00898: Error reading from remote server returned by /isolucionsda/, referer: http://www.ambientebogota.gov.co/web/intranet/aplicaciones-para-acceder-fuera-de-la-sda
[Wed Dec 03 10:40:08.302621 2014] [proxy_http:error] [pid 2748:tid 1864] (20014)Internal error: [client 201.245.192.253:51928] AH01102: error reading status line from remote server 172.22.1.47:80, referer: http://190.27.245.106/forest/usudocumentos.do?_a=0.308049886720255&group_system_actual=3
[Wed Dec 03 10:40:08.302621 2014] [proxy:error] [pid 2748:tid 1864] [client 201.245.192.253:51928] AH00898: Error reading from remote server returned by /forest/skins/gdocs-jar/img/grid-first.gif, referer: http://190.27.245.106/forest/usudocumentos.do?_a=0.308049886720255&group_system_actual=3
[Wed Dec 03 10:52:52.923364 2014] [proxy_http:error] [pid 2748:tid 1480] (OS 10054)An existing connection was forcibly closed by the remote host.  : [client 201.245.192.253:54338] AH01102: error reading status line from remote server 172.22.1.31:80, referer: http://190.27.245.106/isolucionsda/Administracion/SalaEdicion/Articulo.asp
[Wed Dec 03 10:52:52.923364 2014] [proxy:error] [pid 2748:tid 1480] [client 201.245.192.253:54338] AH00898: Error reading from remote server returned by /isolucionsda/Administracion/SalaEdicion/g/GifTransparente.gif, referer: http://190.27.245.106/isolucionsda/Administracion/SalaEdicion/Articulo.asp
[Wed Dec 03 10:52:52.923364 2014] [proxy_http:error] [pid 2748:tid 1600] (OS 10054)An existing connection was forcibly closed by the remote host.  : [client 201.245.192.253:54339] AH01102: error reading status line from remote server 172.22.1.31:80, referer: http://190.27.245.106/isolucionsda/Administracion/SalaEdicion/Articulo.asp
[Wed Dec 03 10:52:52.923364 2014] [proxy:error] [pid 2748:tid 1600] [client 201.245.192.253:54339] AH00898: Error reading from remote server returned by /isolucionsda/Administracion/Graficas/vacio1x1.gif, referer: http://190.27.245.106/isolucionsda/Administracion/SalaEdicion/Articulo.asp
[Wed Dec 03 10:53:11.580997 2014] [proxy_http:error] [pid 2748:tid 1456] (OS 10054)An existing connection was forcibly closed by the remote host.  : [client 201.245.192.253:54730] AH01102: error reading status line from remote server 172.22.1.31:80
[Wed Dec 03 10:53:11.580997 2014] [proxy:error] [pid 2748:tid 1456] [client 201.245.192.253:54730] AH00898: Error reading from remote server returned by /isolucionsda/g/Bot_Administrador.jpg
[Wed Dec 03 10:53:11.596597 2014] [proxy_http:error] [pid 2748:tid 1596] (OS 10054)An existing connection was forcibly closed by the remote host.  : [client 201.245.192.253:54731] AH01102: error reading status line from remote server 172.22.1.31:80
[Wed Dec 03 10:53:11.596597 2014] [proxy:error] [pid 2748:tid 1596] [client 201.245.192.253:54731] AH00898: Error reading from remote server returned by /isolucionsda/g/Bot_Tareas_ESP.jpg
[Wed Dec 03 11:01:28.505270 2014] [proxy:error] [pid 2748:tid 1456] (OS 10061)No connection could be made because the target machine actively refused it.  : AH00957: HTTP: attempt to connect to 172.22.1.36:8080 (172.22.1.36) failed
[Wed Dec 03 11:01:28.505270 2014] [proxy:error] [pid 2748:tid 1456] AH00959: ap_proxy_connect_backend disabling worker for (172.22.1.36) for 60s
[Wed Dec 03 11:01:28.505270 2014] [proxy_http:error] [pid 2748:tid 1456] [client 200.75.48.35:49785] AH01114: HTTP: failed to make connection to backend: 172.22.1.36, referer: http://190.27.245.106/stormWeb/
[Wed Dec 03 11:23:02.636743 2014] [proxy_http:error] [pid 2748:tid 1676] (OS 10054)An existing connection was forcibly closed by the remote host.  : [client 201.245.192.253:59853] AH01102: error reading status line from remote server 172.22.1.31:80, referer: http://190.27.245.106/isolucionsda/FrameSetGeneral.asp?Pagina=BSC/BSC/Jerarquico.aspx&TipoGrupo=Tablero&Visualizacion=1&Grafico=2&FechaInicial=&FechaFinal=&IdElemento=&number=
[Wed Dec 03 11:23:02.636743 2014] [proxy:error] [pid 2748:tid 1676] [client 201.245.192.253:59853] AH00898: Error reading from remote server returned by /isolucionsda/BarraTitulos.asp, referer: http://190.27.245.106/isolucionsda/FrameSetGeneral.asp?Pagina=BSC/BSC/Jerarquico.aspx&TipoGrupo=Tablero&Visualizacion=1&Grafico=2&FechaInicial=&FechaFinal=&IdElemento=&number=
[Wed Dec 03 11:39:54.705121 2014] [proxy_http:error] [pid 2748:tid 1864] (20014)Internal error: [client 201.245.192.253:51935] AH01102: error reading status line from remote server 172.22.1.47:80, referer: http://190.27.245.106/forest/misactividades.do?_a=0.9673341941088438&group_system_actual=3
[Wed Dec 03 11:43:44.353124 2014] [proxy_http:error] [pid 2748:tid 1688] (20014)Internal error: [client 201.245.192.253:56232] AH01102: error reading status line from remote server 172.22.1.47:80
[Wed Dec 03 11:43:44.353124 2014] [proxy:error] [pid 2748:tid 1688] [client 201.245.192.253:56232] AH00898: Error reading from remote server returned by /forest/skins/gdocs-jar/img/okey.gif
[Wed Dec 03 11:43:47.457530 2014] [proxy_http:error] [pid 2748:tid 1824] (20014)Internal error: [client 201.245.192.253:56299] AH01102: error reading status line from remote server 172.22.1.47:80, referer: http://190.27.245.106/forest/usutareas.do?_a=0.35563030769117177&group_system_actual=3
[Wed Dec 03 11:43:47.457530 2014] [proxy:error] [pid 2748:tid 1824] [client 201.245.192.253:56299] AH00898: Error reading from remote server returned by /forest/session.jsp, referer: http://190.27.245.106/forest/usutareas.do?_a=0.35563030769117177&group_system_actual=3
[Wed Dec 03 11:43:47.457530 2014] [negotiation:error] [pid 2748:tid 1824] [client 201.245.192.253:56299] AH00690: no acceptable variant: E:/nuevo/apache/error/HTTP_BAD_GATEWAY.html.var, referer: http://190.27.245.106/forest/usutareas.do?_a=0.35563030769117177&group_system_actual=3
[Wed Dec 03 11:45:12.867680 2014] [proxy_http:error] [pid 2748:tid 1864] (20014)Internal error: [client 201.245.192.253:58052] AH01102: error reading status line from remote server 172.22.1.47:80, referer: http://190.27.245.106/forest/misactividades.do?_a=0.4499567274469882&group_system_actual=3
[Wed Dec 03 12:02:42.890924 2014] [proxy_http:error] [pid 2748:tid 1456] (20014)Internal error: [client 201.245.192.253:54055] AH01102: error reading status line from remote server 172.22.1.47:80, referer: http://190.27.245.106/forest/usutareas.do?_a=0.03458729269914329&group_system_actual=3
[Wed Dec 03 12:07:46.592257 2014] [core:error] [pid 2748:tid 1492] (20024)The given path is misformatted or contained invalid characters: [client 66.249.88.211:38530] AH00127: Cannot map GET /galeria/carrusel/Carrusel/jquery-ui-%0A%0A1.8.13.custom.min.js HTTP/1.1 to file, referer: http://www.ambientebogota.gov.co/
[Wed Dec 03 12:14:07.825727 2014] [proxy_http:error] [pid 2748:tid 1564] (OS 10054)An existing connection was forcibly closed by the remote host.  : [client 201.245.192.253:52613] AH01102: error reading status line from remote server 172.22.1.31:80, referer: http://190.27.245.106/isolucionsda/FrameSetGeneral.asp?Pagina=MagazinHome.asp
[Wed Dec 03 12:15:28.821069 2014] [proxy_http:error] [pid 2748:tid 1748] (20014)Internal error: [client 190.84.185.167:62894] AH01102: error reading status line from remote server 172.22.1.47:80, referer: http://190.27.245.106/forest/usutareas.do?group_system_actual=3&a=0.7913265102542937
[Wed Dec 03 12:15:29.226670 2014] [proxy_http:error] [pid 2748:tid 1724] (20014)Internal error: [client 190.84.185.167:62895] AH01102: error reading status line from remote server 172.22.1.47:80, referer: http://190.27.245.106/forest/usutareas.do?group_system_actual=3&a=0.7913265102542937
[Wed Dec 03 13:33:08.209053 2014] [mpm_winnt:warn] [pid 2748:tid 1984] (OS 64)The specified network name is no longer available.  : AH00341: winnt_accept: Asynchronous AcceptEx failed.
[Wed Dec 03 13:33:33.200297 2014] [mpm_winnt:warn] [pid 2748:tid 1984] (OS 64)The specified network name is no longer available.  : AH00341: winnt_accept: Asynchronous AcceptEx failed.
[Wed Dec 03 13:55:47.112840 2014] [proxy_http:error] [pid 2748:tid 1820] (OS 10054)An existing connection was forcibly closed by the remote host.  : [client 201.245.192.253:57524] AH01102: error reading status line from remote server 172.22.1.31:80, referer: http://190.27.245.106/isolucionsda/FrameSetGeneral.asp?Pagina1=FrameSetGeneral.asp&
[Wed Dec 03 13:55:47.112840 2014] [proxy:error] [pid 2748:tid 1820] [client 201.245.192.253:57524] AH00898: Error reading from remote server returned by /isolucionsda/BarraTitulos.asp, referer: http://190.27.245.106/isolucionsda/FrameSetGeneral.asp?Pagina1=FrameSetGeneral.asp&
[Wed Dec 03 14:12:55.529046 2014] [proxy_http:error] [pid 2748:tid 1584] (OS 10054)An existing connection was forcibly closed by the remote host.  : [client 201.245.192.253:59577] AH01102: error reading status line from remote server 172.22.1.31:80, referer: http://190.27.245.106/isolucionsda/Encabezado.asp?Pagina1=FrameSetGeneral.asp&&Pagina=MagazinHome.asp
[Wed Dec 03 14:27:55.559027 2014] [proxy_http:error] [pid 2748:tid 1820] (OS 10054)An existing connection was forcibly closed by the remote host.  : [client 201.245.192.253:49027] AH01102: error reading status line from remote server 172.22.1.31:80
[Wed Dec 03 14:27:55.559027 2014] [proxy:error] [pid 2748:tid 1820] [client 201.245.192.253:49027] AH00898: Error reading from remote server returned by /isolucionsda/g/Bot_MejoramientoOver_ESP.jpg
[Wed Dec 03 14:36:58.361981 2014] [proxy_http:error] [pid 2748:tid 1688] (OS 10054)An existing connection was forcibly closed by the remote host.  : [client 201.245.192.253:58517] AH01102: error reading status line from remote server 172.22.1.31:80, referer: http://190.27.245.106/isolucionsda/Encabezado.asp?Pagina=ListadoMaestroDocumentos3.asp
[Wed Dec 03 14:36:58.361981 2014] [proxy:error] [pid 2748:tid 1688] [client 201.245.192.253:58517] AH00898: Error reading from remote server returned by /isolucionsda/FrameSetGeneral.asp, referer: http://190.27.245.106/isolucionsda/Encabezado.asp?Pagina=ListadoMaestroDocumentos3.asp
[Wed Dec 03 14:38:03.913296 2014] [proxy_http:error] [pid 2748:tid 1620] (OS 10054)An existing connection was forcibly closed by the remote host.  : [client 201.245.192.253:59630] AH01102: error reading status line from remote server 172.22.1.31:80, referer: http://190.27.245.106/isolucionsda/FrameSetGeneral.asp?Pagina1=FrameSetGeneral.asp&
[Wed Dec 03 14:38:03.913296 2014] [proxy:error] [pid 2748:tid 1620] [client 201.245.192.253:59630] AH00898: Error reading from remote server returned by /isolucionsda/BarraTitulos.asp, referer: http://190.27.245.106/isolucionsda/FrameSetGeneral.asp?Pagina1=FrameSetGeneral.asp&
[Wed Dec 03 14:39:58.542297 2014] [proxy_http:error] [pid 2748:tid 1644] (OS 10054)An existing connection was forcibly closed by the remote host.  : [client 201.245.192.253:49384] AH01102: error reading status line from remote server 172.22.1.31:80, referer: http://190.27.245.106/isolucionsda/FrameSetGeneral.asp?Pagina=Menu.asp&IdModulo=7
[Wed Dec 03 14:39:58.542297 2014] [proxy:error] [pid 2748:tid 1644] [client 201.245.192.253:49384] AH00898: Error reading from remote server returned by /isolucionsda/BarraFavoritos.asp, referer: http://190.27.245.106/isolucionsda/FrameSetGeneral.asp?Pagina=Menu.asp&IdModulo=7
[Wed Dec 03 14:51:52.352751 2014] [proxy_http:error] [pid 2748:tid 1748] (OS 10054)An existing connection was forcibly closed by the remote host.  : [client 201.245.192.253:48868] AH01102: error reading status line from remote server 172.22.1.31:80, referer: http://190.27.245.106/isolucionsda/FrameSetGeneral.asp?Pagina=ListadoMaestroDocumentos3.asp
[Wed Dec 03 14:58:33.320255 2014] [proxy_http:error] [pid 2748:tid 1816] (OS 10054)An existing connection was forcibly closed by the remote host.  : [client 201.245.192.253:54838] AH01102: error reading status line from remote server 172.22.1.31:80, referer: http://190.27.245.106/isolucionsda/FrameSetGeneral.asp?Pagina=Menu.asp&IdModulo=7
[Wed Dec 03 14:58:33.320255 2014] [proxy:error] [pid 2748:tid 1816] [client 201.245.192.253:54838] AH00898: Error reading from remote server returned by /isolucionsda/Menu.asp, referer: http://190.27.245.106/isolucionsda/FrameSetGeneral.asp?Pagina=Menu.asp&IdModulo=7
[Wed Dec 03 15:01:35.263375 2014] [proxy_http:error] [pid 2748:tid 1620] (20014)Internal error: [client 201.245.192.253:58082] AH01102: error reading status line from remote server 172.22.1.47:80, referer: http://190.27.245.106/forest/buscar.do
[Wed Dec 03 15:03:54.415619 2014] [proxy_http:error] [pid 2748:tid 1620] (OS 10054)An existing connection was forcibly closed by the remote host.  : [client 201.245.192.253:48115] AH01102: error reading status line from remote server 172.22.1.31:80, referer: http://190.27.245.106/isolucionsda/FrameSetGeneral.asp?Pagina1=FrameSetGeneral.asp&
[Wed Dec 03 15:03:56.006822 2014] [proxy_http:error] [pid 2748:tid 1788] (OS 10054)An existing connection was forcibly closed by the remote host.  : [client 201.245.192.253:48155] AH01102: error reading status line from remote server 172.22.1.31:80, referer: http://190.27.245.106/isolucionsda/FrameSetGeneral.asp?Pagina=Menu.asp&IdModulo=4
[Wed Dec 03 15:03:56.006822 2014] [proxy:error] [pid 2748:tid 1788] [client 201.245.192.253:48155] AH00898: Error reading from remote server returned by /isolucionsda/BarraTitulos.asp, referer: http://190.27.245.106/isolucionsda/FrameSetGeneral.asp?Pagina=Menu.asp&IdModulo=4
[Wed Dec 03 15:14:25.889128 2014] [proxy_http:error] [pid 2748:tid 1556] (20014)Internal error: [client 201.245.192.253:58389] AH01102: error reading status line from remote server 172.22.1.47:80, referer: http://190.27.245.106/forest/index2.jsp?_a=0.9647832987830043
[Wed Dec 03 15:15:23.578030 2014] [proxy_http:error] [pid 2748:tid 1864] (20014)Internal error: [client 201.245.192.253:59304] AH01102: error reading status line from remote server 172.22.1.47:80, referer: http://190.27.245.106/forest/index2.jsp?group_system_actual=5&a=0.7906821232754737
[Wed Dec 03 15:16:54.371189 2014] [proxy_http:error] [pid 2748:tid 1704] (20014)Internal error: [client 201.245.192.253:48431] AH01102: error reading status line from remote server 172.22.1.47:80, referer: http://190.27.245.106/forest/index2.jsp?group_system_actual=5&a=0.6013928079046309
[Wed Dec 03 15:16:59.316398 2014] [proxy_http:error] [pid 2748:tid 1660] (20014)Internal error: [client 201.245.192.253:48553] AH01102: error reading status line from remote server 172.22.1.47:80, referer: http://190.27.245.106/forest/reportes.do?menu=1&group_system_actual=5
[Wed Dec 03 15:23:04.092839 2014] [proxy_http:error] [pid 2748:tid 1776] (20014)Internal error: [client 201.245.192.253:55058] AH01102: error reading status line from remote server 172.22.1.47:80, referer: http://190.27.245.106/forest/index2.jsp?_a=0.9647832987830043
[Wed Dec 03 15:29:14.952290 2014] [proxy_http:error] [pid 2748:tid 1476] (20014)Internal error: [client 201.245.192.253:48266] AH01102: error reading status line from remote server 172.22.1.47:80, referer: http://190.27.245.106/forest/index2.jsp?a=0.389885001159329
[Wed Dec 03 15:30:56.196468 2014] [proxy_http:error] [pid 2748:tid 1700] (20014)Internal error: [client 201.245.192.253:49959] AH01102: error reading status line from remote server 172.22.1.47:80
[Wed Dec 03 15:30:56.196468 2014] [proxy:error] [pid 2748:tid 1700] [client 201.245.192.253:49959] AH00898: Error reading from remote server returned by /forest/js/json3.js
[Wed Dec 03 15:42:24.781677 2014] [mpm_winnt:warn] [pid 2748:tid 1984] (OS 64)The specified network name is no longer available.  : AH00341: winnt_accept: Asynchronous AcceptEx failed.
[Wed Dec 03 15:45:33.885209 2014] [proxy_http:error] [pid 2748:tid 1652] (20014)Internal error: [client 201.245.192.253:51362] AH01102: error reading status line from remote server 172.22.1.47:80, referer: http://190.27.245.106/forest/usutareas.do?group_system_actual=3&codTraEsc=17029186&_a=0.4731946693157857
[Wed Dec 03 15:45:33.932009 2014] [proxy_http:error] [pid 2748:tid 1652] (20014)Internal error: [client 201.245.192.253:51370] AH01102: error reading status line from remote server 172.22.1.47:80, referer: http://190.27.245.106/forest/usutareas.do?group_system_actual=3&codTraEsc=17029186&_a=0.4731946693157857
[Wed Dec 03 15:45:33.932009 2014] [proxy:error] [pid 2748:tid 1652] [client 201.245.192.253:51370] AH00898: Error reading from remote server returned by /forest/actions/forms.getMappedValues, referer: http://190.27.245.106/forest/usutareas.do?group_system_actual=3&codTraEsc=17029186&_a=0.4731946693157857
[Wed Dec 03 15:45:33.932009 2014] [negotiation:error] [pid 2748:tid 1652] [client 201.245.192.253:51370] AH00690: no acceptable variant: E:/nuevo/apache/error/HTTP_BAD_GATEWAY.html.var, referer: http://190.27.245.106/forest/usutareas.do?group_system_actual=3&codTraEsc=17029186&_a=0.4731946693157857
[Wed Dec 03 15:48:13.723090 2014] [proxy_http:error] [pid 2748:tid 1800] (20014)Internal error: [client 201.245.192.253:53185] AH01102: error reading status line from remote server 172.22.1.47:80, referer: http://190.27.245.106/forest/index2.jsp?_a=0.4010750921443105
[Wed Dec 03 15:48:40.945138 2014] [proxy_http:error] [pid 2748:tid 1704] (20014)Internal error: [client 201.245.192.253:53498] AH01102: error reading status line from remote server 172.22.1.47:80, referer: http://190.27.245.106/forest/index2.jsp?_a=0.5951845711097121
[Wed Dec 03 15:48:46.420747 2014] [proxy_http:error] [pid 2748:tid 1704] (20014)Internal error: [client 201.245.192.253:53533] AH01102: error reading status line from remote server 172.22.1.47:80, referer: http://190.27.245.106/forest/usutareas.do?group_system_actual=3&a=0.9878520083877584
[Wed Dec 03 15:49:31.894827 2014] [proxy_http:error] [pid 2748:tid 1852] (20014)Internal error: [client 201.245.192.253:54294] AH01102: error reading status line from remote server 172.22.1.47:80, referer: http://190.27.245.106/forest/index2.jsp?a=0.1356602151571591
[Wed Dec 03 15:51:42.030256 2014] [proxy_http:error] [pid 2748:tid 1692] (OS 10054)An existing connection was forcibly closed by the remote host.  : [client 201.245.192.253:56097] AH01102: error reading status line from remote server 172.22.1.31:80, referer: http://190.27.245.106/isolucionsda/FrameSetGeneral.asp?Pagina=Menu.asp&IdModulo=7
[Wed Dec 03 15:51:42.030256 2014] [proxy:error] [pid 2748:tid 1692] [client 201.245.192.253:56097] AH00898: Error reading from remote server returned by /isolucionsda/Menu.asp, referer: http://190.27.245.106/isolucionsda/FrameSetGeneral.asp?Pagina=Menu.asp&IdModulo=7
[Wed Dec 03 15:51:43.699459 2014] [proxy_http:error] [pid 2748:tid 1800] (OS 10054)An existing connection was forcibly closed by the remote host.  : [client 201.245.192.253:56095] AH01102: error reading status line from remote server 172.22.1.31:80, referer: http://190.27.245.106/isolucionsda/FrameSetGeneral.asp?Pagina=Menu.asp&IdModulo=7
[Wed Dec 03 16:01:33.552095 2014] [mpm_winnt:warn] [pid 2748:tid 1984] (OS 64)The specified network name is no longer available.  : AH00341: winnt_accept: Asynchronous AcceptEx failed.
[Wed Dec 03 16:07:09.171084 2014] [proxy_http:error] [pid 2748:tid 1748] (20014)Internal error: [client 201.245.192.253:58150] AH01102: error reading status line from remote server 172.22.1.47:80
[Wed Dec 03 16:07:09.171084 2014] [proxy:error] [pid 2748:tid 1748] [client 201.245.192.253:58150] AH00898: Error reading from remote server returned by /forest/1ibre/jscalendar/calendar.js
[Wed Dec 03 16:10:22.861025 2014] [proxy_http:error] [pid 2748:tid 1748] (OS 10054)An existing connection was forcibly closed by the remote host.  : [client 201.245.192.253:48517] AH01102: error reading status line from remote server 172.22.1.31:80, referer: http://190.27.245.106/isolucionsda/FrameSetGeneral.asp?Pagina=ListadoMaestroDocumentos3.asp
[Wed Dec 03 16:10:22.861025 2014] [proxy:error] [pid 2748:tid 1748] [client 201.245.192.253:48517] AH00898: Error reading from remote server returned by /isolucionsda/BarraTitulos.asp, referer: http://190.27.245.106/isolucionsda/FrameSetGeneral.asp?Pagina=ListadoMaestroDocumentos3.asp
[Wed Dec 03 16:10:22.861025 2014] [proxy_http:error] [pid 2748:tid 1776] (OS 10054)An existing connection was forcibly closed by the remote host.  : [client 201.245.192.253:48518] AH01102: error reading status line from remote server 172.22.1.31:80, referer: http://190.27.245.106/isolucionsda/FrameSetGeneral.asp?Pagina=ListadoMaestroDocumentos3.asp
[Wed Dec 03 16:10:22.861025 2014] [proxy:error] [pid 2748:tid 1776] [client 201.245.192.253:48518] AH00898: Error reading from remote server returned by /isolucionsda/BarraFavoritos.asp, referer: http://190.27.245.106/isolucionsda/FrameSetGeneral.asp?Pagina=ListadoMaestroDocumentos3.asp
[Wed Dec 03 16:22:43.786326 2014] [mpm_winnt:warn] [pid 2748:tid 1984] (OS 64)The specified network name is no longer available.  : AH00341: winnt_accept: Asynchronous AcceptEx failed.
[Wed Dec 03 16:24:50.520949 2014] [proxy_http:error] [pid 2748:tid 1668] (20014)Internal error: [client 201.245.192.253:50092] AH01102: error reading status line from remote server 172.22.1.47:80, referer: http://190.27.245.106/forest/usutareas.do?group_system_actual=3&codTraEsc=16901773&_a=0.07227266495447571
[Wed Dec 03 16:24:50.520949 2014] [proxy:error] [pid 2748:tid 1668] [client 201.245.192.253:50092] AH00898: Error reading from remote server returned by /forest/session.jsp, referer: http://190.27.245.106/forest/usutareas.do?group_system_actual=3&codTraEsc=16901773&_a=0.07227266495447571
[Wed Dec 03 16:24:50.520949 2014] [negotiation:error] [pid 2748:tid 1668] [client 201.245.192.253:50092] AH00690: no acceptable variant: E:/nuevo/apache/error/HTTP_BAD_GATEWAY.html.var, referer: http://190.27.245.106/forest/usutareas.do?group_system_actual=3&codTraEsc=16901773&_a=0.07227266495447571
[Wed Dec 03 16:28:23.102522 2014] [proxy_http:error] [pid 2748:tid 1776] (20014)Internal error: [client 172.22.2.1:52614] AH01102: error reading status line from remote server 172.22.1.47:80, referer: http://190.27.245.106/forest/index2.jsp?a=0.23574245424050333
[Wed Dec 03 16:35:47.094902 2014] [proxy_http:error] [pid 2748:tid 1700] (20014)Internal error: [client 201.245.192.253:49972] AH01102: error reading status line from remote server 172.22.1.47:80, referer: http://190.27.245.106/forest/index2.jsp?_a=0.7942150882445276
[Wed Dec 03 16:35:53.943314 2014] [proxy_http:error] [pid 2748:tid 1760] (OS 10054)An existing connection was forcibly closed by the remote host.  : [client 201.245.192.253:49983] AH01102: error reading status line from remote server 172.22.1.31:80, referer: http://190.27.245.106/isolucionsda/BancoConocimiento/A/AdministraciondeExpedientes__v6/AdministraciondeExpedientes__v6.asp?IdArticulo=5523
[Wed Dec 03 16:56:57.108732 2014] [proxy_http:error] [pid 2748:tid 1644] (OS 10054)An existing connection was forcibly closed by the remote host.  : [client 201.245.192.253:48154] AH01102: error reading status line from remote server 172.22.1.31:80, referer: http://190.27.245.106/isolucionsda/FrameSetGeneral.asp?Pagina=Menu.asp&IdModulo=7
[Wed Dec 03 16:56:57.108732 2014] [proxy:error] [pid 2748:tid 1644] [client 201.245.192.253:48154] AH00898: Error reading from remote server returned by /isolucionsda/BarraTitulos.asp, referer: http://190.27.245.106/isolucionsda/FrameSetGeneral.asp?Pagina=Menu.asp&IdModulo=7
[Wed Dec 03 18:33:08.046469 2014] [mpm_winnt:warn] [pid 2748:tid 1984] (OS 64)The specified network name is no longer available.  : AH00341: winnt_accept: Asynchronous AcceptEx failed.
[Wed Dec 03 19:19:21.936141 2014] [mpm_winnt:warn] [pid 2748:tid 1984] (OS 64)The specified network name is no longer available.  : AH00341: winnt_accept: Asynchronous AcceptEx failed.
[Wed Dec 03 19:19:46.942985 2014] [mpm_winnt:warn] [pid 2748:tid 1984] (OS 64)The specified network name is no longer available.  : AH00341: winnt_accept: Asynchronous AcceptEx failed.
[Wed Dec 03 21:02:26.805004 2014] [mpm_winnt:warn] [pid 2748:tid 1984] (OS 64)The specified network name is no longer available.  : AH00341: winnt_accept: Asynchronous AcceptEx failed.
[Wed Dec 03 21:02:51.796248 2014] [mpm_winnt:warn] [pid 2748:tid 1984] (OS 64)The specified network name is no longer available.  : AH00341: winnt_accept: Asynchronous AcceptEx failed.
[Wed Dec 03 21:34:06.233141 2014] [mpm_winnt:warn] [pid 2748:tid 1984] (OS 64)The specified network name is no longer available.  : AH00341: winnt_accept: Asynchronous AcceptEx failed.
[Wed Dec 03 21:34:31.239984 2014] [mpm_winnt:warn] [pid 2748:tid 1984] (OS 64)The specified network name is no longer available.  : AH00341: winnt_accept: Asynchronous AcceptEx failed.
[Wed Dec 03 22:17:20.348097 2014] [mpm_winnt:warn] [pid 2748:tid 1984] (OS 64)The specified network name is no longer available.  : AH00341: winnt_accept: Asynchronous AcceptEx failed.
[Wed Dec 03 22:17:45.354941 2014] [mpm_winnt:warn] [pid 2748:tid 1984] (OS 64)The specified network name is no longer available.  : AH00341: winnt_accept: Asynchronous AcceptEx failed.
[Wed Dec 03 22:30:21.581869 2014] [mpm_winnt:warn] [pid 2748:tid 1984] (OS 64)The specified network name is no longer available.  : AH00341: winnt_accept: Asynchronous AcceptEx failed.
[Wed Dec 03 23:47:19.037980 2014] [mpm_winnt:warn] [pid 2748:tid 1984] (OS 64)The specified network name is no longer available.  : AH00341: winnt_accept: Asynchronous AcceptEx failed.
[Wed Dec 03 23:48:35.649714 2014] [proxy_http:error] [pid 2748:tid 1468] (OS 10054)An existing connection was forcibly closed by the remote host.  : [client 186.86.108.117:59346] AH01102: error reading status line from remote server 172.22.1.31:80, referer: http://190.27.245.106/isolucionsda/IdentificaUsuario.asp?Pagina1=FrameSetGeneral.asp&
[Wed Dec 03 23:48:35.665314 2014] [proxy:error] [pid 2748:tid 1468] [client 186.86.108.117:59346] AH00898: Error reading from remote server returned by /isolucionsda/g/Img_DivBarraSup.jpg, referer: http://190.27.245.106/isolucionsda/IdentificaUsuario.asp?Pagina1=FrameSetGeneral.asp&
[Wed Dec 03 23:48:35.665314 2014] [proxy_http:error] [pid 2748:tid 1664] (OS 10054)An existing connection was forcibly closed by the remote host.  : [client 186.86.108.117:59347] AH01102: error reading status line from remote server 172.22.1.31:80, referer: http://190.27.245.106/isolucionsda/IdentificaUsuario.asp?Pagina1=FrameSetGeneral.asp&
[Wed Dec 03 23:48:35.665314 2014] [proxy:error] [pid 2748:tid 1664] [client 186.86.108.117:59347] AH00898: Error reading from remote server returned by /isolucionsda/g/Bgr_BarraSuperior.jpg, referer: http://190.27.245.106/isolucionsda/IdentificaUsuario.asp?Pagina1=FrameSetGeneral.asp&

:: Command execute ::

Enter:
 
Select:
 

:: Search ::
regexp 

:: Upload ::
 
[ ok ]

:: Make Dir ::
 
[ ok ]
:: Make File ::
 
[ ok ]

:: Go Dir ::
 
:: Go File ::
 

--[ c99shell v. 1.0 pre-release build #13 powered by Captain Crunch Security Team | http://ccteam.ru | Generation time: 0.0468 ]--