!C99Shell v. 1.0 pre-release build #13!

Software: Apache. PHP/5.5.15 

uname -a: Windows NT SVR-DMZ 6.1 build 7600 (Windows Server 2008 R2 Enterprise Edition) i586 

SYSTEM 

Safe-mode: OFF (not secure)

E:\nuevo\apache\logs\   drwxrwxrwx
Free 5.02 GB of 239.26 GB (2.1%)
Detected drives: [ a ] [ c ] [ d ] [ e ] [ f ]
Home    Back    Forward    UPDIR    Refresh    Search    Buffer    Encoder    Tools    Proc.    FTP brute    Sec.    SQL    PHP-code    Update    Feedback    Self remove    Logout    


Viewing file:     error.2014.12.10.log (64.5 KB)      -rw-rw-rw-
Select action/file-type:
(+) | (+) | (+) | Code (+) | Session (+) | (+) | SDB (+) | (+) | (+) | (+) | (+) | (+) |
[Wed Dec 10 00:11:44.049770 2014] [:error] [pid 2748:tid 1728] [client 119.93.83.142:23516] script 'E:/nuevo/htdocs/xmlrpc.php' not found or unable to stat
[Wed Dec 10 00:25:51.912259 2014] [:error] [pid 2748:tid 1444] [client 115.134.212.154:53844] script 'E:/nuevo/htdocs/xmlrpc.php' not found or unable to stat
[Wed Dec 10 01:27:16.844531 2014] [:error] [pid 2748:tid 1728] [client 175.116.67.88:4840] script 'E:/nuevo/htdocs/xmlrpc.php' not found or unable to stat
[Wed Dec 10 01:58:28.473419 2014] [mpm_winnt:warn] [pid 2748:tid 1984] (OS 64)The specified network name is no longer available.  : AH00341: winnt_accept: Asynchronous AcceptEx failed.
[Wed Dec 10 02:00:17.346010 2014] [:error] [pid 2748:tid 1616] [client 188.86.136.209:51204] script 'E:/nuevo/htdocs/xmlrpc.php' not found or unable to stat
[Wed Dec 10 02:09:43.394004 2014] [:error] [pid 2748:tid 1872] [client 95.94.27.145:55858] script 'E:/nuevo/htdocs/xmlrpc.php' not found or unable to stat
[Wed Dec 10 02:28:14.818956 2014] [:error] [pid 2748:tid 1700] [client 82.8.142.118:56694] script 'E:/nuevo/htdocs/xmlrpc.php' not found or unable to stat
[Wed Dec 10 02:55:30.622229 2014] [:error] [pid 2748:tid 1660] [client 190.139.156.176:58462] script 'E:/nuevo/htdocs/xmlrpc.php' not found or unable to stat
[Wed Dec 10 03:07:07.070853 2014] [core:error] [pid 2748:tid 1700] (22)Invalid argument: [client 180.76.5.168:64108] AH00127: Cannot map GET /Autoliquidacion/Solicitud%20de%20expedici%F3n%20de%20certificados%20de%20estado%20de%20conservaci%F3n%20ambiental%20(CECA)/Aplicativo%20liquidador%202014%20-%20CECA%20MADF.xlsx HTTP/1.1 to file
[Wed Dec 10 03:09:40.762323 2014] [core:error] [pid 2748:tid 1700] (22)Invalid argument: [client 180.76.6.130:26891] AH00127: Cannot map GET /Autoliquidacion/Solicitud%20de%20expedici%F3n%20de%20certificados%20de%20estado%20de%20conservaci%F3n%20ambiental%20(CECA)/Formulario%20de%20solicitud%20de%20CECAS.pdf HTTP/1.1 to file
[Wed Dec 10 03:20:08.492825 2014] [:error] [pid 2748:tid 1728] [client 122.54.225.172:49630] script 'E:/nuevo/htdocs/xmlrpc.php' not found or unable to stat
[Wed Dec 10 04:39:04.663144 2014] [mpm_winnt:warn] [pid 2748:tid 1984] (OS 64)The specified network name is no longer available.  : AH00341: winnt_accept: Asynchronous AcceptEx failed.
[Wed Dec 10 04:45:44.055045 2014] [:error] [pid 2748:tid 1728] [client 49.150.50.243:53116] script 'E:/nuevo/htdocs/xmlrpc.php' not found or unable to stat
[Wed Dec 10 04:55:50.491511 2014] [mpm_winnt:warn] [pid 2748:tid 1984] (OS 64)The specified network name is no longer available.  : AH00341: winnt_accept: Asynchronous AcceptEx failed.
[Wed Dec 10 05:13:10.000337 2014] [:error] [pid 2748:tid 1732] [client 66.249.67.127:55875] script 'E:/nuevo/htdocs/emsproxy.php' not found or unable to stat
[Wed Dec 10 05:18:32.515303 2014] [core:error] [pid 2748:tid 1776] (22)Invalid argument: [client 100.43.85.25:36053] AH00127: Cannot map GET /portalsiaccapacitaciones/Listas%20de%20Asistencia%202013/Lista%20de%20Asistencia%20Capacitaci%F3n%20Huella%20de%20Carbono%2018-06-2013.pdf HTTP/1.1 to file
[Wed Dec 10 05:49:04.021920 2014] [:error] [pid 2748:tid 1492] [client 187.11.156.5:49871] script 'E:/nuevo/htdocs/xmlrpc.php' not found or unable to stat
[Wed Dec 10 05:50:02.568823 2014] [:error] [pid 2748:tid 1492] [client 89.142.148.53:50965] script 'E:/nuevo/htdocs/xmlrpc.php' not found or unable to stat
[Wed Dec 10 07:35:03.018289 2014] [:error] [pid 2748:tid 1472] [client 210.155.219.112:61541] script 'E:/nuevo/htdocs/xmlrpc.php' not found or unable to stat
[Wed Dec 10 07:39:03.820312 2014] [:error] [pid 2748:tid 1852] [client 83.57.33.201:62832] script 'E:/nuevo/htdocs/xmlrpc.php' not found or unable to stat
[Wed Dec 10 07:42:44.591900 2014] [:error] [pid 2748:tid 1496] [client 196.214.151.169:53426] script 'E:/nuevo/htdocs/xmlrpc.php' not found or unable to stat
[Wed Dec 10 07:44:21.904871 2014] [:error] [pid 2748:tid 1496] [client 125.209.123.254:59182] script 'E:/nuevo/htdocs/xmlrpc.php' not found or unable to stat
[Wed Dec 10 07:51:46.350651 2014] [core:error] [pid 2748:tid 1472] (22)Invalid argument: [client 100.43.85.25:58380] AH00127: Cannot map GET /portalsiaccapacitaciones/Listas%20de%20Asistencia%202013/Lista%20de%20Asistencia%20Capacitaci%F3n%20Residuos%20Peligrosos%2023-05-2013.pdf HTTP/1.1 to file
[Wed Dec 10 07:52:36.707540 2014] [proxy_http:error] [pid 2748:tid 1852] (OS 10054)An existing connection was forcibly closed by the remote host.  : [client 201.184.148.22:49605] AH01102: error reading status line from remote server 172.22.1.31:80, referer: http://190.27.245.106/isolucionsda/FrameSetArticulo.asp?Pagina=/isolucionsda/bancoconocimiento/A/Anexo4_ModelodeInformederesultadosnivelIACERCAR_v8_0/Anexo4_ModelodeInformederesultadosnivelIACERCAR_v8_0.asp?IdArticulo=7325
[Wed Dec 10 07:52:36.707540 2014] [proxy:error] [pid 2748:tid 1852] [client 201.184.148.22:49605] AH00898: Error reading from remote server returned by /isolucionsda/bancoconocimiento/A/Anexo4_ModelodeInformederesultadosnivelIACERCAR_v8_0/Anexo4_ModelodeInformederesultadosnivelIACERCAR_v8_0.asp, referer: http://190.27.245.106/isolucionsda/FrameSetArticulo.asp?Pagina=/isolucionsda/bancoconocimiento/A/Anexo4_ModelodeInformederesultadosnivelIACERCAR_v8_0/Anexo4_ModelodeInformederesultadosnivelIACERCAR_v8_0.asp?IdArticulo=7325
[Wed Dec 10 08:04:18.240772 2014] [:error] [pid 2748:tid 1884] [client 208.50.124.34:50619] script 'E:/nuevo/htdocs/xmlrpc.php' not found or unable to stat
[Wed Dec 10 08:11:28.973129 2014] [proxy_http:error] [pid 2748:tid 1668] (OS 10054)An existing connection was forcibly closed by the remote host.  : [client 201.245.192.253:49457] AH01102: error reading status line from remote server 172.22.1.31:80, referer: http://www.ambientebogota.gov.co/web/intranet/aplicaciones-para-acceder-fuera-de-la-sda
[Wed Dec 10 08:11:28.973129 2014] [proxy:error] [pid 2748:tid 1668] [client 201.245.192.253:49457] AH00898: Error reading from remote server returned by /isolucionsda/, referer: http://www.ambientebogota.gov.co/web/intranet/aplicaciones-para-acceder-fuera-de-la-sda
[Wed Dec 10 08:25:14.604579 2014] [cgi:error] [pid 2748:tid 1860] [client 50.28.33.253:57516] script not found or unable to stat: E:/nuevo/cgi-bin/id.cgi
[Wed Dec 10 08:28:57.529970 2014] [proxy_http:error] [pid 2748:tid 1816] (OS 10054)An existing connection was forcibly closed by the remote host.  : [client 201.245.192.253:48380] AH01102: error reading status line from remote server 172.22.1.31:80, referer: http://190.27.245.106/isolucionsda/Encabezado.asp?Pagina=ListadoMaestroDocumentos3.asp
[Wed Dec 10 08:28:57.529970 2014] [proxy:error] [pid 2748:tid 1816] [client 201.245.192.253:48380] AH00898: Error reading from remote server returned by /isolucionsda/FrameSetGeneral.asp, referer: http://190.27.245.106/isolucionsda/Encabezado.asp?Pagina=ListadoMaestroDocumentos3.asp
[Wed Dec 10 08:41:37.548705 2014] [proxy_http:error] [pid 2748:tid 1464] (OS 10054)An existing connection was forcibly closed by the remote host.  : [client 201.245.192.253:57886] AH01102: error reading status line from remote server 172.22.1.31:80
[Wed Dec 10 08:41:37.548705 2014] [proxy:error] [pid 2748:tid 1464] [client 201.245.192.253:57886] AH00898: Error reading from remote server returned by /isolucionsda/g/Bot_MeciOver_ESP.jpg
[Wed Dec 10 08:44:23.236596 2014] [negotiation:error] [pid 2748:tid 1776] [client 200.4.25.109:56756] AH00690: no acceptable variant: E:/nuevo/apache/error/HTTP_NOT_FOUND.html.var, referer: http://190.27.245.106/sia/
[Wed Dec 10 08:44:23.283396 2014] [negotiation:error] [pid 2748:tid 1776] [client 200.4.25.109:56756] AH00690: no acceptable variant: E:/nuevo/apache/error/HTTP_NOT_FOUND.html.var, referer: http://190.27.245.106/sia/
[Wed Dec 10 08:44:23.330197 2014] [negotiation:error] [pid 2748:tid 1776] [client 200.4.25.109:56756] AH00690: no acceptable variant: E:/nuevo/apache/error/HTTP_NOT_FOUND.html.var, referer: http://190.27.245.106/sia/
[Wed Dec 10 08:44:23.330197 2014] [negotiation:error] [pid 2748:tid 1716] [client 200.4.25.109:54602] AH00690: no acceptable variant: E:/nuevo/apache/error/HTTP_NOT_FOUND.html.var, referer: http://190.27.245.106/sia/
[Wed Dec 10 08:49:22.866323 2014] [proxy_http:error] [pid 2748:tid 1620] (OS 10054)An existing connection was forcibly closed by the remote host.  : [client 190.26.72.204:24157] AH01102: error reading status line from remote server 172.22.1.31:80
[Wed Dec 10 08:49:22.866323 2014] [proxy:error] [pid 2748:tid 1620] [client 190.26.72.204:24157] AH00898: Error reading from remote server returned by /isolucionsda/
[Wed Dec 10 08:51:53.032186 2014] [proxy_http:error] [pid 2748:tid 1448] (OS 10054)An existing connection was forcibly closed by the remote host.  : [client 200.21.21.42:49435] AH01102: error reading status line from remote server 172.22.1.31:80, referer: http://190.27.245.106/isolucionsda/FrameSetGeneral.asp?Pagina1=FrameSetGeneral.asp&
[Wed Dec 10 08:51:53.032186 2014] [proxy:error] [pid 2748:tid 1448] [client 200.21.21.42:49435] AH00898: Error reading from remote server returned by /isolucionsda/BarraFavoritos.asp, referer: http://190.27.245.106/isolucionsda/FrameSetGeneral.asp?Pagina1=FrameSetGeneral.asp&
[Wed Dec 10 08:51:53.172587 2014] [proxy_http:error] [pid 2748:tid 1448] (OS 10054)An existing connection was forcibly closed by the remote host.  : [client 200.21.21.42:49435] AH01102: error reading status line from remote server 172.22.1.31:80, referer: http://190.27.245.106/isolucionsda/Encabezado.asp?Pagina1=FrameSetGeneral.asp&&Pagina=MagazinHome.asp
[Wed Dec 10 09:03:15.782986 2014] [mpm_winnt:warn] [pid 2748:tid 1984] (OS 64)The specified network name is no longer available.  : AH00341: winnt_accept: Asynchronous AcceptEx failed.
[Wed Dec 10 09:04:17.995895 2014] [proxy_http:error] [pid 2748:tid 1620] (OS 10054)An existing connection was forcibly closed by the remote host.  : [client 201.245.192.253:50519] AH01102: error reading status line from remote server 172.22.1.31:80, referer: http://190.27.245.106/isolucionsda/Encabezado.asp?Pagina=ListadoMaestroDocumentos3.asp
[Wed Dec 10 09:04:17.995895 2014] [proxy:error] [pid 2748:tid 1620] [client 201.245.192.253:50519] AH00898: Error reading from remote server returned by /isolucionsda/FrameSetGeneral.asp, referer: http://190.27.245.106/isolucionsda/Encabezado.asp?Pagina=ListadoMaestroDocumentos3.asp
[Wed Dec 10 09:14:52.729810 2014] [proxy_http:error] [pid 2748:tid 1704] (OS 10054)An existing connection was forcibly closed by the remote host.  : [client 201.245.192.253:48100] AH01102: error reading status line from remote server 172.22.1.31:80, referer: http://190.27.245.106/isolucionsda/Encabezado.asp?Pagina=ListadoMaestroDocumentos3.asp
[Wed Dec 10 09:14:52.729810 2014] [proxy:error] [pid 2748:tid 1704] [client 201.245.192.253:48100] AH00898: Error reading from remote server returned by /isolucionsda/FrameSetGeneral.asp, referer: http://190.27.245.106/isolucionsda/Encabezado.asp?Pagina=ListadoMaestroDocumentos3.asp
[Wed Dec 10 09:14:55.709415 2014] [proxy_http:error] [pid 2748:tid 1704] (OS 10054)An existing connection was forcibly closed by the remote host.  : [client 201.245.192.253:48156] AH01102: error reading status line from remote server 172.22.1.31:80
[Wed Dec 10 09:14:55.709415 2014] [proxy:error] [pid 2748:tid 1704] [client 201.245.192.253:48156] AH00898: Error reading from remote server returned by /isolucionsda/g/Bot_Home.jpg
[Wed Dec 10 09:15:15.599450 2014] [:error] [pid 2748:tid 1584] [client 46.103.61.75:63352] script 'E:/nuevo/htdocs/xmlrpc.php' not found or unable to stat
[Wed Dec 10 09:31:58.370211 2014] [proxy_http:error] [pid 2748:tid 1480] (20014)Internal error: [client 201.245.192.253:52248] AH01102: error reading status line from remote server 172.22.1.47:80, referer: http://190.27.245.106/forest/index2.jsp?a=0.7732603084925294
[Wed Dec 10 09:32:12.909437 2014] [proxy_http:error] [pid 2748:tid 1600] (20014)Internal error: [client 186.145.39.4:53505] AH01102: error reading status line from remote server 172.22.1.47:80, referer: http://190.27.245.106/forest/buscar.do?type=documentos
[Wed Dec 10 09:37:17.235771 2014] [:error] [pid 2748:tid 1548] [client 66.249.67.115:36387] script 'E:/nuevo/htdocs/BLA/normatividad.php' not found or unable to stat
[Wed Dec 10 09:49:02.575410 2014] [:error] [pid 2748:tid 1444] [client 78.3.72.0:54496] script 'E:/nuevo/htdocs/xmlrpc.php' not found or unable to stat
[Wed Dec 10 10:02:46.225657 2014] [:error] [pid 2748:tid 1516] [client 42.118.228.18:7939] script 'E:/nuevo/htdocs/xmlrpc.php' not found or unable to stat
[Wed Dec 10 10:09:49.407600 2014] [proxy_http:error] [pid 2748:tid 1536] (20014)Internal error: [client 201.245.192.253:48654] AH01102: error reading status line from remote server 172.22.1.47:80, referer: http://190.27.245.106/forest/usutareas.do?group_system_actual=3&a=0.6836142966058105
[Wed Dec 10 10:12:54.626725 2014] [:error] [pid 2748:tid 1636] [client 59.115.156.45:51910] script 'E:/nuevo/htdocs/xmlrpc.php' not found or unable to stat
[Wed Dec 10 10:25:00.809001 2014] [proxy_http:error] [pid 2748:tid 1792] (OS 10054)An existing connection was forcibly closed by the remote host.  : [client 201.245.192.253:48986] AH01102: error reading status line from remote server 172.22.1.31:80
[Wed Dec 10 10:25:00.809001 2014] [proxy:error] [pid 2748:tid 1792] [client 201.245.192.253:48986] AH00898: Error reading from remote server returned by /isolucionsda/IdentificaUsuario.asp
[Wed Dec 10 10:25:14.147024 2014] [proxy_http:error] [pid 2748:tid 1584] (OS 10054)An existing connection was forcibly closed by the remote host.  : [client 201.245.192.253:49232] AH01102: error reading status line from remote server 172.22.1.31:80, referer: http://190.27.245.106/isolucionsda/FrameSetGeneral.asp?Pagina1=FrameSetGeneral.asp&
[Wed Dec 10 10:25:14.147024 2014] [proxy:error] [pid 2748:tid 1584] [client 201.245.192.253:49232] AH00898: Error reading from remote server returned by /isolucionsda/BarraFavoritos.asp, referer: http://190.27.245.106/isolucionsda/FrameSetGeneral.asp?Pagina1=FrameSetGeneral.asp&
[Wed Dec 10 10:25:40.027470 2014] [core:error] [pid 2748:tid 1760] (20024)The given path is misformatted or contained invalid characters: [client 66.249.83.209:65416] AH00127: Cannot map GET /galeria/carrusel/Carrusel/jquery-ui-%0A%0A1.8.13.custom.min.js HTTP/1.1 to file, referer: http://www.ambientebogota.gov.co/
[Wed Dec 10 10:34:34.313808 2014] [:error] [pid 2748:tid 1884] [client 84.123.241.97:50098] script 'E:/nuevo/htdocs/xmlrpc.php' not found or unable to stat
[Wed Dec 10 10:37:17.614895 2014] [:error] [pid 2748:tid 1780] [client 77.28.81.208:54751] script 'E:/nuevo/htdocs/xmlrpc.php' not found or unable to stat
[Wed Dec 10 10:39:10.278293 2014] [proxy_http:error] [pid 2748:tid 1704] (20014)Internal error: [client 201.245.192.253:49873] AH01102: error reading status line from remote server 172.22.1.47:80, referer: http://190.27.245.106/forest/buscar.do
[Wed Dec 10 10:39:10.340693 2014] [proxy_http:error] [pid 2748:tid 1704] (20014)Internal error: [client 201.245.192.253:49876] AH01102: error reading status line from remote server 172.22.1.47:80, referer: http://190.27.245.106/forest/buscar.do
[Wed Dec 10 10:39:10.340693 2014] [proxy:error] [pid 2748:tid 1704] [client 201.245.192.253:49876] AH00898: Error reading from remote server returned by /forest/json.do, referer: http://190.27.245.106/forest/buscar.do
[Wed Dec 10 10:39:10.340693 2014] [negotiation:error] [pid 2748:tid 1704] [client 201.245.192.253:49876] AH00690: no acceptable variant: E:/nuevo/apache/error/HTTP_BAD_GATEWAY.html.var, referer: http://190.27.245.106/forest/buscar.do
[Wed Dec 10 10:40:17.498811 2014] [:error] [pid 2748:tid 1472] [client 121.54.54.147:23837] script 'E:/nuevo/htdocs/xmlrpc.php' not found or unable to stat
[Wed Dec 10 10:41:11.459306 2014] [mpm_winnt:warn] [pid 2748:tid 1984] (OS 64)The specified network name is no longer available.  : AH00341: winnt_accept: Asynchronous AcceptEx failed.
[Wed Dec 10 10:47:08.075932 2014] [proxy_http:error] [pid 2748:tid 1832] (20014)Internal error: [client 201.245.192.253:58000] AH01102: error reading status line from remote server 172.22.1.47:80
[Wed Dec 10 10:47:08.075932 2014] [proxy:error] [pid 2748:tid 1832] [client 201.245.192.253:58000] AH00898: Error reading from remote server returned by /forest/1ibre/jscalendar/updown.gif
[Wed Dec 10 10:49:56.712228 2014] [:error] [pid 2748:tid 1444] [client 195.113.82.137:33081] script 'E:/nuevo/htdocs/xmlrpc.php' not found or unable to stat
[Wed Dec 10 10:56:50.627755 2014] [proxy_http:error] [pid 2748:tid 1616] (20014)Internal error: [client 190.184.201.174:51682] AH01102: error reading status line from remote server 172.22.1.47:80, referer: http://190.27.245.106/webfile/tramiteform.jsp?webfile=true&codForm=ESCOMBROS_ActualizacionProyecto_DatosGen&codproceso=164&tramite=3015
[Wed Dec 10 10:59:22.244422 2014] [proxy_http:error] [pid 2748:tid 1448] (OS 10060)A connection attempt failed because the connected party did not properly respond after a period of time, or established connection failed because connected host has failed to respond.  : [client 190.184.201.174:51668] AH01095: prefetch request body failed to 172.22.1.47:80 (172.22.1.47) from 190.184.201.174 (), referer: http://190.27.245.106/webfile/actividad.jsp?codTraEsc=17068883&codInst=3010533&numPro=2975289&codForm=ESCOMBROS_ActualizacionProyecto
[Wed Dec 10 11:07:32.912084 2014] [proxy_http:error] [pid 2748:tid 1476] (20014)Internal error: [client 201.245.192.253:54706] AH01102: error reading status line from remote server 172.22.1.47:80
[Wed Dec 10 11:07:32.912084 2014] [proxy:error] [pid 2748:tid 1476] [client 201.245.192.253:54706] AH00898: Error reading from remote server returned by /forest/skins/gdocs-jar/js/misprocesos.js
[Wed Dec 10 11:16:25.591619 2014] [proxy_http:error] [pid 2748:tid 1800] (20014)Internal error: [client 201.245.192.253:51273] AH01102: error reading status line from remote server 172.22.1.47:80, referer: http://190.27.245.106/forest/buscar.do?
[Wed Dec 10 11:16:25.591619 2014] [proxy:error] [pid 2748:tid 1800] [client 201.245.192.253:51273] AH00898: Error reading from remote server returned by /forest/buscar.do, referer: http://190.27.245.106/forest/buscar.do?
[Wed Dec 10 11:18:28.738235 2014] [proxy_http:error] [pid 2748:tid 1516] (OS 10054)An existing connection was forcibly closed by the remote host.  : [client 201.245.192.253:53004] AH01102: error reading status line from remote server 172.22.1.31:80
[Wed Dec 10 11:18:28.738235 2014] [proxy:error] [pid 2748:tid 1516] [client 201.245.192.253:53004] AH00898: Error reading from remote server returned by /isolucionsda/g/Bgr_BarraSuperior.jpg
[Wed Dec 10 11:21:45.345381 2014] [proxy_http:error] [pid 2748:tid 1884] (OS 10054)An existing connection was forcibly closed by the remote host.  : [client 201.245.192.253:56680] AH01102: error reading status line from remote server 172.22.1.31:80, referer: http://190.27.245.106/isolucionsda/FrameSetGeneral.asp?Pagina=Menu.asp&IdModulo=4
[Wed Dec 10 11:21:45.345381 2014] [proxy:error] [pid 2748:tid 1884] [client 201.245.192.253:56680] AH00898: Error reading from remote server returned by /isolucionsda/BarraFavoritos.asp, referer: http://190.27.245.106/isolucionsda/FrameSetGeneral.asp?Pagina=Menu.asp&IdModulo=4
[Wed Dec 10 11:22:26.825854 2014] [:error] [pid 2748:tid 1480] [client 50.13.87.194:60901] script 'E:/nuevo/htdocs/xmlrpc.php' not found or unable to stat
[Wed Dec 10 11:22:34.875468 2014] [proxy_http:error] [pid 2748:tid 1596] (20014)Internal error: [client 201.245.192.253:57608] AH01102: error reading status line from remote server 172.22.1.47:80
[Wed Dec 10 11:22:34.875468 2014] [proxy:error] [pid 2748:tid 1596] [client 201.245.192.253:57608] AH00898: Error reading from remote server returned by /forest/js/xml_utilities.js
[Wed Dec 10 11:30:30.224903 2014] [proxy_http:error] [pid 2748:tid 1468] (20014)Internal error: [client 201.245.192.253:54457] AH01102: error reading status line from remote server 172.22.1.47:80, referer: http://190.27.245.106/forest/index2.jsp?a=0.5784057389749635
[Wed Dec 10 11:34:38.608539 2014] [proxy_http:error] [pid 2748:tid 1704] (20014)Internal error: [client 201.245.192.253:58482] AH01102: error reading status line from remote server 172.22.1.47:80, referer: http://190.27.245.106/forest/usutareas.do?group_system_actual=3&a=0.2219809335656464
[Wed Dec 10 11:39:03.996205 2014] [proxy_http:error] [pid 2748:tid 1472] (OS 10054)An existing connection was forcibly closed by the remote host.  : [client 201.245.192.253:50304] AH01102: error reading status line from remote server 172.22.1.31:80, referer: http://www.ambientebogota.gov.co/web/intranet/aplicaciones-para-acceder-fuera-de-la-sda
[Wed Dec 10 11:39:05.665408 2014] [proxy_http:error] [pid 2748:tid 1868] (20014)Internal error: [client 201.245.192.253:50408] AH01102: error reading status line from remote server 172.22.1.47:80
[Wed Dec 10 11:39:05.665408 2014] [proxy:error] [pid 2748:tid 1868] [client 201.245.192.253:50408] AH00898: Error reading from remote server returned by /forest/img/forestIcon.gif
[Wed Dec 10 11:40:03.650710 2014] [proxy_http:error] [pid 2748:tid 1652] (20014)Internal error: [client 201.245.192.253:51781] AH01102: error reading status line from remote server 172.22.1.47:80, referer: http://190.27.245.106/forest/usutareas.do?group_system_actual=3&a=0.6290107329841703
[Wed Dec 10 11:40:20.654740 2014] [proxy_http:error] [pid 2748:tid 1472] (20014)Internal error: [client 190.184.201.174:51920] AH01102: error reading status line from remote server 172.22.1.47:80, referer: http://190.27.245.106/webfile/actividad.jsp?codTraEsc=17070649&codInst=3010757&numPro=2975498&codForm=ESCOMBROS_ActualizacionProyecto
[Wed Dec 10 11:41:29.981262 2014] [proxy_http:error] [pid 2748:tid 1636] (20014)Internal error: [client 201.245.192.253:53700] AH01102: error reading status line from remote server 172.22.1.47:80
[Wed Dec 10 11:41:29.981262 2014] [proxy:error] [pid 2748:tid 1636] [client 201.245.192.253:53700] AH00898: Error reading from remote server returned by /forest/img/panel/menu/add.png
[Wed Dec 10 11:41:33.350867 2014] [proxy_http:error] [pid 2748:tid 1644] (20014)Internal error: [client 201.245.192.253:53793] AH01102: error reading status line from remote server 172.22.1.47:80
[Wed Dec 10 11:41:33.350867 2014] [proxy:error] [pid 2748:tid 1644] [client 201.245.192.253:53793] AH00898: Error reading from remote server returned by /forest/skins/gdocs-jar/css/menu.css
[Wed Dec 10 11:41:33.366468 2014] [proxy_http:error] [pid 2748:tid 1608] (20014)Internal error: [client 201.245.192.253:53803] AH01102: error reading status line from remote server 172.22.1.47:80
[Wed Dec 10 11:41:33.366468 2014] [proxy:error] [pid 2748:tid 1608] [client 201.245.192.253:53803] AH00898: Error reading from remote server returned by /forest/js/jquery/grid/css/ui.jqgrid.css
[Wed Dec 10 11:41:33.382068 2014] [proxy_http:error] [pid 2748:tid 1792] (20014)Internal error: [client 201.245.192.253:53811] AH01102: error reading status line from remote server 172.22.1.47:80
[Wed Dec 10 11:41:33.382068 2014] [proxy:error] [pid 2748:tid 1792] [client 201.245.192.253:53811] AH00898: Error reading from remote server returned by /forest/js/jquery/css/jquery-ui-selectmenu.css
[Wed Dec 10 11:41:33.397668 2014] [proxy_http:error] [pid 2748:tid 1512] (20014)Internal error: [client 201.245.192.253:53813] AH01102: error reading status line from remote server 172.22.1.47:80
[Wed Dec 10 11:41:33.397668 2014] [proxy:error] [pid 2748:tid 1512] [client 201.245.192.253:53813] AH00898: Error reading from remote server returned by /forest/js/jqGridConf.js
[Wed Dec 10 11:41:34.552070 2014] [proxy_http:error] [pid 2748:tid 1608] (20014)Internal error: [client 201.245.192.253:53853] AH01102: error reading status line from remote server 172.22.1.47:80, referer: http://190.27.245.106/forest/misactividades.do?group_system_actual=3&codPro=95&_a=0.9587685400360654
[Wed Dec 10 11:41:34.552070 2014] [proxy:error] [pid 2748:tid 1608] [client 201.245.192.253:53853] AH00898: Error reading from remote server returned by /forest/misactividades.do, referer: http://190.27.245.106/forest/misactividades.do?group_system_actual=3&codPro=95&_a=0.9587685400360654
[Wed Dec 10 11:44:44.108003 2014] [proxy_http:error] [pid 2748:tid 1760] (20014)Internal error: [client 201.245.192.253:57191] AH01102: error reading status line from remote server 172.22.1.47:80
[Wed Dec 10 11:44:44.108003 2014] [proxy:error] [pid 2748:tid 1760] [client 201.245.192.253:57191] AH00898: Error reading from remote server returned by /forest/skins/gdocs-jar/css/forest.css
[Wed Dec 10 11:44:44.123603 2014] [proxy_http:error] [pid 2748:tid 1616] (20014)Internal error: [client 201.245.192.253:57195] AH01102: error reading status line from remote server 172.22.1.47:80
[Wed Dec 10 11:44:44.123603 2014] [proxy:error] [pid 2748:tid 1616] [client 201.245.192.253:57195] AH00898: Error reading from remote server returned by /forest/css/escritorio.css
[Wed Dec 10 11:44:44.139203 2014] [proxy_http:error] [pid 2748:tid 1472] (20014)Internal error: [client 201.245.192.253:57198] AH01102: error reading status line from remote server 172.22.1.47:80
[Wed Dec 10 11:44:44.139203 2014] [proxy:error] [pid 2748:tid 1472] [client 201.245.192.253:57198] AH00898: Error reading from remote server returned by /forest/skins/gdocs-jar/js/tareas.js
[Wed Dec 10 11:44:44.154803 2014] [proxy_http:error] [pid 2748:tid 1480] (20014)Internal error: [client 201.245.192.253:57204] AH01102: error reading status line from remote server 172.22.1.47:80
[Wed Dec 10 11:44:44.154803 2014] [proxy:error] [pid 2748:tid 1480] [client 201.245.192.253:57204] AH00898: Error reading from remote server returned by /forest/skins/gdocs-jar/js/swfobject.js
[Wed Dec 10 11:46:51.497826 2014] [proxy_http:error] [pid 2748:tid 1788] (20014)Internal error: [client 201.245.192.253:59178] AH01102: error reading status line from remote server 172.22.1.47:80, referer: http://190.27.245.106/forest/misactividades.do?group_system_actual=3&codPro=134&_a=0.16545287136430575
[Wed Dec 10 11:46:52.745828 2014] [proxy_http:error] [pid 2748:tid 1684] (20014)Internal error: [client 201.245.192.253:59271] AH01102: error reading status line from remote server 172.22.1.47:80, referer: http://190.27.245.106/forest/buscar.do?type=documentos
[Wed Dec 10 11:46:55.397833 2014] [proxy_http:error] [pid 2748:tid 1600] (20014)Internal error: [client 201.245.192.253:59273] AH01102: error reading status line from remote server 172.22.1.47:80, referer: http://190.27.245.106/forest/buscar.do?type=documentos
[Wed Dec 10 11:49:11.118072 2014] [proxy_http:error] [pid 2748:tid 1636] (20014)Internal error: [client 201.245.192.253:49624] AH01102: error reading status line from remote server 172.22.1.47:80
[Wed Dec 10 11:49:11.118072 2014] [proxy:error] [pid 2748:tid 1636] [client 201.245.192.253:49624] AH00898: Error reading from remote server returned by /forest/css/index.css
[Wed Dec 10 11:49:11.133672 2014] [proxy_http:error] [pid 2748:tid 1788] (20014)Internal error: [client 201.245.192.253:49628] AH01102: error reading status line from remote server 172.22.1.47:80
[Wed Dec 10 11:49:11.133672 2014] [proxy:error] [pid 2748:tid 1788] [client 201.245.192.253:49628] AH00898: Error reading from remote server returned by /forest/skins/gdocs-jar/js/autocompletar2.js
[Wed Dec 10 12:12:22.922316 2014] [proxy_http:error] [pid 2748:tid 1684] (20014)Internal error: [client 201.245.192.253:47830] AH01102: error reading status line from remote server 172.22.1.47:80
[Wed Dec 10 12:12:22.922316 2014] [proxy:error] [pid 2748:tid 1684] [client 201.245.192.253:47830] AH00898: Error reading from remote server returned by /forest/img/jquery/ui-bg_gloss-wave_55_5c9ccc_500x100.png
[Wed Dec 10 12:14:22.294726 2014] [:error] [pid 2748:tid 1684] [client 85.242.229.38:55981] script 'E:/nuevo/htdocs/xmlrpc.php' not found or unable to stat
[Wed Dec 10 12:15:41.808066 2014] [proxy_http:error] [pid 2748:tid 1800] (OS 10054)An existing connection was forcibly closed by the remote host.  : [client 201.245.192.253:50579] AH01102: error reading status line from remote server 172.22.1.31:80, referer: http://190.27.245.106/isolucionsda/FrameSetGeneral.asp?Pagina=Menu.asp&IdModulo=4
[Wed Dec 10 12:24:56.061439 2014] [proxy_http:error] [pid 2748:tid 1480] (20014)Internal error: [client 201.245.192.253:58555] AH01102: error reading status line from remote server 172.22.1.47:80, referer: http://190.27.245.106/forest/usutareas.do?group_system_actual=3&codTraEsc=17069556&_a=0.34276239159021404
[Wed Dec 10 12:27:07.148469 2014] [proxy_http:error] [pid 2748:tid 1704] (20014)Internal error: [client 186.31.115.4:14631] AH01102: error reading status line from remote server 172.22.1.47:80, referer: http://190.27.245.106/forest/index2.jsp?a=0.6883164526488388
[Wed Dec 10 12:27:07.148469 2014] [proxy:error] [pid 2748:tid 1704] [client 186.31.115.4:14631] AH00898: Error reading from remote server returned by /forest/css/index.css, referer: http://190.27.245.106/forest/index2.jsp?a=0.6883164526488388
[Wed Dec 10 12:27:30.283310 2014] [proxy_http:error] [pid 2748:tid 1644] (20014)Internal error: [client 201.245.192.253:48304] AH01102: error reading status line from remote server 172.22.1.47:80, referer: http://190.27.245.106/forest/usutareas.do?group_system_actual=3&codAct=2121&numPro=2967328&codPro=176&fecTra=2014-12-03%2008:22:23.961&codInst=3002024&codTraEsc=17023012
[Wed Dec 10 12:40:50.205915 2014] [proxy_http:error] [pid 2748:tid 1636] (OS 10054)An existing connection was forcibly closed by the remote host.  : [client 201.245.192.253:58512] AH01102: error reading status line from remote server 172.22.1.31:80, referer: http://190.27.245.106/isolucionsda/FrameSetGeneral.asp?Pagina=Menu.asp&IdModulo=4
[Wed Dec 10 12:46:11.301279 2014] [:error] [pid 2748:tid 1868] [client 5.55.50.251:49233] script 'E:/nuevo/htdocs/xmlrpc.php' not found or unable to stat
[Wed Dec 10 12:50:41.602954 2014] [proxy_http:error] [pid 2748:tid 1852] (OS 10054)An existing connection was forcibly closed by the remote host.  : [client 201.245.192.253:53567] AH01102: error reading status line from remote server 172.22.1.31:80, referer: http://190.27.245.106/isolucionsda/FrameSetGeneral.asp?Pagina1=FrameSetGeneral.asp&
[Wed Dec 10 12:50:41.602954 2014] [proxy:error] [pid 2748:tid 1852] [client 201.245.192.253:53567] AH00898: Error reading from remote server returned by /isolucionsda/BarraTitulos.asp, referer: http://190.27.245.106/isolucionsda/FrameSetGeneral.asp?Pagina1=FrameSetGeneral.asp&
[Wed Dec 10 13:01:31.345095 2014] [:error] [pid 2748:tid 1652] [client 27.252.83.56:55442] script 'E:/nuevo/htdocs/xmlrpc.php' not found or unable to stat
[Wed Dec 10 13:32:22.180146 2014] [:error] [pid 2748:tid 1856] [client 71.242.255.119:65222] script 'E:/nuevo/htdocs/xmlrpc.php' not found or unable to stat
[Wed Dec 10 14:13:39.778498 2014] [proxy_http:error] [pid 2748:tid 1788] (20014)Internal error: [client 201.245.192.253:49413] AH01102: error reading status line from remote server 172.22.1.47:80
[Wed Dec 10 14:13:39.778498 2014] [proxy:error] [pid 2748:tid 1788] [client 201.245.192.253:49413] AH00898: Error reading from remote server returned by /forest/skins/gdocs-jar/css/autocomplete.css
[Wed Dec 10 14:15:52.862331 2014] [proxy_http:error] [pid 2748:tid 1620] (OS 10054)An existing connection was forcibly closed by the remote host.  : [client 201.245.192.253:51845] AH01102: error reading status line from remote server 172.22.1.31:80, referer: http://190.27.245.106/isolucionsda/FrameSetGeneral.asp?Pagina=ListadoMaestroDocumentos3.asp
[Wed Dec 10 14:16:01.021146 2014] [proxy_http:error] [pid 2748:tid 1516] (OS 10054)An existing connection was forcibly closed by the remote host.  : [client 201.245.192.253:51701] AH01102: error reading status line from remote server 172.22.1.31:80, referer: http://190.27.245.106/isolucionsda/FrameSetGeneral.asp?Pagina=Menu.asp&IdModulo=7
[Wed Dec 10 14:25:56.146591 2014] [proxy_http:error] [pid 2748:tid 1476] (20014)Internal error: [client 201.245.192.253:55690] AH01102: error reading status line from remote server 172.22.1.47:80, referer: http://190.27.245.106/forest/usutareas.do?group_system_actual=3&a=0.9296931487042457
[Wed Dec 10 14:25:56.146591 2014] [proxy:error] [pid 2748:tid 1476] [client 201.245.192.253:55690] AH00898: Error reading from remote server returned by /forest/usutareas.do, referer: http://190.27.245.106/forest/usutareas.do?group_system_actual=3&a=0.9296931487042457
[Wed Dec 10 14:27:49.262390 2014] [proxy_http:error] [pid 2748:tid 1476] (OS 10054)An existing connection was forcibly closed by the remote host.  : [client 201.245.192.253:51506] AH01102: error reading status line from remote server 172.22.1.31:80, referer: http://190.27.245.106/isolucionsda/FrameSetGeneral.asp?Pagina=Menu.asp&IdModulo=4
[Wed Dec 10 14:27:51.305993 2014] [proxy_http:error] [pid 2748:tid 1680] (OS 10054)An existing connection was forcibly closed by the remote host.  : [client 201.245.192.253:51711] AH01102: error reading status line from remote server 172.22.1.31:80, referer: http://190.27.245.106/isolucionsda/FrameSetGeneral.asp?Pagina=ListadoMaestroDocumentos3.asp
[Wed Dec 10 14:27:51.305993 2014] [proxy:error] [pid 2748:tid 1680] [client 201.245.192.253:51711] AH00898: Error reading from remote server returned by /isolucionsda/BarraFavoritos.asp, referer: http://190.27.245.106/isolucionsda/FrameSetGeneral.asp?Pagina=ListadoMaestroDocumentos3.asp
[Wed Dec 10 14:29:00.289314 2014] [proxy_http:error] [pid 2748:tid 1516] (20014)Internal error: [client 201.245.192.253:52813] AH01102: error reading status line from remote server 172.22.1.47:80, referer: http://190.27.245.106/forest/misactividades.do?_a=0.7913050418719649&group_system_actual=3
[Wed Dec 10 14:29:13.564938 2014] [proxy_http:error] [pid 2748:tid 1496] (20014)Internal error: [client 201.245.192.253:51117] AH01102: error reading status line from remote server 172.22.1.47:80, referer: http://190.27.245.106/forest/usutareas.do?group_system_actual=3&a=0.014042756287381053
[Wed Dec 10 14:30:02.939024 2014] [:error] [pid 2748:tid 1688] [client 187.150.163.160:50294] script 'E:/nuevo/htdocs/xmlrpc.php' not found or unable to stat
[Wed Dec 10 14:37:17.618188 2014] [proxy_http:error] [pid 2748:tid 1780] (20014)Internal error: [client 201.245.192.253:48993] AH01102: error reading status line from remote server 172.22.1.47:80, referer: http://190.27.245.106/forest/misactividades.do?group_system_actual=3&todas=1&codPro=0&_a=0.7905666439817781
[Wed Dec 10 14:42:43.362360 2014] [:error] [pid 2748:tid 1516] [client 90.178.17.177:58712] script 'E:/nuevo/htdocs/xmlrpc.php' not found or unable to stat
[Wed Dec 10 14:52:03.357544 2014] [proxy_http:error] [pid 2748:tid 1884] (20014)Internal error: [client 201.245.192.253:52728] AH01102: error reading status line from remote server 172.22.1.47:80
[Wed Dec 10 14:52:03.357544 2014] [proxy:error] [pid 2748:tid 1884] [client 201.245.192.253:52728] AH00898: Error reading from remote server returned by /forest/1ibre/jscalendar/calendar-win2k-1.css
[Wed Dec 10 14:53:13.620067 2014] [proxy_http:error] [pid 2748:tid 1688] (20014)Internal error: [client 201.245.192.253:53736] AH01102: error reading status line from remote server 172.22.1.47:80, referer: http://190.27.245.106/forest/usugrafico.do?_a=0.8652605772949755&group_system_actual=3
[Wed Dec 10 14:55:17.749485 2014] [proxy_http:error] [pid 2748:tid 1716] (20014)Internal error: [client 201.245.192.253:54084] AH01102: error reading status line from remote server 172.22.1.47:80, referer: http://190.27.245.106/forest/usugrafico.do?_a=0.8652605772949755&group_system_actual=3
[Wed Dec 10 14:57:53.671759 2014] [proxy_http:error] [pid 2748:tid 1444] (20014)Internal error: [client 201.245.192.253:58214] AH01102: error reading status line from remote server 172.22.1.47:80
[Wed Dec 10 14:57:53.671759 2014] [proxy:error] [pid 2748:tid 1444] [client 201.245.192.253:58214] AH00898: Error reading from remote server returned by /forest/skins/gdocs-jar/js/formsBase.js
[Wed Dec 10 14:58:00.239370 2014] [proxy_http:error] [pid 2748:tid 1448] (20014)Internal error: [client 201.245.192.253:58232] AH01102: error reading status line from remote server 172.22.1.47:80, referer: http://190.27.245.106/forest/usutareas.do?_a=0.5159444642708118&group_system_actual=3
[Wed Dec 10 14:58:00.239370 2014] [proxy:error] [pid 2748:tid 1448] [client 201.245.192.253:58232] AH00898: Error reading from remote server returned by /forest/documentos/1882169/2014ER111793.pdf, referer: http://190.27.245.106/forest/usutareas.do?_a=0.5159444642708118&group_system_actual=3
[Wed Dec 10 14:59:36.008939 2014] [proxy_http:error] [pid 2748:tid 1636] (20014)Internal error: [client 201.245.192.253:47566] AH01102: error reading status line from remote server 172.22.1.47:80, referer: http://190.27.245.106/forest/usutareas.do?_a=0.10926847299560905&group_system_actual=3
[Wed Dec 10 14:59:36.008939 2014] [proxy:error] [pid 2748:tid 1636] [client 201.245.192.253:47566] AH00898: Error reading from remote server returned by /forest/session.jsp, referer: http://190.27.245.106/forest/usutareas.do?_a=0.10926847299560905&group_system_actual=3
[Wed Dec 10 14:59:36.008939 2014] [negotiation:error] [pid 2748:tid 1636] [client 201.245.192.253:47566] AH00690: no acceptable variant: E:/nuevo/apache/error/HTTP_BAD_GATEWAY.html.var, referer: http://190.27.245.106/forest/usutareas.do?_a=0.10926847299560905&group_system_actual=3
[Wed Dec 10 14:59:45.166155 2014] [proxy_http:error] [pid 2748:tid 1644] (20014)Internal error: [client 201.245.192.253:47720] AH01102: error reading status line from remote server 172.22.1.47:80
[Wed Dec 10 14:59:45.166155 2014] [proxy:error] [pid 2748:tid 1644] [client 201.245.192.253:47720] AH00898: Error reading from remote server returned by /forest/skins/gdocs-jar/js/documentos.js
[Wed Dec 10 15:00:03.808188 2014] [proxy_http:error] [pid 2748:tid 1536] (20014)Internal error: [client 201.245.192.253:48267] AH01102: error reading status line from remote server 172.22.1.47:80, referer: http://190.27.245.106/forest/usudocumentos.do?group_system_actual=3&a=0.4148587773271737
[Wed Dec 10 15:00:03.808188 2014] [proxy:error] [pid 2748:tid 1536] [client 201.245.192.253:48267] AH00898: Error reading from remote server returned by /forest/skins/gdocs-jar/js/documentos.js, referer: http://190.27.245.106/forest/usudocumentos.do?group_system_actual=3&a=0.4148587773271737
[Wed Dec 10 15:00:03.823788 2014] [proxy_http:error] [pid 2748:tid 1472] (20014)Internal error: [client 201.245.192.253:48269] AH01102: error reading status line from remote server 172.22.1.47:80
[Wed Dec 10 15:00:03.823788 2014] [proxy:error] [pid 2748:tid 1472] [client 201.245.192.253:48269] AH00898: Error reading from remote server returned by /forest/skins/gdocs-jar/js/popup.js
[Wed Dec 10 15:01:36.581550 2014] [proxy_http:error] [pid 2748:tid 1496] (OS 10054)An existing connection was forcibly closed by the remote host.  : [client 201.245.192.253:59629] AH02609: read request body failed to 172.22.1.47:80 (172.22.1.47) from 201.245.192.253 (), referer: http://190.27.245.106/forest/usutareas.do?_a=0.8393722316250205&group_system_actual=3
[Wed Dec 10 15:01:36.581550 2014] [proxy_http:error] [pid 2748:tid 1496] [client 201.245.192.253:59629] AH01097: pass request body failed to 172.22.1.47:80 (172.22.1.47) from 201.245.192.253 (), referer: http://190.27.245.106/forest/usutareas.do?_a=0.8393722316250205&group_system_actual=3
[Wed Dec 10 15:01:58.842790 2014] [proxy_http:error] [pid 2748:tid 1496] (20014)Internal error: [client 201.245.192.253:50522] AH01102: error reading status line from remote server 172.22.1.47:80, referer: http://190.27.245.106/forest/usudocumentos.do?_a=0.6542509087578805&group_system_actual=3
[Wed Dec 10 15:03:54.750993 2014] [proxy_http:error] [pid 2748:tid 1680] (20014)Internal error: [client 201.245.192.253:52832] AH01102: error reading status line from remote server 172.22.1.47:80, referer: http://190.27.245.106/forest/index2.jsp?_a=0.42112310309134615
[Wed Dec 10 15:03:54.750993 2014] [proxy:error] [pid 2748:tid 1680] [client 201.245.192.253:52832] AH00898: Error reading from remote server returned by /forest/misactividades.do, referer: http://190.27.245.106/forest/index2.jsp?_a=0.42112310309134615
[Wed Dec 10 15:04:19.820237 2014] [proxy_http:error] [pid 2748:tid 1784] (OS 10054)An existing connection was forcibly closed by the remote host.  : [client 201.245.192.253:53218] AH01102: error reading status line from remote server 172.22.1.31:80, referer: http://190.27.245.106/isolucionsda/Administracion/SalaEdicion/Articulo.asp?Id_Articulo=8088&Ancla=ContenidoActividad
[Wed Dec 10 15:05:06.105519 2014] [proxy_http:error] [pid 2748:tid 1688] (20014)Internal error: [client 201.245.192.253:53873] AH01102: error reading status line from remote server 172.22.1.47:80, referer: http://190.27.245.106/forest/usutareas.do?group_system_actual=3&a=0.4591676544568135
[Wed Dec 10 15:08:02.261028 2014] [proxy_http:error] [pid 2748:tid 1492] (20014)Internal error: [client 201.245.192.253:56438] AH01102: error reading status line from remote server 172.22.1.47:80, referer: http://190.27.245.106/forest/buscar.do?
[Wed Dec 10 15:16:11.228287 2014] [proxy_http:error] [pid 2748:tid 1744] (20014)Internal error: [client 201.245.192.253:52417] AH01102: error reading status line from remote server 172.22.1.47:80
[Wed Dec 10 15:16:11.228287 2014] [proxy:error] [pid 2748:tid 1744] [client 201.245.192.253:52417] AH00898: Error reading from remote server returned by /forest/js/jquery/plugins/grid.setcolumns.js
[Wed Dec 10 15:17:22.177211 2014] [proxy_http:error] [pid 2748:tid 1668] (20014)Internal error: [client 201.245.192.253:53658] AH01102: error reading status line from remote server 172.22.1.47:80
[Wed Dec 10 15:17:22.177211 2014] [proxy:error] [pid 2748:tid 1668] [client 201.245.192.253:53658] AH00898: Error reading from remote server returned by /forest/img/base/bsc2_r1_c2.gif
[Wed Dec 10 15:17:56.590872 2014] [:error] [pid 2748:tid 1516] [client 39.50.137.248:56982] script 'E:/nuevo/htdocs/xmlrpc.php' not found or unable to stat
[Wed Dec 10 15:17:59.944878 2014] [proxy_http:error] [pid 2748:tid 1592] (20014)Internal error: [client 201.245.192.253:54539] AH01102: error reading status line from remote server 172.22.1.47:80
[Wed Dec 10 15:17:59.944878 2014] [proxy:error] [pid 2748:tid 1592] [client 201.245.192.253:54539] AH00898: Error reading from remote server returned by /forestReports/webcontent/birt/admin/css/containers.css
[Wed Dec 10 15:18:00.272478 2014] [proxy_http:error] [pid 2748:tid 1644] (20014)Internal error: [client 201.245.192.253:54556] AH01102: error reading status line from remote server 172.22.1.47:80
[Wed Dec 10 15:18:00.272478 2014] [proxy:error] [pid 2748:tid 1644] [client 201.245.192.253:54556] AH00898: Error reading from remote server returned by /forestReports/webcontent/birt/admin/img/dtree/minus.gif
[Wed Dec 10 15:18:00.272478 2014] [proxy_http:error] [pid 2748:tid 1592] (20014)Internal error: [client 201.245.192.253:54560] AH01102: error reading status line from remote server 172.22.1.47:80
[Wed Dec 10 15:18:00.272478 2014] [proxy:error] [pid 2748:tid 1592] [client 201.245.192.253:54560] AH00898: Error reading from remote server returned by /forestReports/webcontent/birt/admin/img/dtree/hpage.gif
[Wed Dec 10 15:19:16.260212 2014] [proxy_http:error] [pid 2748:tid 1440] (OS 10054)An existing connection was forcibly closed by the remote host.  : [client 201.245.192.253:55957] AH01102: error reading status line from remote server 172.22.1.31:80, referer: http://190.27.245.106/isolucionsda/FrameSetGeneral.asp?Pagina=Menu.asp&IdModulo=7
[Wed Dec 10 15:19:16.260212 2014] [proxy:error] [pid 2748:tid 1440] [client 201.245.192.253:55957] AH00898: Error reading from remote server returned by /isolucionsda/BarraFavoritos.asp, referer: http://190.27.245.106/isolucionsda/FrameSetGeneral.asp?Pagina=Menu.asp&IdModulo=7
[Wed Dec 10 15:19:46.883066 2014] [proxy_http:error] [pid 2748:tid 1592] (20014)Internal error: [client 201.245.192.253:56345] AH01102: error reading status line from remote server 172.22.1.47:80
[Wed Dec 10 15:19:46.883066 2014] [proxy:error] [pid 2748:tid 1592] [client 201.245.192.253:56345] AH00898: Error reading from remote server returned by /forest/skins/gdocs-jar/img/prev.gif
[Wed Dec 10 15:24:47.355193 2014] [proxy_http:error] [pid 2748:tid 1484] (20014)Internal error: [client 201.245.192.253:48122] AH01102: error reading status line from remote server 172.22.1.47:80, referer: http://190.27.245.106/forest/usutareas.do?group_system_actual=3&codTraEsc=17064244&_a=0.46446140284718385
[Wed Dec 10 15:36:02.415179 2014] [proxy_http:error] [pid 2748:tid 1456] (20014)Internal error: [client 201.245.192.253:59316] AH01102: error reading status line from remote server 172.22.1.47:80, referer: http://190.27.245.106/forest/misactividades.do?_a=0.4755687403958291&group_system_actual=3
[Wed Dec 10 15:39:52.484383 2014] [proxy_http:error] [pid 2748:tid 1792] (20014)Internal error: [client 201.245.192.253:50841] AH01102: error reading status line from remote server 172.22.1.47:80
[Wed Dec 10 15:39:52.484383 2014] [proxy:error] [pid 2748:tid 1792] [client 201.245.192.253:50841] AH00898: Error reading from remote server returned by /forest/skins/gdocs-jar/css/dialog.css
[Wed Dec 10 15:40:52.934489 2014] [proxy_http:error] [pid 2748:tid 1820] (20014)Internal error: [client 201.245.192.253:51789] AH01102: error reading status line from remote server 172.22.1.47:80
[Wed Dec 10 15:40:52.934489 2014] [proxy:error] [pid 2748:tid 1820] [client 201.245.192.253:51789] AH00898: Error reading from remote server returned by /forest/skins/gdocs-jar/css/forms.css
[Wed Dec 10 15:42:58.015509 2014] [proxy_http:error] [pid 2748:tid 1460] (20014)Internal error: [client 201.245.192.253:53920] AH01102: error reading status line from remote server 172.22.1.47:80, referer: http://190.27.245.106/forest/misactividades.do?_a=0.6086478694342077&group_system_actual=3
[Wed Dec 10 15:43:57.779214 2014] [proxy_http:error] [pid 2748:tid 1668] (20014)Internal error: [client 201.245.192.253:54882] AH01102: error reading status line from remote server 172.22.1.47:80, referer: http://190.27.245.106/forest/buscar.do?type=procesos
[Wed Dec 10 15:43:57.779214 2014] [proxy:error] [pid 2748:tid 1668] [client 201.245.192.253:54882] AH00898: Error reading from remote server returned by /forest/json.do, referer: http://190.27.245.106/forest/buscar.do?type=procesos
[Wed Dec 10 15:43:57.779214 2014] [negotiation:error] [pid 2748:tid 1668] [client 201.245.192.253:54882] AH00690: no acceptable variant: E:/nuevo/apache/error/HTTP_BAD_GATEWAY.html.var, referer: http://190.27.245.106/forest/buscar.do?type=procesos
[Wed Dec 10 15:48:39.563509 2014] [proxy_http:error] [pid 2748:tid 1624] (20014)Internal error: [client 201.245.192.253:59727] AH01102: error reading status line from remote server 172.22.1.47:80
[Wed Dec 10 15:48:39.563509 2014] [proxy:error] [pid 2748:tid 1624] [client 201.245.192.253:59727] AH00898: Error reading from remote server returned by /forest/1ibre/jscalendar/calendar-setup.js
[Wed Dec 10 15:54:16.509501 2014] [mpm_winnt:warn] [pid 2748:tid 1984] (OS 64)The specified network name is no longer available.  : AH00341: winnt_accept: Asynchronous AcceptEx failed.
[Wed Dec 10 15:54:41.531945 2014] [mpm_winnt:warn] [pid 2748:tid 1984] (OS 64)The specified network name is no longer available.  : AH00341: winnt_accept: Asynchronous AcceptEx failed.
[Wed Dec 10 15:55:02.981982 2014] [proxy_http:error] [pid 2748:tid 1816] (20014)Internal error: [client 201.245.192.253:52858] AH01102: error reading status line from remote server 172.22.1.47:80
[Wed Dec 10 15:55:02.981982 2014] [proxy:error] [pid 2748:tid 1816] [client 201.245.192.253:52858] AH00898: Error reading from remote server returned by /forest/skins/gdocs-jar/js/xml_utilities.js
[Wed Dec 10 15:55:24.385220 2014] [proxy_http:error] [pid 2748:tid 1636] (20014)Internal error: [client 201.245.192.253:53162] AH01102: error reading status line from remote server 172.22.1.47:80
[Wed Dec 10 15:55:24.385220 2014] [proxy:error] [pid 2748:tid 1636] [client 201.245.192.253:53162] AH00898: Error reading from remote server returned by /forest/skins/gdocs-jar/img/desasociarUser.gif
[Wed Dec 10 15:55:24.400820 2014] [proxy_http:error] [pid 2748:tid 1636] (20014)Internal error: [client 201.245.192.253:53159] AH01102: error reading status line from remote server 172.22.1.47:80
[Wed Dec 10 15:55:24.400820 2014] [proxy:error] [pid 2748:tid 1636] [client 201.245.192.253:53159] AH00898: Error reading from remote server returned by /forest/skins/gdocs-jar/js/grid.js
[Wed Dec 10 15:55:24.400820 2014] [proxy_http:error] [pid 2748:tid 1460] (20014)Internal error: [client 201.245.192.253:53167] AH01102: error reading status line from remote server 172.22.1.47:80
[Wed Dec 10 15:55:24.400820 2014] [proxy:error] [pid 2748:tid 1460] [client 201.245.192.253:53167] AH00898: Error reading from remote server returned by /forest/skins/gdocs-jar/img/icons/pdf.gif
