!C99Shell v. 1.0 pre-release build #13!

Software: Apache. PHP/5.5.15 

uname -a: Windows NT SVR-DMZ 6.1 build 7600 (Windows Server 2008 R2 Enterprise Edition) i586 

SYSTEM 

Safe-mode: OFF (not secure)

E:\nuevo\apache\logs\   drwxrwxrwx
Free 9.41 GB of 239.26 GB (3.93%)
Detected drives: [ a ] [ c ] [ d ] [ e ] [ f ]
Home    Back    Forward    UPDIR    Refresh    Search    Buffer    Encoder    Tools    Proc.    FTP brute    Sec.    SQL    PHP-code    Update    Feedback    Self remove    Logout    


Viewing file:     error.2014.12.11.log (46.86 KB)      -rw-rw-rw-
Select action/file-type:
(+) | (+) | (+) | Code (+) | Session (+) | (+) | SDB (+) | (+) | (+) | (+) | (+) | (+) |
[Thu Dec 11 00:01:22.429034 2014] [:error] [pid 2748:tid 1876] [client 175.138.73.110:47966] script 'E:/nuevo/htdocs/xmlrpc.php' not found or unable to stat
[Thu Dec 11 00:23:44.250791 2014] [:error] [pid 2748:tid 1876] [client 110.137.144.89:64404] script 'E:/nuevo/htdocs/xmlrpc.php' not found or unable to stat
[Thu Dec 11 01:30:32.180631 2014] [:error] [pid 2748:tid 1564] [client 178.255.215.77:47342] script 'E:/nuevo/htdocs/calendar.php' not found or unable to stat
[Thu Dec 11 02:08:56.883879 2014] [mpm_winnt:warn] [pid 2748:tid 1984] (OS 64)The specified network name is no longer available.  : AH00341: winnt_accept: Asynchronous AcceptEx failed.
[Thu Dec 11 02:21:02.846754 2014] [mpm_winnt:warn] [pid 2748:tid 1984] (OS 64)The specified network name is no longer available.  : AH00341: winnt_accept: Asynchronous AcceptEx failed.
[Thu Dec 11 02:44:57.878675 2014] [:error] [pid 2748:tid 1668] [client 181.166.150.172:60807] script 'E:/nuevo/htdocs/xmlrpc.php' not found or unable to stat
[Thu Dec 11 03:06:32.713149 2014] [:error] [pid 2748:tid 1876] [client 203.248.11.206:57104] script 'E:/nuevo/htdocs/xmlrpc.php' not found or unable to stat
[Thu Dec 11 03:29:39.041784 2014] [:error] [pid 2748:tid 1876] [client 90.175.68.32:64545] script 'E:/nuevo/htdocs/xmlrpc.php' not found or unable to stat
[Thu Dec 11 03:36:36.545317 2014] [:error] [pid 2748:tid 1616] [client 126.130.86.232:28303] script 'E:/nuevo/htdocs/xmlrpc.php' not found or unable to stat
[Thu Dec 11 03:47:04.166620 2014] [mpm_winnt:warn] [pid 2748:tid 1984] (OS 64)The specified network name is no longer available.  : AH00341: winnt_accept: Asynchronous AcceptEx failed.
[Thu Dec 11 04:23:13.412830 2014] [:error] [pid 2748:tid 1784] [client 180.249.82.81:18449] script 'E:/nuevo/htdocs/xmlrpc.php' not found or unable to stat
[Thu Dec 11 05:39:31.416471 2014] [:error] [pid 2748:tid 1784] [client 101.166.21.202:64596] script 'E:/nuevo/htdocs/xmlrpc.php' not found or unable to stat
[Thu Dec 11 07:12:31.549272 2014] [:error] [pid 2748:tid 1644] [client 91.205.154.84:61382] script 'E:/nuevo/htdocs/xmlrpc.php' not found or unable to stat
[Thu Dec 11 07:17:20.383779 2014] [:error] [pid 2748:tid 1628] [client 79.178.11.36:6995] script 'E:/nuevo/htdocs/xmlrpc.php' not found or unable to stat
[Thu Dec 11 08:14:27.274998 2014] [proxy_http:error] [pid 2748:tid 1616] (OS 10054)An existing connection was forcibly closed by the remote host.  : [client 201.245.192.253:48666] AH01102: error reading status line from remote server 172.22.1.31:80
[Thu Dec 11 08:14:27.274998 2014] [proxy:error] [pid 2748:tid 1616] [client 201.245.192.253:48666] AH00898: Error reading from remote server returned by /isolucionsda/g/Bot_Indicadores_ESP.jpg
[Thu Dec 11 08:18:42.366646 2014] [proxy_http:error] [pid 2748:tid 1472] (OS 10054)An existing connection was forcibly closed by the remote host.  : [client 201.216.19.34:50175] AH01102: error reading status line from remote server 172.22.1.31:80, referer: http://190.27.245.106/isolucionsda/Administracion/SalaEdicion/Articulo.asp?Id_Articulo=7295
[Thu Dec 11 08:23:26.584546 2014] [proxy_http:error] [pid 2748:tid 1832] (OS 10054)An existing connection was forcibly closed by the remote host.  : [client 201.216.19.34:50197] AH01102: error reading status line from remote server 172.22.1.31:80, referer: http://190.27.245.106/isolucionsda/FrameSetGeneral.asp?Pagina=Menu.asp&IdModulo=4
[Thu Dec 11 08:23:26.584546 2014] [proxy:error] [pid 2748:tid 1832] [client 201.216.19.34:50197] AH00898: Error reading from remote server returned by /isolucionsda/BarraFavoritos.asp, referer: http://190.27.245.106/isolucionsda/FrameSetGeneral.asp?Pagina=Menu.asp&IdModulo=4
[Thu Dec 11 08:25:59.527214 2014] [proxy_http:error] [pid 2748:tid 1636] (OS 10054)An existing connection was forcibly closed by the remote host.  : [client 201.245.192.253:56026] AH01102: error reading status line from remote server 172.22.1.31:80, referer: http://190.27.245.106/isolucionsda/FrameSetGeneral.asp?Pagina1=FrameSetGeneral.asp&
[Thu Dec 11 08:25:59.527214 2014] [proxy:error] [pid 2748:tid 1636] [client 201.245.192.253:56026] AH00898: Error reading from remote server returned by /isolucionsda/BarraFavoritos.asp, referer: http://190.27.245.106/isolucionsda/FrameSetGeneral.asp?Pagina1=FrameSetGeneral.asp&
[Thu Dec 11 09:15:39.914449 2014] [proxy_http:error] [pid 2748:tid 1520] (OS 10054)An existing connection was forcibly closed by the remote host.  : [client 201.245.192.253:53558] AH01102: error reading status line from remote server 172.22.1.31:80, referer: http://190.27.245.106/isolucionsda/FrameSetGeneral.asp?Pagina1=FrameSetGeneral.asp&
[Thu Dec 11 09:15:39.914449 2014] [proxy:error] [pid 2748:tid 1520] [client 201.245.192.253:53558] AH00898: Error reading from remote server returned by /isolucionsda/BarraFavoritos.asp, referer: http://190.27.245.106/isolucionsda/FrameSetGeneral.asp?Pagina1=FrameSetGeneral.asp&
[Thu Dec 11 09:38:04.246810 2014] [proxy_http:error] [pid 2748:tid 1496] (OS 10054)An existing connection was forcibly closed by the remote host.  : [client 201.245.192.253:37594] AH01102: error reading status line from remote server 172.22.1.31:80, referer: http://190.27.245.106/isolucionsda/Encabezado.asp?Pagina1=FrameSetGeneral.asp&&Pagina=MagazinHome.asp
[Thu Dec 11 10:14:28.814247 2014] [:error] [pid 2748:tid 1684] [client 61.245.173.202:61953] script 'E:/nuevo/htdocs/xmlrpc.php' not found or unable to stat
[Thu Dec 11 10:24:43.626927 2014] [proxy_http:error] [pid 2748:tid 1528] (20014)Internal error: [client 201.245.192.253:48213] AH01102: error reading status line from remote server 172.22.1.47:80, referer: http://190.27.245.106/forest/usutareas.do?group_system_actual=3&a=0.3261653153460541
[Thu Dec 11 10:37:41.475494 2014] [:error] [pid 2748:tid 1556] [client 115.66.95.119:33301] script 'E:/nuevo/htdocs/xmlrpc.php' not found or unable to stat
[Thu Dec 11 10:39:05.388041 2014] [proxy_http:error] [pid 2748:tid 1820] (OS 10054)An existing connection was forcibly closed by the remote host.  : [client 201.245.192.253:48269] AH01102: error reading status line from remote server 172.22.1.31:80, referer: http://190.27.245.106/isolucionsda/FrameSetGeneral.asp?Pagina=Menu.asp&IdModulo=4
[Thu Dec 11 10:41:49.079128 2014] [proxy_http:error] [pid 2748:tid 1832] (20014)Internal error: [client 201.245.192.253:51258] AH01102: error reading status line from remote server 172.22.1.47:80
[Thu Dec 11 10:41:49.079128 2014] [proxy:error] [pid 2748:tid 1832] [client 201.245.192.253:51258] AH00898: Error reading from remote server returned by /forest/css/escritorio.css
[Thu Dec 11 10:41:51.996334 2014] [proxy_http:error] [pid 2748:tid 1456] (20014)Internal error: [client 201.245.192.253:51301] AH01102: error reading status line from remote server 172.22.1.47:80
[Thu Dec 11 10:41:51.996334 2014] [proxy:error] [pid 2748:tid 1456] [client 201.245.192.253:51301] AH00898: Error reading from remote server returned by /forest/js/jquery/jquery.atmosphere.js
[Thu Dec 11 10:42:44.178425 2014] [proxy_http:error] [pid 2748:tid 1692] (20014)Internal error: [client 201.245.192.253:52051] AH01102: error reading status line from remote server 172.22.1.47:80, referer: http://190.27.245.106/forest/usutareas.do?group_system_actual=3&a=0.45668737357482314
[Thu Dec 11 10:43:47.717337 2014] [proxy_http:error] [pid 2748:tid 1860] (20014)Internal error: [client 201.245.192.253:52870] AH01102: error reading status line from remote server 172.22.1.47:80, referer: http://190.27.245.106/forest/index2.jsp?_a=0.4737728890031576
[Thu Dec 11 10:43:47.717337 2014] [proxy:error] [pid 2748:tid 1860] [client 201.245.192.253:52870] AH00898: Error reading from remote server returned by /forest/actions/forms.getList, referer: http://190.27.245.106/forest/index2.jsp?_a=0.4737728890031576
[Thu Dec 11 10:43:47.717337 2014] [negotiation:error] [pid 2748:tid 1860] [client 201.245.192.253:52870] AH00690: no acceptable variant: E:/nuevo/apache/error/HTTP_BAD_GATEWAY.html.var, referer: http://190.27.245.106/forest/index2.jsp?_a=0.4737728890031576
[Thu Dec 11 10:58:16.702263 2014] [proxy_http:error] [pid 2748:tid 1744] (OS 10054)An existing connection was forcibly closed by the remote host.  : [client 201.245.192.253:54804] AH01102: error reading status line from remote server 172.22.1.31:80, referer: http://190.27.245.106/isolucionsda/FrameSetGeneral.asp?Pagina=Menu.asp&IdModulo=5
[Thu Dec 11 10:58:16.702263 2014] [proxy:error] [pid 2748:tid 1744] [client 201.245.192.253:54804] AH00898: Error reading from remote server returned by /isolucionsda/BarraFavoritos.asp, referer: http://190.27.245.106/isolucionsda/FrameSetGeneral.asp?Pagina=Menu.asp&IdModulo=5
[Thu Dec 11 11:00:48.038129 2014] [proxy_http:error] [pid 2748:tid 1860] (20014)Internal error: [client 201.245.192.253:57383] AH01102: error reading status line from remote server 172.22.1.47:80, referer: http://190.27.245.106/forest/index2.jsp?_a=0.6021983781829476
[Thu Dec 11 11:03:08.548576 2014] [mpm_winnt:warn] [pid 2748:tid 1984] (OS 64)The specified network name is no longer available.  : AH00341: winnt_accept: Asynchronous AcceptEx failed.
[Thu Dec 11 11:13:10.132432 2014] [proxy_http:error] [pid 2748:tid 1668] (20014)Internal error: [client 201.245.192.253:57543] AH01102: error reading status line from remote server 172.22.1.47:80, referer: http://190.27.245.106/forest/index2.jsp?_a=0.32405103906057775
[Thu Dec 11 11:13:29.960067 2014] [:error] [pid 2748:tid 1472] [client 103.9.90.194:49026] script 'E:/nuevo/htdocs/xmlrpc.php' not found or unable to stat
[Thu Dec 11 11:14:02.876125 2014] [proxy_http:error] [pid 2748:tid 1604] (20014)Internal error: [client 201.245.192.253:58288] AH01102: error reading status line from remote server 172.22.1.47:80, referer: http://190.27.245.106/forest/index2.jsp?group_system_actual=3&a=0.18855549301952124
[Thu Dec 11 11:15:43.995503 2014] [proxy_http:error] [pid 2748:tid 1484] (20014)Internal error: [client 201.245.192.253:59931] AH01102: error reading status line from remote server 172.22.1.47:80, referer: http://190.27.245.106/forest/index2.jsp?group_system_actual=3&a=0.832476006122306
[Thu Dec 11 11:15:44.182703 2014] [proxy_http:error] [pid 2748:tid 1616] (20014)Internal error: [client 201.245.192.253:47569] AH01102: error reading status line from remote server 172.22.1.47:80, referer: http://190.27.245.106/forest/index2.jsp?group_system_actual=3&a=0.832476006122306
[Thu Dec 11 11:15:45.368305 2014] [proxy_http:error] [pid 2748:tid 1484] (20014)Internal error: [client 172.22.2.1:59221] AH01102: error reading status line from remote server 172.22.1.47:80, referer: http://190.27.245.106/forest/index2.jsp?a=0.8418197368192425
[Thu Dec 11 11:15:48.535111 2014] [proxy_http:error] [pid 2748:tid 1620] (20014)Internal error: [client 172.22.2.1:59227] AH01102: error reading status line from remote server 172.22.1.47:80, referer: http://190.27.245.106/forest/index2.jsp?a=0.06903297661488794
[Thu Dec 11 11:15:51.701916 2014] [proxy_http:error] [pid 2748:tid 1456] (20014)Internal error: [client 172.22.2.1:59223] AH01102: error reading status line from remote server 172.22.1.47:80, referer: http://190.27.245.106/forest/reportes.do?menu=1&group_system_actual=5
[Thu Dec 11 11:15:51.717516 2014] [proxy_http:error] [pid 2748:tid 1484] (20014)Internal error: [client 172.22.2.1:59222] AH01102: error reading status line from remote server 172.22.1.47:80, referer: http://190.27.245.106/forest/reportes.do?menu=1&group_system_actual=5
[Thu Dec 11 11:15:51.733116 2014] [proxy_http:error] [pid 2748:tid 1504] (20014)Internal error: [client 172.22.2.1:59225] AH01102: error reading status line from remote server 172.22.1.47:80, referer: http://190.27.245.106/forest/reportes.do?menu=1&group_system_actual=5
[Thu Dec 11 11:15:51.951517 2014] [proxy_http:error] [pid 2748:tid 1440] (20014)Internal error: [client 172.22.2.1:59226] AH01102: error reading status line from remote server 172.22.1.47:80, referer: http://190.27.245.106/forest/reportes.do?menu=1&group_system_actual=5
[Thu Dec 11 11:16:32.199587 2014] [proxy_http:error] [pid 2748:tid 1460] (20014)Internal error: [client 201.245.192.253:48476] AH01102: error reading status line from remote server 172.22.1.47:80
[Thu Dec 11 11:18:59.526246 2014] [proxy_http:error] [pid 2748:tid 1668] (20014)Internal error: [client 172.22.2.1:59244] AH01102: error reading status line from remote server 172.22.1.47:80, referer: http://190.27.245.106/forest/frameset?
[Thu Dec 11 11:34:51.486718 2014] [proxy_http:error] [pid 2748:tid 1460] (20014)Internal error: [client 201.245.192.253:56629] AH01102: error reading status line from remote server 172.22.1.47:80, referer: http://190.27.245.106/forest/index2.jsp?_a=0.5961250788532197
[Thu Dec 11 11:34:51.720719 2014] [proxy_http:error] [pid 2748:tid 1860] (20014)Internal error: [client 201.245.192.253:56627] AH01102: error reading status line from remote server 172.22.1.47:80, referer: http://190.27.245.106/forest/index2.jsp?_a=0.5961250788532197
[Thu Dec 11 11:36:33.978898 2014] [proxy_http:error] [pid 2748:tid 1472] (20014)Internal error: [client 201.245.192.253:58606] AH01102: error reading status line from remote server 172.22.1.47:80, referer: http://190.27.245.106/forest/index2.jsp?group_system_actual=5&a=0.05220660986378789
[Thu Dec 11 11:38:46.610331 2014] [proxy_http:error] [pid 2748:tid 1472] (20014)Internal error: [client 201.245.192.253:48450] AH01102: error reading status line from remote server 172.22.1.47:80, referer: http://190.27.245.106/forest/index2.jsp?_a=0.51779615576379
[Thu Dec 11 11:41:07.198778 2014] [proxy_http:error] [pid 2748:tid 1816] (20014)Internal error: [client 201.245.192.253:51245] AH01102: error reading status line from remote server 172.22.1.47:80, referer: http://190.27.245.106/forest/usutareas.do?group_system_actual=3&codTraEsc=17080779&_a=0.49174385300242074
[Thu Dec 11 11:43:07.116189 2014] [proxy_http:error] [pid 2748:tid 1616] (20014)Internal error: [client 201.245.192.253:53793] AH01102: error reading status line from remote server 172.22.1.47:80, referer: http://190.27.245.106/forest/usutareas.do?group_system_actual=3&codTraEsc=17080779&_a=0.49174385300242074
[Thu Dec 11 11:43:07.412589 2014] [proxy_http:error] [pid 2748:tid 1860] (20014)Internal error: [client 201.245.192.253:53780] AH01102: error reading status line from remote server 172.22.1.47:80, referer: http://190.27.245.106/forest/usutareas.do?group_system_actual=3&codTraEsc=17080779&_a=0.49174385300242074
[Thu Dec 11 11:43:32.637834 2014] [proxy_http:error] [pid 2748:tid 1860] (20014)Internal error: [client 201.245.192.253:54566] AH01102: error reading status line from remote server 172.22.1.47:80, referer: http://190.27.245.106/forest/usutareas.do?group_system_actual=3&codTraEsc=17080779&_a=0.49174385300242074
[Thu Dec 11 11:43:32.793834 2014] [proxy_http:error] [pid 2748:tid 1456] (20014)Internal error: [client 201.245.192.253:54501] AH01102: error reading status line from remote server 172.22.1.47:80, referer: http://190.27.245.106/forest/usutareas.do?group_system_actual=3&codTraEsc=17080779&_a=0.49174385300242074
[Thu Dec 11 11:43:36.272640 2014] [proxy_http:error] [pid 2748:tid 1620] (20014)Internal error: [client 201.245.192.253:54569] AH01102: error reading status line from remote server 172.22.1.47:80, referer: http://190.27.245.106/forest/usutareas.do?group_system_actual=3&codTraEsc=17080768&_a=0.44502432010585735
[Thu Dec 11 11:45:17.704018 2014] [proxy_http:error] [pid 2748:tid 1820] (20014)Internal error: [client 201.245.192.253:57234] AH01102: error reading status line from remote server 172.22.1.47:80, referer: http://190.27.245.106/forest/usutareas.do?group_system_actual=3&a=0.3372601610608399
[Thu Dec 11 11:50:05.477724 2014] [proxy_http:error] [pid 2748:tid 1684] (OS 10054)An existing connection was forcibly closed by the remote host.  : [client 201.245.192.253:50491] AH01102: error reading status line from remote server 172.22.1.31:80, referer: http://190.27.245.106/isolucionsda/FrameSetGeneral.asp?Pagina=SucursalSeleccion.asp&CargaPagina=ModuloProcesos&IdModulo=3
[Thu Dec 11 11:50:05.477724 2014] [proxy_http:error] [pid 2748:tid 1816] (OS 10054)An existing connection was forcibly closed by the remote host.  : [client 201.245.192.253:50747] AH01102: error reading status line from remote server 172.22.1.31:80, referer: http://190.27.245.106/isolucionsda/FrameSetGeneral.asp?Pagina=SucursalSeleccion.asp&CargaPagina=ModuloProcesos&IdModulo=3
[Thu Dec 11 11:50:05.477724 2014] [proxy:error] [pid 2748:tid 1816] [client 201.245.192.253:50747] AH00898: Error reading from remote server returned by /isolucionsda/BarraFavoritos.asp, referer: http://190.27.245.106/isolucionsda/FrameSetGeneral.asp?Pagina=SucursalSeleccion.asp&CargaPagina=ModuloProcesos&IdModulo=3
[Thu Dec 11 11:54:27.932584 2014] [proxy_http:error] [pid 2748:tid 1824] (20014)Internal error: [client 201.245.192.253:55206] AH01102: error reading status line from remote server 172.22.1.47:80, referer: http://190.27.245.106/forest/index2.jsp?group_system_actual=5&a=0.24967054114677012
[Thu Dec 11 11:57:14.198677 2014] [proxy_http:error] [pid 2748:tid 1860] (20014)Internal error: [client 201.245.192.253:58279] AH01102: error reading status line from remote server 172.22.1.47:80, referer: http://190.27.245.106/forest/index2.jsp?group_system_actual=5&a=0.5172352974768728
[Thu Dec 11 11:57:39.735921 2014] [proxy_http:error] [pid 2748:tid 1628] (20014)Internal error: [client 201.245.192.253:58851] AH01102: error reading status line from remote server 172.22.1.47:80
[Thu Dec 11 11:57:39.735921 2014] [proxy:error] [pid 2748:tid 1628] [client 201.245.192.253:58851] AH00898: Error reading from remote server returned by /forest/skins/gdocs-jar/css/autocomplete.css
[Thu Dec 11 11:59:00.731264 2014] [proxy_http:error] [pid 2748:tid 1512] (20014)Internal error: [client 201.245.192.253:47925] AH01102: error reading status line from remote server 172.22.1.47:80, referer: http://190.27.245.106/forest/index2.jsp?group_system_actual=5&a=0.2748372636269778
[Thu Dec 11 11:59:00.949664 2014] [proxy_http:error] [pid 2748:tid 1512] (20014)Internal error: [client 201.245.192.253:47944] AH01102: error reading status line from remote server 172.22.1.47:80, referer: http://190.27.245.106/forest/index2.jsp?group_system_actual=5&a=0.2748372636269778
[Thu Dec 11 12:01:09.322290 2014] [proxy_http:error] [pid 2748:tid 1824] (20014)Internal error: [client 201.245.192.253:49900] AH01102: error reading status line from remote server 172.22.1.47:80
[Thu Dec 11 12:01:09.322290 2014] [proxy:error] [pid 2748:tid 1824] [client 201.245.192.253:49900] AH00898: Error reading from remote server returned by /forest/img/misdocumentos.gif
[Thu Dec 11 12:02:05.357588 2014] [proxy_http:error] [pid 2748:tid 1684] (20014)Internal error: [client 201.245.192.253:50944] AH01102: error reading status line from remote server 172.22.1.47:80
[Thu Dec 11 12:02:05.357588 2014] [proxy:error] [pid 2748:tid 1684] [client 201.245.192.253:50944] AH00898: Error reading from remote server returned by /forest/skins/gdocs-jar/js/swfobject.js
[Thu Dec 11 12:02:18.742411 2014] [proxy_http:error] [pid 2748:tid 1744] (20014)Internal error: [client 201.245.192.253:51216] AH01102: error reading status line from remote server 172.22.1.47:80, referer: http://190.27.245.106/forest/index2.jsp?group_system_actual=5&a=0.35793068865314126
[Thu Dec 11 12:02:19.397613 2014] [proxy_http:error] [pid 2748:tid 1832] (20014)Internal error: [client 201.245.192.253:51250] AH01102: error reading status line from remote server 172.22.1.47:80, referer: http://190.27.245.106/forest/index2.jsp?group_system_actual=5&a=0.35793068865314126
[Thu Dec 11 12:02:20.676815 2014] [proxy_http:error] [pid 2748:tid 1824] (20014)Internal error: [client 201.245.192.253:51251] AH01102: error reading status line from remote server 172.22.1.47:80, referer: http://190.27.245.106/forest/index2.jsp?group_system_actual=5&a=0.35793068865314126
[Thu Dec 11 12:02:44.295256 2014] [proxy_http:error] [pid 2748:tid 1824] (20014)Internal error: [client 201.245.192.253:51748] AH01102: error reading status line from remote server 172.22.1.47:80, referer: http://190.27.245.106/forest/index2.jsp?group_system_actual=5&a=0.35793068865314126
[Thu Dec 11 12:03:04.419292 2014] [proxy_http:error] [pid 2748:tid 1604] (20014)Internal error: [client 201.245.192.253:52091] AH01102: error reading status line from remote server 172.22.1.47:80, referer: http://190.27.245.106/forest/index2.jsp?group_system_actual=5&a=0.3912483383901417
[Thu Dec 11 12:11:08.066941 2014] [proxy_http:error] [pid 2748:tid 1704] (20014)Internal error: [client 201.245.192.253:59698] AH01102: error reading status line from remote server 172.22.1.47:80
[Thu Dec 11 12:11:08.066941 2014] [proxy:error] [pid 2748:tid 1704] [client 201.245.192.253:59698] AH00898: Error reading from remote server returned by /forest/js/jquery/i18n/grid.locale-en.js
[Thu Dec 11 12:11:32.278184 2014] [proxy_http:error] [pid 2748:tid 1480] (20014)Internal error: [client 201.245.192.253:59982] AH01102: error reading status line from remote server 172.22.1.47:80, referer: http://190.27.245.106/forest/index2.jsp?group_system_actual=5&a=0.5942485625855625
[Thu Dec 11 12:12:31.293087 2014] [proxy_http:error] [pid 2748:tid 1620] (OS 10054)An existing connection was forcibly closed by the remote host.  : [client 201.245.192.253:48180] AH01102: error reading status line from remote server 172.22.1.31:80, referer: http://190.27.245.106/isolucionsda/FrameSetGeneral.asp?Pagina=ListadoMaestroDocumentos3.asp
[Thu Dec 11 12:12:31.293087 2014] [proxy:error] [pid 2748:tid 1620] [client 201.245.192.253:48180] AH00898: Error reading from remote server returned by /isolucionsda/BarraFavoritos.asp, referer: http://190.27.245.106/isolucionsda/FrameSetGeneral.asp?Pagina=ListadoMaestroDocumentos3.asp
[Thu Dec 11 12:48:36.765091 2014] [core:error] [pid 2748:tid 1876] (22)Invalid argument: [client 180.76.6.132:49507] AH00127: Cannot map GET /Autoliquidacion/Solicitud%20de%20expedici%F3n%20de%20certificados%20de%20estado%20de%20conservaci%F3n%20ambiental%20(CECA)/Aplicativo%20liquidador%202014%20-%20CECA%20MADF.xlsx HTTP/1.1 to file
[Thu Dec 11 13:23:43.378191 2014] [core:error] [pid 2748:tid 1584] (22)Invalid argument: [client 100.43.85.25:56484] AH00127: Cannot map GET /portalsiaccapacitaciones/Listas%20de%20Asistencia%202013/Lista%20de%20Asitencia%20Capacitaci%F3n%20Instrumentos%20de%20Planeaci%F3n%20Ambiental%2020-06-2013.pdf HTTP/1.1 to file
[Thu Dec 11 13:32:21.206501 2014] [proxy_http:error] [pid 2748:tid 1496] (OS 10054)An existing connection was forcibly closed by the remote host.  : [client 201.245.192.253:54325] AH01102: error reading status line from remote server 172.22.1.31:80, referer: http://190.27.245.106/isolucionsda/Encabezado.asp?Pagina1=FrameSetGeneral.asp&&Pagina=MagazinHome.asp
[Thu Dec 11 13:32:21.206501 2014] [proxy:error] [pid 2748:tid 1496] [client 201.245.192.253:54325] AH00898: Error reading from remote server returned by /isolucionsda/Session.asp, referer: http://190.27.245.106/isolucionsda/Encabezado.asp?Pagina1=FrameSetGeneral.asp&&Pagina=MagazinHome.asp
[Thu Dec 11 13:51:24.283908 2014] [proxy_http:error] [pid 2748:tid 1784] (OS 10054)An existing connection was forcibly closed by the remote host.  : [client 201.245.192.253:56361] AH01102: error reading status line from remote server 172.22.1.31:80, referer: http://190.27.245.106/isolucionsda/Session.asp?Continue=1
[Thu Dec 11 13:51:24.283908 2014] [proxy:error] [pid 2748:tid 1784] [client 201.245.192.253:56361] AH00898: Error reading from remote server returned by /isolucionsda/Session.asp, referer: http://190.27.245.106/isolucionsda/Session.asp?Continue=1
[Thu Dec 11 13:51:41.209938 2014] [:error] [pid 2748:tid 1620] [client 181.51.163.115:60615] script 'E:/nuevo/htdocs/xmlrpc.php' not found or unable to stat
[Thu Dec 11 14:07:50.236840 2014] [:error] [pid 2748:tid 1860] [client 66.249.67.83:53083] script 'E:/nuevo/htdocs/BLA/actos.php' not found or unable to stat
[Thu Dec 11 14:33:57.790993 2014] [:error] [pid 2748:tid 1480] [client 190.54.4.202:56539] script 'E:/nuevo/htdocs/xmlrpc.php' not found or unable to stat
[Thu Dec 11 14:42:00.300841 2014] [proxy_http:error] [pid 2748:tid 1820] (20014)Internal error: [client 201.245.192.253:51999] AH01102: error reading status line from remote server 172.22.1.47:80, referer: http://190.27.245.106/forest/usutareas.do?_a=0.6020598774775863&group_system_actual=3
[Thu Dec 11 14:45:12.321578 2014] [proxy_http:error] [pid 2748:tid 1480] (20014)Internal error: [client 201.245.192.253:55619] AH01102: error reading status line from remote server 172.22.1.47:80, referer: http://190.27.245.106/forest/usutareas.do?group_system_actual=3&codTraEsc=17080407&_a=0.3335278931364759
[Thu Dec 11 14:54:50.645794 2014] [proxy_http:error] [pid 2748:tid 1608] (20014)Internal error: [client 201.245.192.253:52079] AH01102: error reading status line from remote server 172.22.1.47:80
[Thu Dec 11 14:54:50.645794 2014] [proxy:error] [pid 2748:tid 1608] [client 201.245.192.253:52079] AH00898: Error reading from remote server returned by /forestReports/webcontent/birt/ajax/ui/dialog/BirtPrintReportDialog.js
[Thu Dec 11 15:23:50.159049 2014] [proxy_http:error] [pid 2748:tid 1528] (OS 10054)An existing connection was forcibly closed by the remote host.  : [client 201.244.55.205:29065] AH01102: error reading status line from remote server 172.22.1.31:80, referer: http://190.27.245.106/isolucionsda//NotaMejora.asp
[Thu Dec 11 15:23:50.159049 2014] [proxy:error] [pid 2748:tid 1528] [client 201.244.55.205:29065] AH00898: Error reading from remote server returned by /isolucionsda//BuscarNormaNumeral.asp, referer: http://190.27.245.106/isolucionsda//NotaMejora.asp
[Thu Dec 11 15:29:34.560854 2014] [proxy_http:error] [pid 2748:tid 1876] (OS 10054)An existing connection was forcibly closed by the remote host.  : [client 201.245.192.253:57725] AH01102: error reading status line from remote server 172.22.1.31:80, referer: http://190.27.245.106/isolucionsda/FrameSetGeneral.asp?Pagina1=FrameSetGeneral.asp&
[Thu Dec 11 15:29:34.560854 2014] [proxy:error] [pid 2748:tid 1876] [client 201.245.192.253:57725] AH00898: Error reading from remote server returned by /isolucionsda/BarraFavoritos.asp, referer: http://190.27.245.106/isolucionsda/FrameSetGeneral.asp?Pagina1=FrameSetGeneral.asp&
[Thu Dec 11 15:32:59.810415 2014] [proxy_http:error] [pid 2748:tid 1876] (OS 10054)An existing connection was forcibly closed by the remote host.  : [client 201.245.192.253:47981] AH01102: error reading status line from remote server 172.22.1.31:80, referer: http://190.27.245.106/isolucionsda/FramesetArticulo.asp?Pagina=bancoconocimiento%2FO%2FOperaciondelaReddeMonitoreoyCalidaddeAiredeBogota%5Fv7%2FOperaciondelaReddeMonitoreoyCalidaddeAiredeBogota%5Fv7%2Easp&IdArticulo=7583
[Thu Dec 11 15:39:00.515248 2014] [proxy_http:error] [pid 2748:tid 1484] (20014)Internal error: [client 201.245.192.253:53215] AH01102: error reading status line from remote server 172.22.1.47:80, referer: http://190.27.245.106/forest/usutareas.do?_a=0.45292118949090654&group_system_actual=3
[Thu Dec 11 15:39:11.092067 2014] [proxy_http:error] [pid 2748:tid 1488] (20014)Internal error: [client 201.245.192.253:53400] AH01102: error reading status line from remote server 172.22.1.47:80
[Thu Dec 11 15:39:11.092067 2014] [proxy:error] [pid 2748:tid 1488] [client 201.245.192.253:53400] AH00898: Error reading from remote server returned by /forest/skins/gdocs-jar/js/tareas.js
[Thu Dec 11 15:39:16.442876 2014] [proxy_http:error] [pid 2748:tid 1472] (20014)Internal error: [client 201.245.192.253:53450] AH01102: error reading status line from remote server 172.22.1.47:80, referer: http://190.27.245.106/forest/usutareas.do?group_system_actual=3&a=0.8759647939749424
[Thu Dec 11 15:39:29.562499 2014] [proxy_http:error] [pid 2748:tid 1704] (20014)Internal error: [client 201.245.192.253:53662] AH01102: error reading status line from remote server 172.22.1.47:80
[Thu Dec 11 15:39:29.562499 2014] [proxy:error] [pid 2748:tid 1704] [client 201.245.192.253:53662] AH00898: Error reading from remote server returned by /forest/skins/gdocs-jar/js/formsBase.js
[Thu Dec 11 15:39:32.386104 2014] [proxy_http:error] [pid 2748:tid 1472] (20014)Internal error: [client 201.245.192.253:53721] AH01102: error reading status line from remote server 172.22.1.47:80, referer: http://190.27.245.106/forest/usutareas.do?group_system_actual=3&a=0.8104164647871387
[Thu Dec 11 15:39:32.386104 2014] [proxy:error] [pid 2748:tid 1472] [client 201.245.192.253:53721] AH00898: Error reading from remote server returned by /forest/session.jsp, referer: http://190.27.245.106/forest/usutareas.do?group_system_actual=3&a=0.8104164647871387
[Thu Dec 11 15:39:32.386104 2014] [negotiation:error] [pid 2748:tid 1472] [client 201.245.192.253:53721] AH00690: no acceptable variant: E:/nuevo/apache/error/HTTP_BAD_GATEWAY.html.var, referer: http://190.27.245.106/forest/usutareas.do?group_system_actual=3&a=0.8104164647871387
[Thu Dec 11 15:40:32.103009 2014] [proxy_http:error] [pid 2748:tid 1876] (20014)Internal error: [client 201.245.192.253:54490] AH01102: error reading status line from remote server 172.22.1.47:80, referer: http://190.27.245.106/forest/index2.jsp?_a=0.12598417489789426
[Thu Dec 11 15:40:32.212209 2014] [proxy_http:error] [pid 2748:tid 1588] (20014)Internal error: [client 201.245.192.253:54475] AH01102: error reading status line from remote server 172.22.1.47:80, referer: http://190.27.245.106/forest/index2.jsp?_a=0.12598417489789426
[Thu Dec 11 15:41:34.237918 2014] [proxy_http:error] [pid 2748:tid 1704] (20014)Internal error: [client 201.245.192.253:55557] AH01102: error reading status line from remote server 172.22.1.47:80, referer: http://190.27.245.106/forest/index2.jsp?_a=0.22809437988325953
[Thu Dec 11 15:41:34.237918 2014] [proxy:error] [pid 2748:tid 1704] [client 201.245.192.253:55557] AH00898: Error reading from remote server returned by /forest/actions/forms.getList, referer: http://190.27.245.106/forest/index2.jsp?_a=0.22809437988325953
[Thu Dec 11 15:41:34.237918 2014] [negotiation:error] [pid 2748:tid 1704] [client 201.245.192.253:55557] AH00690: no acceptable variant: E:/nuevo/apache/error/HTTP_BAD_GATEWAY.html.var, referer: http://190.27.245.106/forest/index2.jsp?_a=0.22809437988325953
[Thu Dec 11 15:42:52.394056 2014] [proxy_http:error] [pid 2748:tid 1604] (OS 10054)An existing connection was forcibly closed by the remote host.  : [client 201.245.192.253:56508] AH01102: error reading status line from remote server 172.22.1.31:80, referer: http://190.27.245.106/isolucionsda/FrameSetGeneral.asp?Pagina=Menu.asp&IdModulo=15
[Thu Dec 11 15:48:39.104665 2014] [proxy_http:error] [pid 2748:tid 1832] (OS 10054)An existing connection was forcibly closed by the remote host.  : [client 201.245.192.253:48885] AH01102: error reading status line from remote server 172.22.1.31:80
[Thu Dec 11 15:48:39.104665 2014] [proxy:error] [pid 2748:tid 1832] [client 201.245.192.253:48885] AH00898: Error reading from remote server returned by /isolucionsda/g/Img_LogoIcono.jpg
[Thu Dec 11 15:48:39.151465 2014] [proxy_http:error] [pid 2748:tid 1556] (OS 10054)An existing connection was forcibly closed by the remote host.  : [client 201.245.192.253:48891] AH01102: error reading status line from remote server 172.22.1.31:80
[Thu Dec 11 15:48:39.151465 2014] [proxy:error] [pid 2748:tid 1556] [client 201.245.192.253:48891] AH00898: Error reading from remote server returned by /isolucionsda/g/Img_BarraCurva.jpg
[Thu Dec 11 15:48:39.151465 2014] [proxy_http:error] [pid 2748:tid 1588] (OS 10054)An existing connection was forcibly closed by the remote host.  : [client 201.245.192.253:48890] AH01102: error reading status line from remote server 172.22.1.31:80
[Thu Dec 11 15:48:39.151465 2014] [proxy:error] [pid 2748:tid 1588] [client 201.245.192.253:48890] AH00898: Error reading from remote server returned by /isolucionsda/g/Bot_Meci_ESP.jpg
[Thu Dec 11 15:56:50.177927 2014] [proxy_http:error] [pid 2748:tid 1832] (20014)Internal error: [client 201.245.192.253:55058] AH01102: error reading status line from remote server 172.22.1.47:80, referer: http://190.27.245.106/forest/index2.jsp?_a=0.9218052115757018
[Thu Dec 11 15:57:09.303561 2014] [proxy_http:error] [pid 2748:tid 1608] (20014)Internal error: [client 201.245.192.253:55357] AH01102: error reading status line from remote server 172.22.1.47:80, referer: http://190.27.245.106/forest/index2.jsp?_a=0.9218052115757018
[Thu Dec 11 15:57:09.334761 2014] [proxy_http:error] [pid 2748:tid 1616] (20014)Internal error: [client 201.245.192.253:55359] AH01102: error reading status line from remote server 172.22.1.47:80, referer: http://190.27.245.106/forest/index2.jsp?_a=0.9218052115757018
[Thu Dec 11 16:03:10.834196 2014] [core:error] [pid 2748:tid 1512] (22)Invalid argument: [client 180.76.5.18:12176] AH00127: Cannot map GET /Autoliquidacion/Grupo%20Forestal%20-%20Silvicultura/Solicitud%20y%20lista%20de%20chequeo%20Evaluaci%F3n%20Silvicultural.xlsx HTTP/1.1 to file
[Thu Dec 11 16:11:22.126859 2014] [proxy_http:error] [pid 2748:tid 1608] (20014)Internal error: [client 201.245.192.253:55130] AH01102: error reading status line from remote server 172.22.1.47:80, referer: http://190.27.245.106/forest/index2.jsp?_a=0.8543682110030204
[Thu Dec 11 16:12:39.300194 2014] [proxy_http:error] [pid 2748:tid 1480] (20014)Internal error: [client 201.245.192.253:56329] AH01102: error reading status line from remote server 172.22.1.47:80, referer: http://190.27.245.106/forest/index2.jsp?group_system_actual=5&a=0.18317085807211697
[Thu Dec 11 16:12:57.864227 2014] [mpm_winnt:warn] [pid 2748:tid 1984] (OS 64)The specified network name is no longer available.  : AH00341: winnt_accept: Asynchronous AcceptEx failed.
[Thu Dec 11 16:16:19.541381 2014] [proxy_http:error] [pid 2748:tid 1480] (OS 10054)An existing connection was forcibly closed by the remote host.  : [client 201.245.192.253:58848] AH01102: error reading status line from remote server 172.22.1.31:80, referer: http://190.27.245.106/isolucionsda/Encabezado.asp?Pagina1=FrameSetGeneral.asp&&Pagina=MagazinHome.asp
[Thu Dec 11 16:16:21.054584 2014] [proxy_http:error] [pid 2748:tid 1480] (OS 10054)An existing connection was forcibly closed by the remote host.  : [client 201.245.192.253:59459] AH01102: error reading status line from remote server 172.22.1.31:80, referer: http://190.27.245.106/isolucionsda/Encabezado.asp?Pagina=Menu.asp&IdModulo=4
[Thu Dec 11 16:18:22.500797 2014] [proxy_http:error] [pid 2748:tid 1784] (20014)Internal error: [client 201.245.192.253:48427] AH01102: error reading status line from remote server 172.22.1.47:80
[Thu Dec 11 16:18:22.500797 2014] [proxy:error] [pid 2748:tid 1784] [client 201.245.192.253:48427] AH00898: Error reading from remote server returned by /forestReports/webcontent/birt/admin/js/dtree.js
[Thu Dec 11 16:18:22.500797 2014] [proxy_http:error] [pid 2748:tid 1504] (20014)Internal error: [client 201.245.192.253:48434] AH01102: error reading status line from remote server 172.22.1.47:80
[Thu Dec 11 16:18:22.500797 2014] [proxy:error] [pid 2748:tid 1504] [client 201.245.192.253:48434] AH00898: Error reading from remote server returned by /forestReports/webcontent/birt/admin/css/popup.css
[Thu Dec 11 16:25:13.358719 2014] [proxy_http:error] [pid 2748:tid 1588] (20014)Internal error: [client 201.245.192.253:54264] AH01102: error reading status line from remote server 172.22.1.47:80, referer: http://190.27.245.106/forest/index2.jsp?group_system_actual=5&a=0.40819562296383083
[Thu Dec 11 16:33:39.299807 2014] [proxy_http:error] [pid 2748:tid 1520] (20014)Internal error: [client 201.245.192.253:49400] AH01102: error reading status line from remote server 172.22.1.47:80, referer: http://190.27.245.106/forest/usutareas.do?group_system_actual=3&codTraEsc=17071892&_a=0.9655965696213021
[Thu Dec 11 16:35:24.896393 2014] [proxy_http:error] [pid 2748:tid 1520] (20014)Internal error: [client 201.245.192.253:51181] AH01102: error reading status line from remote server 172.22.1.47:80, referer: http://190.27.245.106/forest/usutareas.do?_a=0.6711212031077594&group_system_actual=3
[Thu Dec 11 16:35:25.005593 2014] [proxy_http:error] [pid 2748:tid 1616] (20014)Internal error: [client 201.245.192.253:51180] AH01102: error reading status line from remote server 172.22.1.47:80, referer: http://190.27.245.106/forest/usutareas.do?_a=0.6711212031077594&group_system_actual=3
[Thu Dec 11 16:48:46.051400 2014] [proxy_http:error] [pid 2748:tid 1484] (20014)Internal error: [client 201.245.192.253:50394] AH01102: error reading status line from remote server 172.22.1.47:80, referer: http://190.27.245.106/forest/usutareas.do?_a=0.23675671201278947&group_system_actual=3
[Thu Dec 11 16:48:46.051400 2014] [proxy:error] [pid 2748:tid 1484] [client 201.245.192.253:50394] AH00898: Error reading from remote server returned by /forest/actions/forms.getMappedValues, referer: http://190.27.245.106/forest/usutareas.do?_a=0.23675671201278947&group_system_actual=3
[Thu Dec 11 16:48:46.051400 2014] [negotiation:error] [pid 2748:tid 1484] [client 201.245.192.253:50394] AH00690: no acceptable variant: E:/nuevo/apache/error/HTTP_BAD_GATEWAY.html.var, referer: http://190.27.245.106/forest/usutareas.do?_a=0.23675671201278947&group_system_actual=3
[Thu Dec 11 16:52:40.785012 2014] [proxy_http:error] [pid 2748:tid 1744] (20014)Internal error: [client 201.245.192.253:53367] AH01102: error reading status line from remote server 172.22.1.47:80
[Thu Dec 11 16:52:40.785012 2014] [proxy:error] [pid 2748:tid 1744] [client 201.245.192.253:53367] AH00898: Error reading from remote server returned by /forest/img/forestIcon.gif
[Thu Dec 11 17:04:22.381645 2014] [proxy_http:error] [pid 2748:tid 1556] (OS 10054)An existing connection was forcibly closed by the remote host.  : [client 201.245.192.253:51438] AH01102: error reading status line from remote server 172.22.1.31:80, referer: http://190.27.245.106/isolucionsda/Session.asp?Continue=1
[Thu Dec 11 17:04:22.381645 2014] [proxy:error] [pid 2748:tid 1556] [client 201.245.192.253:51438] AH00898: Error reading from remote server returned by /isolucionsda/Session.asp, referer: http://190.27.245.106/isolucionsda/Session.asp?Continue=1
[Thu Dec 11 17:10:46.781920 2014] [:error] [pid 2748:tid 1520] [client 66.249.67.47:47781] script 'E:/nuevo/htdocs/emsproxy.php' not found or unable to stat
[Thu Dec 11 17:14:04.527867 2014] [proxy_http:error] [pid 2748:tid 1556] (20014)Internal error: [client 201.245.192.253:56934] AH01102: error reading status line from remote server 172.22.1.47:80
[Thu Dec 11 17:14:04.527867 2014] [proxy:error] [pid 2748:tid 1556] [client 201.245.192.253:56934] AH00898: Error reading from remote server returned by /forest/js/jquery/css/jquery-ui-selectmenu.css
[Thu Dec 11 17:21:14.792223 2014] [proxy_http:error] [pid 2748:tid 1604] (OS 10054)An existing connection was forcibly closed by the remote host.  : [client 201.245.192.253:48772] AH01102: error reading status line from remote server 172.22.1.31:80, referer: http://190.27.245.106/isolucionsda/Administracion/SalaEdicion/Articulo.asp?Atras=
[Thu Dec 11 17:21:14.792223 2014] [proxy:error] [pid 2748:tid 1604] [client 201.245.192.253:48772] AH00898: Error reading from remote server returned by /isolucionsda/Administracion/SalaEdicion/g/GifTransparente.gif, referer: http://190.27.245.106/isolucionsda/Administracion/SalaEdicion/Articulo.asp?Atras=
[Thu Dec 11 17:21:42.341871 2014] [proxy_http:error] [pid 2748:tid 1496] (OS 10054)An existing connection was forcibly closed by the remote host.  : [client 201.245.192.253:49018] AH01102: error reading status line from remote server 172.22.1.31:80, referer: http://190.27.245.106/isolucionsda/Administracion/SalaEdicion/Articulo.asp?Id_Articulo=8092
[Thu Dec 11 17:21:42.341871 2014] [proxy:error] [pid 2748:tid 1496] [client 201.245.192.253:49018] AH00898: Error reading from remote server returned by /isolucionsda/Administracion/SalaEdicion/g/GifTransparente.gif, referer: http://190.27.245.106/isolucionsda/Administracion/SalaEdicion/Articulo.asp?Id_Articulo=8092
[Thu Dec 11 17:26:48.384209 2014] [proxy_http:error] [pid 2748:tid 1748] (OS 10054)An existing connection was forcibly closed by the remote host.  : [client 201.245.192.253:52132] AH01102: error reading status line from remote server 172.22.1.31:80, referer: http://190.27.245.106/isolucionsda/Administracion/SalaEdicion/Articulo.asp?Id_Articulo=6894
[Thu Dec 11 17:26:48.384209 2014] [proxy:error] [pid 2748:tid 1748] [client 201.245.192.253:52132] AH00898: Error reading from remote server returned by /isolucionsda/Administracion/Graficas/vacio1x1.gif, referer: http://190.27.245.106/isolucionsda/Administracion/SalaEdicion/Articulo.asp?Id_Articulo=6894
[Thu Dec 11 17:27:01.659832 2014] [proxy_http:error] [pid 2748:tid 1604] (OS 10054)An existing connection was forcibly closed by the remote host.  : [client 201.245.192.253:52179] AH01102: error reading status line from remote server 172.22.1.31:80, referer: http://190.27.245.106/isolucionsda/Administracion/SalaEdicion/Articulo.asp
[Thu Dec 11 17:30:06.847757 2014] [core:error] [pid 2748:tid 1496] (22)Invalid argument: [client 100.43.85.25:43092] AH00127: Cannot map GET /portalsiaccapacitaciones/Listas%20de%20Asistencia%202013/Lista%20Asistencia%20Capacitacion%20Gesti%F3n%20Integral%20de%20Riesgos%20Ambientales%2017-10-2013.pdf HTTP/1.1 to file
[Thu Dec 11 17:34:38.459834 2014] [proxy_http:error] [pid 2748:tid 1504] (OS 10054)An existing connection was forcibly closed by the remote host.  : [client 201.245.192.253:56996] AH01102: error reading status line from remote server 172.22.1.31:80, referer: http://190.27.245.106/isolucionsda/FrameSetGeneral.asp?Pagina=Menu.asp&IdModulo=4
[Thu Dec 11 17:34:38.459834 2014] [proxy:error] [pid 2748:tid 1504] [client 201.245.192.253:56996] AH00898: Error reading from remote server returned by /isolucionsda/Menu.asp, referer: http://190.27.245.106/isolucionsda/FrameSetGeneral.asp?Pagina=Menu.asp&IdModulo=4
[Thu Dec 11 17:54:12.486696 2014] [proxy_http:error] [pid 2748:tid 1444] (OS 10054)An existing connection was forcibly closed by the remote host.  : [client 201.245.192.253:54300] AH01102: error reading status line from remote server 172.22.1.31:80, referer: http://190.27.245.106/isolucionsda/ActualizarActividad.aspx?number=20697,agBjAHAAcAA=
[Thu Dec 11 18:14:33.891842 2014] [proxy_http:error] [pid 2748:tid 1484] (OS 10054)An existing connection was forcibly closed by the remote host.  : [client 201.245.192.253:51706] AH01102: error reading status line from remote server 172.22.1.31:80, referer: http://190.27.245.106/isolucionsda/Session.asp
[Thu Dec 11 18:14:33.891842 2014] [proxy:error] [pid 2748:tid 1484] [client 201.245.192.253:51706] AH00898: Error reading from remote server returned by /isolucionsda/Session.asp, referer: http://190.27.245.106/isolucionsda/Session.asp
[Thu Dec 11 18:31:24.431417 2014] [proxy_http:error] [pid 2748:tid 1504] (OS 10054)An existing connection was forcibly closed by the remote host.  : [client 201.245.192.253:57518] AH01102: error reading status line from remote server 172.22.1.31:80, referer: http://190.27.245.106/isolucionsda/FrameSetGeneral.asp?Pagina1=FrameSetGeneral.asp&
[Thu Dec 11 18:31:24.431417 2014] [proxy:error] [pid 2748:tid 1504] [client 201.245.192.253:57518] AH00898: Error reading from remote server returned by /isolucionsda/BarraFavoritos.asp, referer: http://190.27.245.106/isolucionsda/FrameSetGeneral.asp?Pagina1=FrameSetGeneral.asp&
[Thu Dec 11 18:31:24.431417 2014] [proxy_http:error] [pid 2748:tid 1704] (OS 10054)An existing connection was forcibly closed by the remote host.  : [client 201.245.192.253:57516] AH01102: error reading status line from remote server 172.22.1.31:80, referer: http://190.27.245.106/isolucionsda/FrameSetGeneral.asp?Pagina1=FrameSetGeneral.asp&
[Thu Dec 11 18:31:24.431417 2014] [proxy:error] [pid 2748:tid 1704] [client 201.245.192.253:57516] AH00898: Error reading from remote server returned by /isolucionsda/BarraTitulos.asp, referer: http://190.27.245.106/isolucionsda/FrameSetGeneral.asp?Pagina1=FrameSetGeneral.asp&
[Thu Dec 11 18:54:41.196470 2014] [core:error] [pid 2748:tid 1480] (20024)The given path is misformatted or contained invalid characters: [client 1.234.20.151:48535] AH00127: Cannot map GET /w00tw00t.at.blackhats.romanian.anti-sec:) HTTP/1.1 to file
[Thu Dec 11 18:54:41.789271 2014] [access_compat:error] [pid 2748:tid 1744] [client 1.234.20.151:48609] AH01797: client denied by server configuration: E:/nuevo/htdocs/phpMyAdmin
[Thu Dec 11 18:54:42.413272 2014] [access_compat:error] [pid 2748:tid 1504] [client 1.234.20.151:48696] AH01797: client denied by server configuration: E:/nuevo/phpMyAdmin/scripts
[Thu Dec 11 19:16:36.654181 2014] [:error] [pid 2748:tid 1744] [client 187.232.35.182:53503] script 'E:/nuevo/htdocs/xmlrpc.php' not found or unable to stat
[Thu Dec 11 20:06:25.012030 2014] [proxy_http:error] [pid 2748:tid 1480] (OS 10054)An existing connection was forcibly closed by the remote host.  : [client 201.245.192.253:53281] AH01102: error reading status line from remote server 172.22.1.31:80, referer: http://190.27.245.106/isolucionsda/CalendarioDisplayHidden.asp?Form=NoConformidadISOlucion&Campo=FechaAccion1&Campo1=FechaAccion1_Display&month=2&year=2015
[Thu Dec 11 20:18:18.948284 2014] [:error] [pid 2748:tid 1616] [client 222.127.174.242:29707] script 'E:/nuevo/htdocs/xmlrpc.php' not found or unable to stat
[Thu Dec 11 21:19:46.905961 2014] [core:error] [pid 2748:tid 1608] (22)Invalid argument: [client 180.76.5.176:22461] AH00127: Cannot map GET /Autoliquidacion/TR%C1MITES%20VERTIMIENTOS/REGISTRO%20DE%20VERTIMIENTOS/formulario%20reg%20de%20vertimientos%20no%20domesticos.doc HTTP/1.1 to file
[Thu Dec 11 21:54:31.507423 2014] [proxy_http:error] [pid 2748:tid 1824] (OS 10054)An existing connection was forcibly closed by the remote host.  : [client 186.83.244.148:64168] AH01102: error reading status line from remote server 172.22.1.31:80, referer: http://190.27.245.106/isolucionsda/Encabezado.asp?Pagina=Administracion/SalaEdicion/Magazines.asp
[Thu Dec 11 21:54:31.507423 2014] [proxy:error] [pid 2748:tid 1824] [client 186.83.244.148:64168] AH00898: Error reading from remote server returned by /isolucionsda/g/Bot_CalibracionOver_ESP.jpg, referer: http://190.27.245.106/isolucionsda/Encabezado.asp?Pagina=Administracion/SalaEdicion/Magazines.asp
[Thu Dec 11 21:55:51.223563 2014] [proxy_http:error] [pid 2748:tid 1608] (20014)Internal error: [client 191.95.245.2:49062] AH01102: error reading status line from remote server 172.22.1.47:80, referer: http://190.27.245.106/forest/usutareas.do?group_system_actual=3&a=0.6432418706826866
[Thu Dec 11 21:55:51.223563 2014] [proxy:error] [pid 2748:tid 1608] [client 191.95.245.2:49062] AH00898: Error reading from remote server returned by /forest/usutareas.do, referer: http://190.27.245.106/forest/usutareas.do?group_system_actual=3&a=0.6432418706826866
[Thu Dec 11 22:35:38.560156 2014] [mpm_winnt:warn] [pid 2748:tid 1984] (OS 64)The specified network name is no longer available.  : AH00341: winnt_accept: Asynchronous AcceptEx failed.
[Thu Dec 11 22:36:25.859439 2014] [:error] [pid 2748:tid 1744] [client 186.78.241.9:61634] script 'E:/nuevo/htdocs/xmlrpc.php' not found or unable to stat
[Thu Dec 11 22:49:58.823667 2014] [core:error] [pid 2748:tid 1700] (22)Invalid argument: [client 180.76.5.23:56095] AH00127: Cannot map GET /Autoliquidacion/Fauna%20Silvestre/LISTA%20DE%20CHEQUEO%20Y%20FORMATO%20DE%20SOLICITUD%20DE%20SALVOCONDUCTOS%20DE%20MOVILIZACI%D3N.xls HTTP/1.1 to file

:: Command execute ::

Enter:
 
Select:
 

:: Search ::
regexp 

:: Upload ::
 
[ ok ]

:: Make Dir ::
 
[ ok ]
:: Make File ::
 
[ ok ]

:: Go Dir ::
 
:: Go File ::
 

--[ c99shell v. 1.0 pre-release build #13 powered by Captain Crunch Security Team | http://ccteam.ru | Generation time: 0.0312 ]--