!C99Shell v. 1.0 pre-release build #13!

Software: Apache. PHP/5.5.15 

uname -a: Windows NT SVR-DMZ 6.1 build 7600 (Windows Server 2008 R2 Enterprise Edition) i586 

SYSTEM 

Safe-mode: OFF (not secure)

E:\nuevo\apache\logs\   drwxrwxrwx
Free 8.02 GB of 239.26 GB (3.35%)
Detected drives: [ a ] [ c ] [ d ] [ e ] [ f ]
Home    Back    Forward    UPDIR    Refresh    Search    Buffer    Encoder    Tools    Proc.    FTP brute    Sec.    SQL    PHP-code    Update    Feedback    Self remove    Logout    


Viewing file:     error.2014.12.12.log (64.56 KB)      -rw-rw-rw-
Select action/file-type:
(+) | (+) | (+) | Code (+) | Session (+) | (+) | SDB (+) | (+) | (+) | (+) | (+) | (+) |
[Fri Dec 12 01:49:25.829179 2014] [proxy_http:error] [pid 2748:tid 1744] (OS 10054)An existing connection was forcibly closed by the remote host.  : [client 181.61.152.52:51528] AH01102: error reading status line from remote server 172.22.1.31:80, referer: http://190.27.245.106/isolucionsda/FrameSetGeneral.asp?Pagina1=FrameSetGeneral.asp&
[Fri Dec 12 01:49:25.829179 2014] [proxy:error] [pid 2748:tid 1744] [client 181.61.152.52:51528] AH00898: Error reading from remote server returned by /isolucionsda/MagazinHome.asp, referer: http://190.27.245.106/isolucionsda/FrameSetGeneral.asp?Pagina1=FrameSetGeneral.asp&
[Fri Dec 12 01:50:02.614043 2014] [proxy_http:error] [pid 2748:tid 1608] (OS 10054)An existing connection was forcibly closed by the remote host.  : [client 181.61.152.52:51543] AH01102: error reading status line from remote server 172.22.1.31:80, referer: http://190.27.245.106/isolucionsda/BSC/BSC/Jerarquico.aspx?Pagina=BSC/BSC/Jerarquico.aspx&TipoGrupo=Tablero&Visualizacion=1&Grafico=2&FechaInicial=&FechaFinal=&IdElemento=&number=
[Fri Dec 12 01:50:02.614043 2014] [proxy:error] [pid 2748:tid 1608] [client 181.61.152.52:51543] AH00898: Error reading from remote server returned by /ISOlucionSDA/BSC/WebResource.axd, referer: http://190.27.245.106/isolucionsda/BSC/BSC/Jerarquico.aspx?Pagina=BSC/BSC/Jerarquico.aspx&TipoGrupo=Tablero&Visualizacion=1&Grafico=2&FechaInicial=&FechaFinal=&IdElemento=&number=
[Fri Dec 12 01:52:04.637457 2014] [proxy_http:error] [pid 2748:tid 1608] (OS 10054)An existing connection was forcibly closed by the remote host.  : [client 181.61.152.52:51591] AH01102: error reading status line from remote server 172.22.1.31:80, referer: http://190.27.245.106/isolucionsda/BSC/BSC/Jerarquico.aspx?number=&TipoGrupo=Proceso&Visualizacion=1&Grafico=2&FechaInicial=01/01/2013&FechaFinal=12/12/2014&IdObjeto=-1&NomObjeto=Todos&Buscar=1
[Fri Dec 12 01:52:04.637457 2014] [proxy:error] [pid 2748:tid 1608] [client 181.61.152.52:51591] AH00898: Error reading from remote server returned by /isolucionsda/BSC/imagenes/img_semaforoazul.jpg, referer: http://190.27.245.106/isolucionsda/BSC/BSC/Jerarquico.aspx?number=&TipoGrupo=Proceso&Visualizacion=1&Grafico=2&FechaInicial=01/01/2013&FechaFinal=12/12/2014&IdObjeto=-1&NomObjeto=Todos&Buscar=1
[Fri Dec 12 02:22:04.850419 2014] [:error] [pid 2748:tid 1608] [client 181.188.12.195:58651] script 'E:/nuevo/htdocs/xmlrpc.php' not found or unable to stat
[Fri Dec 12 02:31:04.346167 2014] [:error] [pid 2748:tid 1744] [client 157.55.39.13:62132] script 'E:/nuevo/htdocs/SQLyogTunnel.php' not found or unable to stat
[Fri Dec 12 02:32:02.596669 2014] [:error] [pid 2748:tid 1744] [client 157.55.39.13:57664] script 'E:/nuevo/htdocs/index_xampp.php' not found or unable to stat
[Fri Dec 12 02:33:19.225004 2014] [:error] [pid 2748:tid 1744] [client 157.55.39.240:45089] script 'E:/nuevo/htdocs/up_options.php' not found or unable to stat
[Fri Dec 12 02:44:01.103731 2014] [proxy_http:error] [pid 2748:tid 1860] (OS 10054)An existing connection was forcibly closed by the remote host.  : [client 181.61.152.52:52065] AH01102: error reading status line from remote server 172.22.1.31:80, referer: http://190.27.245.106/isolucionsda/FrameSetGeneral.asp?Pagina1=FrameSetGeneral.asp&
[Fri Dec 12 02:44:01.103731 2014] [proxy:error] [pid 2748:tid 1860] [client 181.61.152.52:52065] AH00898: Error reading from remote server returned by /isolucionsda/MagazinHome.asp, referer: http://190.27.245.106/isolucionsda/FrameSetGeneral.asp?Pagina1=FrameSetGeneral.asp&
[Fri Dec 12 04:23:51.752254 2014] [mpm_winnt:warn] [pid 2748:tid 1984] (OS 64)The specified network name is no longer available.  : AH00341: winnt_accept: Asynchronous AcceptEx failed.
[Fri Dec 12 05:46:29.832962 2014] [:error] [pid 2748:tid 1608] [client 178.255.215.77:41015] script 'E:/nuevo/htdocs/Fabiss.php' not found or unable to stat
[Fri Dec 12 06:24:57.094615 2014] [:error] [pid 2748:tid 1816] [client 187.106.96.136:58728] script 'E:/nuevo/htdocs/xmlrpc.php' not found or unable to stat
[Fri Dec 12 06:33:53.485957 2014] [:error] [pid 2748:tid 1816] [client 187.138.121.183:54067] script 'E:/nuevo/htdocs/xmlrpc.php' not found or unable to stat
[Fri Dec 12 06:46:57.029533 2014] [:error] [pid 2748:tid 1816] [client 180.191.92.17:38037] script 'E:/nuevo/htdocs/xmlrpc.php' not found or unable to stat
[Fri Dec 12 07:24:10.252456 2014] [:error] [pid 2748:tid 1592] [client 70.77.198.85:62038] script 'E:/nuevo/htdocs/xmlrpc.php' not found or unable to stat
[Fri Dec 12 07:36:34.716963 2014] [proxy_http:error] [pid 2748:tid 1440] (OS 10054)An existing connection was forcibly closed by the remote host.  : [client 201.245.192.253:54587] AH01102: error reading status line from remote server 172.22.1.31:80, referer: http://www.ambientebogota.gov.co/web/intranet/aplicaciones-para-acceder-fuera-de-la-sda
[Fri Dec 12 07:36:34.716963 2014] [proxy:error] [pid 2748:tid 1440] [client 201.245.192.253:54587] AH00898: Error reading from remote server returned by /isolucionsda/, referer: http://www.ambientebogota.gov.co/web/intranet/aplicaciones-para-acceder-fuera-de-la-sda
[Fri Dec 12 07:41:35.346091 2014] [proxy_http:error] [pid 2748:tid 1592] (OS 10054)An existing connection was forcibly closed by the remote host.  : [client 201.245.192.253:56371] AH01102: error reading status line from remote server 172.22.1.31:80, referer: http://190.27.245.106/isolucionsda/FrameSetGeneral.asp?Pagina=MagazinHome.asp
[Fri Dec 12 07:41:35.346091 2014] [proxy:error] [pid 2748:tid 1592] [client 201.245.192.253:56371] AH00898: Error reading from remote server returned by /isolucionsda/MagazinHome.asp, referer: http://190.27.245.106/isolucionsda/FrameSetGeneral.asp?Pagina=MagazinHome.asp
[Fri Dec 12 07:41:36.750094 2014] [proxy_http:error] [pid 2748:tid 1592] (OS 10054)An existing connection was forcibly closed by the remote host.  : [client 201.245.192.253:56371] AH01102: error reading status line from remote server 172.22.1.31:80, referer: http://190.27.245.106/isolucionsda/FrameSetGeneral.asp?Pagina=MagazinHome.asp
[Fri Dec 12 07:47:10.481480 2014] [proxy_http:error] [pid 2748:tid 1496] (OS 10054)An existing connection was forcibly closed by the remote host.  : [client 201.245.192.253:58372] AH01102: error reading status line from remote server 172.22.1.31:80, referer: http://190.27.245.106/isolucionsda/FrameSetGeneral.asp?Pagina1=FrameSetGeneral.asp&
[Fri Dec 12 07:47:10.481480 2014] [proxy:error] [pid 2748:tid 1496] [client 201.245.192.253:58372] AH00898: Error reading from remote server returned by /isolucionsda/MagazinHome.asp, referer: http://190.27.245.106/isolucionsda/FrameSetGeneral.asp?Pagina1=FrameSetGeneral.asp&
[Fri Dec 12 07:52:44.665267 2014] [:error] [pid 2748:tid 1496] [client 165.132.137.68:7926] script 'E:/nuevo/htdocs/xmlrpc.php' not found or unable to stat
[Fri Dec 12 08:07:56.909069 2014] [proxy_http:error] [pid 2748:tid 1792] (OS 10054)An existing connection was forcibly closed by the remote host.  : [client 201.245.192.253:55727] AH01102: error reading status line from remote server 172.22.1.31:80, referer: http://190.27.245.106/isolucionsda/FramesetArticulo.asp?Pagina=bancoconocimiento%2FG%2FGeneracionyControldeInformesdelaRMCAB%5Fv2%2FGeneracionyControldeInformesdelaRMCAB%5Fv2%2Easp&IdArticulo=6122
[Fri Dec 12 08:07:56.909069 2014] [proxy:error] [pid 2748:tid 1792] [client 201.245.192.253:55727] AH00898: Error reading from remote server returned by /isolucionsda/bancoconocimiento/G/GeneracionyControldeInformesdelaRMCAB_v2/GeneracionyControldeInformesdelaRMCAB_v2.asp, referer: http://190.27.245.106/isolucionsda/FramesetArticulo.asp?Pagina=bancoconocimiento%2FG%2FGeneracionyControldeInformesdelaRMCAB%5Fv2%2FGeneracionyControldeInformesdelaRMCAB%5Fv2%2Easp&IdArticulo=6122
[Fri Dec 12 08:27:48.189562 2014] [mpm_winnt:warn] [pid 2748:tid 1984] (OS 64)The specified network name is no longer available.  : AH00341: winnt_accept: Asynchronous AcceptEx failed.
[Fri Dec 12 08:31:41.207171 2014] [proxy_http:error] [pid 2748:tid 1440] (OS 10054)An existing connection was forcibly closed by the remote host.  : [client 190.27.153.54:18204] AH01102: error reading status line from remote server 172.22.1.31:80, referer: http://190.27.245.106/isolucionsda/Encabezado.asp?Pagina=ListadoMaestroDocumentos3.asp
[Fri Dec 12 08:31:41.207171 2014] [proxy:error] [pid 2748:tid 1440] [client 190.27.153.54:18204] AH00898: Error reading from remote server returned by /isolucionsda/g/Bot_IndicadoresOver_ESP.jpg, referer: http://190.27.245.106/isolucionsda/Encabezado.asp?Pagina=ListadoMaestroDocumentos3.asp
[Fri Dec 12 08:48:12.636712 2014] [:error] [pid 2748:tid 1816] [client 212.100.76.60:8809] script 'E:/nuevo/htdocs/xmlrpc.php' not found or unable to stat
[Fri Dec 12 08:50:24.394544 2014] [proxy_http:error] [pid 2748:tid 1636] (OS 10054)An existing connection was forcibly closed by the remote host.  : [client 201.245.192.253:54125] AH01102: error reading status line from remote server 172.22.1.31:80, referer: http://190.27.245.106/isolucionsda/FrameSetGeneral.asp?Pagina1=FrameSetGeneral.asp&
[Fri Dec 12 08:50:24.394544 2014] [proxy:error] [pid 2748:tid 1636] [client 201.245.192.253:54125] AH00898: Error reading from remote server returned by /isolucionsda/BarraFavoritos.asp, referer: http://190.27.245.106/isolucionsda/FrameSetGeneral.asp?Pagina1=FrameSetGeneral.asp&
[Fri Dec 12 08:50:28.731351 2014] [proxy_http:error] [pid 2748:tid 1484] (OS 10054)An existing connection was forcibly closed by the remote host.  : [client 201.245.192.253:54007] AH01102: error reading status line from remote server 172.22.1.31:80, referer: http://190.27.245.106/isolucionsda/FrameSetGeneral.asp?Pagina=Menu.asp&IdModulo=4
[Fri Dec 12 09:02:06.287577 2014] [proxy_http:error] [pid 2748:tid 1744] (OS 10054)An existing connection was forcibly closed by the remote host.  : [client 201.245.192.253:51122] AH01102: error reading status line from remote server 172.22.1.31:80, referer: http://190.27.245.106/isolucionsda/FrameSetGeneral.asp?Pagina=Menu.asp&IdModulo=4
[Fri Dec 12 09:02:06.287577 2014] [proxy:error] [pid 2748:tid 1744] [client 201.245.192.253:51122] AH00898: Error reading from remote server returned by /isolucionsda/BarraTitulos.asp, referer: http://190.27.245.106/isolucionsda/FrameSetGeneral.asp?Pagina=Menu.asp&IdModulo=4
[Fri Dec 12 09:02:06.287577 2014] [proxy_http:error] [pid 2748:tid 1456] (OS 10054)An existing connection was forcibly closed by the remote host.  : [client 201.245.192.253:51123] AH01102: error reading status line from remote server 172.22.1.31:80, referer: http://190.27.245.106/isolucionsda/FrameSetGeneral.asp?Pagina=Menu.asp&IdModulo=4
[Fri Dec 12 09:02:06.287577 2014] [proxy:error] [pid 2748:tid 1456] [client 201.245.192.253:51123] AH00898: Error reading from remote server returned by /isolucionsda/Menu.asp, referer: http://190.27.245.106/isolucionsda/FrameSetGeneral.asp?Pagina=Menu.asp&IdModulo=4
[Fri Dec 12 09:03:29.888123 2014] [core:error] [pid 2748:tid 1480] (22)Invalid argument: [client 180.76.5.147:17529] AH00127: Cannot map GET /Autoliquidacion/Solicitud%20de%20expedici%F3n%20de%20certificados%20de%20estado%20de%20conservaci%F3n%20ambiental%20(CECA)/Formulario%20de%20solicitud%20de%20CECAS.pdf HTTP/1.1 to file
[Fri Dec 12 09:10:36.704873 2014] [proxy_http:error] [pid 2748:tid 1684] (OS 10054)An existing connection was forcibly closed by the remote host.  : [client 201.245.192.253:59232] AH01102: error reading status line from remote server 172.22.1.31:80
[Fri Dec 12 09:10:36.704873 2014] [proxy:error] [pid 2748:tid 1684] [client 201.245.192.253:59232] AH00898: Error reading from remote server returned by /isolucionsda/FrameSetGeneral.asp
[Fri Dec 12 09:15:49.766223 2014] [proxy_http:error] [pid 2748:tid 1604] (OS 10054)An existing connection was forcibly closed by the remote host.  : [client 201.245.192.253:51075] AH01102: error reading status line from remote server 172.22.1.31:80, referer: http://190.27.245.106/isolucionsda/FrameSetGeneral.asp?Pagina1=FrameSetGeneral.asp&
[Fri Dec 12 09:15:49.766223 2014] [proxy:error] [pid 2748:tid 1604] [client 201.245.192.253:51075] AH00898: Error reading from remote server returned by /isolucionsda/BarraFavoritos.asp, referer: http://190.27.245.106/isolucionsda/FrameSetGeneral.asp?Pagina1=FrameSetGeneral.asp&
[Fri Dec 12 09:20:30.348316 2014] [mpm_winnt:warn] [pid 2748:tid 1984] (OS 64)The specified network name is no longer available.  : AH00341: winnt_accept: Asynchronous AcceptEx failed.
[Fri Dec 12 09:34:09.647155 2014] [proxy_http:error] [pid 2748:tid 1872] (OS 10054)An existing connection was forcibly closed by the remote host.  : [client 201.245.192.253:55562] AH01102: error reading status line from remote server 172.22.1.31:80
[Fri Dec 12 09:34:09.647155 2014] [proxy:error] [pid 2748:tid 1872] [client 201.245.192.253:55562] AH00898: Error reading from remote server returned by /isolucionsda/Session.asp
[Fri Dec 12 09:38:08.904775 2014] [proxy_http:error] [pid 2748:tid 1624] (OS 10054)An existing connection was forcibly closed by the remote host.  : [client 201.244.55.205:22144] AH01102: error reading status line from remote server 172.22.1.31:80, referer: http://190.27.245.106/isolucionsda/Encabezado.asp?Pagina1=FrameSetGeneral.asp&&Pagina=MagazinHome.asp
[Fri Dec 12 09:48:49.020699 2014] [proxy_http:error] [pid 2748:tid 1444] (OS 10054)An existing connection was forcibly closed by the remote host.  : [client 201.245.192.253:56653] AH01102: error reading status line from remote server 172.22.1.31:80, referer: http://190.27.245.106/isolucionsda/FrameSetGeneral.asp?Pagina1=FrameSetGeneral.asp&
[Fri Dec 12 09:48:49.020699 2014] [proxy_http:error] [pid 2748:tid 1620] (OS 10054)An existing connection was forcibly closed by the remote host.  : [client 201.245.192.253:56654] AH01102: error reading status line from remote server 172.22.1.31:80, referer: http://190.27.245.106/isolucionsda/FrameSetGeneral.asp?Pagina1=FrameSetGeneral.asp&
[Fri Dec 12 09:48:49.020699 2014] [proxy:error] [pid 2748:tid 1620] [client 201.245.192.253:56654] AH00898: Error reading from remote server returned by /isolucionsda/BarraFavoritos.asp, referer: http://190.27.245.106/isolucionsda/FrameSetGeneral.asp?Pagina1=FrameSetGeneral.asp&
[Fri Dec 12 09:48:49.020699 2014] [proxy:error] [pid 2748:tid 1444] [client 201.245.192.253:56653] AH00898: Error reading from remote server returned by /isolucionsda/BarraTitulos.asp, referer: http://190.27.245.106/isolucionsda/FrameSetGeneral.asp?Pagina1=FrameSetGeneral.asp&
[Fri Dec 12 09:51:02.728534 2014] [:error] [pid 2748:tid 1748] [client 62.65.219.114:65064] script 'E:/nuevo/htdocs/xmlrpc.php' not found or unable to stat
[Fri Dec 12 09:54:53.469540 2014] [proxy_http:error] [pid 2748:tid 1556] (20014)Internal error: [client 201.245.192.253:49919] AH01102: error reading status line from remote server 172.22.1.47:80, referer: http://190.27.245.106/forest/usutareas.do?_a=0.09707352521130108&group_system_actual=3
[Fri Dec 12 09:57:11.202181 2014] [proxy_http:error] [pid 2748:tid 1608] (20014)Internal error: [client 201.245.192.253:51825] AH01102: error reading status line from remote server 172.22.1.47:80, referer: http://190.27.245.106/forest/usutareas.do?_a=0.9294507990125567&group_system_actual=3
[Fri Dec 12 10:01:39.600653 2014] [proxy_http:error] [pid 2748:tid 1444] (20014)Internal error: [client 201.245.192.253:55955] AH01102: error reading status line from remote server 172.22.1.47:80, referer: http://190.27.245.106/forest/index2.jsp?_a=0.5441920512821525
[Fri Dec 12 10:04:20.904936 2014] [proxy_http:error] [pid 2748:tid 1636] (20014)Internal error: [client 201.245.192.253:59052] AH01102: error reading status line from remote server 172.22.1.47:80
[Fri Dec 12 10:04:20.904936 2014] [proxy:error] [pid 2748:tid 1636] [client 201.245.192.253:59052] AH00898: Error reading from remote server returned by /forest/skins/gdocs-jar/js/autocompletar2.js
[Fri Dec 12 10:04:23.822141 2014] [proxy_http:error] [pid 2748:tid 1512] (20014)Internal error: [client 201.245.192.253:59061] AH01102: error reading status line from remote server 172.22.1.47:80, referer: http://190.27.245.106/forest/usutareas.do?_a=0.8211546530947089&group_system_actual=3
[Fri Dec 12 10:05:58.139907 2014] [proxy_http:error] [pid 2748:tid 1488] (20014)Internal error: [client 201.245.192.253:48281] AH01102: error reading status line from remote server 172.22.1.47:80, referer: http://190.27.245.106/forest/usutareas.do?_a=0.900380666666681&group_system_actual=3
[Fri Dec 12 10:06:27.280758 2014] [proxy_http:error] [pid 2748:tid 1480] (20014)Internal error: [client 201.245.192.253:48981] AH01102: error reading status line from remote server 172.22.1.47:80
[Fri Dec 12 10:06:27.280758 2014] [proxy:error] [pid 2748:tid 1480] [client 201.245.192.253:48981] AH00898: Error reading from remote server returned by /forest/css/escritorio.css
[Fri Dec 12 10:06:27.280758 2014] [proxy_http:error] [pid 2748:tid 1616] (20014)Internal error: [client 201.245.192.253:48982] AH01102: error reading status line from remote server 172.22.1.47:80
[Fri Dec 12 10:06:27.280758 2014] [proxy:error] [pid 2748:tid 1616] [client 201.245.192.253:48982] AH00898: Error reading from remote server returned by /forest/css/index.css
[Fri Dec 12 10:06:45.439190 2014] [proxy_http:error] [pid 2748:tid 1872] (20014)Internal error: [client 201.245.192.253:49063] AH01102: error reading status line from remote server 172.22.1.47:80, referer: http://190.27.245.106/forest/usutareas.do?_a=0.21988023036911108&group_system_actual=3
[Fri Dec 12 10:06:45.517190 2014] [proxy_http:error] [pid 2748:tid 1616] (20014)Internal error: [client 201.245.192.253:49311] AH01102: error reading status line from remote server 172.22.1.47:80, referer: http://190.27.245.106/forest/usutareas.do?group_system_actual=3&a=0.9395497690685916
[Fri Dec 12 10:06:45.517190 2014] [proxy:error] [pid 2748:tid 1616] [client 201.245.192.253:49311] AH00898: Error reading from remote server returned by /forest/css/escritorio.css, referer: http://190.27.245.106/forest/usutareas.do?group_system_actual=3&a=0.9395497690685916
[Fri Dec 12 10:06:45.532790 2014] [proxy_http:error] [pid 2748:tid 1872] (20014)Internal error: [client 201.245.192.253:49320] AH01102: error reading status line from remote server 172.22.1.47:80
[Fri Dec 12 10:06:45.532790 2014] [proxy:error] [pid 2748:tid 1872] [client 201.245.192.253:49320] AH00898: Error reading from remote server returned by /forest/skins/gdocs-jar/css/forms.css
[Fri Dec 12 10:12:21.229780 2014] [proxy_http:error] [pid 2748:tid 1876] (20014)Internal error: [client 201.245.192.253:54524] AH01102: error reading status line from remote server 172.22.1.47:80, referer: http://190.27.245.106/forest/misactividades.do?_a=0.5811541084362358&group_system_actual=3
[Fri Dec 12 10:12:21.401380 2014] [proxy_http:error] [pid 2748:tid 1876] (20014)Internal error: [client 201.245.192.253:54536] AH01102: error reading status line from remote server 172.22.1.47:80, referer: http://190.27.245.106/forest/misactividades.do?_a=0.5811541084362358&group_system_actual=3
[Fri Dec 12 10:12:21.401380 2014] [proxy:error] [pid 2748:tid 1876] [client 201.245.192.253:54536] AH00898: Error reading from remote server returned by /forest/session.jsp, referer: http://190.27.245.106/forest/misactividades.do?_a=0.5811541084362358&group_system_actual=3
[Fri Dec 12 10:12:21.401380 2014] [negotiation:error] [pid 2748:tid 1876] [client 201.245.192.253:54536] AH00690: no acceptable variant: E:/nuevo/apache/error/HTTP_BAD_GATEWAY.html.var, referer: http://190.27.245.106/forest/misactividades.do?_a=0.5811541084362358&group_system_actual=3
[Fri Dec 12 10:13:56.795548 2014] [proxy_http:error] [pid 2748:tid 1668] (20014)Internal error: [client 201.245.192.253:56199] AH01102: error reading status line from remote server 172.22.1.47:80, referer: http://190.27.245.106/forest/reportes.do?menu=1&group_system_actual=5
[Fri Dec 12 10:13:58.901551 2014] [proxy_http:error] [pid 2748:tid 1668] (20014)Internal error: [client 201.245.192.253:56421] AH01102: error reading status line from remote server 172.22.1.47:80, referer: http://190.27.245.106/forest/
[Fri Dec 12 10:13:58.901551 2014] [proxy:error] [pid 2748:tid 1668] [client 201.245.192.253:56421] AH00898: Error reading from remote server returned by /forest/skins/gdocs-jar/css/forms.css, referer: http://190.27.245.106/forest/
[Fri Dec 12 10:13:59.119952 2014] [proxy_http:error] [pid 2748:tid 1668] (20014)Internal error: [client 201.245.192.253:56437] AH01102: error reading status line from remote server 172.22.1.47:80
[Fri Dec 12 10:13:59.119952 2014] [proxy:error] [pid 2748:tid 1668] [client 201.245.192.253:56437] AH00898: Error reading from remote server returned by /forest/img/close.gif
[Fri Dec 12 10:14:30.429207 2014] [proxy_http:error] [pid 2748:tid 1492] (20014)Internal error: [client 201.245.192.253:56933] AH01102: error reading status line from remote server 172.22.1.47:80
[Fri Dec 12 10:14:30.429207 2014] [proxy:error] [pid 2748:tid 1492] [client 201.245.192.253:56933] AH00898: Error reading from remote server returned by /forest/skins/gdocs-jar/img/top-search-icon.gif
[Fri Dec 12 10:14:30.507207 2014] [proxy_http:error] [pid 2748:tid 1816] (20014)Internal error: [client 201.245.192.253:56939] AH01102: error reading status line from remote server 172.22.1.47:80, referer: http://190.27.245.106/forest/usutareas.do?group_system_actual=3&codTraEsc=17072416&_a=0.10773042943680644
[Fri Dec 12 10:14:30.507207 2014] [proxy:error] [pid 2748:tid 1816] [client 201.245.192.253:56939] AH00898: Error reading from remote server returned by /forest/json.do, referer: http://190.27.245.106/forest/usutareas.do?group_system_actual=3&codTraEsc=17072416&_a=0.10773042943680644
[Fri Dec 12 10:14:30.507207 2014] [negotiation:error] [pid 2748:tid 1816] [client 201.245.192.253:56939] AH00690: no acceptable variant: E:/nuevo/apache/error/HTTP_BAD_GATEWAY.html.var, referer: http://190.27.245.106/forest/usutareas.do?group_system_actual=3&codTraEsc=17072416&_a=0.10773042943680644
[Fri Dec 12 10:15:16.355687 2014] [proxy_http:error] [pid 2748:tid 1624] (20014)Internal error: [client 201.245.192.253:57639] AH01102: error reading status line from remote server 172.22.1.47:80, referer: http://190.27.245.106/forest/usutareas.do?group_system_actual=3&a=0.2353535913862288
[Fri Dec 12 10:16:17.180194 2014] [proxy_http:error] [pid 2748:tid 1620] (20014)Internal error: [client 201.245.192.253:58220] AH01102: error reading status line from remote server 172.22.1.47:80, referer: http://190.27.245.106/forest/misactividades.do?tab=usutareas.do
[Fri Dec 12 10:18:08.377190 2014] [proxy_http:error] [pid 2748:tid 1860] (OS 10054)An existing connection was forcibly closed by the remote host.  : [client 201.245.192.253:59811] AH01102: error reading status line from remote server 172.22.1.31:80, referer: http://190.27.245.106/isolucionsda/FrameSetGeneral.asp?Pagina=Menu.asp&IdModulo=4
[Fri Dec 12 10:18:08.377190 2014] [proxy:error] [pid 2748:tid 1860] [client 201.245.192.253:59811] AH00898: Error reading from remote server returned by /isolucionsda/BarraFavoritos.asp, referer: http://190.27.245.106/isolucionsda/FrameSetGeneral.asp?Pagina=Menu.asp&IdModulo=4
[Fri Dec 12 10:19:43.162956 2014] [negotiation:error] [pid 2748:tid 1860] [client 201.245.192.253:48500] AH00690: no acceptable variant: E:/nuevo/apache/error/HTTP_NOT_FOUND.html.var, referer: http://190.27.245.106/sia/
[Fri Dec 12 10:19:43.162956 2014] [negotiation:error] [pid 2748:tid 1668] [client 201.245.192.253:48501] AH00690: no acceptable variant: E:/nuevo/apache/error/HTTP_NOT_FOUND.html.var, referer: http://190.27.245.106/sia/
[Fri Dec 12 10:19:43.162956 2014] [negotiation:error] [pid 2748:tid 1564] [client 201.245.192.253:48502] AH00690: no acceptable variant: E:/nuevo/apache/error/HTTP_NOT_FOUND.html.var, referer: http://190.27.245.106/sia/
[Fri Dec 12 10:19:43.162956 2014] [negotiation:error] [pid 2748:tid 1604] [client 201.245.192.253:48503] AH00690: no acceptable variant: E:/nuevo/apache/error/HTTP_NOT_FOUND.html.var, referer: http://190.27.245.106/sia/
[Fri Dec 12 10:22:49.099683 2014] [proxy_http:error] [pid 2748:tid 1792] (OS 10054)An existing connection was forcibly closed by the remote host.  : [client 201.245.192.253:51161] AH01102: error reading status line from remote server 172.22.1.31:80, referer: http://190.27.245.106/isolucionsda/FrameSetGeneral.asp?Pagina1=FrameSetGeneral.asp&
[Fri Dec 12 10:22:49.099683 2014] [proxy:error] [pid 2748:tid 1792] [client 201.245.192.253:51161] AH00898: Error reading from remote server returned by /isolucionsda/BarraFavoritos.asp, referer: http://190.27.245.106/isolucionsda/FrameSetGeneral.asp?Pagina1=FrameSetGeneral.asp&
[Fri Dec 12 10:22:49.208883 2014] [proxy_http:error] [pid 2748:tid 1704] (OS 10054)An existing connection was forcibly closed by the remote host.  : [client 201.245.192.253:51169] AH01102: error reading status line from remote server 172.22.1.31:80
[Fri Dec 12 10:22:49.208883 2014] [proxy:error] [pid 2748:tid 1704] [client 201.245.192.253:51169] AH00898: Error reading from remote server returned by /isolucionsda/g/Bot_SySOOff_ESP.jpg
[Fri Dec 12 10:22:49.208883 2014] [proxy_http:error] [pid 2748:tid 1816] (OS 10054)An existing connection was forcibly closed by the remote host.  : [client 201.245.192.253:51170] AH01102: error reading status line from remote server 172.22.1.31:80
[Fri Dec 12 10:22:49.208883 2014] [proxy:error] [pid 2748:tid 1816] [client 201.245.192.253:51170] AH00898: Error reading from remote server returned by /isolucionsda/g/Bot_Ayuda.jpg
[Fri Dec 12 10:27:21.773562 2014] [proxy_http:error] [pid 2748:tid 1700] (20014)Internal error: [client 201.245.192.253:56159] AH01102: error reading status line from remote server 172.22.1.47:80, referer: http://190.27.245.106/forest/usutareas.do?group_system_actual=3&a=0.44556464174474486
[Fri Dec 12 10:30:31.563495 2014] [proxy_http:error] [pid 2748:tid 1512] (20014)Internal error: [client 201.245.192.253:59628] AH01102: error reading status line from remote server 172.22.1.47:80, referer: http://190.27.245.106/forest/usutareas.do?_a=0.11435607657767832&group_system_actual=3
[Fri Dec 12 10:30:41.329112 2014] [proxy_http:error] [pid 2748:tid 1512] (20014)Internal error: [client 201.245.192.253:59638] AH01102: error reading status line from remote server 172.22.1.47:80, referer: http://190.27.245.106/forest/usutareas.do?_a=0.11435607657767832&group_system_actual=3
[Fri Dec 12 10:31:51.108035 2014] [proxy_http:error] [pid 2748:tid 1616] (20014)Internal error: [client 201.245.192.253:48263] AH01102: error reading status line from remote server 172.22.1.47:80, referer: http://190.27.245.106/forest/usutareas.do?_a=0.04070211807265878&group_system_actual=3
[Fri Dec 12 10:34:32.006717 2014] [proxy_http:error] [pid 2748:tid 1792] (20014)Internal error: [client 201.245.192.253:51364] AH01102: error reading status line from remote server 172.22.1.47:80
[Fri Dec 12 10:34:32.006717 2014] [proxy:error] [pid 2748:tid 1792] [client 201.245.192.253:51364] AH00898: Error reading from remote server returned by /forest/js/autocompletar2.js
[Fri Dec 12 10:35:51.395257 2014] [proxy_http:error] [pid 2748:tid 1824] (20014)Internal error: [client 201.245.192.253:52319] AH01102: error reading status line from remote server 172.22.1.47:80, referer: http://190.27.245.106/forest/index2.jsp?_a=0.15263652196153998
[Fri Dec 12 10:35:56.465266 2014] [proxy_http:error] [pid 2748:tid 1556] (20014)Internal error: [client 201.245.192.253:52343] AH01102: error reading status line from remote server 172.22.1.47:80, referer: http://190.27.245.106/forest/index2.jsp?_a=0.2386528376955539
[Fri Dec 12 10:49:49.008528 2014] [:error] [pid 2748:tid 1620] [client 79.12.54.249:62133] script 'E:/nuevo/htdocs/xmlrpc.php' not found or unable to stat
[Fri Dec 12 11:01:21.134944 2014] [proxy_http:error] [pid 2748:tid 1704] (20014)Internal error: [client 201.245.192.253:53007] AH01102: error reading status line from remote server 172.22.1.47:80, referer: http://190.27.245.106/forest/index2.jsp?_a=0.9625614103861153
[Fri Dec 12 11:03:16.887147 2014] [proxy_http:error] [pid 2748:tid 1488] (OS 10054)An existing connection was forcibly closed by the remote host.  : [client 201.245.192.253:54729] AH01102: error reading status line from remote server 172.22.1.31:80, referer: http://190.27.245.106/isolucionsda/FrameSetGeneral.asp?Pagina=Menu.asp&IdModulo=4
[Fri Dec 12 11:03:16.887147 2014] [proxy:error] [pid 2748:tid 1488] [client 201.245.192.253:54729] AH00898: Error reading from remote server returned by /isolucionsda/BarraFavoritos.asp, referer: http://190.27.245.106/isolucionsda/FrameSetGeneral.asp?Pagina=Menu.asp&IdModulo=4
[Fri Dec 12 11:03:22.300356 2014] [proxy_http:error] [pid 2748:tid 1748] (20014)Internal error: [client 201.245.192.253:54875] AH01102: error reading status line from remote server 172.22.1.47:80
[Fri Dec 12 11:03:22.300356 2014] [proxy:error] [pid 2748:tid 1748] [client 201.245.192.253:54875] AH00898: Error reading from remote server returned by /forest/1ibre/1ibre.js
[Fri Dec 12 11:03:22.425157 2014] [proxy_http:error] [pid 2748:tid 1748] (20014)Internal error: [client 201.245.192.253:54878] AH01102: error reading status line from remote server 172.22.1.47:80, referer: http://190.27.245.106/forest/buscar.do?type=procesos
[Fri Dec 12 11:03:22.425157 2014] [proxy:error] [pid 2748:tid 1748] [client 201.245.192.253:54878] AH00898: Error reading from remote server returned by /forest/json.do, referer: http://190.27.245.106/forest/buscar.do?type=procesos
[Fri Dec 12 11:03:22.425157 2014] [negotiation:error] [pid 2748:tid 1748] [client 201.245.192.253:54878] AH00690: no acceptable variant: E:/nuevo/apache/error/HTTP_BAD_GATEWAY.html.var, referer: http://190.27.245.106/forest/buscar.do?type=procesos
[Fri Dec 12 11:03:26.559164 2014] [proxy_http:error] [pid 2748:tid 1784] (20014)Internal error: [client 201.245.192.253:54912] AH01102: error reading status line from remote server 172.22.1.47:80, referer: http://190.27.245.106/forest/misactividades.do?_a=0.9718117334414274&group_system_actual=3
[Fri Dec 12 11:04:52.250114 2014] [proxy_http:error] [pid 2748:tid 1480] (20014)Internal error: [client 201.245.192.253:56584] AH01102: error reading status line from remote server 172.22.1.47:80, referer: http://190.27.245.106/forest/usutareas.do?_a=0.3535826893057674&group_system_actual=3
[Fri Dec 12 11:04:56.508922 2014] [proxy_http:error] [pid 2748:tid 1700] (20014)Internal error: [client 201.245.192.253:56629] AH01102: error reading status line from remote server 172.22.1.47:80, referer: http://190.27.245.106/forest/usutareas.do?_a=0.041657967725768685&group_system_actual=3
[Fri Dec 12 11:04:56.883323 2014] [proxy_http:error] [pid 2748:tid 1820] (OS 10054)An existing connection was forcibly closed by the remote host.  : [client 201.245.192.253:56650] AH01102: error reading status line from remote server 172.22.1.31:80, referer: http://190.27.245.106/isolucionsda/FrameSetGeneral.asp?Pagina=Menu.asp&IdModulo=4
[Fri Dec 12 11:04:56.883323 2014] [proxy:error] [pid 2748:tid 1820] [client 201.245.192.253:56650] AH00898: Error reading from remote server returned by /isolucionsda/Menu.asp, referer: http://190.27.245.106/isolucionsda/FrameSetGeneral.asp?Pagina=Menu.asp&IdModulo=4
[Fri Dec 12 11:12:35.711328 2014] [proxy_http:error] [pid 2748:tid 1492] (20014)Internal error: [client 201.245.192.253:52277] AH01102: error reading status line from remote server 172.22.1.47:80
[Fri Dec 12 11:12:35.711328 2014] [proxy:error] [pid 2748:tid 1492] [client 201.245.192.253:52277] AH00898: Error reading from remote server returned by /forest/img/forestIcon.gif
[Fri Dec 12 11:15:28.575232 2014] [proxy_http:error] [pid 2748:tid 1528] (20014)Internal error: [client 201.245.192.253:55483] AH01102: error reading status line from remote server 172.22.1.47:80
[Fri Dec 12 11:15:28.575232 2014] [proxy:error] [pid 2748:tid 1528] [client 201.245.192.253:55483] AH00898: Error reading from remote server returned by /forest/skins/gdocs-jar/js/formsBase.js
[Fri Dec 12 11:27:37.627913 2014] [proxy_http:error] [pid 2748:tid 1440] (20014)Internal error: [client 201.245.192.253:56688] AH01102: error reading status line from remote server 172.22.1.47:80, referer: http://190.27.245.106/forest/misactividades.do?tab=usutareas.do
[Fri Dec 12 11:27:37.721513 2014] [proxy_http:error] [pid 2748:tid 1440] (20014)Internal error: [client 201.245.192.253:56696] AH01102: error reading status line from remote server 172.22.1.47:80, referer: http://190.27.245.106/forest/misactividades.do?tab=usutareas.do
[Fri Dec 12 11:27:37.721513 2014] [proxy:error] [pid 2748:tid 1440] [client 201.245.192.253:56696] AH00898: Error reading from remote server returned by /forest/misactividades.do, referer: http://190.27.245.106/forest/misactividades.do?tab=usutareas.do
[Fri Dec 12 11:28:08.562767 2014] [proxy_http:error] [pid 2748:tid 1644] (20014)Internal error: [client 201.245.192.253:57191] AH01102: error reading status line from remote server 172.22.1.47:80, referer: http://190.27.245.106/forest/usutareas.do?_a=0.664684315618927&group_system_actual=3
[Fri Dec 12 11:28:08.609567 2014] [proxy_http:error] [pid 2748:tid 1824] (20014)Internal error: [client 201.245.192.253:57380] AH01102: error reading status line from remote server 172.22.1.47:80
[Fri Dec 12 11:28:08.609567 2014] [proxy:error] [pid 2748:tid 1824] [client 201.245.192.253:57380] AH00898: Error reading from remote server returned by /forest/img/adduser.gif
[Fri Dec 12 11:28:08.625167 2014] [proxy_http:error] [pid 2748:tid 1636] (20014)Internal error: [client 201.245.192.253:57381] AH01102: error reading status line from remote server 172.22.1.47:80, referer: http://190.27.245.106/forest/usutareas.do?_a=0.664684315618927&group_system_actual=3
[Fri Dec 12 11:55:24.569840 2014] [proxy_http:error] [pid 2748:tid 1884] (20014)Internal error: [client 201.245.192.253:52028] AH01102: error reading status line from remote server 172.22.1.47:80
[Fri Dec 12 11:55:24.569840 2014] [proxy:error] [pid 2748:tid 1884] [client 201.245.192.253:52028] AH00898: Error reading from remote server returned by /forest/js/dialog.js
[Fri Dec 12 11:55:24.569840 2014] [proxy_http:error] [pid 2748:tid 1864] (20014)Internal error: [client 201.245.192.253:52027] AH01102: error reading status line from remote server 172.22.1.47:80
[Fri Dec 12 11:55:24.569840 2014] [proxy:error] [pid 2748:tid 1864] [client 201.245.192.253:52027] AH00898: Error reading from remote server returned by /forest/js/load_func.js
[Fri Dec 12 11:55:24.585441 2014] [proxy_http:error] [pid 2748:tid 1820] (20014)Internal error: [client 201.245.192.253:52034] AH01102: error reading status line from remote server 172.22.1.47:80
[Fri Dec 12 11:55:24.585441 2014] [proxy:error] [pid 2748:tid 1820] [client 201.245.192.253:52034] AH00898: Error reading from remote server returned by /forest/1ibre/jscalendar/lang/calendar-es.js
[Fri Dec 12 12:01:55.085326 2014] [proxy_http:error] [pid 2748:tid 1816] (20014)Internal error: [client 201.245.192.253:59156] AH01102: error reading status line from remote server 172.22.1.47:80
[Fri Dec 12 12:01:55.085326 2014] [proxy:error] [pid 2748:tid 1816] [client 201.245.192.253:59156] AH00898: Error reading from remote server returned by /forest/img/mplogo.gif
[Fri Dec 12 12:04:29.416397 2014] [proxy_http:error] [pid 2748:tid 1444] (20014)Internal error: [client 201.245.192.253:49828] AH01102: error reading status line from remote server 172.22.1.47:80
[Fri Dec 12 12:04:29.416397 2014] [proxy:error] [pid 2748:tid 1444] [client 201.245.192.253:49828] AH00898: Error reading from remote server returned by /forestReports/webcontent/birt/admin/img/popup/close.gif
[Fri Dec 12 12:04:50.180034 2014] [proxy_http:error] [pid 2748:tid 1588] (20014)Internal error: [client 201.245.192.253:50267] AH01102: error reading status line from remote server 172.22.1.47:80, referer: http://190.27.245.106/forest/frameset?
[Fri Dec 12 12:13:07.883308 2014] [proxy_http:error] [pid 2748:tid 1592] (20014)Internal error: [client 201.245.192.253:58890] AH01102: error reading status line from remote server 172.22.1.47:80, referer: http://190.27.245.106/forest/usutareas.do?group_system_actual=3&codTraEsc=17088918&_a=0.29663528077486767
[Fri Dec 12 12:17:15.378743 2014] [mpm_winnt:warn] [pid 2748:tid 1984] (OS 64)The specified network name is no longer available.  : AH00341: winnt_accept: Asynchronous AcceptEx failed.
[Fri Dec 12 12:21:17.085567 2014] [:error] [pid 2748:tid 1700] [client 178.174.156.25:61833] script 'E:/nuevo/htdocs/xmlrpc.php' not found or unable to stat
[Fri Dec 12 12:45:54.986363 2014] [:error] [pid 2748:tid 1644] [client 187.178.241.170:38448] script 'E:/nuevo/htdocs/xmlrpc.php' not found or unable to stat
[Fri Dec 12 13:40:21.337700 2014] [proxy_http:error] [pid 2748:tid 1520] (OS 10054)An existing connection was forcibly closed by the remote host.  : [client 181.137.156.205:50870] AH01102: error reading status line from remote server 172.22.1.31:80, referer: http://190.27.245.106/isolucionsda/bancoconocimiento/E/Evaluacion_ControlySeguimientoalManejoAmbientalenObrasPublicasyPrivadas_v5/Evaluacion_ControlySeguimientoalManejoAmbientalenObrasPublicasyPrivadas_v5.asp?IdArticulo=4686
[Fri Dec 12 13:40:21.337700 2014] [proxy:error] [pid 2748:tid 1520] [client 181.137.156.205:50870] AH00898: Error reading from remote server returned by /isolucionsda/g/vacio1x1.gif, referer: http://190.27.245.106/isolucionsda/bancoconocimiento/E/Evaluacion_ControlySeguimientoalManejoAmbientalenObrasPublicasyPrivadas_v5/Evaluacion_ControlySeguimientoalManejoAmbientalenObrasPublicasyPrivadas_v5.asp?IdArticulo=4686
[Fri Dec 12 13:43:26.993626 2014] [proxy_http:error] [pid 2748:tid 1504] (OS 10054)An existing connection was forcibly closed by the remote host.  : [client 186.147.45.244:52519] AH01102: error reading status line from remote server 172.22.1.31:80, referer: http://190.27.245.106/isolucionsda/Encabezado.asp?Pagina1=FrameSetGeneral.asp&&Pagina=MagazinHome.asp
[Fri Dec 12 13:54:27.373986 2014] [proxy_http:error] [pid 2748:tid 1832] (OS 10054)An existing connection was forcibly closed by the remote host.  : [client 201.245.192.253:53765] AH01102: error reading status line from remote server 172.22.1.31:80, referer: http://190.27.245.106/isolucionsda/Encabezado.asp?Pagina1=FrameSetGeneral.asp&&Pagina=MagazinHome.asp
[Fri Dec 12 13:54:27.373986 2014] [proxy:error] [pid 2748:tid 1832] [client 201.245.192.253:53765] AH00898: Error reading from remote server returned by /isolucionsda/Session.asp, referer: http://190.27.245.106/isolucionsda/Encabezado.asp?Pagina1=FrameSetGeneral.asp&&Pagina=MagazinHome.asp
[Fri Dec 12 14:04:15.697820 2014] [proxy_http:error] [pid 2748:tid 1528] (OS 10054)An existing connection was forcibly closed by the remote host.  : [client 201.245.192.253:49276] AH01102: error reading status line from remote server 172.22.1.31:80
[Fri Dec 12 14:04:15.697820 2014] [proxy:error] [pid 2748:tid 1528] [client 201.245.192.253:49276] AH00898: Error reading from remote server returned by /isolucionsda/g/Bot_ProveedoresOff_ESP.jpg
[Fri Dec 12 14:34:28.313804 2014] [proxy_http:error] [pid 2748:tid 1528] (OS 10054)An existing connection was forcibly closed by the remote host.  : [client 201.245.192.253:50812] AH01102: error reading status line from remote server 172.22.1.31:80, referer: http://190.27.245.106/isolucionsda/Encabezado.asp?Pagina1=FrameSetGeneral.asp&&Pagina=MagazinHome.asp
[Fri Dec 12 14:44:47.494491 2014] [proxy_http:error] [pid 2748:tid 1644] (OS 10054)An existing connection was forcibly closed by the remote host.  : [client 201.245.192.253:48589] AH01102: error reading status line from remote server 172.22.1.31:80, referer: http://190.27.245.106/isolucionsda/FrameSetGeneral.asp?Pagina1=FrameSetGeneral.asp&
[Fri Dec 12 14:44:47.494491 2014] [proxy:error] [pid 2748:tid 1644] [client 201.245.192.253:48589] AH00898: Error reading from remote server returned by /isolucionsda/BarraTitulos.asp, referer: http://190.27.245.106/isolucionsda/FrameSetGeneral.asp?Pagina1=FrameSetGeneral.asp&
[Fri Dec 12 14:44:47.494491 2014] [proxy_http:error] [pid 2748:tid 1584] (OS 10054)An existing connection was forcibly closed by the remote host.  : [client 201.245.192.253:48591] AH01102: error reading status line from remote server 172.22.1.31:80, referer: http://190.27.245.106/isolucionsda/FrameSetGeneral.asp?Pagina1=FrameSetGeneral.asp&
[Fri Dec 12 14:44:47.494491 2014] [proxy:error] [pid 2748:tid 1584] [client 201.245.192.253:48591] AH00898: Error reading from remote server returned by /isolucionsda/BarraFavoritos.asp, referer: http://190.27.245.106/isolucionsda/FrameSetGeneral.asp?Pagina1=FrameSetGeneral.asp&
[Fri Dec 12 14:45:00.052513 2014] [:error] [pid 2748:tid 1488] [client 178.222.148.210:19535] script 'E:/nuevo/htdocs/xmlrpc.php' not found or unable to stat
[Fri Dec 12 14:58:35.013545 2014] [proxy_http:error] [pid 2748:tid 1624] (20014)Internal error: [client 201.245.192.253:51281] AH01102: error reading status line from remote server 172.22.1.47:80, referer: http://190.27.245.106/forest/usutareas.do?_a=0.4448221240615876&group_system_actual=3
[Fri Dec 12 14:58:59.833188 2014] [proxy_http:error] [pid 2748:tid 1700] (20014)Internal error: [client 201.245.192.253:51723] AH01102: error reading status line from remote server 172.22.1.47:80
[Fri Dec 12 14:58:59.833188 2014] [proxy:error] [pid 2748:tid 1700] [client 201.245.192.253:51723] AH00898: Error reading from remote server returned by /forest/skins/gdocs-jar/js/xml_utilities.js
[Fri Dec 12 14:59:00.113989 2014] [proxy_http:error] [pid 2748:tid 1700] (20014)Internal error: [client 201.245.192.253:51732] AH01102: error reading status line from remote server 172.22.1.47:80, referer: http://190.27.245.106/forest/usutareas.do?group_system_actual=3&a=0.5538233026663008
[Fri Dec 12 14:59:00.113989 2014] [proxy:error] [pid 2748:tid 1700] [client 201.245.192.253:51732] AH00898: Error reading from remote server returned by /forest/actions/forms.getMappedValues, referer: http://190.27.245.106/forest/usutareas.do?group_system_actual=3&a=0.5538233026663008
[Fri Dec 12 14:59:00.113989 2014] [negotiation:error] [pid 2748:tid 1700] [client 201.245.192.253:51732] AH00690: no acceptable variant: E:/nuevo/apache/error/HTTP_BAD_GATEWAY.html.var, referer: http://190.27.245.106/forest/usutareas.do?group_system_actual=3&a=0.5538233026663008
[Fri Dec 12 14:59:02.110792 2014] [proxy_http:error] [pid 2748:tid 1700] (20014)Internal error: [client 201.245.192.253:51732] AH01102: error reading status line from remote server 172.22.1.47:80, referer: http://190.27.245.106/forest/usutareas.do?_a=0.12230740277396779&group_system_actual=3
[Fri Dec 12 14:59:02.219992 2014] [proxy_http:error] [pid 2748:tid 1608] (20014)Internal error: [client 201.245.192.253:49937] AH01102: error reading status line from remote server 172.22.1.47:80, referer: http://190.27.245.106/forest/usutareas.do?_a=0.12230740277396779&group_system_actual=3
[Fri Dec 12 15:00:56.085592 2014] [:error] [pid 2748:tid 1520] [client 207.171.196.178:60221] script 'E:/nuevo/htdocs/xmlrpc.php' not found or unable to stat
[Fri Dec 12 15:09:04.444450 2014] [proxy_http:error] [pid 2748:tid 1484] (20014)Internal error: [client 201.245.192.253:51553] AH01102: error reading status line from remote server 172.22.1.47:80, referer: http://190.27.245.106/forest/usutareas.do?_a=0.49664978424960315&group_system_actual=3
[Fri Dec 12 15:14:58.502672 2014] [proxy_http:error] [pid 2748:tid 1628] (20014)Internal error: [client 201.245.192.253:57339] AH01102: error reading status line from remote server 172.22.1.47:80
[Fri Dec 12 15:14:58.502672 2014] [proxy:error] [pid 2748:tid 1628] [client 201.245.192.253:57339] AH00898: Error reading from remote server returned by /forest/skins/gdocs-jar/js/graphicForm.js
[Fri Dec 12 15:17:27.389333 2014] [proxy_http:error] [pid 2748:tid 1444] (20014)Internal error: [client 201.245.192.253:48167] AH01102: error reading status line from remote server 172.22.1.47:80, referer: http://190.27.245.106/forest/frameset?
[Fri Dec 12 15:22:11.373232 2014] [proxy_http:error] [pid 2748:tid 1884] (20014)Internal error: [client 201.245.192.253:53487] AH01102: error reading status line from remote server 172.22.1.47:80, referer: http://190.27.245.106/forest/index2.jsp?_a=0.3047601957805455
[Fri Dec 12 15:23:14.818544 2014] [proxy_http:error] [pid 2748:tid 1884] (20014)Internal error: [client 201.245.192.253:55124] AH01102: error reading status line from remote server 172.22.1.47:80
[Fri Dec 12 15:23:14.818544 2014] [proxy:error] [pid 2748:tid 1884] [client 201.245.192.253:55124] AH00898: Error reading from remote server returned by /forest/skins/gdocs-jar/js/tareas.js
[Fri Dec 12 15:24:26.173069 2014] [proxy_http:error] [pid 2748:tid 1832] (20014)Internal error: [client 201.245.192.253:56255] AH01102: error reading status line from remote server 172.22.1.47:80, referer: http://190.27.245.106/forest/reportes.do?menu=1&group_system_actual=5
[Fri Dec 12 15:29:40.482421 2014] [proxy_http:error] [pid 2748:tid 1876] (20014)Internal error: [client 201.245.192.253:49306] AH01102: error reading status line from remote server 172.22.1.47:80, referer: http://190.27.245.106/forest/index2.jsp?_a=0.1942488052882254
[Fri Dec 12 15:37:29.232044 2014] [proxy_http:error] [pid 2748:tid 1444] (20014)Internal error: [client 201.245.192.253:57375] AH01102: error reading status line from remote server 172.22.1.47:80, referer: http://190.27.245.106/forest/usutareas.do?_a=0.3127499379078671&group_system_actual=3
[Fri Dec 12 15:37:33.490852 2014] [proxy_http:error] [pid 2748:tid 1480] (20014)Internal error: [client 201.245.192.253:57430] AH01102: error reading status line from remote server 172.22.1.47:80, referer: http://190.27.245.106/forest/usutareas.do?_a=0.12923508360044156&group_system_actual=3
[Fri Dec 12 15:37:33.490852 2014] [proxy:error] [pid 2748:tid 1480] [client 201.245.192.253:57430] AH00898: Error reading from remote server returned by /forest/skins/gdocs-jar/js/tareas.js, referer: http://190.27.245.106/forest/usutareas.do?_a=0.12923508360044156&group_system_actual=3
[Fri Dec 12 15:37:34.458054 2014] [proxy_http:error] [pid 2748:tid 1480] (20014)Internal error: [client 201.245.192.253:57430] AH01102: error reading status line from remote server 172.22.1.47:80, referer: http://190.27.245.106/forest/usutareas.do?_a=0.12923508360044156&group_system_actual=3
[Fri Dec 12 15:37:34.598454 2014] [proxy_http:error] [pid 2748:tid 1484] (20014)Internal error: [client 201.245.192.253:57446] AH01102: error reading status line from remote server 172.22.1.47:80, referer: http://190.27.245.106/forest/reportes.do?menu=1&group_system_actual=5
[Fri Dec 12 15:37:34.598454 2014] [proxy:error] [pid 2748:tid 1484] [client 201.245.192.253:57446] AH00898: Error reading from remote server returned by /forest/frameset, referer: http://190.27.245.106/forest/reportes.do?menu=1&group_system_actual=5
[Fri Dec 12 15:39:41.442277 2014] [mpm_winnt:warn] [pid 2748:tid 1984] (OS 64)The specified network name is no longer available.  : AH00341: winnt_accept: Asynchronous AcceptEx failed.
[Fri Dec 12 15:42:40.483791 2014] [proxy_http:error] [pid 2748:tid 1628] (20014)Internal error: [client 201.245.192.253:49806] AH01102: error reading status line from remote server 172.22.1.47:80, referer: http://190.27.245.106/forest/usutareas.do?group_system_actual=3&codAct=2121&numPro=2966852&codPro=176&fecTra=2014-12-03%2008:31:44.367&codInst=3001512&codTraEsc=17023040
[Fri Dec 12 15:46:28.805792 2014] [proxy_http:error] [pid 2748:tid 1484] (20014)Internal error: [client 201.245.192.253:53305] AH01102: error reading status line from remote server 172.22.1.47:80
[Fri Dec 12 15:46:28.805792 2014] [proxy:error] [pid 2748:tid 1484] [client 201.245.192.253:53305] AH00898: Error reading from remote server returned by /forestReports/webcontent/birt/ajax/mh/BirtGetUpdatedObjectsResponseHandler.js
[Fri Dec 12 15:46:28.805792 2014] [proxy_http:error] [pid 2748:tid 1704] (20014)Internal error: [client 201.245.192.253:53309] AH01102: error reading status line from remote server 172.22.1.47:80
[Fri Dec 12 15:46:28.805792 2014] [proxy:error] [pid 2748:tid 1704] [client 201.245.192.253:53309] AH00898: Error reading from remote server returned by /forestReports/webcontent/birt/ajax/ui/app/AbstractBaseToc.js
[Fri Dec 12 15:46:44.078219 2014] [proxy_http:error] [pid 2748:tid 1484] (20014)Internal error: [client 201.245.192.253:53403] AH01102: error reading status line from remote server 172.22.1.47:80, referer: http://190.27.245.106/forest/index2.jsp?_a=0.6191653225105256
[Fri Dec 12 15:56:30.297049 2014] [proxy_http:error] [pid 2748:tid 1492] (20014)Internal error: [client 201.245.192.253:49852] AH01102: error reading status line from remote server 172.22.1.47:80
[Fri Dec 12 15:56:30.297049 2014] [proxy:error] [pid 2748:tid 1492] [client 201.245.192.253:49852] AH00898: Error reading from remote server returned by /forest/img/base/bsc2_r1_c3.gif
