!C99Shell v. 1.0 pre-release build #13!

Software: Apache. PHP/5.5.15 

uname -a: Windows NT SVR-DMZ 6.1 build 7600 (Windows Server 2008 R2 Enterprise Edition) i586 

SYSTEM 

Safe-mode: OFF (not secure)

E:\nuevo\apache\logs\   drwxrwxrwx
Free 5.02 GB of 239.26 GB (2.1%)
Detected drives: [ a ] [ c ] [ d ] [ e ] [ f ]
Home    Back    Forward    UPDIR    Refresh    Search    Buffer    Encoder    Tools    Proc.    FTP brute    Sec.    SQL    PHP-code    Update    Feedback    Self remove    Logout    


Viewing file:     error.2014.12.18.log (55.55 KB)      -rw-rw-rw-
Select action/file-type:
(+) | (+) | (+) | Code (+) | Session (+) | (+) | SDB (+) | (+) | (+) | (+) | (+) | (+) |
[Thu Dec 18 01:10:55.687660 2014] [:error] [pid 2748:tid 1676] [client 84.125.201.39:49636] script 'E:/nuevo/htdocs/xmlrpc.php' not found or unable to stat
[Thu Dec 18 01:28:01.951062 2014] [proxy:error] [pid 2748:tid 1676] (OS 10061)No connection could be made because the target machine actively refused it.  : AH00957: HTTP: attempt to connect to 172.22.1.36:8080 (172.22.1.36) failed
[Thu Dec 18 01:28:01.951062 2014] [proxy:error] [pid 2748:tid 1676] AH00959: ap_proxy_connect_backend disabling worker for (172.22.1.36) for 60s
[Thu Dec 18 01:28:01.951062 2014] [proxy_http:error] [pid 2748:tid 1676] [client 66.249.67.75:40775] AH01114: HTTP: failed to make connection to backend: 172.22.1.36
[Thu Dec 18 02:16:57.628619 2014] [mpm_winnt:warn] [pid 2748:tid 1984] (OS 64)The specified network name is no longer available.  : AH00341: winnt_accept: Asynchronous AcceptEx failed.
[Thu Dec 18 02:17:22.619863 2014] [mpm_winnt:warn] [pid 2748:tid 1984] (OS 64)The specified network name is no longer available.  : AH00341: winnt_accept: Asynchronous AcceptEx failed.
[Thu Dec 18 02:36:47.538309 2014] [mpm_winnt:warn] [pid 2748:tid 1984] (OS 64)The specified network name is no longer available.  : AH00341: winnt_accept: Asynchronous AcceptEx failed.
[Thu Dec 18 02:37:12.498353 2014] [mpm_winnt:warn] [pid 2748:tid 1984] (OS 64)The specified network name is no longer available.  : AH00341: winnt_accept: Asynchronous AcceptEx failed.
[Thu Dec 18 02:52:59.810017 2014] [mpm_winnt:warn] [pid 2748:tid 1984] (OS 64)The specified network name is no longer available.  : AH00341: winnt_accept: Asynchronous AcceptEx failed.
[Thu Dec 18 03:45:18.475129 2014] [mpm_winnt:warn] [pid 2748:tid 1984] (OS 64)The specified network name is no longer available.  : AH00341: winnt_accept: Asynchronous AcceptEx failed.
[Thu Dec 18 03:48:18.842646 2014] [proxy:error] [pid 2748:tid 1884] (OS 10061)No connection could be made because the target machine actively refused it.  : AH00957: HTTP: attempt to connect to 172.22.1.36:8080 (172.22.1.36) failed
[Thu Dec 18 03:48:18.842646 2014] [proxy:error] [pid 2748:tid 1884] AH00959: ap_proxy_connect_backend disabling worker for (172.22.1.36) for 60s
[Thu Dec 18 03:48:18.842646 2014] [proxy_http:error] [pid 2748:tid 1884] [client 157.55.39.13:65254] AH01114: HTTP: failed to make connection to backend: 172.22.1.36
[Thu Dec 18 04:42:17.129534 2014] [proxy:error] [pid 2748:tid 1736] (OS 10061)No connection could be made because the target machine actively refused it.  : AH00957: HTTP: attempt to connect to 172.22.1.36:8080 (172.22.1.36) failed
[Thu Dec 18 04:42:17.129534 2014] [proxy:error] [pid 2748:tid 1736] AH00959: ap_proxy_connect_backend disabling worker for (172.22.1.36) for 60s
[Thu Dec 18 04:42:17.129534 2014] [proxy_http:error] [pid 2748:tid 1736] [client 66.249.67.83:64585] AH01114: HTTP: failed to make connection to backend: 172.22.1.36
[Thu Dec 18 05:38:58.795509 2014] [mpm_winnt:warn] [pid 2748:tid 1984] (OS 64)The specified network name is no longer available.  : AH00341: winnt_accept: Asynchronous AcceptEx failed.
[Thu Dec 18 05:39:23.802353 2014] [mpm_winnt:warn] [pid 2748:tid 1984] (OS 64)The specified network name is no longer available.  : AH00341: winnt_accept: Asynchronous AcceptEx failed.
[Thu Dec 18 05:50:23.589912 2014] [mpm_winnt:warn] [pid 2748:tid 1984] (OS 64)The specified network name is no longer available.  : AH00341: winnt_accept: Asynchronous AcceptEx failed.
[Thu Dec 18 06:10:45.633658 2014] [proxy:error] [pid 2748:tid 1736] (OS 10061)No connection could be made because the target machine actively refused it.  : AH00957: HTTP: attempt to connect to 172.22.1.36:8080 (172.22.1.36) failed
[Thu Dec 18 06:10:45.633658 2014] [proxy:error] [pid 2748:tid 1736] AH00959: ap_proxy_connect_backend disabling worker for (172.22.1.36) for 60s
[Thu Dec 18 06:10:45.633658 2014] [proxy_http:error] [pid 2748:tid 1736] [client 190.66.112.177:10505] AH01114: HTTP: failed to make connection to backend: 172.22.1.36, referer: http://www.ambientebogota.gov.co/web/sda/planeacion-ambiental
[Thu Dec 18 07:11:01.084409 2014] [mpm_winnt:warn] [pid 2748:tid 1984] (OS 64)The specified network name is no longer available.  : AH00341: winnt_accept: Asynchronous AcceptEx failed.
[Thu Dec 18 07:11:21.816845 2014] [proxy:error] [pid 2748:tid 1592] (OS 10061)No connection could be made because the target machine actively refused it.  : AH00957: HTTP: attempt to connect to 172.22.1.36:8080 (172.22.1.36) failed
[Thu Dec 18 07:11:21.816845 2014] [proxy:error] [pid 2748:tid 1592] AH00959: ap_proxy_connect_backend disabling worker for (172.22.1.36) for 60s
[Thu Dec 18 07:11:21.816845 2014] [proxy_http:error] [pid 2748:tid 1592] [client 190.66.112.177:10684] AH01114: HTTP: failed to make connection to backend: 172.22.1.36, referer: http://www.ambientebogota.gov.co/web/sda/planeacion-ambiental
[Thu Dec 18 07:11:26.075652 2014] [mpm_winnt:warn] [pid 2748:tid 1984] (OS 64)The specified network name is no longer available.  : AH00341: winnt_accept: Asynchronous AcceptEx failed.
[Thu Dec 18 07:19:07.727263 2014] [:error] [pid 2748:tid 1768] [client 84.115.106.139:63021] script 'E:/nuevo/htdocs/xmlrpc.php' not found or unable to stat
[Thu Dec 18 07:23:13.068894 2014] [:error] [pid 2748:tid 1712] [client 5.245.165.56:51938] script 'E:/nuevo/htdocs/xmlrpc.php' not found or unable to stat
[Thu Dec 18 07:39:49.161844 2014] [proxy:error] [pid 2748:tid 1676] (OS 10061)No connection could be made because the target machine actively refused it.  : AH00957: HTTP: attempt to connect to 172.22.1.36:8080 (172.22.1.36) failed
[Thu Dec 18 07:39:49.161844 2014] [proxy:error] [pid 2748:tid 1676] AH00959: ap_proxy_connect_backend disabling worker for (172.22.1.36) for 60s
[Thu Dec 18 07:39:49.161844 2014] [proxy_http:error] [pid 2748:tid 1676] [client 190.66.112.177:10819] AH01114: HTTP: failed to make connection to backend: 172.22.1.36, referer: http://www.ambientebogota.gov.co/web/sda/planeacion-ambiental
[Thu Dec 18 07:51:47.917506 2014] [proxy:error] [pid 2748:tid 1736] (OS 10061)No connection could be made because the target machine actively refused it.  : AH00957: HTTP: attempt to connect to 172.22.1.36:8080 (172.22.1.36) failed
[Thu Dec 18 07:51:47.917506 2014] [proxy:error] [pid 2748:tid 1736] AH00959: ap_proxy_connect_backend disabling worker for (172.22.1.36) for 60s
[Thu Dec 18 07:51:47.917506 2014] [proxy_http:error] [pid 2748:tid 1736] [client 190.66.112.177:10850] AH01114: HTTP: failed to make connection to backend: 172.22.1.36, referer: http://www.ambientebogota.gov.co/web/sda/planeacion-ambiental
[Thu Dec 18 08:18:36.204331 2014] [proxy:error] [pid 2748:tid 1712] (OS 10061)No connection could be made because the target machine actively refused it.  : AH00957: HTTP: attempt to connect to 172.22.1.36:8080 (172.22.1.36) failed
[Thu Dec 18 08:18:36.204331 2014] [proxy:error] [pid 2748:tid 1712] AH00959: ap_proxy_connect_backend disabling worker for (172.22.1.36) for 60s
[Thu Dec 18 08:18:36.204331 2014] [proxy_http:error] [pid 2748:tid 1712] [client 190.24.146.202:47841] AH01114: HTTP: failed to make connection to backend: 172.22.1.36
[Thu Dec 18 08:22:54.681185 2014] [:error] [pid 2748:tid 1512] [client 68.193.203.185:1778] script 'E:/nuevo/htdocs/wp-login.php' not found or unable to stat
[Thu Dec 18 08:30:35.973995 2014] [proxy:error] [pid 2748:tid 1676] (OS 10061)No connection could be made because the target machine actively refused it.  : AH00957: HTTP: attempt to connect to 172.22.1.36:8080 (172.22.1.36) failed
[Thu Dec 18 08:30:35.973995 2014] [proxy:error] [pid 2748:tid 1676] AH00959: ap_proxy_connect_backend disabling worker for (172.22.1.36) for 60s
[Thu Dec 18 08:30:35.973995 2014] [proxy_http:error] [pid 2748:tid 1676] [client 190.66.112.177:11234] AH01114: HTTP: failed to make connection to backend: 172.22.1.36, referer: http://www.ambientebogota.gov.co/web/sda/planeacion-ambiental
[Thu Dec 18 08:36:52.714657 2014] [proxy_http:error] [pid 2748:tid 1884] (OS 10054)An existing connection was forcibly closed by the remote host.  : [client 201.245.192.253:55002] AH01102: error reading status line from remote server 172.22.1.31:80, referer: http://190.27.245.106/isolucionsda/FrameSetGeneral.asp?Pagina=Menu.asp&IdModulo=4
[Thu Dec 18 08:36:52.714657 2014] [proxy:error] [pid 2748:tid 1884] [client 201.245.192.253:55002] AH00898: Error reading from remote server returned by /isolucionsda/BarraFavoritos.asp, referer: http://190.27.245.106/isolucionsda/FrameSetGeneral.asp?Pagina=Menu.asp&IdModulo=4
[Thu Dec 18 08:46:32.583275 2014] [proxy:error] [pid 2748:tid 1588] (OS 10061)No connection could be made because the target machine actively refused it.  : AH00957: HTTP: attempt to connect to 172.22.1.36:8080 (172.22.1.36) failed
[Thu Dec 18 08:46:32.583275 2014] [proxy:error] [pid 2748:tid 1588] AH00959: ap_proxy_connect_backend disabling worker for (172.22.1.36) for 60s
[Thu Dec 18 08:46:32.583275 2014] [proxy_http:error] [pid 2748:tid 1588] [client 190.66.112.177:11343] AH01114: HTTP: failed to make connection to backend: 172.22.1.36, referer: http://www.ambientebogota.gov.co/web/sda/planeacion-ambiental
[Thu Dec 18 08:48:19.849064 2014] [proxy:error] [pid 2748:tid 1636] (OS 10061)No connection could be made because the target machine actively refused it.  : AH00957: HTTP: attempt to connect to 172.22.1.36:8080 (172.22.1.36) failed
[Thu Dec 18 08:48:19.849064 2014] [proxy:error] [pid 2748:tid 1636] AH00959: ap_proxy_connect_backend disabling worker for (172.22.1.36) for 60s
[Thu Dec 18 08:48:19.849064 2014] [proxy_http:error] [pid 2748:tid 1636] [client 181.60.134.211:49165] AH01114: HTTP: failed to make connection to backend: 172.22.1.36
[Thu Dec 18 08:48:20.441865 2014] [proxy:error] [pid 2748:tid 1636] AH00940: HTTP: disabled connection for (172.22.1.36)
[Thu Dec 18 09:10:40.657819 2014] [proxy_http:error] [pid 2748:tid 1784] (OS 10054)An existing connection was forcibly closed by the remote host.  : [client 201.245.192.253:50418] AH01102: error reading status line from remote server 172.22.1.31:80, referer: http://190.27.245.106/isolucionsda/FrameSetGeneral.asp?Pagina1=FrameSetGeneral.asp&
[Thu Dec 18 09:10:40.657819 2014] [proxy:error] [pid 2748:tid 1784] [client 201.245.192.253:50418] AH00898: Error reading from remote server returned by /isolucionsda/MagazinHome.asp, referer: http://190.27.245.106/isolucionsda/FrameSetGeneral.asp?Pagina1=FrameSetGeneral.asp&
[Thu Dec 18 09:15:22.877915 2014] [proxy:error] [pid 2748:tid 1460] (OS 10061)No connection could be made because the target machine actively refused it.  : AH00957: HTTP: attempt to connect to 172.22.1.36:8080 (172.22.1.36) failed
[Thu Dec 18 09:15:22.877915 2014] [proxy:error] [pid 2748:tid 1460] AH00959: ap_proxy_connect_backend disabling worker for (172.22.1.36) for 60s
[Thu Dec 18 09:15:22.877915 2014] [proxy_http:error] [pid 2748:tid 1460] [client 190.24.146.202:9135] AH01114: HTTP: failed to make connection to backend: 172.22.1.36
[Thu Dec 18 09:15:26.996322 2014] [proxy_http:error] [pid 2748:tid 1564] (OS 10054)An existing connection was forcibly closed by the remote host.  : [client 201.245.192.253:55883] AH01102: error reading status line from remote server 172.22.1.31:80
[Thu Dec 18 09:15:26.996322 2014] [proxy:error] [pid 2748:tid 1564] [client 201.245.192.253:55883] AH00898: Error reading from remote server returned by /isolucionsda/g/Img_DivBarraSup.jpg
[Thu Dec 18 09:27:54.549635 2014] [proxy:error] [pid 2748:tid 1632] (OS 10061)No connection could be made because the target machine actively refused it.  : AH00957: HTTP: attempt to connect to 172.22.1.36:8080 (172.22.1.36) failed
[Thu Dec 18 09:27:54.549635 2014] [proxy:error] [pid 2748:tid 1632] AH00959: ap_proxy_connect_backend disabling worker for (172.22.1.36) for 60s
[Thu Dec 18 09:27:54.549635 2014] [proxy_http:error] [pid 2748:tid 1632] [client 190.25.232.143:58469] AH01114: HTTP: failed to make connection to backend: 172.22.1.36, referer: http://www.ambientebogota.gov.co/web/sda/coordinacion-interinstitucional-e-intersectorial
[Thu Dec 18 09:28:00.274845 2014] [proxy:error] [pid 2748:tid 1776] AH00940: HTTP: disabled connection for (172.22.1.36)
[Thu Dec 18 09:28:04.003252 2014] [proxy:error] [pid 2748:tid 1660] AH00940: HTTP: disabled connection for (172.22.1.36)
[Thu Dec 18 09:29:35.138612 2014] [proxy:error] [pid 2748:tid 1460] (OS 10061)No connection could be made because the target machine actively refused it.  : AH00957: HTTP: attempt to connect to 172.22.1.36:8080 (172.22.1.36) failed
[Thu Dec 18 09:29:35.138612 2014] [proxy:error] [pid 2748:tid 1460] AH00959: ap_proxy_connect_backend disabling worker for (172.22.1.36) for 60s
[Thu Dec 18 09:29:35.138612 2014] [proxy_http:error] [pid 2748:tid 1460] [client 201.245.192.253:56172] AH01114: HTTP: failed to make connection to backend: 172.22.1.36
[Thu Dec 18 09:33:27.157819 2014] [proxy:error] [pid 2748:tid 1692] (OS 10061)No connection could be made because the target machine actively refused it.  : AH00957: HTTP: attempt to connect to 172.22.1.36:8080 (172.22.1.36) failed
[Thu Dec 18 09:33:27.157819 2014] [proxy:error] [pid 2748:tid 1692] AH00959: ap_proxy_connect_backend disabling worker for (172.22.1.36) for 60s
[Thu Dec 18 09:33:27.157819 2014] [proxy_http:error] [pid 2748:tid 1692] [client 190.66.112.177:11546] AH01114: HTTP: failed to make connection to backend: 172.22.1.36, referer: http://www.ambientebogota.gov.co/web/sda/planeacion-ambiental
[Thu Dec 18 09:35:01.366385 2014] [proxy_http:error] [pid 2748:tid 1644] (OS 10054)An existing connection was forcibly closed by the remote host.  : [client 201.245.192.253:48496] AH01102: error reading status line from remote server 172.22.1.31:80, referer: http://190.27.245.106/isolucionsda/FrameSetGeneral.asp?Pagina1=FrameSetGeneral.asp&
[Thu Dec 18 09:35:01.366385 2014] [proxy:error] [pid 2748:tid 1644] [client 201.245.192.253:48496] AH00898: Error reading from remote server returned by /isolucionsda/MagazinHome.asp, referer: http://190.27.245.106/isolucionsda/FrameSetGeneral.asp?Pagina1=FrameSetGeneral.asp&
[Thu Dec 18 09:35:32.129639 2014] [proxy_http:error] [pid 2748:tid 1744] (OS 10054)An existing connection was forcibly closed by the remote host.  : [client 201.245.192.253:49075] AH01102: error reading status line from remote server 172.22.1.31:80
[Thu Dec 18 09:35:32.129639 2014] [proxy:error] [pid 2748:tid 1744] [client 201.245.192.253:49075] AH00898: Error reading from remote server returned by /isolucionsda/g/Bot_Indicadores_ESP.jpg
[Thu Dec 18 09:35:32.129639 2014] [proxy_http:error] [pid 2748:tid 1628] (OS 10054)An existing connection was forcibly closed by the remote host.  : [client 201.245.192.253:49083] AH01102: error reading status line from remote server 172.22.1.31:80
[Thu Dec 18 09:35:32.129639 2014] [proxy:error] [pid 2748:tid 1628] [client 201.245.192.253:49083] AH00898: Error reading from remote server returned by /isolucionsda/g/Bot_Meci_ESP.jpg
[Thu Dec 18 09:45:14.463061 2014] [proxy:error] [pid 2748:tid 1460] (OS 10061)No connection could be made because the target machine actively refused it.  : AH00957: HTTP: attempt to connect to 172.22.1.36:8080 (172.22.1.36) failed
[Thu Dec 18 09:45:14.463061 2014] [proxy:error] [pid 2748:tid 1460] AH00959: ap_proxy_connect_backend disabling worker for (172.22.1.36) for 60s
[Thu Dec 18 09:45:14.463061 2014] [proxy_http:error] [pid 2748:tid 1460] [client 190.24.146.225:1760] AH01114: HTTP: failed to make connection to backend: 172.22.1.36, referer: http://ambientebogota.gov.co/320
[Thu Dec 18 09:59:04.121319 2014] [proxy:error] [pid 2748:tid 1628] (OS 10061)No connection could be made because the target machine actively refused it.  : AH00957: HTTP: attempt to connect to 172.22.1.36:8080 (172.22.1.36) failed
[Thu Dec 18 09:59:04.121319 2014] [proxy:error] [pid 2748:tid 1628] AH00959: ap_proxy_connect_backend disabling worker for (172.22.1.36) for 60s
[Thu Dec 18 09:59:04.121319 2014] [proxy_http:error] [pid 2748:tid 1628] [client 186.29.48.196:16468] AH01114: HTTP: failed to make connection to backend: 172.22.1.36, referer: http://ambientebogota.gov.co/en/plan-institucional-de-gestion-ambiental-piga1
[Thu Dec 18 10:00:11.950238 2014] [proxy:error] [pid 2748:tid 1600] (OS 10061)No connection could be made because the target machine actively refused it.  : AH00957: HTTP: attempt to connect to 172.22.1.36:8080 (172.22.1.36) failed
[Thu Dec 18 10:00:11.950238 2014] [proxy:error] [pid 2748:tid 1600] AH00959: ap_proxy_connect_backend disabling worker for (172.22.1.36) for 60s
[Thu Dec 18 10:00:11.950238 2014] [proxy_http:error] [pid 2748:tid 1600] [client 190.25.232.143:61832] AH01114: HTTP: failed to make connection to backend: 172.22.1.36, referer: http://www.ambientebogota.gov.co/web/sda/coordinacion-interinstitucional-e-intersectorial
[Thu Dec 18 10:00:19.063850 2014] [proxy:error] [pid 2748:tid 1604] AH00940: HTTP: disabled connection for (172.22.1.36)
[Thu Dec 18 10:12:05.386291 2014] [proxy:error] [pid 2748:tid 1496] (OS 10061)No connection could be made because the target machine actively refused it.  : AH00957: HTTP: attempt to connect to 172.22.1.36:8080 (172.22.1.36) failed
[Thu Dec 18 10:12:05.386291 2014] [proxy:error] [pid 2748:tid 1496] AH00959: ap_proxy_connect_backend disabling worker for (172.22.1.36) for 60s
[Thu Dec 18 10:12:05.386291 2014] [proxy_http:error] [pid 2748:tid 1496] [client 186.29.48.196:16617] AH01114: HTTP: failed to make connection to backend: 172.22.1.36, referer: http://ambientebogota.gov.co/en/plan-institucional-de-gestion-ambiental-piga1
[Thu Dec 18 10:17:17.932840 2014] [proxy:error] [pid 2748:tid 1816] (OS 10061)No connection could be made because the target machine actively refused it.  : AH00957: HTTP: attempt to connect to 172.22.1.36:8080 (172.22.1.36) failed
[Thu Dec 18 10:17:17.932840 2014] [proxy:error] [pid 2748:tid 1816] AH00959: ap_proxy_connect_backend disabling worker for (172.22.1.36) for 60s
[Thu Dec 18 10:17:17.932840 2014] [proxy_http:error] [pid 2748:tid 1816] [client 190.156.192.77:53298] AH01114: HTTP: failed to make connection to backend: 172.22.1.36
[Thu Dec 18 10:17:22.597248 2014] [proxy:error] [pid 2748:tid 1668] AH00940: HTTP: disabled connection for (172.22.1.36)
[Thu Dec 18 10:22:48.637821 2014] [proxy:error] [pid 2748:tid 1588] (OS 10061)No connection could be made because the target machine actively refused it.  : AH00957: HTTP: attempt to connect to 172.22.1.36:8080 (172.22.1.36) failed
[Thu Dec 18 10:22:48.637821 2014] [proxy:error] [pid 2748:tid 1588] AH00959: ap_proxy_connect_backend disabling worker for (172.22.1.36) for 60s
[Thu Dec 18 10:22:48.637821 2014] [proxy_http:error] [pid 2748:tid 1588] [client 186.29.48.196:16864] AH01114: HTTP: failed to make connection to backend: 172.22.1.36, referer: http://ambientebogota.gov.co/en/plan-institucional-de-gestion-ambiental-piga1
[Thu Dec 18 10:40:52.122124 2014] [proxy_http:error] [pid 2748:tid 1744] (20014)Internal error: [client 190.84.185.167:50874] AH01102: error reading status line from remote server 172.22.1.47:80, referer: http://190.27.245.106/forest/reportes.do?menu=1&group_system_actual=5
[Thu Dec 18 10:42:04.585251 2014] [proxy_http:error] [pid 2748:tid 1472] (20014)Internal error: [client 201.245.192.253:54390] AH01102: error reading status line from remote server 172.22.1.47:80, referer: http://190.27.245.106/forest/index2.jsp?_a=0.5117431916296482
[Thu Dec 18 10:42:04.585251 2014] [proxy:error] [pid 2748:tid 1472] [client 201.245.192.253:54390] AH00898: Error reading from remote server returned by /forest/actions/forms.getList, referer: http://190.27.245.106/forest/index2.jsp?_a=0.5117431916296482
[Thu Dec 18 10:42:04.585251 2014] [negotiation:error] [pid 2748:tid 1472] [client 201.245.192.253:54390] AH00690: no acceptable variant: E:/nuevo/apache/error/HTTP_BAD_GATEWAY.html.var, referer: http://190.27.245.106/forest/index2.jsp?_a=0.5117431916296482
[Thu Dec 18 10:42:26.128889 2014] [proxy:error] [pid 2748:tid 1832] (OS 10061)No connection could be made because the target machine actively refused it.  : AH00957: HTTP: attempt to connect to 172.22.1.36:8080 (172.22.1.36) failed
[Thu Dec 18 10:42:26.128889 2014] [proxy:error] [pid 2748:tid 1832] AH00959: ap_proxy_connect_backend disabling worker for (172.22.1.36) for 60s
[Thu Dec 18 10:42:26.128889 2014] [proxy_http:error] [pid 2748:tid 1832] [client 190.66.112.177:12081] AH01114: HTTP: failed to make connection to backend: 172.22.1.36, referer: http://www.ambientebogota.gov.co/web/sda/planeacion-ambiental
[Thu Dec 18 10:42:52.539735 2014] [proxy_http:error] [pid 2748:tid 1472] (OS 10054)An existing connection was forcibly closed by the remote host.  : [client 201.245.192.253:55857] AH01102: error reading status line from remote server 172.22.1.31:80, referer: http://190.27.245.106/isolucionsda/FrameSetGeneral.asp?Pagina=Menu.asp&IdModulo=7
[Thu Dec 18 10:42:52.539735 2014] [proxy:error] [pid 2748:tid 1472] [client 201.245.192.253:55857] AH00898: Error reading from remote server returned by /isolucionsda/BarraTitulos.asp, referer: http://190.27.245.106/isolucionsda/FrameSetGeneral.asp?Pagina=Menu.asp&IdModulo=7
[Thu Dec 18 10:42:54.474139 2014] [proxy_http:error] [pid 2748:tid 1472] (OS 10054)An existing connection was forcibly closed by the remote host.  : [client 201.245.192.253:55857] AH01102: error reading status line from remote server 172.22.1.31:80, referer: http://190.27.245.106/isolucionsda/FrameSetGeneral.asp?Pagina=FiltroNoConformidades.asp&Estado=Abiertas&PintarAuditorias=SI&EsAbierta=1&ConMenu=NO
[Thu Dec 18 10:46:30.659318 2014] [proxy:error] [pid 2748:tid 1724] (OS 10061)No connection could be made because the target machine actively refused it.  : AH00957: HTTP: attempt to connect to 172.22.1.36:8080 (172.22.1.36) failed
[Thu Dec 18 10:46:30.659318 2014] [proxy:error] [pid 2748:tid 1724] AH00959: ap_proxy_connect_backend disabling worker for (172.22.1.36) for 60s
[Thu Dec 18 10:46:30.659318 2014] [proxy_http:error] [pid 2748:tid 1724] [client 66.249.67.75:48001] AH01114: HTTP: failed to make connection to backend: 172.22.1.36
[Thu Dec 18 11:13:46.057991 2014] [proxy:error] [pid 2748:tid 1768] (OS 10061)No connection could be made because the target machine actively refused it.  : AH00957: HTTP: attempt to connect to 172.22.1.36:8080 (172.22.1.36) failed
[Thu Dec 18 11:13:46.057991 2014] [proxy:error] [pid 2748:tid 1768] AH00959: ap_proxy_connect_backend disabling worker for (172.22.1.36) for 60s
[Thu Dec 18 11:13:46.057991 2014] [proxy_http:error] [pid 2748:tid 1768] [client 190.25.232.143:59022] AH01114: HTTP: failed to make connection to backend: 172.22.1.36, referer: http://www.ambientebogota.gov.co/web/sda/coordinacion-interinstitucional-e-intersectorial
[Thu Dec 18 11:14:57.334516 2014] [proxy:error] [pid 2748:tid 1588] (OS 10061)No connection could be made because the target machine actively refused it.  : AH00957: HTTP: attempt to connect to 172.22.1.36:8080 (172.22.1.36) failed
[Thu Dec 18 11:14:57.334516 2014] [proxy:error] [pid 2748:tid 1588] AH00959: ap_proxy_connect_backend disabling worker for (172.22.1.36) for 60s
[Thu Dec 18 11:14:57.334516 2014] [proxy_http:error] [pid 2748:tid 1588] [client 190.25.232.143:59468] AH01114: HTTP: failed to make connection to backend: 172.22.1.36, referer: http://www.ambientebogota.gov.co/web/sda/planeacion-ambiental
[Thu Dec 18 11:15:31.217776 2014] [proxy:error] [pid 2748:tid 1496] AH00940: HTTP: disabled connection for (172.22.1.36)
[Thu Dec 18 11:17:18.015563 2014] [proxy_http:error] [pid 2748:tid 1600] (20014)Internal error: [client 201.245.192.253:50438] AH01102: error reading status line from remote server 172.22.1.47:80
[Thu Dec 18 11:17:18.015563 2014] [proxy:error] [pid 2748:tid 1600] [client 201.245.192.253:50438] AH00898: Error reading from remote server returned by /forest/skins/gdocs-jar/css/forest.css
[Thu Dec 18 11:18:05.704847 2014] [mpm_winnt:warn] [pid 2748:tid 1984] (OS 64)The specified network name is no longer available.  : AH00341: winnt_accept: Asynchronous AcceptEx failed.
[Thu Dec 18 11:26:17.760911 2014] [mpm_winnt:warn] [pid 2748:tid 1984] (OS 64)The specified network name is no longer available.  : AH00341: winnt_accept: Asynchronous AcceptEx failed.
[Thu Dec 18 11:26:41.238953 2014] [mpm_winnt:warn] [pid 2748:tid 1984] (OS 64)The specified network name is no longer available.  : AH00341: winnt_accept: Asynchronous AcceptEx failed.
[Thu Dec 18 11:26:42.767755 2014] [mpm_winnt:warn] [pid 2748:tid 1984] (OS 64)The specified network name is no longer available.  : AH00341: winnt_accept: Asynchronous AcceptEx failed.
[Thu Dec 18 11:27:05.434595 2014] [:error] [pid 2748:tid 1528] [client 91.83.23.81:61515] script 'E:/nuevo/htdocs/xmlrpc.php' not found or unable to stat
[Thu Dec 18 11:31:54.440703 2014] [proxy_http:error] [pid 2748:tid 1564] (20014)Internal error: [client 201.245.192.253:54907] AH01102: error reading status line from remote server 172.22.1.47:80, referer: http://190.27.245.106/forest/usutareas.do?group_system_actual=3&codAct=2121&numPro=2970792&codPro=176&fecTra=2014-12-09%2008:44:57.974&codInst=3005694&codTraEsc=17054820
[Thu Dec 18 11:42:27.958815 2014] [proxy:error] [pid 2748:tid 1876] (OS 10061)No connection could be made because the target machine actively refused it.  : AH00957: HTTP: attempt to connect to 172.22.1.36:8080 (172.22.1.36) failed
[Thu Dec 18 11:42:27.958815 2014] [proxy:error] [pid 2748:tid 1876] AH00959: ap_proxy_connect_backend disabling worker for (172.22.1.36) for 60s
[Thu Dec 18 11:42:27.958815 2014] [proxy_http:error] [pid 2748:tid 1876] [client 190.66.112.177:12810] AH01114: HTTP: failed to make connection to backend: 172.22.1.36, referer: http://www.ambientebogota.gov.co/web/sda/planeacion-ambiental
[Thu Dec 18 11:44:01.669180 2014] [proxy_http:error] [pid 2748:tid 1644] (20014)Internal error: [client 201.245.192.253:56711] AH01102: error reading status line from remote server 172.22.1.47:80
[Thu Dec 18 11:44:01.669180 2014] [proxy:error] [pid 2748:tid 1644] [client 201.245.192.253:56711] AH00898: Error reading from remote server returned by /forest/img/jquery/ui-bg_gloss-wave_55_5c9ccc_500x100.png
[Thu Dec 18 12:19:39.309735 2014] [:error] [pid 2748:tid 1744] [client 202.5.147.60:52905] script 'E:/nuevo/htdocs/xmlrpc.php' not found or unable to stat
[Thu Dec 18 12:21:07.434289 2014] [proxy:error] [pid 2748:tid 1884] (OS 10061)No connection could be made because the target machine actively refused it.  : AH00957: HTTP: attempt to connect to 172.22.1.36:8080 (172.22.1.36) failed
[Thu Dec 18 12:21:07.434289 2014] [proxy:error] [pid 2748:tid 1884] AH00959: ap_proxy_connect_backend disabling worker for (172.22.1.36) for 60s
[Thu Dec 18 12:21:07.434289 2014] [proxy_http:error] [pid 2748:tid 1884] [client 190.24.146.202:38154] AH01114: HTTP: failed to make connection to backend: 172.22.1.36
[Thu Dec 18 12:23:14.246912 2014] [mpm_winnt:warn] [pid 2748:tid 1984] (OS 64)The specified network name is no longer available.  : AH00341: winnt_accept: Asynchronous AcceptEx failed.
[Thu Dec 18 12:23:39.238156 2014] [mpm_winnt:warn] [pid 2748:tid 1984] (OS 64)The specified network name is no longer available.  : AH00341: winnt_accept: Asynchronous AcceptEx failed.
[Thu Dec 18 12:23:59.720992 2014] [mpm_winnt:warn] [pid 2748:tid 1984] (OS 64)The specified network name is no longer available.  : AH00341: winnt_accept: Asynchronous AcceptEx failed.
[Thu Dec 18 12:25:58.796001 2014] [:error] [pid 2748:tid 1752] [client 78.157.15.239:65254] script 'E:/nuevo/htdocs/xmlrpc.php' not found or unable to stat
[Thu Dec 18 12:32:46.269717 2014] [proxy_http:error] [pid 2748:tid 1628] (OS 10054)An existing connection was forcibly closed by the remote host.  : [client 201.245.192.253:51785] AH01102: error reading status line from remote server 172.22.1.31:80, referer: http://190.27.245.106/isolucionsda/FrameSetGeneral.asp?Pagina=FiltroNotaMejora.asp&EsAbierta=1&ConMenu=NO
[Thu Dec 18 12:32:46.269717 2014] [proxy:error] [pid 2748:tid 1628] [client 201.245.192.253:51785] AH00898: Error reading from remote server returned by /isolucionsda/BarraTitulos.asp, referer: http://190.27.245.106/isolucionsda/FrameSetGeneral.asp?Pagina=FiltroNotaMejora.asp&EsAbierta=1&ConMenu=NO
[Thu Dec 18 12:32:46.285317 2014] [proxy_http:error] [pid 2748:tid 1564] (OS 10054)An existing connection was forcibly closed by the remote host.  : [client 201.245.192.253:51787] AH01102: error reading status line from remote server 172.22.1.31:80, referer: http://190.27.245.106/isolucionsda/FrameSetGeneral.asp?Pagina=FiltroNotaMejora.asp&EsAbierta=1&ConMenu=NO
[Thu Dec 18 12:32:46.285317 2014] [proxy:error] [pid 2748:tid 1564] [client 201.245.192.253:51787] AH00898: Error reading from remote server returned by /isolucionsda/BarraFavoritos.asp, referer: http://190.27.245.106/isolucionsda/FrameSetGeneral.asp?Pagina=FiltroNotaMejora.asp&EsAbierta=1&ConMenu=NO
[Thu Dec 18 13:07:51.166814 2014] [proxy:error] [pid 2748:tid 1792] (OS 10061)No connection could be made because the target machine actively refused it.  : AH00957: HTTP: attempt to connect to 172.22.1.36:8080 (172.22.1.36) failed
[Thu Dec 18 13:07:51.166814 2014] [proxy:error] [pid 2748:tid 1792] AH00959: ap_proxy_connect_backend disabling worker for (172.22.1.36) for 60s
[Thu Dec 18 13:07:51.166814 2014] [proxy_http:error] [pid 2748:tid 1792] [client 201.244.82.82:52357] AH01114: HTTP: failed to make connection to backend: 172.22.1.36, referer: http://ambientebogota.gov.co/en/plan-institucional-de-gestion-ambiental-piga1
[Thu Dec 18 13:07:55.238421 2014] [proxy:error] [pid 2748:tid 1792] AH00940: HTTP: disabled connection for (172.22.1.36)
[Thu Dec 18 13:31:35.965117 2014] [proxy_http:error] [pid 2748:tid 1604] (OS 10054)An existing connection was forcibly closed by the remote host.  : [client 201.245.192.253:57294] AH01102: error reading status line from remote server 172.22.1.31:80, referer: http://190.27.245.106/isolucionsda/BSC/BSC/Jerarquico.aspx?Pagina=BSC/BSC/Jerarquico.aspx&TipoGrupo=Tablero&Visualizacion=1&Grafico=2&FechaInicial=&FechaFinal=&IdElemento=&number=
[Thu Dec 18 13:31:35.965117 2014] [proxy:error] [pid 2748:tid 1604] [client 201.245.192.253:57294] AH00898: Error reading from remote server returned by /isolucionsda/BSC/BSC/Jerarquico.aspx, referer: http://190.27.245.106/isolucionsda/BSC/BSC/Jerarquico.aspx?Pagina=BSC/BSC/Jerarquico.aspx&TipoGrupo=Tablero&Visualizacion=1&Grafico=2&FechaInicial=&FechaFinal=&IdElemento=&number=
[Thu Dec 18 13:31:44.279931 2014] [proxy_http:error] [pid 2748:tid 1688] (OS 10054)An existing connection was forcibly closed by the remote host.  : [client 201.245.192.253:57437] AH01102: error reading status line from remote server 172.22.1.31:80, referer: http://190.27.245.106/isolucionsda/BSC/BSC/Jerarquico.aspx?Pagina=BSC/BSC/Jerarquico.aspx&TipoGrupo=Tablero&Visualizacion=1&Grafico=2&FechaInicial=&FechaFinal=&IdElemento=&number=
[Thu Dec 18 13:31:44.279931 2014] [proxy:error] [pid 2748:tid 1688] [client 201.245.192.253:57437] AH00898: Error reading from remote server returned by /isolucionsda/BSC/BSC/Jerarquico.aspx, referer: http://190.27.245.106/isolucionsda/BSC/BSC/Jerarquico.aspx?Pagina=BSC/BSC/Jerarquico.aspx&TipoGrupo=Tablero&Visualizacion=1&Grafico=2&FechaInicial=&FechaFinal=&IdElemento=&number=
[Thu Dec 18 13:49:39.091619 2014] [:error] [pid 2748:tid 1648] [client 86.124.73.149:53611] script 'E:/nuevo/htdocs/xmlrpc.php' not found or unable to stat
[Thu Dec 18 13:59:37.976671 2014] [proxy:error] [pid 2748:tid 1588] (OS 10061)No connection could be made because the target machine actively refused it.  : AH00957: HTTP: attempt to connect to 172.22.1.36:8080 (172.22.1.36) failed
[Thu Dec 18 13:59:37.976671 2014] [proxy:error] [pid 2748:tid 1588] AH00959: ap_proxy_connect_backend disabling worker for (172.22.1.36) for 60s
[Thu Dec 18 13:59:37.976671 2014] [proxy_http:error] [pid 2748:tid 1588] [client 201.245.192.253:57284] AH01114: HTTP: failed to make connection to backend: 172.22.1.36
[Thu Dec 18 14:12:25.576019 2014] [proxy_http:error] [pid 2748:tid 1736] (OS 10054)An existing connection was forcibly closed by the remote host.  : [client 201.245.192.253:47630] AH01102: error reading status line from remote server 172.22.1.31:80, referer: http://190.27.245.106/isolucionsda/FrameSetGeneral.asp?Pagina1=FrameSetGeneral.asp&
[Thu Dec 18 14:12:25.576019 2014] [proxy:error] [pid 2748:tid 1736] [client 201.245.192.253:47630] AH00898: Error reading from remote server returned by /isolucionsda/MagazinHome.asp, referer: http://190.27.245.106/isolucionsda/FrameSetGeneral.asp?Pagina1=FrameSetGeneral.asp&
[Thu Dec 18 14:16:28.671246 2014] [proxy_http:error] [pid 2748:tid 1688] (OS 10054)An existing connection was forcibly closed by the remote host.  : [client 201.245.192.253:53299] AH01102: error reading status line from remote server 172.22.1.31:80, referer: http://190.27.245.106/isolucionsda/FrameSetGeneral.asp?Pagina1=FrameSetGeneral.asp&
[Thu Dec 18 14:16:28.671246 2014] [proxy:error] [pid 2748:tid 1688] [client 201.245.192.253:53299] AH00898: Error reading from remote server returned by /isolucionsda/MagazinHome.asp, referer: http://190.27.245.106/isolucionsda/FrameSetGeneral.asp?Pagina1=FrameSetGeneral.asp&
[Thu Dec 18 14:16:28.671246 2014] [proxy_http:error] [pid 2748:tid 1744] (OS 10054)An existing connection was forcibly closed by the remote host.  : [client 201.245.192.253:53300] AH01102: error reading status line from remote server 172.22.1.31:80, referer: http://190.27.245.106/isolucionsda/FrameSetGeneral.asp?Pagina1=FrameSetGeneral.asp&
[Thu Dec 18 14:16:28.671246 2014] [proxy:error] [pid 2748:tid 1744] [client 201.245.192.253:53300] AH00898: Error reading from remote server returned by /isolucionsda/BarraFavoritos.asp, referer: http://190.27.245.106/isolucionsda/FrameSetGeneral.asp?Pagina1=FrameSetGeneral.asp&
[Thu Dec 18 14:34:00.130693 2014] [proxy_http:error] [pid 2748:tid 1628] (20014)Internal error: [client 201.245.192.253:49599] AH01102: error reading status line from remote server 172.22.1.47:80
[Thu Dec 18 14:34:00.130693 2014] [proxy:error] [pid 2748:tid 1628] [client 201.245.192.253:49599] AH00898: Error reading from remote server returned by /forest/img/loading.gif
[Thu Dec 18 14:36:40.467775 2014] [proxy_http:error] [pid 2748:tid 1528] (20014)Internal error: [client 201.245.192.253:52497] AH01102: error reading status line from remote server 172.22.1.47:80
[Thu Dec 18 14:36:40.467775 2014] [proxy:error] [pid 2748:tid 1528] [client 201.245.192.253:52497] AH00898: Error reading from remote server returned by /forest/skins/gdocs-jar/css/tree.css
[Thu Dec 18 14:36:40.467775 2014] [proxy_http:error] [pid 2748:tid 1660] (20014)Internal error: [client 201.245.192.253:52499] AH01102: error reading status line from remote server 172.22.1.47:80
[Thu Dec 18 14:36:40.467775 2014] [proxy:error] [pid 2748:tid 1660] [client 201.245.192.253:52499] AH00898: Error reading from remote server returned by /forest/js/json3.js
[Thu Dec 18 14:36:40.576975 2014] [proxy_http:error] [pid 2748:tid 1628] (20014)Internal error: [client 201.245.192.253:52504] AH01102: error reading status line from remote server 172.22.1.47:80, referer: http://190.27.245.106/forest/index2.jsp?_a=0.925805352628231
[Thu Dec 18 14:36:42.246178 2014] [proxy_http:error] [pid 2748:tid 1860] (20014)Internal error: [client 201.245.192.253:52544] AH01102: error reading status line from remote server 172.22.1.47:80
[Thu Dec 18 14:36:42.246178 2014] [proxy:error] [pid 2748:tid 1860] [client 201.245.192.253:52544] AH00898: Error reading from remote server returned by /forest/js/jquery/css/jquery-ui-selectmenu.css
[Thu Dec 18 14:36:42.261778 2014] [proxy_http:error] [pid 2748:tid 1688] (20014)Internal error: [client 201.245.192.253:52547] AH01102: error reading status line from remote server 172.22.1.47:80
[Thu Dec 18 14:36:42.261778 2014] [proxy:error] [pid 2748:tid 1688] [client 201.245.192.253:52547] AH00898: Error reading from remote server returned by /forest/js/jquery/jquery-ui-latest.js
[Thu Dec 18 14:47:55.683761 2014] [proxy_http:error] [pid 2748:tid 1688] (20014)Internal error: [client 201.245.192.253:50916] AH01102: error reading status line from remote server 172.22.1.47:80
[Thu Dec 18 14:47:55.683761 2014] [proxy:error] [pid 2748:tid 1688] [client 201.245.192.253:50916] AH00898: Error reading from remote server returned by /forest/js/sarissa.js
[Thu Dec 18 15:03:50.124637 2014] [proxy:error] [pid 2748:tid 1648] (OS 10061)No connection could be made because the target machine actively refused it.  : AH00957: HTTP: attempt to connect to 172.22.1.36:8080 (172.22.1.36) failed
[Thu Dec 18 15:03:50.124637 2014] [proxy:error] [pid 2748:tid 1648] AH00959: ap_proxy_connect_backend disabling worker for (172.22.1.36) for 60s
[Thu Dec 18 15:03:50.124637 2014] [proxy_http:error] [pid 2748:tid 1648] [client 186.29.48.196:17277] AH01114: HTTP: failed to make connection to backend: 172.22.1.36, referer: http://ambientebogota.gov.co/en/plan-institucional-de-gestion-ambiental-piga1
[Thu Dec 18 15:09:51.936072 2014] [proxy_http:error] [pid 2748:tid 1628] (OS 10054)An existing connection was forcibly closed by the remote host.  : [client 201.245.192.253:50560] AH01102: error reading status line from remote server 172.22.1.31:80, referer: http://190.27.245.106/isolucionsda/FrameSetGeneral.asp?Pagina=FiltroNoConformidades.asp&CodTipoNoConf=5&EsAbierta=1&ConMenu=NO
[Thu Dec 18 15:09:51.936072 2014] [proxy:error] [pid 2748:tid 1628] [client 201.245.192.253:50560] AH00898: Error reading from remote server returned by /isolucionsda/BarraTitulos.asp, referer: http://190.27.245.106/isolucionsda/FrameSetGeneral.asp?Pagina=FiltroNoConformidades.asp&CodTipoNoConf=5&EsAbierta=1&ConMenu=NO
[Thu Dec 18 15:09:51.936072 2014] [proxy_http:error] [pid 2748:tid 1776] (OS 10054)An existing connection was forcibly closed by the remote host.  : [client 201.245.192.253:50561] AH01102: error reading status line from remote server 172.22.1.31:80, referer: http://190.27.245.106/isolucionsda/FrameSetGeneral.asp?Pagina=FiltroNoConformidades.asp&CodTipoNoConf=5&EsAbierta=1&ConMenu=NO
[Thu Dec 18 15:09:51.936072 2014] [proxy:error] [pid 2748:tid 1776] [client 201.245.192.253:50561] AH00898: Error reading from remote server returned by /isolucionsda/FiltroNoConformidades.asp, referer: http://190.27.245.106/isolucionsda/FrameSetGeneral.asp?Pagina=FiltroNoConformidades.asp&CodTipoNoConf=5&EsAbierta=1&ConMenu=NO
[Thu Dec 18 15:10:51.980578 2014] [proxy_http:error] [pid 2748:tid 1564] (20014)Internal error: [client 201.245.192.253:51483] AH01102: error reading status line from remote server 172.22.1.47:80
[Thu Dec 18 15:10:51.980578 2014] [proxy:error] [pid 2748:tid 1564] [client 201.245.192.253:51483] AH00898: Error reading from remote server returned by /forest/skins/gdocs-jar/js/graphicForm.js
[Thu Dec 18 15:13:03.598009 2014] [proxy_http:error] [pid 2748:tid 1588] (OS 10054)An existing connection was forcibly closed by the remote host.  : [client 201.245.192.253:53441] AH01102: error reading status line from remote server 172.22.1.31:80, referer: http://190.27.245.106/isolucionsda/FrameSetGeneral.asp?Pagina1=FrameSetGeneral.asp&
[Thu Dec 18 15:13:03.598009 2014] [proxy:error] [pid 2748:tid 1588] [client 201.245.192.253:53441] AH00898: Error reading from remote server returned by /isolucionsda/BarraTitulos.asp, referer: http://190.27.245.106/isolucionsda/FrameSetGeneral.asp?Pagina1=FrameSetGeneral.asp&
[Thu Dec 18 15:13:04.924011 2014] [proxy_http:error] [pid 2748:tid 1460] (OS 10054)An existing connection was forcibly closed by the remote host.  : [client 201.245.192.253:53461] AH01102: error reading status line from remote server 172.22.1.31:80
[Thu Dec 18 15:13:04.924011 2014] [proxy:error] [pid 2748:tid 1460] [client 201.245.192.253:53461] AH00898: Error reading from remote server returned by /isolucionsda/g/Bot_Documentos_ESP.jpg
[Thu Dec 18 15:13:25.718848 2014] [proxy:error] [pid 2748:tid 1636] (OS 10061)No connection could be made because the target machine actively refused it.  : AH00957: HTTP: attempt to connect to 172.22.1.36:8080 (172.22.1.36) failed
[Thu Dec 18 15:13:25.718848 2014] [proxy:error] [pid 2748:tid 1636] AH00959: ap_proxy_connect_backend disabling worker for (172.22.1.36) for 60s
[Thu Dec 18 15:13:25.718848 2014] [proxy_http:error] [pid 2748:tid 1636] [client 186.29.48.196:17427] AH01114: HTTP: failed to make connection to backend: 172.22.1.36, referer: http://ambientebogota.gov.co/en/plan-institucional-de-gestion-ambiental-piga1
[Thu Dec 18 15:13:32.317660 2014] [proxy:error] [pid 2748:tid 1528] AH00940: HTTP: disabled connection for (172.22.1.36)
[Thu Dec 18 15:13:44.860082 2014] [proxy:error] [pid 2748:tid 1528] AH00940: HTTP: disabled connection for (172.22.1.36)
[Thu Dec 18 15:18:29.733182 2014] [proxy_http:error] [pid 2748:tid 1832] (20014)Internal error: [client 201.245.192.253:58728] AH01102: error reading status line from remote server 172.22.1.47:80
[Thu Dec 18 15:18:29.733182 2014] [proxy:error] [pid 2748:tid 1832] [client 201.245.192.253:58728] AH00898: Error reading from remote server returned by /forest/1ibre/1ibre.js
[Thu Dec 18 15:18:43.258406 2014] [proxy_http:error] [pid 2748:tid 1884] (20014)Internal error: [client 201.245.192.253:58965] AH01102: error reading status line from remote server 172.22.1.47:80
[Thu Dec 18 15:18:43.258406 2014] [proxy:error] [pid 2748:tid 1884] [client 201.245.192.253:58965] AH00898: Error reading from remote server returned by /forest/skins/gdocs-jar/css/forms.css
[Thu Dec 18 15:19:06.346446 2014] [proxy_http:error] [pid 2748:tid 1768] (20014)Internal error: [client 190.184.201.174:57553] AH01102: error reading status line from remote server 172.22.1.47:80, referer: http://190.27.245.106/webfile/actividad.jsp?codTraEsc=17123119&codInst=3016842&numPro=2981214&codForm=ESCOMBROS_ActualizacionProyecto
[Thu Dec 18 15:19:21.119672 2014] [proxy_http:error] [pid 2748:tid 1860] (20014)Internal error: [client 201.245.192.253:59607] AH01102: error reading status line from remote server 172.22.1.47:80
[Thu Dec 18 15:19:21.119672 2014] [proxy:error] [pid 2748:tid 1860] [client 201.245.192.253:59607] AH00898: Error reading from remote server returned by /forest/js/autocompletar2.js
[Thu Dec 18 15:20:01.383343 2014] [proxy_http:error] [pid 2748:tid 1768] (20014)Internal error: [client 201.245.192.253:47697] AH01102: error reading status line from remote server 172.22.1.47:80
[Thu Dec 18 15:20:01.383343 2014] [proxy:error] [pid 2748:tid 1768] [client 201.245.192.253:47697] AH00898: Error reading from remote server returned by /forest/img/instanciar.gif
[Thu Dec 18 15:20:01.383343 2014] [proxy_http:error] [pid 2748:tid 1784] (20014)Internal error: [client 201.245.192.253:47698] AH01102: error reading status line from remote server 172.22.1.47:80
[Thu Dec 18 15:20:01.383343 2014] [proxy:error] [pid 2748:tid 1784] [client 201.245.192.253:47698] AH00898: Error reading from remote server returned by /forest/img/panel/menu/hoy.png
[Thu Dec 18 15:22:45.793032 2014] [proxy_http:error] [pid 2748:tid 1460] (OS 10054)An existing connection was forcibly closed by the remote host.  : [client 201.245.192.253:50179] AH01102: error reading status line from remote server 172.22.1.31:80, referer: http://190.27.245.106/isolucionsda/FrameSetGeneral.asp?Pagina=Menu.asp&IdModulo=7
[Thu Dec 18 15:24:58.720865 2014] [proxy_http:error] [pid 2748:tid 1588] (20014)Internal error: [client 201.245.192.253:52482] AH01102: error reading status line from remote server 172.22.1.47:80
[Thu Dec 18 15:24:58.720865 2014] [proxy:error] [pid 2748:tid 1588] [client 201.245.192.253:52482] AH00898: Error reading from remote server returned by /forest/skins/gdocs-jar/js/autocompletar2.js
[Thu Dec 18 15:27:57.949580 2014] [proxy_http:error] [pid 2748:tid 1816] (OS 10054)An existing connection was forcibly closed by the remote host.  : [client 201.245.192.253:55057] AH01102: error reading status line from remote server 172.22.1.31:80, referer: http://190.27.245.106/isolucionsda/FrameSetGeneral.asp?Pagina=Menu.asp&IdModulo=15
[Thu Dec 18 15:43:41.454837 2014] [proxy_http:error] [pid 2748:tid 1688] (20014)Internal error: [client 201.245.192.253:57933] AH01102: error reading status line from remote server 172.22.1.47:80
[Thu Dec 18 15:43:41.454837 2014] [proxy:error] [pid 2748:tid 1688] [client 201.245.192.253:57933] AH00898: Error reading from remote server returned by /forest/skins/gdocs-jar/img/alert.gif
[Thu Dec 18 15:43:48.381249 2014] [proxy_http:error] [pid 2748:tid 1688] (20014)Internal error: [client 201.245.192.253:58054] AH01102: error reading status line from remote server 172.22.1.47:80, referer: http://190.27.245.106/forest/index2.jsp?_a=0.5587001112289727
[Thu Dec 18 16:00:27.547404 2014] [proxy:error] [pid 2748:tid 1648] (OS 10061)No connection could be made because the target machine actively refused it.  : AH00957: HTTP: attempt to connect to 172.22.1.36:8080 (172.22.1.36) failed
[Thu Dec 18 16:00:27.547404 2014] [proxy:error] [pid 2748:tid 1648] AH00959: ap_proxy_connect_backend disabling worker for (172.22.1.36) for 60s
[Thu Dec 18 16:00:27.547404 2014] [proxy_http:error] [pid 2748:tid 1648] [client 200.75.48.35:51444] AH01114: HTTP: failed to make connection to backend: 172.22.1.36
[Thu Dec 18 16:00:28.873407 2014] [proxy_http:error] [pid 2748:tid 1668] (20014)Internal error: [client 201.245.192.253:50922] AH01102: error reading status line from remote server 172.22.1.47:80
[Thu Dec 18 16:00:28.873407 2014] [proxy:error] [pid 2748:tid 1668] [client 201.245.192.253:50922] AH00898: Error reading from remote server returned by /forest/skins/gdocs-jar/css/autocomplete.css
[Thu Dec 18 16:02:32.628424 2014] [proxy_http:error] [pid 2748:tid 1648] (20014)Internal error: [client 190.84.185.167:53062] AH01102: error reading status line from remote server 172.22.1.47:80, referer: http://190.27.245.106/forest/usutareas.do?group_system_actual=3&a=0.24236477632075548
[Thu Dec 18 16:02:32.628424 2014] [proxy:error] [pid 2748:tid 1648] [client 190.84.185.167:53062] AH00898: Error reading from remote server returned by /forest/session.jsp, referer: http://190.27.245.106/forest/usutareas.do?group_system_actual=3&a=0.24236477632075548
[Thu Dec 18 16:02:32.628424 2014] [negotiation:error] [pid 2748:tid 1648] [client 190.84.185.167:53062] AH00690: no acceptable variant: E:/nuevo/apache/error/HTTP_BAD_GATEWAY.html.var, referer: http://190.27.245.106/forest/usutareas.do?group_system_actual=3&a=0.24236477632075548
[Thu Dec 18 16:03:53.140165 2014] [proxy:error] [pid 2748:tid 1636] (OS 10061)No connection could be made because the target machine actively refused it.  : AH00957: HTTP: attempt to connect to 172.22.1.36:8080 (172.22.1.36) failed
[Thu Dec 18 16:03:53.140165 2014] [proxy:error] [pid 2748:tid 1636] AH00959: ap_proxy_connect_backend disabling worker for (172.22.1.36) for 60s
[Thu Dec 18 16:03:53.140165 2014] [proxy_http:error] [pid 2748:tid 1636] [client 66.249.67.67:44382] AH01114: HTTP: failed to make connection to backend: 172.22.1.36
[Thu Dec 18 16:12:15.134447 2014] [proxy:error] [pid 2748:tid 1544] (OS 10061)No connection could be made because the target machine actively refused it.  : AH00957: HTTP: attempt to connect to 172.22.1.36:8080 (172.22.1.36) failed
[Thu Dec 18 16:12:15.134447 2014] [proxy:error] [pid 2748:tid 1544] AH00959: ap_proxy_connect_backend disabling worker for (172.22.1.36) for 60s
[Thu Dec 18 16:12:15.134447 2014] [proxy_http:error] [pid 2748:tid 1544] [client 190.24.146.202:17835] AH01114: HTTP: failed to make connection to backend: 172.22.1.36
[Thu Dec 18 16:13:06.380537 2014] [proxy:error] [pid 2748:tid 1876] AH00940: HTTP: disabled connection for (172.22.1.36)
[Thu Dec 18 16:13:55.052623 2014] [proxy:error] [pid 2748:tid 1776] (OS 10061)No connection could be made because the target machine actively refused it.  : AH00957: HTTP: attempt to connect to 172.22.1.36:8080 (172.22.1.36) failed
[Thu Dec 18 16:13:55.052623 2014] [proxy:error] [pid 2748:tid 1776] AH00959: ap_proxy_connect_backend disabling worker for (172.22.1.36) for 60s
[Thu Dec 18 16:13:55.052623 2014] [proxy_http:error] [pid 2748:tid 1776] [client 190.24.146.202:25688] AH01114: HTTP: failed to make connection to backend: 172.22.1.36
[Thu Dec 18 16:26:52.917789 2014] [proxy_http:error] [pid 2748:tid 1632] (OS 10054)An existing connection was forcibly closed by the remote host.  : [client 201.245.192.253:48720] AH01102: error reading status line from remote server 172.22.1.31:80
[Thu Dec 18 16:26:52.917789 2014] [proxy:error] [pid 2748:tid 1632] [client 201.245.192.253:48720] AH00898: Error reading from remote server returned by /isolucionsda/g/Bot_Ayuda.jpg
[Thu Dec 18 16:29:39.182881 2014] [proxy:error] [pid 2748:tid 1724] (OS 10061)No connection could be made because the target machine actively refused it.  : AH00957: HTTP: attempt to connect to 172.22.1.36:8080 (172.22.1.36) failed
[Thu Dec 18 16:29:39.182881 2014] [proxy:error] [pid 2748:tid 1724] AH00959: ap_proxy_connect_backend disabling worker for (172.22.1.36) for 60s
[Thu Dec 18 16:29:39.182881 2014] [proxy_http:error] [pid 2748:tid 1724] [client 201.245.192.253:51055] AH01114: HTTP: failed to make connection to backend: 172.22.1.36
