!C99Shell v. 1.0 pre-release build #13!

Software: Apache. PHP/5.5.15 

uname -a: Windows NT SVR-DMZ 6.1 build 7600 (Windows Server 2008 R2 Enterprise Edition) i586 

SYSTEM 

Safe-mode: OFF (not secure)

E:\nuevo\apache\logs\   drwxrwxrwx
Free 8.02 GB of 239.26 GB (3.35%)
Detected drives: [ a ] [ c ] [ d ] [ e ] [ f ]
Home    Back    Forward    UPDIR    Refresh    Search    Buffer    Encoder    Tools    Proc.    FTP brute    Sec.    SQL    PHP-code    Update    Feedback    Self remove    Logout    


Viewing file:     error.2014.12.22.log (110.61 KB)      -rw-rw-rw-
Select action/file-type:
(+) | (+) | (+) | Code (+) | Session (+) | (+) | SDB (+) | (+) | (+) | (+) | (+) | (+) |
[Mon Dec 22 00:06:03.809850 2014] [proxy_http:error] [pid 2748:tid 1884] (OS 10054)An existing connection was forcibly closed by the remote host.  : [client 190.84.84.136:62625] AH01102: error reading status line from remote server 172.22.1.31:80, referer: http://190.27.245.106/isolucionsda/Encabezado.asp?Pagina1=FrameSetGeneral.asp&&Pagina=MagazinHome.asp
[Mon Dec 22 00:06:04.043850 2014] [proxy_http:error] [pid 2748:tid 1884] (OS 10054)An existing connection was forcibly closed by the remote host.  : [client 190.84.84.136:62630] AH01102: error reading status line from remote server 172.22.1.31:80, referer: http://190.27.245.106/isolucionsda/Encabezado.asp?Pagina1=FrameSetGeneral.asp&&Pagina=MagazinHome.asp
[Mon Dec 22 01:06:04.766175 2014] [mpm_winnt:warn] [pid 2748:tid 1984] (OS 64)The specified network name is no longer available.  : AH00341: winnt_accept: Asynchronous AcceptEx failed.
[Mon Dec 22 01:06:29.741819 2014] [mpm_winnt:warn] [pid 2748:tid 1984] (OS 64)The specified network name is no longer available.  : AH00341: winnt_accept: Asynchronous AcceptEx failed.
[Mon Dec 22 01:11:23.365534 2014] [mpm_winnt:warn] [pid 2748:tid 1984] (OS 64)The specified network name is no longer available.  : AH00341: winnt_accept: Asynchronous AcceptEx failed.
[Mon Dec 22 01:11:48.356778 2014] [mpm_winnt:warn] [pid 2748:tid 1984] (OS 64)The specified network name is no longer available.  : AH00341: winnt_accept: Asynchronous AcceptEx failed.
[Mon Dec 22 01:59:24.848596 2014] [:error] [pid 2748:tid 1736] [client 157.55.39.55:12195] script 'E:/nuevo/htdocs/dama.php' not found or unable to stat
[Mon Dec 22 02:39:30.577621 2014] [mpm_winnt:warn] [pid 2748:tid 1984] (OS 64)The specified network name is no longer available.  : AH00341: winnt_accept: Asynchronous AcceptEx failed.
[Mon Dec 22 02:39:55.584465 2014] [mpm_winnt:warn] [pid 2748:tid 1984] (OS 64)The specified network name is no longer available.  : AH00341: winnt_accept: Asynchronous AcceptEx failed.
[Mon Dec 22 02:43:37.838055 2014] [mpm_winnt:warn] [pid 2748:tid 1984] (OS 64)The specified network name is no longer available.  : AH00341: winnt_accept: Asynchronous AcceptEx failed.
[Mon Dec 22 02:44:02.844899 2014] [mpm_winnt:warn] [pid 2748:tid 1984] (OS 64)The specified network name is no longer available.  : AH00341: winnt_accept: Asynchronous AcceptEx failed.
[Mon Dec 22 03:16:36.375931 2014] [mpm_winnt:warn] [pid 2748:tid 1984] (OS 64)The specified network name is no longer available.  : AH00341: winnt_accept: Asynchronous AcceptEx failed.
[Mon Dec 22 03:17:01.367175 2014] [mpm_winnt:warn] [pid 2748:tid 1984] (OS 64)The specified network name is no longer available.  : AH00341: winnt_accept: Asynchronous AcceptEx failed.
[Mon Dec 22 03:45:27.620171 2014] [mpm_winnt:warn] [pid 2748:tid 1984] (OS 64)The specified network name is no longer available.  : AH00341: winnt_accept: Asynchronous AcceptEx failed.
[Mon Dec 22 03:45:52.642615 2014] [mpm_winnt:warn] [pid 2748:tid 1984] (OS 64)The specified network name is no longer available.  : AH00341: winnt_accept: Asynchronous AcceptEx failed.
[Mon Dec 22 04:14:18.570012 2014] [:error] [pid 2748:tid 1444] [client 217.40.96.250:49340] script 'E:/nuevo/htdocs/wp-login.php' not found or unable to stat
[Mon Dec 22 04:14:19.240813 2014] [:error] [pid 2748:tid 1444] [client 217.40.96.250:49340] script 'E:/nuevo/htdocs/admin.php' not found or unable to stat
[Mon Dec 22 04:24:11.527053 2014] [mpm_winnt:warn] [pid 2748:tid 1984] (OS 64)The specified network name is no longer available.  : AH00341: winnt_accept: Asynchronous AcceptEx failed.
[Mon Dec 22 04:39:47.653497 2014] [:error] [pid 2748:tid 1704] [client 65.25.57.25:56263] script 'E:/nuevo/htdocs/xmlrpc.php' not found or unable to stat
[Mon Dec 22 04:57:29.486963 2014] [proxy:error] [pid 2748:tid 1472] (OS 10061)No connection could be made because the target machine actively refused it.  : AH00957: HTTP: attempt to connect to 172.22.1.36:8080 (172.22.1.36) failed
[Mon Dec 22 04:57:29.486963 2014] [proxy:error] [pid 2748:tid 1472] AH00959: ap_proxy_connect_backend disabling worker for (172.22.1.36) for 60s
[Mon Dec 22 04:57:29.486963 2014] [proxy_http:error] [pid 2748:tid 1472] [client 66.249.67.83:37363] AH01114: HTTP: failed to make connection to backend: 172.22.1.36
[Mon Dec 22 05:59:46.865527 2014] [proxy:error] [pid 2748:tid 1648] (OS 10061)No connection could be made because the target machine actively refused it.  : AH00957: HTTP: attempt to connect to 172.22.1.36:8080 (172.22.1.36) failed
[Mon Dec 22 05:59:46.865527 2014] [proxy:error] [pid 2748:tid 1648] AH00959: ap_proxy_connect_backend disabling worker for (172.22.1.36) for 60s
[Mon Dec 22 05:59:46.865527 2014] [proxy_http:error] [pid 2748:tid 1648] [client 66.249.67.83:52630] AH01114: HTTP: failed to make connection to backend: 172.22.1.36
[Mon Dec 22 06:04:32.283628 2014] [mpm_winnt:warn] [pid 2748:tid 1984] (OS 64)The specified network name is no longer available.  : AH00341: winnt_accept: Asynchronous AcceptEx failed.
[Mon Dec 22 07:23:55.644795 2014] [proxy:error] [pid 2748:tid 1580] (OS 10061)No connection could be made because the target machine actively refused it.  : AH00957: HTTP: attempt to connect to 172.22.1.36:8080 (172.22.1.36) failed
[Mon Dec 22 07:23:55.644795 2014] [proxy:error] [pid 2748:tid 1580] AH00959: ap_proxy_connect_backend disabling worker for (172.22.1.36) for 60s
[Mon Dec 22 07:23:55.644795 2014] [proxy_http:error] [pid 2748:tid 1580] [client 190.24.146.202:15651] AH01114: HTTP: failed to make connection to backend: 172.22.1.36
[Mon Dec 22 07:43:34.993266 2014] [proxy_http:error] [pid 2748:tid 1636] (OS 10054)An existing connection was forcibly closed by the remote host.  : [client 201.245.192.253:54751] AH01102: error reading status line from remote server 172.22.1.31:80, referer: http://190.27.245.106/isolucionsda/FrameSetGeneral.asp?Pagina1=FrameSetGeneral.asp&
[Mon Dec 22 07:43:34.993266 2014] [proxy:error] [pid 2748:tid 1636] [client 201.245.192.253:54751] AH00898: Error reading from remote server returned by /isolucionsda/MagazinHome.asp, referer: http://190.27.245.106/isolucionsda/FrameSetGeneral.asp?Pagina1=FrameSetGeneral.asp&
[Mon Dec 22 07:46:20.883958 2014] [core:error] [pid 2748:tid 1704] (20024)The given path is misformatted or contained invalid characters: [client 186.154.204.27:49372] AH00127: Cannot map GET /galeria/nivo-slider/demo/%EF%BF%BD%02t%EF%BF%BDC%EF%BF%BD HTTP/1.1 to file, referer: http://190.27.245.106/galeria/nivo-slider/demo/demo.html
[Mon Dec 22 08:22:16.012143 2014] [proxy_http:error] [pid 2748:tid 1636] (OS 10054)An existing connection was forcibly closed by the remote host.  : [client 201.245.192.253:56446] AH01102: error reading status line from remote server 172.22.1.31:80, referer: http://190.27.245.106/isolucionsda/FrameSetGeneral.asp?Pagina=Menu.asp&IdModulo=4
[Mon Dec 22 08:22:16.012143 2014] [proxy:error] [pid 2748:tid 1636] [client 201.245.192.253:56446] AH00898: Error reading from remote server returned by /isolucionsda/BarraFavoritos.asp, referer: http://190.27.245.106/isolucionsda/FrameSetGeneral.asp?Pagina=Menu.asp&IdModulo=4
[Mon Dec 22 08:29:36.213716 2014] [proxy_http:error] [pid 2748:tid 1644] (OS 10054)An existing connection was forcibly closed by the remote host.  : [client 201.245.192.253:50320] AH01102: error reading status line from remote server 172.22.1.31:80, referer: http://190.27.245.106/isolucionsda/Menu.asp?Pagina=Menu.asp&IdModulo=7
[Mon Dec 22 08:29:36.213716 2014] [proxy:error] [pid 2748:tid 1644] [client 201.245.192.253:50320] AH00898: Error reading from remote server returned by /isolucionsda/FrameSetGeneral.asp, referer: http://190.27.245.106/isolucionsda/Menu.asp?Pagina=Menu.asp&IdModulo=7
[Mon Dec 22 08:29:45.994933 2014] [proxy_http:error] [pid 2748:tid 1704] (OS 10054)An existing connection was forcibly closed by the remote host.  : [client 201.245.192.253:50514] AH01102: error reading status line from remote server 172.22.1.31:80, referer: http://190.27.245.106/isolucionsda/FrameSetGeneral.asp?Pagina=Menu.asp&IdModulo=7
[Mon Dec 22 08:29:45.994933 2014] [proxy:error] [pid 2748:tid 1704] [client 201.245.192.253:50514] AH00898: Error reading from remote server returned by /isolucionsda/BarraFavoritos.asp, referer: http://190.27.245.106/isolucionsda/FrameSetGeneral.asp?Pagina=Menu.asp&IdModulo=7
[Mon Dec 22 09:05:58.207149 2014] [proxy:error] [pid 2748:tid 1444] (OS 10061)No connection could be made because the target machine actively refused it.  : AH00957: HTTP: attempt to connect to 172.22.1.36:8080 (172.22.1.36) failed
[Mon Dec 22 09:05:58.207149 2014] [proxy:error] [pid 2748:tid 1444] AH00959: ap_proxy_connect_backend disabling worker for (172.22.1.36) for 60s
[Mon Dec 22 09:05:58.207149 2014] [proxy_http:error] [pid 2748:tid 1444] [client 190.27.202.204:14317] AH01114: HTTP: failed to make connection to backend: 172.22.1.36, referer: http://ambientebogota.gov.co/web/portal-siac/descargar-herramienta-storm-user-storm-web2
[Mon Dec 22 09:07:08.157672 2014] [proxy:error] [pid 2748:tid 1460] (OS 10061)No connection could be made because the target machine actively refused it.  : AH00957: HTTP: attempt to connect to 172.22.1.36:8080 (172.22.1.36) failed
[Mon Dec 22 09:07:08.157672 2014] [proxy:error] [pid 2748:tid 1460] AH00959: ap_proxy_connect_backend disabling worker for (172.22.1.36) for 60s
[Mon Dec 22 09:07:08.157672 2014] [proxy_http:error] [pid 2748:tid 1460] [client 190.27.202.204:14384] AH01114: HTTP: failed to make connection to backend: 172.22.1.36, referer: http://ambientebogota.gov.co/web/portal-siac/descargar-herramienta-storm-user-storm-web2
[Mon Dec 22 09:09:04.658676 2014] [proxy_http:error] [pid 2748:tid 1472] (OS 10054)An existing connection was forcibly closed by the remote host.  : [client 201.245.192.253:49238] AH01102: error reading status line from remote server 172.22.1.31:80, referer: http://190.27.245.106/isolucionsda/Menu.asp?Pagina=Menu.asp&IdModulo=4
[Mon Dec 22 09:09:04.658676 2014] [proxy:error] [pid 2748:tid 1472] [client 201.245.192.253:49238] AH00898: Error reading from remote server returned by /isolucionsda/FrameSetGeneral.asp, referer: http://190.27.245.106/isolucionsda/Menu.asp?Pagina=Menu.asp&IdModulo=4
[Mon Dec 22 09:09:09.884686 2014] [proxy_http:error] [pid 2748:tid 1676] (OS 10054)An existing connection was forcibly closed by the remote host.  : [client 201.245.192.253:49347] AH01102: error reading status line from remote server 172.22.1.31:80, referer: http://190.27.245.106/isolucionsda/FrameSetGeneral.asp?Pagina1=FrameSetGeneral.asp&
[Mon Dec 22 09:09:09.884686 2014] [proxy:error] [pid 2748:tid 1676] [client 201.245.192.253:49347] AH00898: Error reading from remote server returned by /isolucionsda/BarraTitulos.asp, referer: http://190.27.245.106/isolucionsda/FrameSetGeneral.asp?Pagina1=FrameSetGeneral.asp&
[Mon Dec 22 09:09:09.884686 2014] [proxy_http:error] [pid 2748:tid 1492] (OS 10054)An existing connection was forcibly closed by the remote host.  : [client 201.245.192.253:49349] AH01102: error reading status line from remote server 172.22.1.31:80, referer: http://190.27.245.106/isolucionsda/FrameSetGeneral.asp?Pagina1=FrameSetGeneral.asp&
[Mon Dec 22 09:09:09.884686 2014] [proxy:error] [pid 2748:tid 1492] [client 201.245.192.253:49349] AH00898: Error reading from remote server returned by /isolucionsda/BarraFavoritos.asp, referer: http://190.27.245.106/isolucionsda/FrameSetGeneral.asp?Pagina1=FrameSetGeneral.asp&
[Mon Dec 22 09:12:29.689836 2014] [proxy_http:error] [pid 2748:tid 1484] (OS 10054)An existing connection was forcibly closed by the remote host.  : [client 201.245.192.253:52399] AH01102: error reading status line from remote server 172.22.1.31:80, referer: http://190.27.245.106/isolucionsda/FrameSetGeneral.asp?Pagina=FiltroNoConformidades.asp&CodTipoNoConf=5&EsAbierta=1&ConMenu=NO
[Mon Dec 22 09:12:29.689836 2014] [proxy:error] [pid 2748:tid 1484] [client 201.245.192.253:52399] AH00898: Error reading from remote server returned by /isolucionsda/FiltroNoConformidades.asp, referer: http://190.27.245.106/isolucionsda/FrameSetGeneral.asp?Pagina=FiltroNoConformidades.asp&CodTipoNoConf=5&EsAbierta=1&ConMenu=NO
[Mon Dec 22 09:17:36.526775 2014] [proxy_http:error] [pid 2748:tid 1492] (OS 10054)An existing connection was forcibly closed by the remote host.  : [client 201.245.192.253:57336] AH01102: error reading status line from remote server 172.22.1.31:80
[Mon Dec 22 09:17:36.526775 2014] [proxy:error] [pid 2748:tid 1492] [client 201.245.192.253:57336] AH00898: Error reading from remote server returned by /isolucionsda/g/Bullet_FlechaAzul.gif
[Mon Dec 22 09:17:36.542375 2014] [proxy_http:error] [pid 2748:tid 1496] (OS 10054)An existing connection was forcibly closed by the remote host.  : [client 201.245.192.253:57337] AH01102: error reading status line from remote server 172.22.1.31:80
[Mon Dec 22 09:17:36.542375 2014] [proxy:error] [pid 2748:tid 1496] [client 201.245.192.253:57337] AH00898: Error reading from remote server returned by /isolucionsda/g/Img_LineaPunteada.gif
[Mon Dec 22 09:17:36.776376 2014] [proxy_http:error] [pid 2748:tid 1564] (OS 10054)An existing connection was forcibly closed by the remote host.  : [client 201.245.192.253:57350] AH01102: error reading status line from remote server 172.22.1.31:80
[Mon Dec 22 09:17:36.776376 2014] [proxy:error] [pid 2748:tid 1564] [client 201.245.192.253:57350] AH00898: Error reading from remote server returned by /isolucionsda/g/Img_LogoIcono.jpg
[Mon Dec 22 09:25:46.118035 2014] [proxy_http:error] [pid 2748:tid 1792] (20014)Internal error: [client 201.245.192.253:54452] AH01102: error reading status line from remote server 172.22.1.47:80
[Mon Dec 22 09:25:46.118035 2014] [proxy:error] [pid 2748:tid 1792] [client 201.245.192.253:54452] AH00898: Error reading from remote server returned by /forest/skins/gdocs-jar/css/forms.css
[Mon Dec 22 09:26:43.323336 2014] [proxy_http:error] [pid 2748:tid 1516] (20014)Internal error: [client 201.245.192.253:55428] AH01102: error reading status line from remote server 172.22.1.47:80, referer: http://190.27.245.106/forest/buscar.do
[Mon Dec 22 09:26:43.323336 2014] [proxy:error] [pid 2748:tid 1516] [client 201.245.192.253:55428] AH00898: Error reading from remote server returned by /forest/json.do, referer: http://190.27.245.106/forest/buscar.do
[Mon Dec 22 09:26:43.323336 2014] [negotiation:error] [pid 2748:tid 1516] [client 201.245.192.253:55428] AH00690: no acceptable variant: E:/nuevo/apache/error/HTTP_BAD_GATEWAY.html.var, referer: http://190.27.245.106/forest/buscar.do
[Mon Dec 22 09:31:25.951032 2014] [proxy_http:error] [pid 2748:tid 1644] (20014)Internal error: [client 201.245.192.253:48962] AH01102: error reading status line from remote server 172.22.1.47:80
[Mon Dec 22 09:31:25.951032 2014] [proxy:error] [pid 2748:tid 1644] [client 201.245.192.253:48962] AH00898: Error reading from remote server returned by /forest/skins/gdocs-jar/js/grid.js
[Mon Dec 22 09:32:29.053143 2014] [proxy_http:error] [pid 2748:tid 1636] (20014)Internal error: [client 201.245.192.253:49970] AH01102: error reading status line from remote server 172.22.1.47:80, referer: http://190.27.245.106/forest/misactividades.do?_a=0.9137781010272283&group_system_actual=3
[Mon Dec 22 09:32:29.053143 2014] [proxy:error] [pid 2748:tid 1636] [client 201.245.192.253:49970] AH00898: Error reading from remote server returned by /forest/session.jsp, referer: http://190.27.245.106/forest/misactividades.do?_a=0.9137781010272283&group_system_actual=3
[Mon Dec 22 09:32:29.053143 2014] [negotiation:error] [pid 2748:tid 1636] [client 201.245.192.253:49970] AH00690: no acceptable variant: E:/nuevo/apache/error/HTTP_BAD_GATEWAY.html.var, referer: http://190.27.245.106/forest/misactividades.do?_a=0.9137781010272283&group_system_actual=3
[Mon Dec 22 09:35:16.503837 2014] [proxy_http:error] [pid 2748:tid 1600] (20014)Internal error: [client 201.245.192.253:52493] AH01102: error reading status line from remote server 172.22.1.47:80, referer: http://190.27.245.106/forest/usutareas.do?group_system_actual=3&codAct=1477&numPro=2977687&codPro=134&fecTra=2014-12-18%2016:31:42.0&codInst=3013197&codTraEsc=17132886
[Mon Dec 22 09:35:16.613037 2014] [proxy_http:error] [pid 2748:tid 1692] (20014)Internal error: [client 201.245.192.253:52546] AH01102: error reading status line from remote server 172.22.1.47:80
[Mon Dec 22 09:35:16.613037 2014] [proxy:error] [pid 2748:tid 1692] [client 201.245.192.253:52546] AH00898: Error reading from remote server returned by /forest/skins/gdocs-jar/css/dialog.css
[Mon Dec 22 09:38:25.186169 2014] [proxy:error] [pid 2748:tid 1624] (OS 10061)No connection could be made because the target machine actively refused it.  : AH00957: HTTP: attempt to connect to 172.22.1.36:8080 (172.22.1.36) failed
[Mon Dec 22 09:38:25.186169 2014] [proxy:error] [pid 2748:tid 1624] AH00959: ap_proxy_connect_backend disabling worker for (172.22.1.36) for 60s
[Mon Dec 22 09:38:25.186169 2014] [proxy_http:error] [pid 2748:tid 1624] [client 201.245.192.253:56350] AH01114: HTTP: failed to make connection to backend: 172.22.1.36, referer: http://www.ambientebogota.gov.co/web/sda/planeacion-ambiental
[Mon Dec 22 09:38:29.351376 2014] [proxy:error] [pid 2748:tid 1668] AH00940: HTTP: disabled connection for (172.22.1.36)
[Mon Dec 22 09:38:31.800580 2014] [proxy_http:error] [pid 2748:tid 1624] (OS 10054)An existing connection was forcibly closed by the remote host.  : [client 201.245.192.253:56561] AH01102: error reading status line from remote server 172.22.1.31:80, referer: http://190.27.245.106/isolucionsda/FrameSetGeneral.asp?Pagina=ListadoMaestroDocumentos3.asp
[Mon Dec 22 09:38:31.800580 2014] [proxy:error] [pid 2748:tid 1624] [client 201.245.192.253:56561] AH00898: Error reading from remote server returned by /isolucionsda/BarraFavoritos.asp, referer: http://190.27.245.106/isolucionsda/FrameSetGeneral.asp?Pagina=ListadoMaestroDocumentos3.asp
[Mon Dec 22 09:38:43.765801 2014] [proxy:error] [pid 2748:tid 1480] AH00940: HTTP: disabled connection for (172.22.1.36)
[Mon Dec 22 09:39:02.127034 2014] [proxy:error] [pid 2748:tid 1668] AH00940: HTTP: disabled connection for (172.22.1.36)
[Mon Dec 22 09:39:30.862284 2014] [proxy_http:error] [pid 2748:tid 1648] (20014)Internal error: [client 201.245.192.253:57614] AH01102: error reading status line from remote server 172.22.1.47:80
[Mon Dec 22 09:39:30.862284 2014] [proxy:error] [pid 2748:tid 1648] [client 201.245.192.253:57614] AH00898: Error reading from remote server returned by /forest/css/index.css
[Mon Dec 22 09:39:30.862284 2014] [proxy_http:error] [pid 2748:tid 1668] (20014)Internal error: [client 201.245.192.253:57615] AH01102: error reading status line from remote server 172.22.1.47:80
[Mon Dec 22 09:39:30.862284 2014] [proxy:error] [pid 2748:tid 1668] [client 201.245.192.253:57615] AH00898: Error reading from remote server returned by /forest/1ibre/jscalendar/calendar-win2k-1.css
[Mon Dec 22 09:40:18.114767 2014] [proxy_http:error] [pid 2748:tid 1872] (20014)Internal error: [client 201.245.192.253:58433] AH01102: error reading status line from remote server 172.22.1.47:80, referer: http://190.27.245.106/forest/misactividades.do?_a=0.029318433858021464&group_system_actual=3
[Mon Dec 22 09:40:18.114767 2014] [proxy:error] [pid 2748:tid 1872] [client 201.245.192.253:58433] AH00898: Error reading from remote server returned by /forest/session.jsp, referer: http://190.27.245.106/forest/misactividades.do?_a=0.029318433858021464&group_system_actual=3
[Mon Dec 22 09:40:18.114767 2014] [negotiation:error] [pid 2748:tid 1872] [client 201.245.192.253:58433] AH00690: no acceptable variant: E:/nuevo/apache/error/HTTP_BAD_GATEWAY.html.var, referer: http://190.27.245.106/forest/misactividades.do?_a=0.029318433858021464&group_system_actual=3
[Mon Dec 22 09:47:41.701546 2014] [mpm_winnt:warn] [pid 2748:tid 1984] (OS 64)The specified network name is no longer available.  : AH00341: winnt_accept: Asynchronous AcceptEx failed.
[Mon Dec 22 09:52:00.677601 2014] [proxy_http:error] [pid 2748:tid 1816] (20014)Internal error: [client 201.245.192.253:47576] AH01102: error reading status line from remote server 172.22.1.47:80
[Mon Dec 22 09:52:00.677601 2014] [proxy:error] [pid 2748:tid 1816] [client 201.245.192.253:47576] AH00898: Error reading from remote server returned by /forest/skins/gdocs-jar/js/tareas.js
[Mon Dec 22 09:56:23.070062 2014] [proxy_http:error] [pid 2748:tid 1800] (20014)Internal error: [client 201.245.192.253:54854] AH01102: error reading status line from remote server 172.22.1.47:80
[Mon Dec 22 09:56:23.070062 2014] [proxy:error] [pid 2748:tid 1800] [client 201.245.192.253:54854] AH00898: Error reading from remote server returned by /forest/js/autocompletar2.js
[Mon Dec 22 09:56:23.148062 2014] [proxy_http:error] [pid 2748:tid 1616] (20014)Internal error: [client 201.245.192.253:54862] AH01102: error reading status line from remote server 172.22.1.47:80, referer: http://190.27.245.106/forest/buscar.do?type=documentos
[Mon Dec 22 09:56:23.148062 2014] [proxy:error] [pid 2748:tid 1616] [client 201.245.192.253:54862] AH00898: Error reading from remote server returned by /forest/json.do, referer: http://190.27.245.106/forest/buscar.do?type=documentos
[Mon Dec 22 09:56:23.148062 2014] [negotiation:error] [pid 2748:tid 1616] [client 201.245.192.253:54862] AH00690: no acceptable variant: E:/nuevo/apache/error/HTTP_BAD_GATEWAY.html.var, referer: http://190.27.245.106/forest/buscar.do?type=documentos
[Mon Dec 22 09:56:23.304062 2014] [proxy_http:error] [pid 2748:tid 1620] (20014)Internal error: [client 201.245.192.253:54863] AH01102: error reading status line from remote server 172.22.1.47:80, referer: http://190.27.245.106/forest/usutareas.do?group_system_actual=3&a=0.707541460608864
[Mon Dec 22 09:56:23.319662 2014] [proxy_http:error] [pid 2748:tid 1824] (20014)Internal error: [client 201.245.192.253:54866] AH01102: error reading status line from remote server 172.22.1.47:80
[Mon Dec 22 09:56:23.319662 2014] [proxy:error] [pid 2748:tid 1824] [client 201.245.192.253:54866] AH00898: Error reading from remote server returned by /forest/1ibre/images/minus.gif
[Mon Dec 22 09:56:23.335262 2014] [proxy_http:error] [pid 2748:tid 1824] (20014)Internal error: [client 201.245.192.253:54868] AH01102: error reading status line from remote server 172.22.1.47:80
[Mon Dec 22 09:56:23.335262 2014] [proxy:error] [pid 2748:tid 1824] [client 201.245.192.253:54868] AH00898: Error reading from remote server returned by /forest/1ibre/jscalendar/img.gif
[Mon Dec 22 09:58:51.348322 2014] [proxy_http:error] [pid 2748:tid 1564] (20014)Internal error: [client 201.245.192.253:50281] AH01102: error reading status line from remote server 172.22.1.47:80
[Mon Dec 22 09:58:51.348322 2014] [proxy:error] [pid 2748:tid 1564] [client 201.245.192.253:50281] AH00898: Error reading from remote server returned by /forest/skins/gdocs-jar/img/alert.gif
[Mon Dec 22 09:58:51.395122 2014] [proxy_http:error] [pid 2748:tid 1644] (20014)Internal error: [client 201.245.192.253:50294] AH01102: error reading status line from remote server 172.22.1.47:80
[Mon Dec 22 09:58:51.395122 2014] [proxy:error] [pid 2748:tid 1644] [client 201.245.192.253:50294] AH00898: Error reading from remote server returned by /forest/skins/gdocs-jar/img/green.gif
[Mon Dec 22 09:59:10.177555 2014] [proxy_http:error] [pid 2748:tid 1496] (20014)Internal error: [client 201.245.192.253:50612] AH01102: error reading status line from remote server 172.22.1.47:80
[Mon Dec 22 09:59:10.177555 2014] [proxy:error] [pid 2748:tid 1496] [client 201.245.192.253:50612] AH00898: Error reading from remote server returned by /forest/1ibre/1ibre.js
[Mon Dec 22 09:59:10.271156 2014] [proxy_http:error] [pid 2748:tid 1496] (20014)Internal error: [client 201.245.192.253:50614] AH01102: error reading status line from remote server 172.22.1.47:80, referer: http://190.27.245.106/forest/buscar.do?type=procesos
[Mon Dec 22 09:59:50.332026 2014] [proxy_http:error] [pid 2748:tid 1660] (20014)Internal error: [client 201.245.192.253:51480] AH01102: error reading status line from remote server 172.22.1.47:80
[Mon Dec 22 09:59:50.332026 2014] [proxy:error] [pid 2748:tid 1660] [client 201.245.192.253:51480] AH00898: Error reading from remote server returned by /forest/css/autocomplete.css
[Mon Dec 22 09:59:50.347626 2014] [proxy_http:error] [pid 2748:tid 1564] (20014)Internal error: [client 201.245.192.253:51484] AH01102: error reading status line from remote server 172.22.1.47:80
[Mon Dec 22 09:59:50.347626 2014] [proxy:error] [pid 2748:tid 1564] [client 201.245.192.253:51484] AH00898: Error reading from remote server returned by /forest/js/dialog.js
[Mon Dec 22 10:06:33.093533 2014] [proxy_http:error] [pid 2748:tid 1444] (20014)Internal error: [client 201.245.192.253:59550] AH01102: error reading status line from remote server 172.22.1.47:80
[Mon Dec 22 10:06:33.093533 2014] [proxy:error] [pid 2748:tid 1444] [client 201.245.192.253:59550] AH00898: Error reading from remote server returned by /forest/js/load_func.js
[Mon Dec 22 10:09:16.893821 2014] [proxy:error] [pid 2748:tid 1496] (OS 10061)No connection could be made because the target machine actively refused it.  : AH00957: HTTP: attempt to connect to 172.22.1.36:8080 (172.22.1.36) failed
[Mon Dec 22 10:09:16.893821 2014] [proxy:error] [pid 2748:tid 1496] AH00959: ap_proxy_connect_backend disabling worker for (172.22.1.36) for 60s
[Mon Dec 22 10:09:16.893821 2014] [proxy_http:error] [pid 2748:tid 1496] [client 200.75.48.35:63226] AH01114: HTTP: failed to make connection to backend: 172.22.1.36, referer: http://www.ambientebogota.gov.co/web/sda/planeacion-ambiental
[Mon Dec 22 10:09:25.957437 2014] [proxy_http:error] [pid 2748:tid 1752] (20014)Internal error: [client 201.245.192.253:49909] AH01102: error reading status line from remote server 172.22.1.47:80, referer: http://190.27.245.106/forest/buscar.do?
[Mon Dec 22 10:16:06.425740 2014] [proxy_http:error] [pid 2748:tid 1492] (20014)Internal error: [client 201.245.192.253:57539] AH01102: error reading status line from remote server 172.22.1.47:80, referer: http://190.27.245.106/forest/usutareas.do?group_system_actual=3&a=0.24992935245872805
[Mon Dec 22 10:16:14.646955 2014] [mpm_winnt:warn] [pid 2748:tid 1984] (OS 64)The specified network name is no longer available.  : AH00341: winnt_accept: Asynchronous AcceptEx failed.
[Mon Dec 22 10:16:59.169433 2014] [proxy_http:error] [pid 2748:tid 1692] (20014)Internal error: [client 201.245.192.253:58677] AH01102: error reading status line from remote server 172.22.1.47:80, referer: http://190.27.245.106/forest/buscar.do?type=procesos
[Mon Dec 22 10:19:38.476913 2014] [proxy_http:error] [pid 2748:tid 1784] (20014)Internal error: [client 201.245.192.253:49137] AH01102: error reading status line from remote server 172.22.1.47:80, referer: http://190.27.245.106/forest/buscar.do?
[Mon Dec 22 10:19:55.964543 2014] [proxy_http:error] [pid 2748:tid 1864] (OS 10054)An existing connection was forcibly closed by the remote host.  : [client 201.245.192.253:49592] AH01102: error reading status line from remote server 172.22.1.31:80, referer: http://190.27.245.106/isolucionsda/FrameSetGeneral.asp?Pagina1=FrameSetGeneral.asp&
[Mon Dec 22 10:19:55.964543 2014] [proxy:error] [pid 2748:tid 1864] [client 201.245.192.253:49592] AH00898: Error reading from remote server returned by /isolucionsda/MagazinHome.asp, referer: http://190.27.245.106/isolucionsda/FrameSetGeneral.asp?Pagina1=FrameSetGeneral.asp&
[Mon Dec 22 10:19:55.964543 2014] [proxy_http:error] [pid 2748:tid 1528] (OS 10054)An existing connection was forcibly closed by the remote host.  : [client 201.245.192.253:49591] AH01102: error reading status line from remote server 172.22.1.31:80, referer: http://190.27.245.106/isolucionsda/FrameSetGeneral.asp?Pagina1=FrameSetGeneral.asp&
[Mon Dec 22 10:19:55.964543 2014] [proxy:error] [pid 2748:tid 1528] [client 201.245.192.253:49591] AH00898: Error reading from remote server returned by /isolucionsda/BarraTitulos.asp, referer: http://190.27.245.106/isolucionsda/FrameSetGeneral.asp?Pagina1=FrameSetGeneral.asp&
[Mon Dec 22 10:24:29.154223 2014] [proxy_http:error] [pid 2748:tid 1616] (20014)Internal error: [client 201.245.192.253:55540] AH01102: error reading status line from remote server 172.22.1.47:80, referer: http://190.27.245.106/forest/usutareas.do?group_system_actual=3&a=0.2921932665765147
[Mon Dec 22 10:24:29.154223 2014] [proxy:error] [pid 2748:tid 1616] [client 201.245.192.253:55540] AH00898: Error reading from remote server returned by /forest/json.do, referer: http://190.27.245.106/forest/usutareas.do?group_system_actual=3&a=0.2921932665765147
[Mon Dec 22 10:24:29.154223 2014] [negotiation:error] [pid 2748:tid 1616] [client 201.245.192.253:55540] AH00690: no acceptable variant: E:/nuevo/apache/error/HTTP_BAD_GATEWAY.html.var, referer: http://190.27.245.106/forest/usutareas.do?group_system_actual=3&a=0.2921932665765147
[Mon Dec 22 10:27:19.163322 2014] [proxy_http:error] [pid 2748:tid 1824] (OS 10054)An existing connection was forcibly closed by the remote host.  : [client 201.245.192.253:59749] AH01102: error reading status line from remote server 172.22.1.31:80, referer: http://190.27.245.106/isolucionsda/Session.asp?Continue=1
[Mon Dec 22 10:28:45.493874 2014] [proxy_http:error] [pid 2748:tid 1872] (OS 10054)An existing connection was forcibly closed by the remote host.  : [client 201.245.192.253:49877] AH01102: error reading status line from remote server 172.22.1.31:80, referer: http://190.27.245.106/isolucionsda/FrameSetGeneral.asp?Pagina=Menu.asp&IdModulo=7
[Mon Dec 22 10:28:45.493874 2014] [proxy:error] [pid 2748:tid 1872] [client 201.245.192.253:49877] AH00898: Error reading from remote server returned by /isolucionsda/BarraFavoritos.asp, referer: http://190.27.245.106/isolucionsda/FrameSetGeneral.asp?Pagina=Menu.asp&IdModulo=7
[Mon Dec 22 10:28:58.379496 2014] [proxy_http:error] [pid 2748:tid 1728] (20014)Internal error: [client 201.245.192.253:50136] AH01102: error reading status line from remote server 172.22.1.47:80, referer: http://190.27.245.106/forest/
[Mon Dec 22 10:32:28.496265 2014] [proxy_http:error] [pid 2748:tid 1644] (20014)Internal error: [client 201.245.192.253:55023] AH01102: error reading status line from remote server 172.22.1.47:80, referer: http://190.27.245.106/forest/buscar.do?type=documentos
[Mon Dec 22 10:32:28.496265 2014] [proxy:error] [pid 2748:tid 1644] [client 201.245.192.253:55023] AH00898: Error reading from remote server returned by /forest/json.do, referer: http://190.27.245.106/forest/buscar.do?type=documentos
[Mon Dec 22 10:32:28.496265 2014] [negotiation:error] [pid 2748:tid 1644] [client 201.245.192.253:55023] AH00690: no acceptable variant: E:/nuevo/apache/error/HTTP_BAD_GATEWAY.html.var, referer: http://190.27.245.106/forest/buscar.do?type=documentos
[Mon Dec 22 10:36:21.997475 2014] [proxy:error] [pid 2748:tid 1460] (OS 10061)No connection could be made because the target machine actively refused it.  : AH00957: HTTP: attempt to connect to 172.22.1.36:8080 (172.22.1.36) failed
[Mon Dec 22 10:36:21.997475 2014] [proxy:error] [pid 2748:tid 1460] AH00959: ap_proxy_connect_backend disabling worker for (172.22.1.36) for 60s
[Mon Dec 22 10:36:21.997475 2014] [proxy_http:error] [pid 2748:tid 1460] [client 201.245.192.253:59836] AH01114: HTTP: failed to make connection to backend: 172.22.1.36
[Mon Dec 22 10:45:08.108400 2014] [core:warn] [pid 2288:tid 300] AH00098: pid file E:/nuevo/apache/logs/httpd.pid overwritten -- Unclean shutdown of previous Apache run?
[Mon Dec 22 10:45:08.108400 2014] [auth_digest:notice] [pid 2288:tid 300] AH01757: generating secret for digest authentication ...
[Mon Dec 22 10:45:08.529600 2014] [mpm_winnt:notice] [pid 2288:tid 300] AH00455: Apache/2.4.10 (Win32) OpenSSL/1.0.1i PHP/5.5.15 configured -- resuming normal operations
[Mon Dec 22 10:45:08.529600 2014] [mpm_winnt:notice] [pid 2288:tid 300] AH00456: Apache Lounge VC11 Server built: Jul 17 2014 11:50:08
[Mon Dec 22 10:45:08.529600 2014] [core:notice] [pid 2288:tid 300] AH00094: Command line: 'e:\\nuevo\\apache\\bin\\httpd.exe -d E:/nuevo/apache'
[Mon Dec 22 10:45:08.529600 2014] [mpm_winnt:notice] [pid 2288:tid 300] AH00418: Parent: Created child process 1960
[Mon Dec 22 10:45:09.231601 2014] [auth_digest:notice] [pid 1960:tid 312] AH01757: generating secret for digest authentication ...
[Mon Dec 22 10:45:09.481202 2014] [mpm_winnt:notice] [pid 1960:tid 312] AH00354: Child: Starting 150 worker threads.
[Mon Dec 22 10:49:24.026849 2014] [proxy_http:error] [pid 1960:tid 1704] (20014)Internal error: [client 201.245.192.253:52678] AH01102: error reading status line from remote server 172.22.1.47:80
[Mon Dec 22 10:49:24.026849 2014] [proxy:error] [pid 1960:tid 1704] [client 201.245.192.253:52678] AH00898: Error reading from remote server returned by /forest/1ibre/jscalendar/lang/calendar-es.js
[Mon Dec 22 10:49:35.212069 2014] [proxy_http:error] [pid 1960:tid 1752] (20014)Internal error: [client 201.245.192.253:52864] AH01102: error reading status line from remote server 172.22.1.47:80, referer: http://190.27.245.106/forest/usutareas.do?group_system_actual=3&codAct=1477&numPro=2487472&codPro=134&fecTra=2014-12-22%2007:56:04.0&codInst=2743155&codTraEsc=17148283
[Mon Dec 22 10:49:42.060481 2014] [proxy_http:error] [pid 1960:tid 1784] (20014)Internal error: [client 201.245.192.253:53103] AH01102: error reading status line from remote server 172.22.1.47:80, referer: http://190.27.245.106/forest/buscar.do
[Mon Dec 22 10:49:42.107281 2014] [proxy_http:error] [pid 1960:tid 1784] (20014)Internal error: [client 201.245.192.253:53178] AH01102: error reading status line from remote server 172.22.1.47:80, referer: http://190.27.245.106/forest/buscar.do
[Mon Dec 22 10:49:42.107281 2014] [proxy:error] [pid 1960:tid 1784] [client 201.245.192.253:53178] AH00898: Error reading from remote server returned by /forest/json.do, referer: http://190.27.245.106/forest/buscar.do
[Mon Dec 22 10:49:42.107281 2014] [negotiation:error] [pid 1960:tid 1784] [client 201.245.192.253:53178] AH00690: no acceptable variant: E:/nuevo/apache/error/HTTP_BAD_GATEWAY.html.var, referer: http://190.27.245.106/forest/buscar.do
[Mon Dec 22 10:52:24.472366 2014] [proxy_http:error] [pid 1960:tid 1640] (20014)Internal error: [client 201.245.192.253:56662] AH01102: error reading status line from remote server 172.22.1.47:80, referer: http://190.27.245.106/forest/usutareas.do?_a=0.329325144411996&group_system_actual=3
[Mon Dec 22 10:52:49.307610 2014] [proxy_http:error] [pid 1960:tid 1736] (20014)Internal error: [client 201.245.192.253:57417] AH01102: error reading status line from remote server 172.22.1.47:80, referer: http://190.27.245.106/forest/usutareas.do?group_system_actual=3&a=0.6602211928811557
[Mon Dec 22 10:52:49.307610 2014] [proxy:error] [pid 1960:tid 1736] [client 201.245.192.253:57417] AH00898: Error reading from remote server returned by /forest/json.do, referer: http://190.27.245.106/forest/usutareas.do?group_system_actual=3&a=0.6602211928811557
[Mon Dec 22 10:52:49.307610 2014] [negotiation:error] [pid 1960:tid 1736] [client 201.245.192.253:57417] AH00690: no acceptable variant: E:/nuevo/apache/error/HTTP_BAD_GATEWAY.html.var, referer: http://190.27.245.106/forest/usutareas.do?group_system_actual=3&a=0.6602211928811557
[Mon Dec 22 10:53:06.218039 2014] [proxy_http:error] [pid 1960:tid 1664] (20014)Internal error: [client 201.245.192.253:57778] AH01102: error reading status line from remote server 172.22.1.47:80, referer: http://190.27.245.106/forest/usutareas.do?group_system_actual=3&a=0.9604454602623221
[Mon Dec 22 10:53:51.536119 2014] [proxy_http:error] [pid 1960:tid 1784] (20014)Internal error: [client 201.245.192.253:58523] AH01102: error reading status line from remote server 172.22.1.47:80, referer: http://190.27.245.106/forest/usutareas.do?group_system_actual=3&a=0.8771873831713152
[Mon Dec 22 10:53:51.536119 2014] [proxy:error] [pid 1960:tid 1784] [client 201.245.192.253:58523] AH00898: Error reading from remote server returned by /forest/session.jsp, referer: http://190.27.245.106/forest/usutareas.do?group_system_actual=3&a=0.8771873831713152
[Mon Dec 22 10:53:51.536119 2014] [negotiation:error] [pid 1960:tid 1784] [client 201.245.192.253:58523] AH00690: no acceptable variant: E:/nuevo/apache/error/HTTP_BAD_GATEWAY.html.var, referer: http://190.27.245.106/forest/usutareas.do?group_system_actual=3&a=0.8771873831713152
[Mon Dec 22 10:53:52.596921 2014] [proxy_http:error] [pid 1960:tid 1808] (20014)Internal error: [client 201.245.192.253:58589] AH01102: error reading status line from remote server 172.22.1.47:80, referer: http://190.27.245.106/forest/usutareas.do?group_system_actual=3&a=0.8771873831713152
[Mon Dec 22 10:54:32.704591 2014] [proxy_http:error] [pid 1960:tid 1864] (20014)Internal error: [client 201.245.192.253:59353] AH01102: error reading status line from remote server 172.22.1.47:80
[Mon Dec 22 10:54:32.704591 2014] [proxy:error] [pid 1960:tid 1864] [client 201.245.192.253:59353] AH00898: Error reading from remote server returned by /forest/js/internJS.js
[Mon Dec 22 10:54:32.969792 2014] [proxy_http:error] [pid 1960:tid 1664] (20014)Internal error: [client 201.245.192.253:59433] AH01102: error reading status line from remote server 172.22.1.47:80
[Mon Dec 22 10:54:32.969792 2014] [proxy:error] [pid 1960:tid 1664] [client 201.245.192.253:59433] AH00898: Error reading from remote server returned by /forestReports/webcontent/birt/ajax/core/Mask.js
[Mon Dec 22 10:54:33.078992 2014] [proxy_http:error] [pid 1960:tid 1784] (20014)Internal error: [client 201.245.192.253:59447] AH01102: error reading status line from remote server 172.22.1.47:80
[Mon Dec 22 10:54:33.078992 2014] [proxy:error] [pid 1960:tid 1784] [client 201.245.192.253:59447] AH00898: Error reading from remote server returned by /forestReports/webcontent/birt/ajax/ui/report/AbstractBaseReportDocument.js
[Mon Dec 22 10:54:33.078992 2014] [proxy_http:error] [pid 1960:tid 1680] (20014)Internal error: [client 201.245.192.253:59448] AH01102: error reading status line from remote server 172.22.1.47:80
[Mon Dec 22 10:54:33.078992 2014] [proxy:error] [pid 1960:tid 1680] [client 201.245.192.253:59448] AH00898: Error reading from remote server returned by /forestReports/webcontent/birt/ajax/ui/app/BirtNavigationBar.js
[Mon Dec 22 10:54:33.141392 2014] [proxy_http:error] [pid 1960:tid 1672] (20014)Internal error: [client 201.245.192.253:59456] AH01102: error reading status line from remote server 172.22.1.47:80
[Mon Dec 22 10:54:33.141392 2014] [proxy:error] [pid 1960:tid 1672] [client 201.245.192.253:59456] AH00898: Error reading from remote server returned by /forestReports/webcontent/birt/ajax/ui/dialog/AbstractParameterDialog.js
[Mon Dec 22 10:54:33.141392 2014] [proxy_http:error] [pid 1960:tid 1720] (20014)Internal error: [client 201.245.192.253:59457] AH01102: error reading status line from remote server 172.22.1.47:80
[Mon Dec 22 10:54:33.141392 2014] [proxy:error] [pid 1960:tid 1720] [client 201.245.192.253:59457] AH00898: Error reading from remote server returned by /forestReports/webcontent/birt/ajax/ui/dialog/BirtParameterDialog.js
[Mon Dec 22 10:54:33.172592 2014] [proxy_http:error] [pid 1960:tid 1560] (20014)Internal error: [client 201.245.192.253:59465] AH01102: error reading status line from remote server 172.22.1.47:80
[Mon Dec 22 10:54:33.172592 2014] [proxy:error] [pid 1960:tid 1560] [client 201.245.192.253:59465] AH00898: Error reading from remote server returned by /forestReports/webcontent/birt/ajax/ui/dialog/BirtConfirmationDialog.js
[Mon Dec 22 10:54:33.203792 2014] [proxy_http:error] [pid 1960:tid 1568] (20014)Internal error: [client 201.245.192.253:59476] AH01102: error reading status line from remote server 172.22.1.47:80
[Mon Dec 22 10:54:33.203792 2014] [proxy:error] [pid 1960:tid 1568] [client 201.245.192.253:59476] AH00898: Error reading from remote server returned by /forestReports/webcontent/birt/images/Add.gif
[Mon Dec 22 10:54:33.203792 2014] [proxy_http:error] [pid 1960:tid 1856] (20014)Internal error: [client 201.245.192.253:59477] AH01102: error reading status line from remote server 172.22.1.47:80
[Mon Dec 22 10:54:33.203792 2014] [proxy:error] [pid 1960:tid 1856] [client 201.245.192.253:59477] AH00898: Error reading from remote server returned by /forestReports/webcontent/birt/pages/common/blank.html
[Mon Dec 22 10:54:33.219392 2014] [proxy_http:error] [pid 1960:tid 1824] (20014)Internal error: [client 201.245.192.253:59489] AH01102: error reading status line from remote server 172.22.1.47:80
[Mon Dec 22 10:54:33.219392 2014] [proxy:error] [pid 1960:tid 1824] [client 201.245.192.253:59489] AH00898: Error reading from remote server returned by /forestReports/webcontent/birt/images/parameter.gif
[Mon Dec 22 10:54:36.666998 2014] [proxy_http:error] [pid 1960:tid 1736] (20014)Internal error: [client 201.245.192.253:59553] AH01102: error reading status line from remote server 172.22.1.47:80, referer: http://190.27.245.106/forest/usutareas.do?group_system_actual=3&codAct=879&numPro=2856210&codPro=90&fecTra=2014-12-18%2016:32:39.723&codInst=2882032&codTraEsc=17132657
[Mon Dec 22 10:54:36.666998 2014] [proxy:error] [pid 1960:tid 1736] [client 201.245.192.253:59553] AH00898: Error reading from remote server returned by /forest/session.jsp, referer: http://190.27.245.106/forest/usutareas.do?group_system_actual=3&codAct=879&numPro=2856210&codPro=90&fecTra=2014-12-18%2016:32:39.723&codInst=2882032&codTraEsc=17132657
[Mon Dec 22 10:54:36.666998 2014] [negotiation:error] [pid 1960:tid 1736] [client 201.245.192.253:59553] AH00690: no acceptable variant: E:/nuevo/apache/error/HTTP_BAD_GATEWAY.html.var, referer: http://190.27.245.106/forest/usutareas.do?group_system_actual=3&codAct=879&numPro=2856210&codPro=90&fecTra=2014-12-18%2016:32:39.723&codInst=2882032&codTraEsc=17132657
[Mon Dec 22 10:54:52.017425 2014] [proxy_http:error] [pid 1960:tid 1864] (20014)Internal error: [client 201.245.192.253:59899] AH01102: error reading status line from remote server 172.22.1.47:80, referer: http://190.27.245.106/forest/usutareas.do?group_system_actual=3&codTraEsc=17150133&_a=0.6949814754272865
[Mon Dec 22 10:54:59.115438 2014] [proxy_http:error] [pid 1960:tid 1864] (20014)Internal error: [client 201.245.192.253:59907] AH01102: error reading status line from remote server 172.22.1.47:80, referer: http://190.27.245.106/forest/usutareas.do?_a=0.3489092306699604&group_system_actual=3
[Mon Dec 22 10:55:47.319522 2014] [proxy_http:error] [pid 1960:tid 1816] (20014)Internal error: [client 201.245.192.253:48613] AH01102: error reading status line from remote server 172.22.1.47:80, referer: http://190.27.245.106/forest/index2.jsp?_a=0.8131845165044069
[Mon Dec 22 10:56:29.049596 2014] [proxy_http:error] [pid 1960:tid 1760] (20014)Internal error: [client 201.245.192.253:49794] AH01102: error reading status line from remote server 172.22.1.47:80, referer: http://190.27.245.106/forest/frameset?
[Mon Dec 22 10:56:31.389600 2014] [proxy_http:error] [pid 1960:tid 1720] (20014)Internal error: [client 201.245.192.253:49816] AH01102: error reading status line from remote server 172.22.1.47:80, referer: http://190.27.245.106/forest/frameset?
[Mon Dec 22 10:56:38.347212 2014] [proxy_http:error] [pid 1960:tid 1600] (20014)Internal error: [client 201.245.192.253:50093] AH01102: error reading status line from remote server 172.22.1.47:80, referer: http://190.27.245.106/forest/usutareas.do?group_system_actual=3&a=0.5761087415739894
[Mon Dec 22 10:56:38.347212 2014] [proxy:error] [pid 1960:tid 1600] [client 201.245.192.253:50093] AH00898: Error reading from remote server returned by /forest/session.jsp, referer: http://190.27.245.106/forest/usutareas.do?group_system_actual=3&a=0.5761087415739894
[Mon Dec 22 10:56:38.347212 2014] [negotiation:error] [pid 1960:tid 1600] [client 201.245.192.253:50093] AH00690: no acceptable variant: E:/nuevo/apache/error/HTTP_BAD_GATEWAY.html.var, referer: http://190.27.245.106/forest/usutareas.do?group_system_actual=3&a=0.5761087415739894
[Mon Dec 22 10:56:52.730437 2014] [core:warn] [pid 5812:tid 300] AH00098: pid file E:/nuevo/apache/logs/httpd.pid overwritten -- Unclean shutdown of previous Apache run?
[Mon Dec 22 10:56:52.730437 2014] [auth_digest:notice] [pid 5812:tid 300] AH01757: generating secret for digest authentication ...
[Mon Dec 22 10:56:52.948838 2014] [mpm_winnt:notice] [pid 5812:tid 300] AH00455: Apache/2.4.10 (Win32) OpenSSL/1.0.1i PHP/5.5.15 configured -- resuming normal operations
[Mon Dec 22 10:56:52.948838 2014] [mpm_winnt:notice] [pid 5812:tid 300] AH00456: Apache Lounge VC11 Server built: Jul 17 2014 11:50:08
[Mon Dec 22 10:56:52.948838 2014] [core:notice] [pid 5812:tid 300] AH00094: Command line: 'e:\\nuevo\\apache\\bin\\httpd.exe -d E:/nuevo/apache'
[Mon Dec 22 10:56:52.948838 2014] [mpm_winnt:notice] [pid 5812:tid 300] AH00418: Parent: Created child process 5740
[Mon Dec 22 10:56:53.650839 2014] [auth_digest:notice] [pid 5740:tid 312] AH01757: generating secret for digest authentication ...
[Mon Dec 22 10:56:53.884839 2014] [mpm_winnt:notice] [pid 5740:tid 312] AH00354: Child: Starting 150 worker threads.
[Mon Dec 22 10:57:24.772893 2014] [proxy_http:error] [pid 5740:tid 1772] (OS 10054)An existing connection was forcibly closed by the remote host.  : [client 191.95.251.104:35230] AH01102: error reading status line from remote server 172.22.1.37:8009
[Mon Dec 22 10:57:24.772893 2014] [proxy:error] [pid 5740:tid 1772] [client 191.95.251.104:35230] AH00898: Error reading from remote server returned by /stormWeb/
[Mon Dec 22 10:58:12.040976 2014] [proxy_http:error] [pid 5740:tid 1724] (20014)Internal error: [client 201.184.136.50:24176] AH01102: error reading status line from remote server 172.22.1.47:80, referer: http://190.27.245.106/forest/usutareas.do?codTraEsc=16867664
[Mon Dec 22 10:58:22.258994 2014] [core:warn] [pid 6592:tid 300] AH00098: pid file E:/nuevo/apache/logs/httpd.pid overwritten -- Unclean shutdown of previous Apache run?
[Mon Dec 22 10:58:22.258994 2014] [auth_digest:notice] [pid 6592:tid 300] AH01757: generating secret for digest authentication ...
[Mon Dec 22 10:58:22.477395 2014] [mpm_winnt:notice] [pid 6592:tid 300] AH00455: Apache/2.4.10 (Win32) OpenSSL/1.0.1i PHP/5.5.15 configured -- resuming normal operations
[Mon Dec 22 10:58:22.477395 2014] [mpm_winnt:notice] [pid 6592:tid 300] AH00456: Apache Lounge VC11 Server built: Jul 17 2014 11:50:08
[Mon Dec 22 10:58:22.477395 2014] [core:notice] [pid 6592:tid 300] AH00094: Command line: 'e:\\nuevo\\apache\\bin\\httpd.exe -d E:/nuevo/apache'
[Mon Dec 22 10:58:22.477395 2014] [mpm_winnt:notice] [pid 6592:tid 300] AH00418: Parent: Created child process 2148
[Mon Dec 22 10:58:23.179396 2014] [auth_digest:notice] [pid 2148:tid 312] AH01757: generating secret for digest authentication ...
[Mon Dec 22 10:58:23.413396 2014] [mpm_winnt:notice] [pid 2148:tid 312] AH00354: Child: Starting 150 worker threads.
[Mon Dec 22 10:58:38.997824 2014] [proxy_http:error] [pid 2148:tid 1788] (20014)Internal error: [client 201.245.192.253:52502] AH01102: error reading status line from remote server 172.22.1.47:80, referer: http://190.27.245.106/forest/index2.jsp?_a=0.5563040617853403
[Mon Dec 22 10:58:39.200624 2014] [proxy_http:error] [pid 2148:tid 1788] (20014)Internal error: [client 201.245.192.253:52549] AH01102: error reading status line from remote server 172.22.1.47:80
[Mon Dec 22 10:58:39.200624 2014] [proxy:error] [pid 2148:tid 1788] [client 201.245.192.253:52549] AH00898: Error reading from remote server returned by /forest/js/jquery/jquery-latest.js
[Mon Dec 22 10:59:15.548688 2014] [proxy_http:error] [pid 2148:tid 1780] (20014)Internal error: [client 201.245.192.253:53022] AH01102: error reading status line from remote server 172.22.1.47:80, referer: http://190.27.245.106/forest/suactividades.do?group_system_actual=3
[Mon Dec 22 11:00:11.708787 2014] [proxy_http:error] [pid 2148:tid 1700] (20014)Internal error: [client 201.245.192.253:54695] AH01102: error reading status line from remote server 172.22.1.47:80
[Mon Dec 22 11:00:11.708787 2014] [proxy:error] [pid 2148:tid 1700] [client 201.245.192.253:54695] AH00898: Error reading from remote server returned by /forest/skins/gdocs-jar/js/autocompletar2.js
[Mon Dec 22 11:00:17.387197 2014] [proxy_http:error] [pid 2148:tid 1852] (20014)Internal error: [client 201.184.136.50:24230] AH01102: error reading status line from remote server 172.22.1.47:80, referer: http://190.27.245.106/forest/usutareas.do?group_system_actual=3&a=0.57359191426076
[Mon Dec 22 11:01:22.470511 2014] [proxy_http:error] [pid 2148:tid 1732] (20014)Internal error: [client 201.245.192.253:56200] AH01102: error reading status line from remote server 172.22.1.47:80, referer: http://190.27.245.106/forest/login.do
[Mon Dec 22 11:01:27.041319 2014] [proxy_http:error] [pid 2148:tid 1796] (20014)Internal error: [client 201.245.192.253:56508] AH01102: error reading status line from remote server 172.22.1.47:80
