[Tue Dec 23 11:11:49.982416 2014] [proxy_http:error] [pid 2148:tid 1252] (20014)Internal error: [client 201.245.192.253:58499] AH01102: error reading status line from remote server 172.22.1.47:80
[Tue Dec 23 11:11:49.982416 2014] [proxy:error] [pid 2148:tid 1252] [client 201.245.192.253:58499] AH00898: Error reading from remote server returned by /forest/js/inicio.js
[Tue Dec 23 11:11:50.029216 2014] [proxy_http:error] [pid 2148:tid 1544] (20014)Internal error: [client 201.245.192.253:58513] AH01102: error reading status line from remote server 172.22.1.47:80
[Tue Dec 23 11:11:50.029216 2014] [proxy:error] [pid 2148:tid 1544] [client 201.245.192.253:58513] AH00898: Error reading from remote server returned by /forest/img/instanciar.gif
[Tue Dec 23 11:12:20.839270 2014] [proxy_http:error] [pid 2148:tid 1852] (20014)Internal error: [client 172.22.2.1:20010] AH01102: error reading status line from remote server 172.22.1.47:80, referer: http://190.27.245.106/forest/radicacion.do?codMod=80&_a=0.7945916591751503&group_system_actual=4
[Tue Dec 23 11:12:20.839270 2014] [proxy:error] [pid 2148:tid 1852] [client 172.22.2.1:20010] AH00898: Error reading from remote server returned by /forest/css/escritorio.css, referer: http://190.27.245.106/forest/radicacion.do?codMod=80&_a=0.7945916591751503&group_system_actual=4
[Tue Dec 23 11:13:24.331382 2014] [proxy_http:error] [pid 2148:tid 1340] (20014)Internal error: [client 172.22.2.1:20018] AH01102: error reading status line from remote server 172.22.1.47:80, referer: http://190.27.245.106/forest/radicacion.do?codMod=80&_a=0.7945916591751503&group_system_actual=4
[Tue Dec 23 11:13:29.307791 2014] [proxy_http:error] [pid 2148:tid 1772] (20014)Internal error: [client 172.22.2.1:20024] AH01102: error reading status line from remote server 172.22.1.47:80, referer: http://190.27.245.106/forest/reimprimirradic.do?_a=0.34325566980313227&group_system_actual=4
[Tue Dec 23 11:13:29.307791 2014] [proxy:error] [pid 2148:tid 1772] [client 172.22.2.1:20024] AH00898: Error reading from remote server returned by /forest/1ibre/jscalendar/calendar-win2k-1.css, referer: http://190.27.245.106/forest/reimprimirradic.do?_a=0.34325566980313227&group_system_actual=4
[Tue Dec 23 11:13:29.338991 2014] [proxy_http:error] [pid 2148:tid 1612] (20014)Internal error: [client 172.22.2.1:20019] AH01102: error reading status line from remote server 172.22.1.47:80
[Tue Dec 23 11:13:34.565000 2014] [proxy_http:error] [pid 2148:tid 1612] (20014)Internal error: [client 201.245.192.253:47722] AH01102: error reading status line from remote server 172.22.1.47:80, referer: http://190.27.245.106/forest/usutareas.do?_a=0.1982841214492207&group_system_actual=3
[Tue Dec 23 11:13:34.596200 2014] [proxy_http:error] [pid 2148:tid 1612] (20014)Internal error: [client 201.245.192.253:47725] AH01102: error reading status line from remote server 172.22.1.47:80, referer: http://190.27.245.106/forest/usutareas.do?_a=0.1982841214492207&group_system_actual=3
[Tue Dec 23 11:13:34.596200 2014] [proxy:error] [pid 2148:tid 1612] [client 201.245.192.253:47725] AH00898: Error reading from remote server returned by /forest/json.do, referer: http://190.27.245.106/forest/usutareas.do?_a=0.1982841214492207&group_system_actual=3
[Tue Dec 23 11:13:34.596200 2014] [negotiation:error] [pid 2148:tid 1612] [client 201.245.192.253:47725] AH00690: no acceptable variant: E:/nuevo/apache/error/HTTP_BAD_GATEWAY.html.var, referer: http://190.27.245.106/forest/usutareas.do?_a=0.1982841214492207&group_system_actual=3
[Tue Dec 23 11:13:34.611800 2014] [proxy_http:error] [pid 2148:tid 1340] (20014)Internal error: [client 201.245.192.253:47726] AH01102: error reading status line from remote server 172.22.1.47:80, referer: http://190.27.245.106/forest/usutareas.do?_a=0.1982841214492207&group_system_actual=3
[Tue Dec 23 11:14:21.193482 2014] [proxy_http:error] [pid 2148:tid 1676] (20014)Internal error: [client 172.22.2.1:20042] AH01102: error reading status line from remote server 172.22.1.47:80, referer: http://190.27.245.106/forest/radicacion.do?codMod=11&_a=0.410917985995638&group_system_actual=4
[Tue Dec 23 11:14:21.209082 2014] [proxy_http:error] [pid 2148:tid 1660] (20014)Internal error: [client 172.22.2.1:20043] AH01102: error reading status line from remote server 172.22.1.47:80, referer: http://190.27.245.106/forest/radicacion.do?codMod=11&_a=0.410917985995638&group_system_actual=4
[Tue Dec 23 11:18:04.024273 2014] [proxy_http:error] [pid 2148:tid 1340] (20014)Internal error: [client 201.245.192.253:51809] AH01102: error reading status line from remote server 172.22.1.47:80, referer: http://190.27.245.106/forest/radicacion.do?codMod=11&group_system_actual=4&_a=0.7782873876670884
[Tue Dec 23 11:19:09.013987 2014] [proxy_http:error] [pid 2148:tid 1772] (20014)Internal error: [client 201.184.136.50:29197] AH01102: error reading status line from remote server 172.22.1.47:80, referer: http://190.27.245.106/forest/usutareas.do?_a=0.70874227094464&group_system_actual=3
[Tue Dec 23 11:20:04.425285 2014] [proxy_http:error] [pid 2148:tid 1260] (20014)Internal error: [client 201.245.192.253:53618] AH01102: error reading status line from remote server 172.22.1.47:80, referer: http://190.27.245.106/forest/radicacion.do?codMod=11&group_system_actual=4&_a=0.7782873876670884
[Tue Dec 23 11:20:16.468506 2014] [proxy_http:error] [pid 2148:tid 1484] (20014)Internal error: [client 201.245.192.253:53806] AH01102: error reading status line from remote server 172.22.1.47:80, referer: http://190.27.245.106/forest/radicacion.do?codMod=11&group_system_actual=4&_a=0.7782873876670884
[Tue Dec 23 11:20:16.468506 2014] [proxy:error] [pid 2148:tid 1484] [client 201.245.192.253:53806] AH00898: Error reading from remote server returned by /forest/json.do, referer: http://190.27.245.106/forest/radicacion.do?codMod=11&group_system_actual=4&_a=0.7782873876670884
[Tue Dec 23 11:20:16.468506 2014] [negotiation:error] [pid 2148:tid 1484] [client 201.245.192.253:53806] AH00690: no acceptable variant: E:/nuevo/apache/error/HTTP_BAD_GATEWAY.html.var, referer: http://190.27.245.106/forest/radicacion.do?codMod=11&group_system_actual=4&_a=0.7782873876670884
[Tue Dec 23 11:20:18.512109 2014] [proxy_http:error] [pid 2148:tid 1484] (20014)Internal error: [client 201.245.192.253:53857] AH01102: error reading status line from remote server 172.22.1.47:80
[Tue Dec 23 11:20:18.512109 2014] [proxy:error] [pid 2148:tid 1484] [client 201.245.192.253:53857] AH00898: Error reading from remote server returned by /forest/js/jquery/jquery.jqGrid.src.js
[Tue Dec 23 11:20:34.938938 2014] [proxy_http:error] [pid 2148:tid 1544] (20014)Internal error: [client 201.184.136.50:29207] AH01102: error reading status line from remote server 172.22.1.47:80, referer: http://190.27.245.106/forest/usutareas.do?group_system_actual=3&a=0.6514693084172904
[Tue Dec 23 11:20:55.811775 2014] [proxy_http:error] [pid 2148:tid 1388] (OS 10054)An existing connection was forcibly closed by the remote host.  : [client 201.245.192.253:54549] AH01102: error reading status line from remote server 172.22.1.31:80, referer: http://190.27.245.106/isolucionsda/FrameSetGeneral.asp?Pagina1=FrameSetGeneral.asp&
[Tue Dec 23 11:20:55.811775 2014] [proxy:error] [pid 2148:tid 1388] [client 201.245.192.253:54549] AH00898: Error reading from remote server returned by /isolucionsda/BarraFavoritos.asp, referer: http://190.27.245.106/isolucionsda/FrameSetGeneral.asp?Pagina1=FrameSetGeneral.asp&
[Tue Dec 23 11:23:19.893628 2014] [proxy_http:error] [pid 2148:tid 1364] (OS 10054)An existing connection was forcibly closed by the remote host.  : [client 201.245.192.253:56860] AH01102: error reading status line from remote server 172.22.1.31:80, referer: http://190.27.245.106/isolucionsda/FrameSetGeneral.asp?Pagina=Menu.asp&IdModulo=4
[Tue Dec 23 11:23:19.893628 2014] [proxy:error] [pid 2148:tid 1364] [client 201.245.192.253:56860] AH00898: Error reading from remote server returned by /isolucionsda/BarraFavoritos.asp, referer: http://190.27.245.106/isolucionsda/FrameSetGeneral.asp?Pagina=Menu.asp&IdModulo=4
[Tue Dec 23 11:24:25.975344 2014] [proxy_http:error] [pid 2148:tid 1364] (20014)Internal error: [client 201.245.192.253:57695] AH01102: error reading status line from remote server 172.22.1.47:80
[Tue Dec 23 11:24:25.975344 2014] [proxy:error] [pid 2148:tid 1364] [client 201.245.192.253:57695] AH00898: Error reading from remote server returned by /forest/skins/gdocs-jar/img/ok.gif
[Tue Dec 23 11:24:45.849779 2014] [proxy_http:error] [pid 2148:tid 1836] (20014)Internal error: [client 201.184.136.50:29258] AH01102: error reading status line from remote server 172.22.1.47:80, referer: http://190.27.245.106/forest/usutareas.do?group_system_actual=3&a=0.8339465940371156
[Tue Dec 23 11:24:47.565782 2014] [proxy_http:error] [pid 2148:tid 1492] (20014)Internal error: [client 201.245.192.253:57916] AH01102: error reading status line from remote server 172.22.1.47:80
[Tue Dec 23 11:24:47.565782 2014] [proxy:error] [pid 2148:tid 1492] [client 201.245.192.253:57916] AH00898: Error reading from remote server returned by /forest/skins/gdocs-jar/css/tree.css
[Tue Dec 23 11:24:47.612582 2014] [proxy_http:error] [pid 2148:tid 1476] (20014)Internal error: [client 201.245.192.253:57920] AH01102: error reading status line from remote server 172.22.1.47:80, referer: http://190.27.245.106/forest/index2.jsp?_a=0.14248613467283033
[Tue Dec 23 11:24:47.612582 2014] [proxy:error] [pid 2148:tid 1476] [client 201.245.192.253:57920] AH00898: Error reading from remote server returned by /forest/session.jsp, referer: http://190.27.245.106/forest/index2.jsp?_a=0.14248613467283033
[Tue Dec 23 11:24:47.612582 2014] [negotiation:error] [pid 2148:tid 1476] [client 201.245.192.253:57920] AH00690: no acceptable variant: E:/nuevo/apache/error/HTTP_BAD_GATEWAY.html.var, referer: http://190.27.245.106/forest/index2.jsp?_a=0.14248613467283033
[Tue Dec 23 11:24:47.628182 2014] [proxy_http:error] [pid 2148:tid 1492] (20014)Internal error: [client 201.245.192.253:57922] AH01102: error reading status line from remote server 172.22.1.47:80, referer: http://190.27.245.106/forest/radicacion.do?codMod=11&group_system_actual=4&_a=0.7782873876670884
[Tue Dec 23 11:24:47.628182 2014] [proxy:error] [pid 2148:tid 1492] [client 201.245.192.253:57922] AH00898: Error reading from remote server returned by /forest/xmlresponse.do, referer: http://190.27.245.106/forest/radicacion.do?codMod=11&group_system_actual=4&_a=0.7782873876670884
[Tue Dec 23 11:24:50.654587 2014] [proxy_http:error] [pid 2148:tid 1836] (20014)Internal error: [client 201.184.136.50:29262] AH01102: error reading status line from remote server 172.22.1.47:80, referer: http://190.27.245.106/forest/usutareas.do?group_system_actual=3&a=0.8339465940371156
[Tue Dec 23 11:24:59.843004 2014] [proxy_http:error] [pid 2148:tid 1492] (20014)Internal error: [client 201.245.192.253:57922] AH01102: error reading status line from remote server 172.22.1.47:80, referer: http://190.27.245.106/forest/index2.jsp?a=0.2919252050753379
[Tue Dec 23 11:25:12.260625 2014] [proxy_http:error] [pid 2148:tid 1676] (20014)Internal error: [client 201.245.192.253:58082] AH01102: error reading status line from remote server 172.22.1.47:80, referer: http://190.27.245.106/forest/radicacion.do?codMod=11&group_system_actual=4&_a=0.7782873876670884
[Tue Dec 23 11:25:13.009427 2014] [proxy_http:error] [pid 2148:tid 1676] (20014)Internal error: [client 201.245.192.253:58264] AH01102: error reading status line from remote server 172.22.1.47:80, referer: http://190.27.245.106/forest/misactividades.do?_a=0.9078273012082404&group_system_actual=3
[Tue Dec 23 11:25:13.009427 2014] [proxy:error] [pid 2148:tid 1676] [client 201.245.192.253:58264] AH00898: Error reading from remote server returned by /forest/usutareas.do, referer: http://190.27.245.106/forest/misactividades.do?_a=0.9078273012082404&group_system_actual=3
[Tue Dec 23 11:28:12.222541 2014] [proxy_http:error] [pid 2148:tid 1604] (20014)Internal error: [client 201.184.136.50:29287] AH01102: error reading status line from remote server 172.22.1.47:80, referer: http://190.27.245.106/forest/usutareas.do?group_system_actual=3&a=0.19760493491776288
[Tue Dec 23 11:31:49.562123 2014] [proxy_http:error] [pid 2148:tid 1836] (20014)Internal error: [client 201.245.192.253:52315] AH01102: error reading status line from remote server 172.22.1.47:80
[Tue Dec 23 11:31:49.562123 2014] [proxy:error] [pid 2148:tid 1836] [client 201.245.192.253:52315] AH00898: Error reading from remote server returned by /forestReports/webcontent/birt/ajax/lib/head.js
[Tue Dec 23 11:31:49.562123 2014] [proxy_http:error] [pid 2148:tid 1332] (20014)Internal error: [client 201.245.192.253:52318] AH01102: error reading status line from remote server 172.22.1.47:80
[Tue Dec 23 11:31:49.562123 2014] [proxy:error] [pid 2148:tid 1332] [client 201.245.192.253:52318] AH00898: Error reading from remote server returned by /forestReports/webcontent/birt/ajax/core/Mask.js
[Tue Dec 23 11:31:49.624523 2014] [proxy_http:error] [pid 2148:tid 1612] (20014)Internal error: [client 201.245.192.253:52338] AH01102: error reading status line from remote server 172.22.1.47:80
[Tue Dec 23 11:31:49.624523 2014] [proxy:error] [pid 2148:tid 1612] [client 201.245.192.253:52338] AH00898: Error reading from remote server returned by /forestReports/webcontent/birt/ajax/ui/app/BirtNavigationBar.js
[Tue Dec 23 11:31:49.640123 2014] [proxy_http:error] [pid 2148:tid 1652] (20014)Internal error: [client 201.245.192.253:52355] AH01102: error reading status line from remote server 172.22.1.47:80
[Tue Dec 23 11:31:49.640123 2014] [proxy:error] [pid 2148:tid 1652] [client 201.245.192.253:52355] AH00898: Error reading from remote server returned by /forestReports/webcontent/birt/images/Print.gif
[Tue Dec 23 11:31:49.655723 2014] [proxy_http:error] [pid 2148:tid 1508] (20014)Internal error: [client 201.245.192.253:52360] AH01102: error reading status line from remote server 172.22.1.47:80
[Tue Dec 23 11:31:49.655723 2014] [proxy:error] [pid 2148:tid 1508] [client 201.245.192.253:52360] AH00898: Error reading from remote server returned by /forestReports/webcontent/birt/images/RemoveAll_disabled.gif
[Tue Dec 23 11:34:41.380825 2014] [proxy_http:error] [pid 2148:tid 1484] (20014)Internal error: [client 201.245.192.253:54813] AH01102: error reading status line from remote server 172.22.1.47:80, referer: http://190.27.245.106/forest/frameset?
[Tue Dec 23 11:36:08.475778 2014] [mpm_winnt:warn] [pid 2148:tid 2856] (OS 64)The specified network name is no longer available.  : AH00341: winnt_accept: Asynchronous AcceptEx failed.
[Tue Dec 23 11:36:33.467022 2014] [mpm_winnt:warn] [pid 2148:tid 2856] (OS 64)The specified network name is no longer available.  : AH00341: winnt_accept: Asynchronous AcceptEx failed.
[Tue Dec 23 11:37:13.574692 2014] [proxy_http:error] [pid 2148:tid 1476] (20014)Internal error: [client 200.118.162.59:49624] AH01102: error reading status line from remote server 172.22.1.47:80, referer: http://190.27.245.106/forest/buscar.do?type=documentos
[Tue Dec 23 11:37:30.485122 2014] [proxy_http:error] [pid 2148:tid 1380] (20014)Internal error: [client 201.245.192.253:57770] AH01102: error reading status line from remote server 172.22.1.47:80, referer: http://190.27.245.106/forest/frameset?
[Tue Dec 23 11:38:05.366783 2014] [proxy_http:error] [pid 2148:tid 1340] (20014)Internal error: [client 201.245.192.253:58289] AH01102: error reading status line from remote server 172.22.1.47:80, referer: http://190.27.245.106/forest/frameset?
[Tue Dec 23 11:38:08.892389 2014] [proxy_http:error] [pid 2148:tid 1312] (20014)Internal error: [client 201.245.192.253:58306] AH01102: error reading status line from remote server 172.22.1.47:80, referer: http://190.27.245.106/forest/frameset?
[Tue Dec 23 11:39:24.302922 2014] [proxy_http:error] [pid 2148:tid 1356] (20014)Internal error: [client 201.245.192.253:59516] AH01102: error reading status line from remote server 172.22.1.47:80, referer: http://190.27.245.106/forest/radicacion.do?codMod=11&group_system_actual=4&_a=0.7782873876670884
[Tue Dec 23 11:39:24.302922 2014] [proxy:error] [pid 2148:tid 1356] [client 201.245.192.253:59516] AH00898: Error reading from remote server returned by /forest/xmlresponse.do, referer: http://190.27.245.106/forest/radicacion.do?codMod=11&group_system_actual=4&_a=0.7782873876670884
[Tue Dec 23 11:41:12.270712 2014] [proxy_http:error] [pid 2148:tid 1852] (20014)Internal error: [client 201.245.192.253:48676] AH01102: error reading status line from remote server 172.22.1.47:80
[Tue Dec 23 11:41:12.270712 2014] [proxy:error] [pid 2148:tid 1852] [client 201.245.192.253:48676] AH00898: Error reading from remote server returned by /forest/img/nav_prev.gif
[Tue Dec 23 11:41:13.269113 2014] [proxy_http:error] [pid 2148:tid 1332] (20014)Internal error: [client 201.245.192.253:48686] AH01102: error reading status line from remote server 172.22.1.47:80
[Tue Dec 23 11:41:13.269113 2014] [proxy:error] [pid 2148:tid 1332] [client 201.245.192.253:48686] AH00898: Error reading from remote server returned by /forest/css/escritorio.css
[Tue Dec 23 11:41:18.838323 2014] [proxy_http:error] [pid 2148:tid 1612] (20014)Internal error: [client 201.245.192.253:48762] AH01102: error reading status line from remote server 172.22.1.47:80, referer: http://190.27.245.106/forest/buscar.do?type=documentos
[Tue Dec 23 11:41:18.838323 2014] [proxy:error] [pid 2148:tid 1612] [client 201.245.192.253:48762] AH00898: Error reading from remote server returned by /forest/buscar.do, referer: http://190.27.245.106/forest/buscar.do?type=documentos
[Tue Dec 23 11:41:45.841970 2014] [proxy_http:error] [pid 2148:tid 1836] (20014)Internal error: [client 201.245.192.253:49079] AH01102: error reading status line from remote server 172.22.1.47:80, referer: http://190.27.245.106/forest/usutareas.do?group_system_actual=3&codAct=916&numPro=2412552&codPro=95&fecTra=2014-09-19%2010:23:55.43&codInst=2417359&codTraEsc=16521716
[Tue Dec 23 11:42:49.568082 2014] [proxy_http:error] [pid 2148:tid 1312] (20014)Internal error: [client 201.245.192.253:49938] AH01102: error reading status line from remote server 172.22.1.47:80, referer: http://190.27.245.106/forest/radicacion.do?codMod=11&group_system_actual=4&_a=0.7782873876670884
[Tue Dec 23 11:47:38.371390 2014] [proxy_http:error] [pid 2148:tid 1388] (20014)Internal error: [client 201.245.192.253:54538] AH01102: error reading status line from remote server 172.22.1.47:80, referer: http://190.27.245.106/forest/reportes.do?menu=1&group_system_actual=5
[Tue Dec 23 11:47:43.020198 2014] [proxy_http:error] [pid 2148:tid 1388] (20014)Internal error: [client 201.245.192.253:54599] AH01102: error reading status line from remote server 172.22.1.47:80, referer: http://190.27.245.106/forest/reportes.do?menu=1&group_system_actual=5
[Tue Dec 23 11:48:51.660318 2014] [proxy_http:error] [pid 2148:tid 1364] (20014)Internal error: [client 201.245.192.253:55803] AH01102: error reading status line from remote server 172.22.1.47:80
[Tue Dec 23 11:48:51.660318 2014] [proxy:error] [pid 2148:tid 1364] [client 201.245.192.253:55803] AH00898: Error reading from remote server returned by /forest/skins/gdocs-jar/img/icons/xlsx.gif
[Tue Dec 23 11:49:29.287584 2014] [proxy_http:error] [pid 2148:tid 1492] (20014)Internal error: [client 201.245.192.253:56336] AH01102: error reading status line from remote server 172.22.1.47:80, referer: http://190.27.245.106/forest/buscar.do?type=procesos
[Tue Dec 23 11:49:29.474785 2014] [proxy_http:error] [pid 2148:tid 1356] (20014)Internal error: [client 201.245.192.253:56409] AH01102: error reading status line from remote server 172.22.1.47:80, referer: http://190.27.245.106/forest/frameset?
[Tue Dec 23 11:49:29.474785 2014] [proxy:error] [pid 2148:tid 1356] [client 201.245.192.253:56409] AH00898: Error reading from remote server returned by /forest/preview, referer: http://190.27.245.106/forest/frameset?
[Tue Dec 23 11:49:33.811592 2014] [proxy_http:error] [pid 2148:tid 1476] (20014)Internal error: [client 201.245.192.253:56580] AH01102: error reading status line from remote server 172.22.1.47:80, referer: http://190.27.245.106/forest/frameset?
[Tue Dec 23 11:49:33.811592 2014] [proxy:error] [pid 2148:tid 1476] [client 201.245.192.253:56580] AH00898: Error reading from remote server returned by /forest/preview, referer: http://190.27.245.106/forest/frameset?
[Tue Dec 23 11:49:33.811592 2014] [proxy_http:error] [pid 2148:tid 1828] (20014)Internal error: [client 201.245.192.253:56581] AH01102: error reading status line from remote server 172.22.1.47:80, referer: http://190.27.245.106/forest/frameset?
[Tue Dec 23 11:49:33.811592 2014] [proxy:error] [pid 2148:tid 1828] [client 201.245.192.253:56581] AH00898: Error reading from remote server returned by /forest/preview, referer: http://190.27.245.106/forest/frameset?
[Tue Dec 23 11:50:26.305685 2014] [proxy_http:error] [pid 2148:tid 1676] (20014)Internal error: [client 200.118.162.59:49643] AH01102: error reading status line from remote server 172.22.1.47:80, referer: http://190.27.245.106/forest/usutareas.do?group_system_actual=3&codTraEsc=17163429&_a=0.7975588638678139
[Tue Dec 23 11:50:26.820486 2014] [proxy_http:error] [pid 2148:tid 1312] (20014)Internal error: [client 200.118.162.59:49639] AH01102: error reading status line from remote server 172.22.1.47:80, referer: http://190.27.245.106/forest/usutareas.do?group_system_actual=3&codTraEsc=17163429&_a=0.7975588638678139
[Tue Dec 23 11:50:54.994135 2014] [proxy_http:error] [pid 2148:tid 1660] (20014)Internal error: [client 201.245.192.253:57749] AH01102: error reading status line from remote server 172.22.1.47:80, referer: http://190.27.245.106/forest/frameset?
[Tue Dec 23 11:56:18.429503 2014] [proxy_http:error] [pid 2148:tid 1364] (OS 10054)An existing connection was forcibly closed by the remote host.  : [client 201.245.192.253:50416] AH01102: error reading status line from remote server 172.22.1.31:80, referer: http://www.ambientebogota.gov.co/web/intranet/aplicaciones-para-acceder-fuera-de-la-sda
[Tue Dec 23 11:57:14.527202 2014] [proxy_http:error] [pid 2148:tid 1844] (OS 10054)An existing connection was forcibly closed by the remote host.  : [client 201.245.192.253:51283] AH01102: error reading status line from remote server 172.22.1.31:80, referer: http://190.27.245.106/isolucionsda/FrameSetGeneral.asp?Pagina1=FrameSetGeneral.asp&
[Tue Dec 23 11:59:09.359003 2014] [proxy_http:error] [pid 2148:tid 1660] (20014)Internal error: [client 201.245.192.253:53017] AH01102: error reading status line from remote server 172.22.1.47:80, referer: http://190.27.245.106/forest/radicacion.do?codMod=11&group_system_actual=4&_a=0.7782873876670884
[Tue Dec 23 12:03:56.588708 2014] [proxy_http:error] [pid 2148:tid 1676] (20014)Internal error: [client 186.145.189.163:49765] AH01102: error reading status line from remote server 172.22.1.47:80, referer: http://190.27.245.106/forest/login.do
[Tue Dec 23 12:04:13.592738 2014] [proxy_http:error] [pid 2148:tid 1652] (20014)Internal error: [client 186.145.189.163:49777] AH01102: error reading status line from remote server 172.22.1.47:80, referer: http://190.27.245.106/forest/index2.jsp?a=0.7624367863530808
[Tue Dec 23 12:07:37.563096 2014] [proxy_http:error] [pid 2148:tid 1676] (20014)Internal error: [client 201.245.192.253:48708] AH01102: error reading status line from remote server 172.22.1.47:80
[Tue Dec 23 12:07:37.563096 2014] [proxy:error] [pid 2148:tid 1676] [client 201.245.192.253:48708] AH00898: Error reading from remote server returned by /forest/skins/gdocs-jar/css/forest.css
[Tue Dec 23 12:10:58.928250 2014] [proxy_http:error] [pid 2148:tid 1660] (20014)Internal error: [client 201.245.192.253:51498] AH01102: error reading status line from remote server 172.22.1.47:80
[Tue Dec 23 12:10:58.928250 2014] [proxy:error] [pid 2148:tid 1660] [client 201.245.192.253:51498] AH00898: Error reading from remote server returned by /forest/img/inicio/2.gif
[Tue Dec 23 12:10:58.959450 2014] [proxy_http:error] [pid 2148:tid 1652] (20014)Internal error: [client 201.245.192.253:51505] AH01102: error reading status line from remote server 172.22.1.47:80
[Tue Dec 23 12:10:58.959450 2014] [proxy:error] [pid 2148:tid 1652] [client 201.245.192.253:51505] AH00898: Error reading from remote server returned by /forest/skins/gdocs-jar/img/okey.gif
[Tue Dec 23 12:11:35.525914 2014] [proxy_http:error] [pid 2148:tid 1660] (20014)Internal error: [client 201.245.192.253:52097] AH01102: error reading status line from remote server 172.22.1.47:80, referer: http://190.27.245.106/forest/radicacion.do?codMod=11&group_system_actual=4&_a=0.7782873876670884
[Tue Dec 23 12:11:51.625142 2014] [proxy_http:error] [pid 2148:tid 1396] (20014)Internal error: [client 201.245.192.253:52237] AH01102: error reading status line from remote server 172.22.1.47:80, referer: http://190.27.245.106/forest/misactividades.do?group_system_actual=3&codPro=93&_a=0.843247107052218
[Tue Dec 23 12:14:07.657381 2014] [proxy_http:error] [pid 2148:tid 1388] (20014)Internal error: [client 201.245.192.253:54506] AH01102: error reading status line from remote server 172.22.1.47:80
[Tue Dec 23 12:14:07.657381 2014] [proxy:error] [pid 2148:tid 1388] [client 201.245.192.253:54506] AH00898: Error reading from remote server returned by /forest/img/salir3.gif
[Tue Dec 23 12:18:45.852670 2014] [mpm_winnt:warn] [pid 2148:tid 2856] (OS 64)The specified network name is no longer available.  : AH00341: winnt_accept: Asynchronous AcceptEx failed.
[Tue Dec 23 12:19:10.890714 2014] [mpm_winnt:warn] [pid 2148:tid 2856] (OS 64)The specified network name is no longer available.  : AH00341: winnt_accept: Asynchronous AcceptEx failed.
[Tue Dec 23 12:30:34.125114 2014] [proxy_http:error] [pid 2148:tid 1676] (OS 10054)An existing connection was forcibly closed by the remote host.  : [client 201.245.192.253:53892] AH01102: error reading status line from remote server 172.22.1.31:80, referer: http://190.27.245.106/isolucionsda/Session.asp?Continue=1
[Tue Dec 23 12:30:34.125114 2014] [proxy:error] [pid 2148:tid 1676] [client 201.245.192.253:53892] AH00898: Error reading from remote server returned by /isolucionsda/Session.asp, referer: http://190.27.245.106/isolucionsda/Session.asp?Continue=1
[Tue Dec 23 12:30:40.973526 2014] [proxy_http:error] [pid 2148:tid 1676] (20014)Internal error: [client 201.245.192.253:53943] AH01102: error reading status line from remote server 172.22.1.47:80
[Tue Dec 23 12:30:40.973526 2014] [proxy:error] [pid 2148:tid 1676] [client 201.245.192.253:53943] AH00898: Error reading from remote server returned by /forest/js/internJS.js
[Tue Dec 23 14:04:20.512996 2014] [mpm_winnt:warn] [pid 2148:tid 2856] (OS 64)The specified network name is no longer available.  : AH00341: winnt_accept: Asynchronous AcceptEx failed.
[Tue Dec 23 14:04:45.519840 2014] [mpm_winnt:warn] [pid 2148:tid 2856] (OS 64)The specified network name is no longer available.  : AH00341: winnt_accept: Asynchronous AcceptEx failed.
[Tue Dec 23 14:06:04.003578 2014] [proxy:error] [pid 2148:tid 1424] (OS 10061)No connection could be made because the target machine actively refused it.  : AH00957: HTTP: attempt to connect to 172.22.1.36:8080 (172.22.1.36) failed
[Tue Dec 23 14:06:04.003578 2014] [proxy:error] [pid 2148:tid 1424] AH00959: ap_proxy_connect_backend disabling worker for (172.22.1.36) for 60s
[Tue Dec 23 14:06:04.003578 2014] [proxy_http:error] [pid 2148:tid 1424] [client 186.84.43.12:50180] AH01114: HTTP: failed to make connection to backend: 172.22.1.36
[Tue Dec 23 14:06:19.697206 2014] [proxy:error] [pid 2148:tid 1756] AH00940: HTTP: disabled connection for (172.22.1.36)
[Tue Dec 23 14:18:13.492059 2014] [proxy_http:error] [pid 2148:tid 1572] (20014)Internal error: [client 201.245.192.253:59800] AH01102: error reading status line from remote server 172.22.1.47:80
[Tue Dec 23 14:18:13.492059 2014] [proxy:error] [pid 2148:tid 1572] [client 201.245.192.253:59800] AH00898: Error reading from remote server returned by /forest/img/panel/window_fullscreen.gif
[Tue Dec 23 14:18:40.214906 2014] [proxy_http:error] [pid 2148:tid 1388] (20014)Internal error: [client 201.245.192.253:47889] AH01102: error reading status line from remote server 172.22.1.47:80
[Tue Dec 23 14:18:40.214906 2014] [proxy:error] [pid 2148:tid 1388] [client 201.245.192.253:47889] AH00898: Error reading from remote server returned by /forest/skins/gdocs-jar/css/forms.css
[Tue Dec 23 14:23:15.087389 2014] [proxy_http:error] [pid 2148:tid 1612] (20014)Internal error: [client 179.15.167.147:49543] AH01102: error reading status line from remote server 172.22.1.47:80, referer: http://190.27.245.106/forest/usutareas.do?group_system_actual=3&codAct=1477&numPro=2969269&codPro=134&fecTra=2014-12-22%2011:59:02.0&codInst=3004011&codTraEsc=17152855
[Tue Dec 23 14:25:06.986386 2014] [proxy_http:error] [pid 2148:tid 1716] (20014)Internal error: [client 201.245.192.253:54478] AH01102: error reading status line from remote server 172.22.1.47:80
[Tue Dec 23 14:25:06.986386 2014] [proxy:error] [pid 2148:tid 1716] [client 201.245.192.253:54478] AH00898: Error reading from remote server returned by /forest/skins/gdocs-jar/img/prev.gif
[Tue Dec 23 14:25:48.856859 2014] [:error] [pid 2148:tid 1252] [client 183.97.161.3:57519] script 'E:/nuevo/htdocs/xmlrpc.php' not found or unable to stat
[Tue Dec 23 14:28:37.321555 2014] [proxy_http:error] [pid 2148:tid 1716] (20014)Internal error: [client 201.245.192.253:57735] AH01102: error reading status line from remote server 172.22.1.47:80
[Tue Dec 23 14:30:06.506912 2014] [mpm_winnt:warn] [pid 2148:tid 2856] (OS 64)The specified network name is no longer available.  : AH00341: winnt_accept: Asynchronous AcceptEx failed.
[Tue Dec 23 14:30:31.513756 2014] [mpm_winnt:warn] [pid 2148:tid 2856] (OS 64)The specified network name is no longer available.  : AH00341: winnt_accept: Asynchronous AcceptEx failed.
[Tue Dec 23 14:34:53.438216 2014] [core:error] [pid 2148:tid 1388] (22)Invalid argument: [client 202.46.50.43:42951] AH00127: Cannot map GET /Autoliquidacion/Fauna%20Silvestre/LISTA%20DE%20CHEQUEO%20Y%20FORMATO%20DE%20SOLICITUD%20DE%20SALVOCONDUCTOS%20DE%20MOVILIZACI%D3N.xls HTTP/1.1 to file
[Tue Dec 23 14:39:43.224325 2014] [proxy_http:error] [pid 2148:tid 1868] (20014)Internal error: [client 201.245.192.253:55788] AH01102: error reading status line from remote server 172.22.1.47:80
[Tue Dec 23 14:39:43.224325 2014] [proxy:error] [pid 2148:tid 1868] [client 201.245.192.253:55788] AH00898: Error reading from remote server returned by /forest/skins/gdocs-jar/img/actividad2.gif
[Tue Dec 23 14:39:43.255525 2014] [proxy_http:error] [pid 2148:tid 1572] (20014)Internal error: [client 201.245.192.253:55793] AH01102: error reading status line from remote server 172.22.1.47:80
[Tue Dec 23 14:39:43.255525 2014] [proxy:error] [pid 2148:tid 1572] [client 201.245.192.253:55793] AH00898: Error reading from remote server returned by /forest/skins/gdocs-jar/img/asociarUserOtraDependencia.gif
[Tue Dec 23 14:44:25.319620 2014] [proxy_http:error] [pid 2148:tid 1420] (20014)Internal error: [client 201.245.192.253:47748] AH01102: error reading status line from remote server 172.22.1.47:80
[Tue Dec 23 14:44:25.319620 2014] [proxy:error] [pid 2148:tid 1420] [client 201.245.192.253:47748] AH00898: Error reading from remote server returned by /forest/img/notify.gif
[Tue Dec 23 14:44:25.350820 2014] [proxy_http:error] [pid 2148:tid 1772] (20014)Internal error: [client 201.245.192.253:47752] AH01102: error reading status line from remote server 172.22.1.47:80
[Tue Dec 23 14:44:25.350820 2014] [proxy:error] [pid 2148:tid 1772] [client 201.245.192.253:47752] AH00898: Error reading from remote server returned by /forest/skins/gdocs-jar/js/misprocesos.js
[Tue Dec 23 14:44:28.330425 2014] [proxy_http:error] [pid 2148:tid 1716] (20014)Internal error: [client 201.245.192.253:47878] AH01102: error reading status line from remote server 172.22.1.47:80
[Tue Dec 23 14:44:28.330425 2014] [proxy:error] [pid 2148:tid 1716] [client 201.245.192.253:47878] AH00898: Error reading from remote server returned by /forest/img/jquery/ui-bg_glass_85_dfeffc_1x400.png
[Tue Dec 23 14:44:28.330425 2014] [proxy_http:error] [pid 2148:tid 1420] (20014)Internal error: [client 201.245.192.253:47879] AH01102: error reading status line from remote server 172.22.1.47:80
[Tue Dec 23 14:44:28.330425 2014] [proxy:error] [pid 2148:tid 1420] [client 201.245.192.253:47879] AH00898: Error reading from remote server returned by /forest/img/jquery/ui-icons_6da8d5_256x240.png
[Tue Dec 23 14:45:01.996285 2014] [proxy_http:error] [pid 2148:tid 1756] (20014)Internal error: [client 201.245.192.253:59630] AH01102: error reading status line from remote server 172.22.1.47:80, referer: http://190.27.245.106/forest/usutareas.do?group_system_actual=3&a=0.8943152029532939
[Tue Dec 23 14:46:29.231638 2014] [proxy_http:error] [pid 2148:tid 1756] (20014)Internal error: [client 201.245.192.253:49599] AH01102: error reading status line from remote server 172.22.1.47:80
[Tue Dec 23 14:46:29.231638 2014] [proxy:error] [pid 2148:tid 1756] [client 201.245.192.253:49599] AH00898: Error reading from remote server returned by /forest/skins/gdocs-jar/css/switch.css
[Tue Dec 23 14:46:29.450038 2014] [proxy_http:error] [pid 2148:tid 1220] (20014)Internal error: [client 201.245.192.253:49616] AH01102: error reading status line from remote server 172.22.1.47:80
[Tue Dec 23 14:46:29.450038 2014] [proxy:error] [pid 2148:tid 1220] [client 201.245.192.253:49616] AH00898: Error reading from remote server returned by /forest/skins/gdocs-jar/img/document_add.gif
[Tue Dec 23 14:46:32.180043 2014] [proxy_http:error] [pid 2148:tid 1452] (20014)Internal error: [client 201.245.192.253:49709] AH01102: error reading status line from remote server 172.22.1.47:80
[Tue Dec 23 14:46:32.180043 2014] [proxy:error] [pid 2148:tid 1452] [client 201.245.192.253:49709] AH00898: Error reading from remote server returned by /forest/skins/gdocs-jar/img/borrador-tree.gif
[Tue Dec 23 14:52:26.488865 2014] [mpm_winnt:warn] [pid 2148:tid 2856] (OS 64)The specified network name is no longer available.  : AH00341: winnt_accept: Asynchronous AcceptEx failed.
[Tue Dec 23 14:52:51.480109 2014] [mpm_winnt:warn] [pid 2148:tid 2856] (OS 64)The specified network name is no longer available.  : AH00341: winnt_accept: Asynchronous AcceptEx failed.
[Tue Dec 23 14:55:09.633952 2014] [proxy_http:error] [pid 2148:tid 1220] (20014)Internal error: [client 201.245.192.253:58552] AH01102: error reading status line from remote server 172.22.1.47:80, referer: http://190.27.245.106/forest/reportes.do?menu=1&group_system_actual=5
[Tue Dec 23 14:56:24.311283 2014] [proxy_http:error] [pid 2148:tid 1756] (20014)Internal error: [client 201.245.192.253:59459] AH01102: error reading status line from remote server 172.22.1.47:80
[Tue Dec 23 14:56:24.311283 2014] [proxy:error] [pid 2148:tid 1756] [client 201.245.192.253:59459] AH00898: Error reading from remote server returned by /forestReports/webcontent/birt/styles/dialogbase.css
[Tue Dec 23 14:56:24.404883 2014] [proxy_http:error] [pid 2148:tid 1612] (20014)Internal error: [client 201.245.192.253:59514] AH01102: error reading status line from remote server 172.22.1.47:80
[Tue Dec 23 14:56:24.404883 2014] [proxy:error] [pid 2148:tid 1612] [client 201.245.192.253:59514] AH00898: Error reading from remote server returned by /forestReports/webcontent/birt/images/Loading.gif
[Tue Dec 23 14:56:56.774940 2014] [proxy_http:error] [pid 2148:tid 1452] (20014)Internal error: [client 201.245.192.253:59989] AH01102: error reading status line from remote server 172.22.1.47:80
[Tue Dec 23 14:56:56.774940 2014] [proxy:error] [pid 2148:tid 1452] [client 201.245.192.253:59989] AH00898: Error reading from remote server returned by /forestReports/webcontent/birt/ajax/core/BirtEventDispatcher.js
[Tue Dec 23 14:56:56.868540 2014] [proxy_http:error] [pid 2148:tid 1716] (20014)Internal error: [client 201.245.192.253:47519] AH01102: error reading status line from remote server 172.22.1.47:80
[Tue Dec 23 14:56:56.868540 2014] [proxy:error] [pid 2148:tid 1716] [client 201.245.192.253:47519] AH00898: Error reading from remote server returned by /forestReports/webcontent/birt/ajax/core/BirtSoapRequest.js
[Tue Dec 23 15:00:22.383301 2014] [proxy_http:error] [pid 2148:tid 1772] (20014)Internal error: [client 201.245.192.253:50929] AH01102: error reading status line from remote server 172.22.1.47:80
[Tue Dec 23 15:00:22.383301 2014] [proxy:error] [pid 2148:tid 1772] [client 201.245.192.253:50929] AH00898: Error reading from remote server returned by /forest/1ibre/jscalendar/calendar.js
[Tue Dec 23 15:00:22.383301 2014] [proxy_http:error] [pid 2148:tid 1596] (20014)Internal error: [client 201.245.192.253:50934] AH01102: error reading status line from remote server 172.22.1.47:80
[Tue Dec 23 15:00:22.383301 2014] [proxy:error] [pid 2148:tid 1596] [client 201.245.192.253:50934] AH00898: Error reading from remote server returned by /forest/js/load_func.js
[Tue Dec 23 15:00:22.430101 2014] [proxy_http:error] [pid 2148:tid 1228] (20014)Internal error: [client 201.245.192.253:50939] AH01102: error reading status line from remote server 172.22.1.47:80
[Tue Dec 23 15:00:22.430101 2014] [proxy:error] [pid 2148:tid 1228] [client 201.245.192.253:50939] AH00898: Error reading from remote server returned by /forest/js/internJS.js
[Tue Dec 23 15:00:23.709304 2014] [proxy_http:error] [pid 2148:tid 1388] (20014)Internal error: [client 201.245.192.253:50984] AH01102: error reading status line from remote server 172.22.1.47:80
[Tue Dec 23 15:00:23.709304 2014] [proxy:error] [pid 2148:tid 1388] [client 201.245.192.253:50984] AH00898: Error reading from remote server returned by /forest/skins/gdocs-jar/css/autocomplete.css
[Tue Dec 23 15:00:23.740504 2014] [proxy_http:error] [pid 2148:tid 1612] (20014)Internal error: [client 201.245.192.253:50994] AH01102: error reading status line from remote server 172.22.1.47:80
[Tue Dec 23 15:00:23.740504 2014] [proxy:error] [pid 2148:tid 1612] [client 201.245.192.253:50994] AH00898: Error reading from remote server returned by /forest/img/instanciar.gif
[Tue Dec 23 15:00:23.740504 2014] [proxy_http:error] [pid 2148:tid 1756] (20014)Internal error: [client 201.245.192.253:50995] AH01102: error reading status line from remote server 172.22.1.47:80
[Tue Dec 23 15:00:23.740504 2014] [proxy:error] [pid 2148:tid 1756] [client 201.245.192.253:50995] AH00898: Error reading from remote server returned by /forest/skins/gdocs-jar/img/cancel.gif
[Tue Dec 23 15:00:24.068104 2014] [proxy_http:error] [pid 2148:tid 1756] (20014)Internal error: [client 201.245.192.253:51001] AH01102: error reading status line from remote server 172.22.1.47:80, referer: http://190.27.245.106/forest/buscar.do?type=documentos
[Tue Dec 23 15:00:24.068104 2014] [proxy:error] [pid 2148:tid 1756] [client 201.245.192.253:51001] AH00898: Error reading from remote server returned by /forest/buscar.do, referer: http://190.27.245.106/forest/buscar.do?type=documentos
[Tue Dec 23 15:01:04.253775 2014] [proxy_http:error] [pid 2148:tid 1220] (20014)Internal error: [client 201.245.192.253:51543] AH01102: error reading status line from remote server 172.22.1.47:80
[Tue Dec 23 15:01:04.253775 2014] [proxy:error] [pid 2148:tid 1220] [client 201.245.192.253:51543] AH00898: Error reading from remote server returned by /forest/js/xml_utilities.js
[Tue Dec 23 15:01:36.015431 2014] [proxy_http:error] [pid 2148:tid 1388] (20014)Internal error: [client 201.245.192.253:51993] AH01102: error reading status line from remote server 172.22.1.47:80, referer: http://190.27.245.106/forest/index2.jsp?_a=0.5072819169919391
[Tue Dec 23 15:02:59.834378 2014] [proxy_http:error] [pid 2148:tid 1452] (20014)Internal error: [client 201.245.192.253:53520] AH01102: error reading status line from remote server 172.22.1.47:80
[Tue Dec 23 15:02:59.834378 2014] [proxy:error] [pid 2148:tid 1452] [client 201.245.192.253:53520] AH00898: Error reading from remote server returned by /forest/js/dialog.js
[Tue Dec 23 15:02:59.849978 2014] [proxy_http:error] [pid 2148:tid 1716] (20014)Internal error: [client 201.245.192.253:53524] AH01102: error reading status line from remote server 172.22.1.47:80
[Tue Dec 23 15:02:59.849978 2014] [proxy:error] [pid 2148:tid 1716] [client 201.245.192.253:53524] AH00898: Error reading from remote server returned by /forest/1ibre/protoaculous.js
[Tue Dec 23 15:02:59.849978 2014] [proxy_http:error] [pid 2148:tid 1228] (20014)Internal error: [client 201.245.192.253:53526] AH01102: error reading status line from remote server 172.22.1.47:80
[Tue Dec 23 15:02:59.849978 2014] [proxy:error] [pid 2148:tid 1228] [client 201.245.192.253:53526] AH00898: Error reading from remote server returned by /forest/1ibre/jscalendar/lang/calendar-es.js
[Tue Dec 23 15:02:59.943578 2014] [proxy_http:error] [pid 2148:tid 1596] (20014)Internal error: [client 201.245.192.253:53534] AH01102: error reading status line from remote server 172.22.1.47:80, referer: http://190.27.245.106/forest/buscar.do?type=procesos
[Tue Dec 23 15:03:03.453584 2014] [proxy:error] [pid 2148:tid 1228] (OS 10061)No connection could be made because the target machine actively refused it.  : AH00957: HTTP: attempt to connect to 172.22.1.36:8080 (172.22.1.36) failed
[Tue Dec 23 15:03:03.453584 2014] [proxy:error] [pid 2148:tid 1228] AH00959: ap_proxy_connect_backend disabling worker for (172.22.1.36) for 60s
[Tue Dec 23 15:03:03.453584 2014] [proxy_http:error] [pid 2148:tid 1228] [client 66.249.67.83:64456] AH01114: HTTP: failed to make connection to backend: 172.22.1.36
[Tue Dec 23 15:04:28.192933 2014] [proxy_http:error] [pid 2148:tid 1756] (20014)Internal error: [client 201.245.192.253:54614] AH01102: error reading status line from remote server 172.22.1.47:80, referer: http://190.27.245.106/forest/misactividades.do?group_system_actual=3&codPro=95&_a=0.5269541380808005
[Tue Dec 23 15:04:55.368181 2014] [proxy_http:error] [pid 2148:tid 1572] (20014)Internal error: [client 201.245.192.253:55060] AH01102: error reading status line from remote server 172.22.1.47:80
[Tue Dec 23 15:04:55.368181 2014] [proxy:error] [pid 2148:tid 1572] [client 201.245.192.253:55060] AH00898: Error reading from remote server returned by /forest/img/spacer.gif
[Tue Dec 23 15:05:11.561009 2014] [proxy_http:error] [pid 2148:tid 1228] (20014)Internal error: [client 201.245.192.253:55340] AH01102: error reading status line from remote server 172.22.1.47:80
[Tue Dec 23 15:05:11.561009 2014] [proxy:error] [pid 2148:tid 1228] [client 201.245.192.253:55340] AH00898: Error reading from remote server returned by /forest/1ibre/jscalendar/calendar-win2k-1.css
[Tue Dec 23 15:05:11.576609 2014] [proxy_http:error] [pid 2148:tid 1612] (20014)Internal error: [client 201.245.192.253:55346] AH01102: error reading status line from remote server 172.22.1.47:80
[Tue Dec 23 15:05:11.576609 2014] [proxy:error] [pid 2148:tid 1612] [client 201.245.192.253:55346] AH00898: Error reading from remote server returned by /forest/js/jquery/css/jquery-ui-1.8.1.custom.css
[Tue Dec 23 15:05:11.576609 2014] [proxy_http:error] [pid 2148:tid 1868] (20014)Internal error: [client 201.245.192.253:55347] AH01102: error reading status line from remote server 172.22.1.47:80
[Tue Dec 23 15:05:11.576609 2014] [proxy:error] [pid 2148:tid 1868] [client 201.245.192.253:55347] AH00898: Error reading from remote server returned by /forest/js/jquery/grid/css/ui.multiselect.css
[Tue Dec 23 15:05:11.623409 2014] [proxy_http:error] [pid 2148:tid 1388] (20014)Internal error: [client 201.245.192.253:55351] AH01102: error reading status line from remote server 172.22.1.47:80
[Tue Dec 23 15:05:11.623409 2014] [proxy:error] [pid 2148:tid 1388] [client 201.245.192.253:55351] AH00898: Error reading from remote server returned by /forest/js/jquery/jquery-latest.js
[Tue Dec 23 15:07:21.852438 2014] [proxy_http:error] [pid 2148:tid 1868] (20014)Internal error: [client 201.245.192.253:57639] AH01102: error reading status line from remote server 172.22.1.47:80
[Tue Dec 23 15:07:21.852438 2014] [proxy:error] [pid 2148:tid 1868] [client 201.245.192.253:57639] AH00898: Error reading from remote server returned by /forest/img/forestIcon.gif
[Tue Dec 23 15:07:21.883638 2014] [proxy_http:error] [pid 2148:tid 1772] (20014)Internal error: [client 201.245.192.253:57647] AH01102: error reading status line from remote server 172.22.1.47:80
[Tue Dec 23 15:07:21.883638 2014] [proxy:error] [pid 2148:tid 1772] [client 201.245.192.253:57647] AH00898: Error reading from remote server returned by /forest/skins/gdocs-jar/css/dialog.css
[Tue Dec 23 15:07:28.404449 2014] [proxy_http:error] [pid 2148:tid 1572] (20014)Internal error: [client 201.245.192.253:57831] AH01102: error reading status line from remote server 172.22.1.47:80, referer: http://190.27.245.106/forest/usutareas.do?group_system_actual=3&a=0.360442751473636
[Tue Dec 23 15:07:56.546899 2014] [proxy_http:error] [pid 2148:tid 1612] (20014)Internal error: [client 201.245.192.253:58167] AH01102: error reading status line from remote server 172.22.1.47:80, referer: http://190.27.245.106/forest/usutareas.do?group_system_actual=3&a=0.16039373923073363
[Tue Dec 23 15:07:56.546899 2014] [proxy:error] [pid 2148:tid 1612] [client 201.245.192.253:58167] AH00898: Error reading from remote server returned by /forest/json.do, referer: http://190.27.245.106/forest/usutareas.do?group_system_actual=3&a=0.16039373923073363
[Tue Dec 23 15:07:56.546899 2014] [negotiation:error] [pid 2148:tid 1612] [client 201.245.192.253:58167] AH00690: no acceptable variant: E:/nuevo/apache/error/HTTP_BAD_GATEWAY.html.var, referer: http://190.27.245.106/forest/usutareas.do?group_system_actual=3&a=0.16039373923073363
[Tue Dec 23 15:08:18.355737 2014] [proxy_http:error] [pid 2148:tid 1868] (20014)Internal error: [client 201.245.192.253:58487] AH01102: error reading status line from remote server 172.22.1.47:80
[Tue Dec 23 15:08:18.355737 2014] [proxy:error] [pid 2148:tid 1868] [client 201.245.192.253:58487] AH00898: Error reading from remote server returned by /forest/skins/gdocs-jar/js/xml_utilities.js
[Tue Dec 23 15:08:18.355737 2014] [proxy_http:error] [pid 2148:tid 1596] (20014)Internal error: [client 201.245.192.253:58491] AH01102: error reading status line from remote server 172.22.1.47:80
[Tue Dec 23 15:08:18.355737 2014] [proxy:error] [pid 2148:tid 1596] [client 201.245.192.253:58491] AH00898: Error reading from remote server returned by /forest/skins/gdocs-jar/js/formsBase.js
[Tue Dec 23 15:08:18.480537 2014] [proxy_http:error] [pid 2148:tid 1572] (20014)Internal error: [client 201.245.192.253:58496] AH01102: error reading status line from remote server 172.22.1.47:80, referer: http://190.27.245.106/forest/usutareas.do?group_system_actual=3&a=0.047293067994574445
[Tue Dec 23 15:08:18.480537 2014] [proxy:error] [pid 2148:tid 1572] [client 201.245.192.253:58496] AH00898: Error reading from remote server returned by /forest/actions/forms.getMappedValues, referer: http://190.27.245.106/forest/usutareas.do?group_system_actual=3&a=0.047293067994574445
[Tue Dec 23 15:08:18.480537 2014] [negotiation:error] [pid 2148:tid 1572] [client 201.245.192.253:58496] AH00690: no acceptable variant: E:/nuevo/apache/error/HTTP_BAD_GATEWAY.html.var, referer: http://190.27.245.106/forest/usutareas.do?group_system_actual=3&a=0.047293067994574445
[Tue Dec 23 15:10:57.538417 2014] [proxy:error] [pid 2148:tid 1868] (OS 10061)No connection could be made because the target machine actively refused it.  : AH00957: HTTP: attempt to connect to 172.22.1.36:8080 (172.22.1.36) failed
[Tue Dec 23 15:10:57.538417 2014] [proxy:error] [pid 2148:tid 1868] AH00959: ap_proxy_connect_backend disabling worker for (172.22.1.36) for 60s
[Tue Dec 23 15:10:57.538417 2014] [proxy_http:error] [pid 2148:tid 1868] [client 201.245.192.253:48251] AH01114: HTTP: failed to make connection to backend: 172.22.1.36
[Tue Dec 23 15:11:17.210051 2014] [proxy_http:error] [pid 2148:tid 1420] (OS 10054)An existing connection was forcibly closed by the remote host.  : [client 201.245.192.253:48587] AH01102: error reading status line from remote server 172.22.1.31:80, referer: http://190.27.245.106/isolucionsda/FrameSetGeneral.asp?Pagina1=FrameSetGeneral.asp&
[Tue Dec 23 15:11:17.210051 2014] [proxy:error] [pid 2148:tid 1420] [client 201.245.192.253:48587] AH00898: Error reading from remote server returned by /isolucionsda/BarraTitulos.asp, referer: http://190.27.245.106/isolucionsda/FrameSetGeneral.asp?Pagina1=FrameSetGeneral.asp&
[Tue Dec 23 15:11:17.350452 2014] [proxy_http:error] [pid 2148:tid 1340] (OS 10054)An existing connection was forcibly closed by the remote host.  : [client 201.245.192.253:48592] AH01102: error reading status line from remote server 172.22.1.31:80
[Tue Dec 23 15:11:17.350452 2014] [proxy:error] [pid 2148:tid 1340] [client 201.245.192.253:48592] AH00898: Error reading from remote server returned by /isolucionsda/g/Bot_TalentoOff_ESP.jpg
[Tue Dec 23 15:11:17.350452 2014] [proxy_http:error] [pid 2148:tid 1388] (OS 10054)An existing connection was forcibly closed by the remote host.  : [client 201.245.192.253:48593] AH01102: error reading status line from remote server 172.22.1.31:80
[Tue Dec 23 15:11:17.350452 2014] [proxy:error] [pid 2148:tid 1388] [client 201.245.192.253:48593] AH00898: Error reading from remote server returned by /isolucionsda/g/Bot_ClientesOff_ESP.jpg
[Tue Dec 23 15:14:13.381161 2014] [mpm_winnt:warn] [pid 2148:tid 2856] (OS 64)The specified network name is no longer available.  : AH00341: winnt_accept: Asynchronous AcceptEx failed.
