[Tue Dec 23 15:14:38.341205 2014] [mpm_winnt:warn] [pid 2148:tid 2856] (OS 64)The specified network name is no longer available.  : AH00341: winnt_accept: Asynchronous AcceptEx failed.
[Tue Dec 23 15:17:33.919513 2014] [proxy_http:error] [pid 2148:tid 1228] (20014)Internal error: [client 201.245.192.253:54205] AH01102: error reading status line from remote server 172.22.1.47:80
[Tue Dec 23 15:17:33.919513 2014] [proxy:error] [pid 2148:tid 1228] [client 201.245.192.253:54205] AH00898: Error reading from remote server returned by /forest/skins/gdocs-jar/js/graphicForm.js
[Tue Dec 23 15:18:00.408360 2014] [proxy_http:error] [pid 2148:tid 1868] (20014)Internal error: [client 201.245.192.253:54587] AH01102: error reading status line from remote server 172.22.1.47:80, referer: http://190.27.245.106/forest/usutareas.do?group_system_actual=3&a=0.3141440154236188
[Tue Dec 23 15:18:04.916767 2014] [proxy_http:error] [pid 2148:tid 1868] (20014)Internal error: [client 201.245.192.253:54692] AH01102: error reading status line from remote server 172.22.1.47:80
[Tue Dec 23 15:18:04.916767 2014] [proxy:error] [pid 2148:tid 1868] [client 201.245.192.253:54692] AH00898: Error reading from remote server returned by /forest/img/inicio/2.gif
[Tue Dec 23 15:18:14.963185 2014] [proxy_http:error] [pid 2148:tid 1420] (20014)Internal error: [client 201.245.192.253:54852] AH01102: error reading status line from remote server 172.22.1.47:80
[Tue Dec 23 15:18:14.963185 2014] [proxy:error] [pid 2148:tid 1420] [client 201.245.192.253:54852] AH00898: Error reading from remote server returned by /forest/skins/gdocs-jar/css/menu.css
[Tue Dec 23 15:19:01.404467 2014] [proxy_http:error] [pid 2148:tid 1596] (20014)Internal error: [client 201.245.192.253:55605] AH01102: error reading status line from remote server 172.22.1.47:80, referer: http://190.27.245.106/forest/buscar.do?type=procesos
[Tue Dec 23 15:21:25.002719 2014] [proxy_http:error] [pid 2148:tid 1772] (20014)Internal error: [client 201.245.192.253:57760] AH01102: error reading status line from remote server 172.22.1.47:80, referer: http://190.27.245.106/forest/usutareas.do?group_system_actual=3&a=0.3287127481908396
[Tue Dec 23 15:21:28.185124 2014] [proxy_http:error] [pid 2148:tid 1780] (20014)Internal error: [client 201.245.192.253:57821] AH01102: error reading status line from remote server 172.22.1.47:80, referer: http://190.27.245.106/forest/usutareas.do?group_system_actual=3&a=0.26184714666671893
[Tue Dec 23 15:21:28.185124 2014] [proxy:error] [pid 2148:tid 1780] [client 201.245.192.253:57821] AH00898: Error reading from remote server returned by /forest/json.do, referer: http://190.27.245.106/forest/usutareas.do?group_system_actual=3&a=0.26184714666671893
[Tue Dec 23 15:21:28.185124 2014] [negotiation:error] [pid 2148:tid 1780] [client 201.245.192.253:57821] AH00690: no acceptable variant: E:/nuevo/apache/error/HTTP_BAD_GATEWAY.html.var, referer: http://190.27.245.106/forest/usutareas.do?group_system_actual=3&a=0.26184714666671893
[Tue Dec 23 15:21:28.356725 2014] [proxy_http:error] [pid 2148:tid 1388] (20014)Internal error: [client 201.245.192.253:57822] AH01102: error reading status line from remote server 172.22.1.47:80, referer: http://190.27.245.106/forest/usutareas.do?group_system_actual=3&a=0.26184714666671893
[Tue Dec 23 15:22:31.864436 2014] [proxy_http:error] [pid 2148:tid 1252] (20014)Internal error: [client 201.245.192.253:58703] AH01102: error reading status line from remote server 172.22.1.47:80
[Tue Dec 23 15:22:31.864436 2014] [proxy:error] [pid 2148:tid 1252] [client 201.245.192.253:58703] AH00898: Error reading from remote server returned by /forest/skins/gdocs-jar/js/grid.js
[Tue Dec 23 15:23:08.306100 2014] [proxy_http:error] [pid 2148:tid 1572] (20014)Internal error: [client 201.245.192.253:59343] AH01102: error reading status line from remote server 172.22.1.47:80
[Tue Dec 23 15:23:08.306100 2014] [proxy:error] [pid 2148:tid 1572] [client 201.245.192.253:59343] AH00898: Error reading from remote server returned by /forest/skins/gdocs-jar/img/fondo-barra.gif
[Tue Dec 23 15:23:08.321700 2014] [proxy_http:error] [pid 2148:tid 1572] (20014)Internal error: [client 201.245.192.253:59348] AH01102: error reading status line from remote server 172.22.1.47:80
[Tue Dec 23 15:23:08.321700 2014] [proxy:error] [pid 2148:tid 1572] [client 201.245.192.253:59348] AH00898: Error reading from remote server returned by /forest/skins/gdocs-jar/img/historial.gif
[Tue Dec 23 15:24:16.228620 2014] [proxy_http:error] [pid 2148:tid 1572] (20014)Internal error: [client 201.245.192.253:47765] AH01102: error reading status line from remote server 172.22.1.47:80, referer: http://190.27.245.106/forest/usutareas.do?group_system_actual=3&a=0.7139869441916344
[Tue Dec 23 15:24:37.741057 2014] [proxy_http:error] [pid 2148:tid 1424] (20014)Internal error: [client 201.245.192.253:48177] AH01102: error reading status line from remote server 172.22.1.47:80, referer: http://190.27.245.106/forest/usutareas.do?group_system_actual=3&a=0.8514937289692227
[Tue Dec 23 15:24:37.741057 2014] [proxy:error] [pid 2148:tid 1424] [client 201.245.192.253:48177] AH00898: Error reading from remote server returned by /forest/json.do, referer: http://190.27.245.106/forest/usutareas.do?group_system_actual=3&a=0.8514937289692227
[Tue Dec 23 15:24:37.741057 2014] [negotiation:error] [pid 2148:tid 1424] [client 201.245.192.253:48177] AH00690: no acceptable variant: E:/nuevo/apache/error/HTTP_BAD_GATEWAY.html.var, referer: http://190.27.245.106/forest/usutareas.do?group_system_actual=3&a=0.8514937289692227
[Tue Dec 23 15:26:00.748803 2014] [proxy_http:error] [pid 2148:tid 1572] (20014)Internal error: [client 201.245.192.253:48163] AH01102: error reading status line from remote server 172.22.1.47:80, referer: http://190.27.245.106/forest/usutareas.do?group_system_actual=3&a=0.007831238455097367
[Tue Dec 23 15:26:02.308806 2014] [proxy_http:error] [pid 2148:tid 1220] (20014)Internal error: [client 201.245.192.253:49709] AH01102: error reading status line from remote server 172.22.1.47:80, referer: http://190.27.245.106/forest/usutareas.do?group_system_actual=3&a=0.007831238455097367
[Tue Dec 23 15:26:02.308806 2014] [proxy:error] [pid 2148:tid 1220] [client 201.245.192.253:49709] AH00898: Error reading from remote server returned by /forest/json.do, referer: http://190.27.245.106/forest/usutareas.do?group_system_actual=3&a=0.007831238455097367
[Tue Dec 23 15:26:02.308806 2014] [negotiation:error] [pid 2148:tid 1220] [client 201.245.192.253:49709] AH00690: no acceptable variant: E:/nuevo/apache/error/HTTP_BAD_GATEWAY.html.var, referer: http://190.27.245.106/forest/usutareas.do?group_system_actual=3&a=0.007831238455097367
[Tue Dec 23 15:27:22.149746 2014] [proxy_http:error] [pid 2148:tid 1772] (20014)Internal error: [client 201.245.192.253:51214] AH01102: error reading status line from remote server 172.22.1.47:80
[Tue Dec 23 15:27:22.149746 2014] [proxy:error] [pid 2148:tid 1772] [client 201.245.192.253:51214] AH00898: Error reading from remote server returned by /forest/css/escritorio.css
[Tue Dec 23 15:29:58.696021 2014] [proxy_http:error] [pid 2148:tid 1228] (20014)Internal error: [client 201.245.192.253:53733] AH01102: error reading status line from remote server 172.22.1.47:80
[Tue Dec 23 15:29:58.696021 2014] [proxy:error] [pid 2148:tid 1228] [client 201.245.192.253:53733] AH00898: Error reading from remote server returned by /forest/skins/gdocs-jar/css/autocomplete.css
[Tue Dec 23 15:35:30.727004 2014] [proxy_http:error] [pid 2148:tid 1780] (20014)Internal error: [client 201.245.192.253:58870] AH01102: error reading status line from remote server 172.22.1.47:80, referer: http://190.27.245.106/forest/usutareas.do?group_system_actual=3&a=0.9165380052542377
[Tue Dec 23 15:35:34.892212 2014] [proxy_http:error] [pid 2148:tid 1596] (20014)Internal error: [client 201.245.192.253:58975] AH01102: error reading status line from remote server 172.22.1.47:80
[Tue Dec 23 15:35:34.892212 2014] [proxy:error] [pid 2148:tid 1596] [client 201.245.192.253:58975] AH00898: Error reading from remote server returned by /forest/img/jquery/ui-bg_flat_0_aaaaaa_40x100.png
[Tue Dec 23 15:37:15.387588 2014] [proxy_http:error] [pid 2148:tid 1868] (20014)Internal error: [client 201.245.192.253:47682] AH01102: error reading status line from remote server 172.22.1.47:80, referer: http://190.27.245.106/forest/usutareas.do?group_system_actual=3&a=0.37137025757692754
[Tue Dec 23 15:38:18.318099 2014] [proxy_http:error] [pid 2148:tid 1756] (20014)Internal error: [client 201.245.192.253:48784] AH01102: error reading status line from remote server 172.22.1.47:80, referer: http://190.27.245.106/forest/index2.jsp?_a=0.528635470216616
[Tue Dec 23 15:39:23.745614 2014] [proxy_http:error] [pid 2148:tid 1596] (20014)Internal error: [client 201.245.192.253:50007] AH01102: error reading status line from remote server 172.22.1.47:80, referer: http://190.27.245.106/forest/usutareas.do?group_system_actual=3&codTraEsc=17137814&_a=0.07300357428855542
[Tue Dec 23 15:43:58.587896 2014] [proxy_http:error] [pid 2148:tid 1756] (20014)Internal error: [client 201.245.192.253:54314] AH01102: error reading status line from remote server 172.22.1.47:80, referer: http://190.27.245.106/forest/usutareas.do?group_system_actual=3&a=0.04429226387282015
[Tue Dec 23 15:48:44.255598 2014] [proxy_http:error] [pid 2148:tid 1612] (20014)Internal error: [client 201.245.192.253:58296] AH01102: error reading status line from remote server 172.22.1.47:80
[Tue Dec 23 15:48:44.255598 2014] [proxy:error] [pid 2148:tid 1612] [client 201.245.192.253:58296] AH00898: Error reading from remote server returned by /forest/skins/gdocs-jar/js/autocompletar2.js
[Tue Dec 23 15:50:15.375358 2014] [mpm_winnt:warn] [pid 2148:tid 2856] (OS 64)The specified network name is no longer available.  : AH00341: winnt_accept: Asynchronous AcceptEx failed.
[Tue Dec 23 15:51:49.178323 2014] [proxy_http:error] [pid 2148:tid 1388] (OS 10054)An existing connection was forcibly closed by the remote host.  : [client 201.245.192.253:47630] AH01102: error reading status line from remote server 172.22.1.31:80, referer: http://190.27.245.106/isolucionsda/FrameSetGeneral.asp?Pagina1=FrameSetGeneral.asp&
[Tue Dec 23 15:51:49.178323 2014] [proxy:error] [pid 2148:tid 1388] [client 201.245.192.253:47630] AH00898: Error reading from remote server returned by /isolucionsda/MagazinHome.asp, referer: http://190.27.245.106/isolucionsda/FrameSetGeneral.asp?Pagina1=FrameSetGeneral.asp&
[Tue Dec 23 16:00:14.634811 2014] [mpm_winnt:warn] [pid 2148:tid 2856] (OS 64)The specified network name is no longer available.  : AH00341: winnt_accept: Asynchronous AcceptEx failed.
[Tue Dec 23 16:03:56.888401 2014] [proxy_http:error] [pid 2148:tid 1716] (20014)Internal error: [client 201.245.192.253:50682] AH01102: error reading status line from remote server 172.22.1.47:80, referer: http://190.27.245.106/forest/system/process.jsp?numPro=2938660
[Tue Dec 23 16:03:58.479604 2014] [proxy:error] [pid 2148:tid 1612] (OS 10061)No connection could be made because the target machine actively refused it.  : AH00957: HTTP: attempt to connect to 172.22.1.36:8080 (172.22.1.36) failed
[Tue Dec 23 16:03:58.479604 2014] [proxy:error] [pid 2148:tid 1612] AH00959: ap_proxy_connect_backend disabling worker for (172.22.1.36) for 60s
[Tue Dec 23 16:03:58.479604 2014] [proxy_http:error] [pid 2148:tid 1612] [client 201.245.192.253:50699] AH01114: HTTP: failed to make connection to backend: 172.22.1.36
[Tue Dec 23 16:10:38.760707 2014] [proxy_http:error] [pid 2148:tid 1220] (20014)Internal error: [client 201.245.192.253:55883] AH01102: error reading status line from remote server 172.22.1.47:80, referer: http://190.27.245.106/forest/usutareas.do?group_system_actual=3&a=0.5435098158195615
[Tue Dec 23 16:12:54.839746 2014] [core:error] [pid 2148:tid 1228] (22)Invalid argument: [client 180.76.5.188:48441] AH00127: Cannot map GET /Autoliquidacion/Fauna%20Silvestre/LISTA%20DE%20CHEQUEO%20Y%20FORMATO%20DE%20SOLICITUD%20DE%20SALVOCONDUCTOS%20DE%20MOVILIZACI%D3N.xls HTTP/1.1 to file
[Tue Dec 23 16:13:07.491368 2014] [proxy_http:error] [pid 2148:tid 1556] (OS 10054)An existing connection was forcibly closed by the remote host.  : [client 201.245.192.253:57920] AH01102: error reading status line from remote server 172.22.1.31:80, referer: http://190.27.245.106/isolucionsda/FrameSetGeneral.asp?Pagina1=FrameSetGeneral.asp&
[Tue Dec 23 16:13:07.491368 2014] [proxy:error] [pid 2148:tid 1556] [client 201.245.192.253:57920] AH00898: Error reading from remote server returned by /isolucionsda/BarraFavoritos.asp, referer: http://190.27.245.106/isolucionsda/FrameSetGeneral.asp?Pagina1=FrameSetGeneral.asp&
[Tue Dec 23 16:18:58.991186 2014] [:error] [pid 2148:tid 1220] [client 192.187.99.195:61865] script 'E:/nuevo/htdocs/wp-login.php' not found or unable to stat
[Tue Dec 23 16:20:55.648191 2014] [proxy_http:error] [pid 2148:tid 1612] (20014)Internal error: [client 201.245.192.253:50797] AH01102: error reading status line from remote server 172.22.1.47:80, referer: http://190.27.245.106/forest/misactividades.do?group_system_actual=3&codPro=95&_a=0.06293749227729672
[Tue Dec 23 16:22:41.151176 2014] [proxy_http:error] [pid 2148:tid 1340] (20014)Internal error: [client 201.245.192.253:52127] AH01102: error reading status line from remote server 172.22.1.47:80
[Tue Dec 23 16:22:41.151176 2014] [proxy:error] [pid 2148:tid 1340] [client 201.245.192.253:52127] AH00898: Error reading from remote server returned by /forest/img/panel/menu/folder.png
[Tue Dec 23 16:22:51.946395 2014] [proxy_http:error] [pid 2148:tid 1420] (20014)Internal error: [client 201.245.192.253:52346] AH01102: error reading status line from remote server 172.22.1.47:80
[Tue Dec 23 16:22:51.946395 2014] [proxy:error] [pid 2148:tid 1420] [client 201.245.192.253:52346] AH00898: Error reading from remote server returned by /forest/1ibre/jscalendar/img.gif
[Tue Dec 23 16:23:58.932912 2014] [proxy_http:error] [pid 2148:tid 1220] (OS 10054)An existing connection was forcibly closed by the remote host.  : [client 201.245.192.253:53121] AH01102: error reading status line from remote server 172.22.1.31:80, referer: http://190.27.245.106/isolucionsda/Menu.asp?Pagina=Menu.asp&IdModulo=4
[Tue Dec 23 16:23:59.010913 2014] [proxy_http:error] [pid 2148:tid 1420] (OS 10054)An existing connection was forcibly closed by the remote host.  : [client 201.245.192.253:53186] AH01102: error reading status line from remote server 172.22.1.31:80, referer: http://190.27.245.106/isolucionsda/FrameSetGeneral.asp?Pagina=ListadoMaestroDocumentos3.asp
[Tue Dec 23 16:23:59.010913 2014] [proxy:error] [pid 2148:tid 1420] [client 201.245.192.253:53186] AH00898: Error reading from remote server returned by /isolucionsda/ListadoMaestroDocumentos3.asp, referer: http://190.27.245.106/isolucionsda/FrameSetGeneral.asp?Pagina=ListadoMaestroDocumentos3.asp
[Tue Dec 23 16:28:34.959797 2014] [proxy_http:error] [pid 2148:tid 1652] (OS 10054)An existing connection was forcibly closed by the remote host.  : [client 201.245.192.253:57068] AH01102: error reading status line from remote server 172.22.1.31:80, referer: http://190.27.245.106/isolucionsda/FrameSetGeneral.asp?Pagina1=FrameSetGeneral.asp&
[Tue Dec 23 16:28:34.959797 2014] [proxy:error] [pid 2148:tid 1652] [client 201.245.192.253:57068] AH00898: Error reading from remote server returned by /isolucionsda/MagazinHome.asp, referer: http://190.27.245.106/isolucionsda/FrameSetGeneral.asp?Pagina1=FrameSetGeneral.asp&
[Tue Dec 23 16:43:22.088556 2014] [mpm_winnt:warn] [pid 2148:tid 2856] (OS 64)The specified network name is no longer available.  : AH00341: winnt_accept: Asynchronous AcceptEx failed.
[Tue Dec 23 16:43:47.110999 2014] [mpm_winnt:warn] [pid 2148:tid 2856] (OS 64)The specified network name is no longer available.  : AH00341: winnt_accept: Asynchronous AcceptEx failed.
[Tue Dec 23 16:46:25.435678 2014] [mpm_winnt:warn] [pid 2148:tid 2856] (OS 64)The specified network name is no longer available.  : AH00341: winnt_accept: Asynchronous AcceptEx failed.
[Tue Dec 23 16:46:50.411321 2014] [mpm_winnt:warn] [pid 2148:tid 2856] (OS 64)The specified network name is no longer available.  : AH00341: winnt_accept: Asynchronous AcceptEx failed.
[Tue Dec 23 16:52:31.381120 2014] [proxy_http:error] [pid 2148:tid 1228] (OS 10054)An existing connection was forcibly closed by the remote host.  : [client 201.245.192.253:48985] AH01102: error reading status line from remote server 172.22.1.31:80, referer: http://190.27.245.106/isolucionsda/FrameSetGeneral.asp?Pagina1=FrameSetGeneral.asp&
[Tue Dec 23 16:52:31.381120 2014] [proxy:error] [pid 2148:tid 1228] [client 201.245.192.253:48985] AH00898: Error reading from remote server returned by /isolucionsda/MagazinHome.asp, referer: http://190.27.245.106/isolucionsda/FrameSetGeneral.asp?Pagina1=FrameSetGeneral.asp&
[Tue Dec 23 16:54:43.794153 2014] [proxy_http:error] [pid 2148:tid 1556] (OS 10054)An existing connection was forcibly closed by the remote host.  : [client 201.245.192.253:50735] AH01102: error reading status line from remote server 172.22.1.31:80, referer: http://190.27.245.106/isolucionsda/FrameSetGeneral.asp?Pagina=Menu.asp&IdModulo=7
[Tue Dec 23 16:54:43.794153 2014] [proxy:error] [pid 2148:tid 1556] [client 201.245.192.253:50735] AH00898: Error reading from remote server returned by /isolucionsda/Menu.asp, referer: http://190.27.245.106/isolucionsda/FrameSetGeneral.asp?Pagina=Menu.asp&IdModulo=7
[Tue Dec 23 17:08:21.219989 2014] [proxy_http:error] [pid 2148:tid 1340] (OS 10054)An existing connection was forcibly closed by the remote host.  : [client 201.245.192.253:47522] AH01102: error reading status line from remote server 172.22.1.31:80, referer: http://190.27.245.106/isolucionsda/FrameSetGeneral.asp?Pagina1=FrameSetGeneral.asp&
[Tue Dec 23 17:08:21.219989 2014] [proxy:error] [pid 2148:tid 1340] [client 201.245.192.253:47522] AH00898: Error reading from remote server returned by /isolucionsda/BarraTitulos.asp, referer: http://190.27.245.106/isolucionsda/FrameSetGeneral.asp?Pagina1=FrameSetGeneral.asp&
[Tue Dec 23 17:08:21.219989 2014] [proxy_http:error] [pid 2148:tid 1228] (OS 10054)An existing connection was forcibly closed by the remote host.  : [client 201.245.192.253:47523] AH01102: error reading status line from remote server 172.22.1.31:80, referer: http://190.27.245.106/isolucionsda/FrameSetGeneral.asp?Pagina1=FrameSetGeneral.asp&
[Tue Dec 23 17:08:21.219989 2014] [proxy:error] [pid 2148:tid 1228] [client 201.245.192.253:47523] AH00898: Error reading from remote server returned by /isolucionsda/MagazinHome.asp, referer: http://190.27.245.106/isolucionsda/FrameSetGeneral.asp?Pagina1=FrameSetGeneral.asp&
[Tue Dec 23 17:32:05.863291 2014] [proxy_http:error] [pid 2148:tid 1228] (OS 10054)An existing connection was forcibly closed by the remote host.  : [client 201.245.192.253:48533] AH01102: error reading status line from remote server 172.22.1.31:80
[Tue Dec 23 17:32:05.863291 2014] [proxy:error] [pid 2148:tid 1228] [client 201.245.192.253:48533] AH00898: Error reading from remote server returned by /isolucionsda/g/Bot_TareasOff_ESP.jpg
[Tue Dec 23 17:32:05.863291 2014] [proxy_http:error] [pid 2148:tid 1292] (OS 10054)An existing connection was forcibly closed by the remote host.  : [client 201.245.192.253:48532] AH01102: error reading status line from remote server 172.22.1.31:80
[Tue Dec 23 17:32:05.863291 2014] [proxy:error] [pid 2148:tid 1292] [client 201.245.192.253:48532] AH00898: Error reading from remote server returned by /isolucionsda/g/Bot_Mejoramiento_ESP.jpg
[Tue Dec 23 17:49:11.845893 2014] [proxy_http:error] [pid 2148:tid 1668] (OS 10054)An existing connection was forcibly closed by the remote host.  : [client 201.245.192.253:56493] AH01102: error reading status line from remote server 172.22.1.31:80, referer: http://190.27.245.106/isolucionsda/Session.asp
[Tue Dec 23 21:04:18.689655 2014] [mpm_winnt:warn] [pid 2148:tid 2856] (OS 64)The specified network name is no longer available.  : AH00341: winnt_accept: Asynchronous AcceptEx failed.
[Tue Dec 23 21:39:03.650917 2014] [mpm_winnt:warn] [pid 2148:tid 2856] (OS 64)The specified network name is no longer available.  : AH00341: winnt_accept: Asynchronous AcceptEx failed.
[Tue Dec 23 21:39:28.657761 2014] [mpm_winnt:warn] [pid 2148:tid 2856] (OS 64)The specified network name is no longer available.  : AH00341: winnt_accept: Asynchronous AcceptEx failed.
[Tue Dec 23 21:46:02.683253 2014] [:error] [pid 2148:tid 1652] [client 109.63.43.169:61493] script 'E:/nuevo/htdocs/xmlrpc.php' not found or unable to stat

:: Command execute ::

Enter:
 
Select:
 

:: Search ::
regexp 

:: Upload ::
 
[ ok ]

:: Make Dir ::
 
[ ok ]
:: Make File ::
 
[ ok ]

:: Go Dir ::
 
:: Go File ::
 

--[ c99shell v. 1.0 pre-release build #13 powered by Captain Crunch Security Team | http://ccteam.ru | Generation time: 0.0468 ]--