!C99Shell v. 1.0 pre-release build #13!

Software: Apache. PHP/5.5.15 

uname -a: Windows NT SVR-DMZ 6.1 build 7600 (Windows Server 2008 R2 Enterprise Edition) i586 

SYSTEM 

Safe-mode: OFF (not secure)

E:\nuevo\apache\logs\   drwxrwxrwx
Free 9.41 GB of 239.26 GB (3.93%)
Detected drives: [ a ] [ c ] [ d ] [ e ] [ f ]
Home    Back    Forward    UPDIR    Refresh    Search    Buffer    Encoder    Tools    Proc.    FTP brute    Sec.    SQL    PHP-code    Update    Feedback    Self remove    Logout    


Viewing file:     error.2014.12.26.log (49.34 KB)      -rw-rw-rw-
Select action/file-type:
(+) | (+) | (+) | Code (+) | Session (+) | (+) | SDB (+) | (+) | (+) | (+) | (+) | (+) |
[Fri Dec 26 00:26:20.389659 2014] [:error] [pid 2148:tid 1332] [client 117.6.133.14:10547] script 'E:/nuevo/htdocs/xmlrpc.php' not found or unable to stat
[Fri Dec 26 00:53:39.297338 2014] [proxy:error] [pid 2148:tid 1644] (OS 10061)No connection could be made because the target machine actively refused it.  : AH00957: HTTP: attempt to connect to 172.22.1.36:8080 (172.22.1.36) failed
[Fri Dec 26 00:53:39.297338 2014] [proxy:error] [pid 2148:tid 1644] AH00959: ap_proxy_connect_backend disabling worker for (172.22.1.36) for 60s
[Fri Dec 26 00:53:39.297338 2014] [proxy_http:error] [pid 2148:tid 1644] [client 66.249.67.83:54027] AH01114: HTTP: failed to make connection to backend: 172.22.1.36
[Fri Dec 26 01:07:44.632623 2014] [:error] [pid 2148:tid 1644] [client 112.210.55.223:24158] script 'E:/nuevo/htdocs/xmlrpc.php' not found or unable to stat
[Fri Dec 26 01:23:20.494867 2014] [mpm_winnt:warn] [pid 2148:tid 2856] (OS 64)The specified network name is no longer available.  : AH00341: winnt_accept: Asynchronous AcceptEx failed.
[Fri Dec 26 01:23:45.486111 2014] [mpm_winnt:warn] [pid 2148:tid 2856] (OS 64)The specified network name is no longer available.  : AH00341: winnt_accept: Asynchronous AcceptEx failed.
[Fri Dec 26 03:27:19.434333 2014] [proxy_http:error] [pid 2148:tid 1668] (OS 10054)An existing connection was forcibly closed by the remote host.  : [client 190.24.148.157:38657] AH01102: error reading status line from remote server 172.22.1.31:80, referer: http://190.27.245.106/isolucionsda/FrameSetGeneral.asp?Pagina1=FrameSetGeneral.asp&
[Fri Dec 26 03:27:19.434333 2014] [proxy:error] [pid 2148:tid 1668] [client 190.24.148.157:38657] AH00898: Error reading from remote server returned by /isolucionsda/BarraTitulos.asp, referer: http://190.27.245.106/isolucionsda/FrameSetGeneral.asp?Pagina1=FrameSetGeneral.asp&
[Fri Dec 26 03:27:19.449933 2014] [proxy_http:error] [pid 2148:tid 1644] (OS 10054)An existing connection was forcibly closed by the remote host.  : [client 190.24.148.157:38659] AH01102: error reading status line from remote server 172.22.1.31:80, referer: http://190.27.245.106/isolucionsda/FrameSetGeneral.asp?Pagina1=FrameSetGeneral.asp&
[Fri Dec 26 03:27:19.449933 2014] [proxy:error] [pid 2148:tid 1644] [client 190.24.148.157:38659] AH00898: Error reading from remote server returned by /isolucionsda/MagazinHome.asp, referer: http://190.27.245.106/isolucionsda/FrameSetGeneral.asp?Pagina1=FrameSetGeneral.asp&
[Fri Dec 26 05:12:27.527813 2014] [mpm_winnt:warn] [pid 2148:tid 2856] (OS 64)The specified network name is no longer available.  : AH00341: winnt_accept: Asynchronous AcceptEx failed.
[Fri Dec 26 05:21:22.842753 2014] [mpm_winnt:warn] [pid 2148:tid 2856] (OS 64)The specified network name is no longer available.  : AH00341: winnt_accept: Asynchronous AcceptEx failed.
[Fri Dec 26 06:12:25.488932 2014] [mpm_winnt:warn] [pid 2148:tid 2856] (OS 64)The specified network name is no longer available.  : AH00341: winnt_accept: Asynchronous AcceptEx failed.
[Fri Dec 26 06:40:31.384893 2014] [proxy:error] [pid 2148:tid 1332] (OS 10061)No connection could be made because the target machine actively refused it.  : AH00957: HTTP: attempt to connect to 172.22.1.36:8080 (172.22.1.36) failed
[Fri Dec 26 06:40:31.384893 2014] [proxy:error] [pid 2148:tid 1332] AH00959: ap_proxy_connect_backend disabling worker for (172.22.1.36) for 60s
[Fri Dec 26 06:40:31.384893 2014] [proxy_http:error] [pid 2148:tid 1332] [client 66.249.67.67:58554] AH01114: HTTP: failed to make connection to backend: 172.22.1.36
[Fri Dec 26 06:57:14.826456 2014] [mpm_winnt:warn] [pid 2148:tid 2856] (OS 64)The specified network name is no longer available.  : AH00341: winnt_accept: Asynchronous AcceptEx failed.
[Fri Dec 26 06:57:39.817700 2014] [mpm_winnt:warn] [pid 2148:tid 2856] (OS 64)The specified network name is no longer available.  : AH00341: winnt_accept: Asynchronous AcceptEx failed.
[Fri Dec 26 07:20:30.389307 2014] [mpm_winnt:warn] [pid 2148:tid 2856] (OS 64)The specified network name is no longer available.  : AH00341: winnt_accept: Asynchronous AcceptEx failed.
[Fri Dec 26 07:20:55.396151 2014] [mpm_winnt:warn] [pid 2148:tid 2856] (OS 64)The specified network name is no longer available.  : AH00341: winnt_accept: Asynchronous AcceptEx failed.
[Fri Dec 26 07:36:12.694362 2014] [mpm_winnt:warn] [pid 2148:tid 2856] (OS 64)The specified network name is no longer available.  : AH00341: winnt_accept: Asynchronous AcceptEx failed.
[Fri Dec 26 07:38:36.246814 2014] [mpm_winnt:warn] [pid 2148:tid 2856] (OS 64)The specified network name is no longer available.  : AH00341: winnt_accept: Asynchronous AcceptEx failed.
[Fri Dec 26 07:47:49.049385 2014] [mpm_winnt:warn] [pid 2148:tid 2856] (OS 64)The specified network name is no longer available.  : AH00341: winnt_accept: Asynchronous AcceptEx failed.
[Fri Dec 26 08:30:35.878894 2014] [proxy_http:error] [pid 2148:tid 1204] (OS 10054)An existing connection was forcibly closed by the remote host.  : [client 201.245.192.253:57734] AH01102: error reading status line from remote server 172.22.1.31:80, referer: http://190.27.245.106/isolucionsda/FrameSetGeneral.asp?Pagina1=FrameSetGeneral.asp&
[Fri Dec 26 08:30:35.878894 2014] [proxy:error] [pid 2148:tid 1204] [client 201.245.192.253:57734] AH00898: Error reading from remote server returned by /isolucionsda/MagazinHome.asp, referer: http://190.27.245.106/isolucionsda/FrameSetGeneral.asp?Pagina1=FrameSetGeneral.asp&
[Fri Dec 26 08:39:07.591993 2014] [proxy_http:error] [pid 2148:tid 1524] (OS 10054)An existing connection was forcibly closed by the remote host.  : [client 201.245.192.253:47816] AH01102: error reading status line from remote server 172.22.1.31:80, referer: http://190.27.245.106/isolucionsda/FrameSetGeneral.asp?Pagina1=FrameSetGeneral.asp&
[Fri Dec 26 08:39:07.591993 2014] [proxy:error] [pid 2148:tid 1524] [client 201.245.192.253:47816] AH00898: Error reading from remote server returned by /isolucionsda/BarraTitulos.asp, referer: http://190.27.245.106/isolucionsda/FrameSetGeneral.asp?Pagina1=FrameSetGeneral.asp&
[Fri Dec 26 09:05:22.227558 2014] [proxy_http:error] [pid 2148:tid 1524] (OS 10060)A connection attempt failed because the connected party did not properly respond after a period of time, or established connection failed because connected host has failed to respond.  : [client 201.245.192.253:53936] AH01102: error reading status line from remote server 172.22.1.47:80, referer: http://190.27.245.106/forest/login.do
[Fri Dec 26 09:05:22.227558 2014] [proxy:error] [pid 2148:tid 1524] [client 201.245.192.253:53936] AH00898: Error reading from remote server returned by /forest/login.do, referer: http://190.27.245.106/forest/login.do
[Fri Dec 26 09:05:25.019963 2014] [proxy_http:error] [pid 2148:tid 1292] (OS 10060)A connection attempt failed because the connected party did not properly respond after a period of time, or established connection failed because connected host has failed to respond.  : [client 201.245.192.253:54051] AH01102: error reading status line from remote server 172.22.1.47:80, referer: http://190.27.245.106/forest/login.do
[Fri Dec 26 09:05:25.019963 2014] [proxy:error] [pid 2148:tid 1292] [client 201.245.192.253:54051] AH00898: Error reading from remote server returned by /forest/login.do, referer: http://190.27.245.106/forest/login.do
[Fri Dec 26 09:05:38.623187 2014] [proxy_http:error] [pid 2148:tid 1240] (OS 10060)A connection attempt failed because the connected party did not properly respond after a period of time, or established connection failed because connected host has failed to respond.  : [client 201.245.192.253:54570] AH01102: error reading status line from remote server 172.22.1.47:80, referer: http://190.27.245.106/forest/login.do
[Fri Dec 26 09:05:38.623187 2014] [proxy:error] [pid 2148:tid 1240] [client 201.245.192.253:54570] AH00898: Error reading from remote server returned by /forest/login.do, referer: http://190.27.245.106/forest/login.do
[Fri Dec 26 09:05:39.418788 2014] [proxy_http:error] [pid 2148:tid 1228] (OS 10060)A connection attempt failed because the connected party did not properly respond after a period of time, or established connection failed because connected host has failed to respond.  : [client 201.245.192.253:54601] AH01102: error reading status line from remote server 172.22.1.47:80, referer: http://190.27.245.106/forest/login.do
[Fri Dec 26 09:05:39.418788 2014] [proxy:error] [pid 2148:tid 1228] [client 201.245.192.253:54601] AH00898: Error reading from remote server returned by /forest/login.do, referer: http://190.27.245.106/forest/login.do
[Fri Dec 26 09:06:02.288429 2014] [proxy_http:error] [pid 2148:tid 1524] (20014)Internal error: [client 186.28.38.239:52492] AH01102: error reading status line from remote server 172.22.1.47:80, referer: http://190.27.245.106/forest/misactividades.do?_a=0.10320658492855728&group_system_actual=3
[Fri Dec 26 09:06:02.865630 2014] [proxy_http:error] [pid 2148:tid 1556] (OS 10060)A connection attempt failed because the connected party did not properly respond after a period of time, or established connection failed because connected host has failed to respond.  : [client 201.245.192.253:55661] AH01102: error reading status line from remote server 172.22.1.47:80, referer: http://190.27.245.106/forest/
[Fri Dec 26 09:06:02.865630 2014] [proxy:error] [pid 2148:tid 1556] [client 201.245.192.253:55661] AH00898: Error reading from remote server returned by /forest/login.do, referer: http://190.27.245.106/forest/
[Fri Dec 26 09:06:14.331650 2014] [proxy_http:error] [pid 2148:tid 1372] (20014)Internal error: [client 186.28.38.239:52502] AH01102: error reading status line from remote server 172.22.1.47:80, referer: http://190.27.245.106/forest/usutareas.do?_a=0.8351326503325254&group_system_actual=3
[Fri Dec 26 09:06:33.457283 2014] [proxy_http:error] [pid 2148:tid 1424] (OS 10060)A connection attempt failed because the connected party did not properly respond after a period of time, or established connection failed because connected host has failed to respond.  : [client 201.245.192.253:56898] AH01102: error reading status line from remote server 172.22.1.47:80, referer: http://190.27.245.106/forest/
[Fri Dec 26 09:06:33.457283 2014] [proxy:error] [pid 2148:tid 1424] [client 201.245.192.253:56898] AH00898: Error reading from remote server returned by /forest/login.do, referer: http://190.27.245.106/forest/
[Fri Dec 26 09:10:09.470863 2014] [proxy_http:error] [pid 2148:tid 1332] (20014)Internal error: [client 201.245.192.253:59911] AH01102: error reading status line from remote server 172.22.1.47:80
[Fri Dec 26 09:10:09.470863 2014] [proxy:error] [pid 2148:tid 1332] [client 201.245.192.253:59911] AH00898: Error reading from remote server returned by /forest/skins/gdocs-jar/css/dialog.css
[Fri Dec 26 09:10:09.470863 2014] [proxy_http:error] [pid 2148:tid 1204] (20014)Internal error: [client 201.245.192.253:59917] AH01102: error reading status line from remote server 172.22.1.47:80
[Fri Dec 26 09:10:09.470863 2014] [proxy:error] [pid 2148:tid 1204] [client 201.245.192.253:59917] AH00898: Error reading from remote server returned by /forest/skins/gdocs-jar/js/swfobject.js
[Fri Dec 26 09:14:50.302556 2014] [mpm_winnt:warn] [pid 2148:tid 2856] (OS 64)The specified network name is no longer available.  : AH00341: winnt_accept: Asynchronous AcceptEx failed.
[Fri Dec 26 09:15:15.262600 2014] [mpm_winnt:warn] [pid 2148:tid 2856] (OS 64)The specified network name is no longer available.  : AH00341: winnt_accept: Asynchronous AcceptEx failed.
[Fri Dec 26 09:21:26.263452 2014] [proxy_http:error] [pid 2148:tid 1188] (20014)Internal error: [client 186.28.38.239:52990] AH01102: error reading status line from remote server 172.22.1.47:80, referer: http://190.27.245.106/forest/usutareas.do?group_system_actual=3&a=0.10628170031122863
[Fri Dec 26 09:23:45.961697 2014] [proxy_http:error] [pid 2148:tid 1204] (20014)Internal error: [client 201.245.192.253:51715] AH01102: error reading status line from remote server 172.22.1.47:80
[Fri Dec 26 09:23:45.961697 2014] [proxy:error] [pid 2148:tid 1204] [client 201.245.192.253:51715] AH00898: Error reading from remote server returned by /forest/skins/gdocs-jar/css/forest.css
[Fri Dec 26 09:23:48.239301 2014] [proxy_http:error] [pid 2148:tid 1188] (20014)Internal error: [client 201.245.192.253:51856] AH01102: error reading status line from remote server 172.22.1.47:80
[Fri Dec 26 09:23:48.239301 2014] [proxy:error] [pid 2148:tid 1188] [client 201.245.192.253:51856] AH00898: Error reading from remote server returned by /forest/1ibre/1ibre.css
[Fri Dec 26 09:25:05.896237 2014] [proxy_http:error] [pid 2148:tid 1188] (20014)Internal error: [client 201.245.192.253:55637] AH01102: error reading status line from remote server 172.22.1.47:80
[Fri Dec 26 09:25:05.896237 2014] [proxy:error] [pid 2148:tid 1188] [client 201.245.192.253:55637] AH00898: Error reading from remote server returned by /forest/skins/gdocs-jar/css/menu.css
[Fri Dec 26 09:25:17.861458 2014] [proxy_http:error] [pid 2148:tid 1804] (20014)Internal error: [client 201.245.192.253:56349] AH01102: error reading status line from remote server 172.22.1.47:80, referer: http://190.27.245.106/forest/login.do
[Fri Dec 26 09:25:24.475870 2014] [proxy_http:error] [pid 2148:tid 1080] (20014)Internal error: [client 201.245.192.253:56583] AH01102: error reading status line from remote server 172.22.1.47:80
[Fri Dec 26 09:25:24.475870 2014] [proxy:error] [pid 2148:tid 1080] [client 201.245.192.253:56583] AH00898: Error reading from remote server returned by /forest/img/forestIcon.gif
[Fri Dec 26 10:09:19.617898 2014] [proxy_http:error] [pid 2148:tid 1572] (OS 10054)An existing connection was forcibly closed by the remote host.  : [client 201.245.192.253:51013] AH01102: error reading status line from remote server 172.22.1.31:80, referer: http://190.27.245.106/isolucionsda/Encabezado.asp?Pagina1=FrameSetGeneral.asp&&Pagina=MagazinHome.asp
[Fri Dec 26 10:20:24.757267 2014] [proxy_http:error] [pid 2148:tid 1612] (20014)Internal error: [client 201.245.192.253:48402] AH01102: error reading status line from remote server 172.22.1.47:80
[Fri Dec 26 10:20:24.757267 2014] [proxy:error] [pid 2148:tid 1612] [client 201.245.192.253:48402] AH00898: Error reading from remote server returned by /forest/skins/gdocs-jar/css/autocomplete.css
[Fri Dec 26 10:20:32.167280 2014] [proxy_http:error] [pid 2148:tid 1116] (20014)Internal error: [client 201.245.192.253:48564] AH01102: error reading status line from remote server 172.22.1.47:80, referer: http://190.27.245.106/forest/usutareas.do?group_system_actual=3&codAct=880&numPro=2880927&codPro=90&fecTra=2014-12-22%2015:57:15.058&codInst=2908489&codTraEsc=17156720
[Fri Dec 26 10:21:43.272205 2014] [proxy_http:error] [pid 2148:tid 1772] (20014)Internal error: [client 201.245.192.253:52090] AH01102: error reading status line from remote server 172.22.1.47:80, referer: http://190.27.245.106/forest/buscar.do?
[Fri Dec 26 10:22:08.450649 2014] [proxy_http:error] [pid 2148:tid 1844] (20014)Internal error: [client 201.245.192.253:53625] AH01102: error reading status line from remote server 172.22.1.47:80, referer: http://190.27.245.106/forest/index2.jsp?a=0.1119321595965932
[Fri Dec 26 10:22:08.450649 2014] [proxy:error] [pid 2148:tid 1844] [client 201.245.192.253:53625] AH00898: Error reading from remote server returned by /forest/img/users/7.gif, referer: http://190.27.245.106/forest/index2.jsp?a=0.1119321595965932
[Fri Dec 26 10:22:08.528649 2014] [proxy_http:error] [pid 2148:tid 1356] (20014)Internal error: [client 201.245.192.253:53653] AH01102: error reading status line from remote server 172.22.1.47:80
[Fri Dec 26 10:22:08.528649 2014] [proxy:error] [pid 2148:tid 1356] [client 201.245.192.253:53653] AH00898: Error reading from remote server returned by /forest/img/panel/menu/danger2.png
[Fri Dec 26 10:22:11.196254 2014] [proxy_http:error] [pid 2148:tid 1844] (20014)Internal error: [client 201.245.192.253:53789] AH01102: error reading status line from remote server 172.22.1.47:80
[Fri Dec 26 10:22:11.196254 2014] [proxy:error] [pid 2148:tid 1844] [client 201.245.192.253:53789] AH00898: Error reading from remote server returned by /forest/skins/gdocs-jar/img/select.gif
[Fri Dec 26 10:23:14.486565 2014] [proxy_http:error] [pid 2148:tid 1116] (20014)Internal error: [client 201.245.192.253:57362] AH01102: error reading status line from remote server 172.22.1.47:80
[Fri Dec 26 10:23:14.486565 2014] [proxy:error] [pid 2148:tid 1116] [client 201.245.192.253:57362] AH00898: Error reading from remote server returned by /forest/css/escritorio.css
[Fri Dec 26 10:23:14.502165 2014] [proxy_http:error] [pid 2148:tid 1484] (20014)Internal error: [client 201.245.192.253:57365] AH01102: error reading status line from remote server 172.22.1.47:80
[Fri Dec 26 10:23:14.502165 2014] [proxy:error] [pid 2148:tid 1484] [client 201.245.192.253:57365] AH00898: Error reading from remote server returned by /forest/skins/gdocs-jar/js/tareas.js
[Fri Dec 26 10:23:14.517765 2014] [proxy_http:error] [pid 2148:tid 1380] (20014)Internal error: [client 201.245.192.253:57372] AH01102: error reading status line from remote server 172.22.1.47:80
[Fri Dec 26 10:23:14.517765 2014] [proxy:error] [pid 2148:tid 1380] [client 201.245.192.253:57372] AH00898: Error reading from remote server returned by /forest/skins/gdocs-jar/js/graphicForm.js
[Fri Dec 26 10:25:11.876771 2014] [proxy_http:error] [pid 2148:tid 1044] (20014)Internal error: [client 201.245.192.253:51232] AH01102: error reading status line from remote server 172.22.1.47:80, referer: http://190.27.245.106/forest/usutareas.do?group_system_actual=3&a=0.0821898265973231
[Fri Dec 26 10:26:19.830490 2014] [proxy_http:error] [pid 2148:tid 1604] (20014)Internal error: [client 201.245.192.253:55972] AH01102: error reading status line from remote server 172.22.1.47:80
[Fri Dec 26 10:26:19.830490 2014] [proxy:error] [pid 2148:tid 1604] [client 201.245.192.253:55972] AH00898: Error reading from remote server returned by /forest/skins/gdocs-jar/js/grid.js
[Fri Dec 26 10:36:23.504751 2014] [proxy_http:error] [pid 2148:tid 1356] (20014)Internal error: [client 186.28.38.239:54151] AH01102: error reading status line from remote server 172.22.1.47:80, referer: http://190.27.245.106/forest/usutareas.do?_a=0.25842787395231426&group_system_actual=3
[Fri Dec 26 10:39:45.259905 2014] [proxy_http:error] [pid 2148:tid 1732] (OS 10054)An existing connection was forcibly closed by the remote host.  : [client 201.245.192.253:53537] AH01102: error reading status line from remote server 172.22.1.31:80, referer: http://190.27.245.106/isolucionsda/FrameSetGeneral.asp?Pagina1=FrameSetGeneral.asp&
[Fri Dec 26 10:39:45.259905 2014] [proxy:error] [pid 2148:tid 1732] [client 201.245.192.253:53537] AH00898: Error reading from remote server returned by /isolucionsda/BarraFavoritos.asp, referer: http://190.27.245.106/isolucionsda/FrameSetGeneral.asp?Pagina1=FrameSetGeneral.asp&
[Fri Dec 26 10:47:21.779107 2014] [proxy_http:error] [pid 2148:tid 1732] (20014)Internal error: [client 201.245.192.253:55463] AH01102: error reading status line from remote server 172.22.1.47:80
[Fri Dec 26 10:47:21.779107 2014] [proxy:error] [pid 2148:tid 1732] [client 201.245.192.253:55463] AH00898: Error reading from remote server returned by /forest/1ibre/1ibre.js
[Fri Dec 26 10:47:23.073909 2014] [proxy_http:error] [pid 2148:tid 1280] (20014)Internal error: [client 201.245.192.253:55462] AH01102: error reading status line from remote server 172.22.1.47:80, referer: http://190.27.245.106/forest/buscar.do?type=procesos
[Fri Dec 26 10:57:49.430609 2014] [proxy:error] [pid 2148:tid 1692] (OS 10061)No connection could be made because the target machine actively refused it.  : AH00957: HTTP: attempt to connect to 172.22.1.36:8080 (172.22.1.36) failed
[Fri Dec 26 10:57:49.430609 2014] [proxy:error] [pid 2148:tid 1692] AH00959: ap_proxy_connect_backend disabling worker for (172.22.1.36) for 60s
[Fri Dec 26 10:57:49.430609 2014] [proxy_http:error] [pid 2148:tid 1692] [client 181.50.76.121:52127] AH01114: HTTP: failed to make connection to backend: 172.22.1.36
[Fri Dec 26 11:05:41.627839 2014] [proxy_http:error] [pid 2148:tid 1644] (20014)Internal error: [client 201.245.192.253:55464] AH01102: error reading status line from remote server 172.22.1.47:80
[Fri Dec 26 11:05:41.627839 2014] [proxy:error] [pid 2148:tid 1644] [client 201.245.192.253:55464] AH00898: Error reading from remote server returned by /forest/skins/gdocs-jar/js/number-functions.js
[Fri Dec 26 11:05:41.768239 2014] [proxy_http:error] [pid 2148:tid 1212] (20014)Internal error: [client 201.245.192.253:55488] AH01102: error reading status line from remote server 172.22.1.47:80, referer: http://190.27.245.106/forest/usutareas.do?group_system_actual=3&a=0.7763506982895226
[Fri Dec 26 11:05:41.768239 2014] [proxy:error] [pid 2148:tid 1212] [client 201.245.192.253:55488] AH00898: Error reading from remote server returned by /forest/actions/forms.getMappedValues, referer: http://190.27.245.106/forest/usutareas.do?group_system_actual=3&a=0.7763506982895226
[Fri Dec 26 11:05:41.768239 2014] [negotiation:error] [pid 2148:tid 1212] [client 201.245.192.253:55488] AH00690: no acceptable variant: E:/nuevo/apache/error/HTTP_BAD_GATEWAY.html.var, referer: http://190.27.245.106/forest/usutareas.do?group_system_actual=3&a=0.7763506982895226
[Fri Dec 26 11:20:25.371391 2014] [proxy_http:error] [pid 2148:tid 1444] (20014)Internal error: [client 201.245.192.253:54867] AH01102: error reading status line from remote server 172.22.1.47:80
[Fri Dec 26 11:20:25.371391 2014] [proxy:error] [pid 2148:tid 1444] [client 201.245.192.253:54867] AH00898: Error reading from remote server returned by /forest/img/inicio/6.gif
[Fri Dec 26 11:20:25.371391 2014] [proxy_http:error] [pid 2148:tid 1812] (20014)Internal error: [client 201.245.192.253:54873] AH01102: error reading status line from remote server 172.22.1.47:80
[Fri Dec 26 11:20:25.371391 2014] [proxy:error] [pid 2148:tid 1812] [client 201.245.192.253:54873] AH00898: Error reading from remote server returned by /forest/skins/gdocs-jar/img/okey.gif
[Fri Dec 26 11:20:50.253435 2014] [:error] [pid 2148:tid 1604] [client 188.129.124.110:56684] script 'E:/nuevo/htdocs/xmlrpc.php' not found or unable to stat
[Fri Dec 26 11:22:00.859159 2014] [proxy_http:error] [pid 2148:tid 1044] (20014)Internal error: [client 181.48.143.26:5462] AH01102: error reading status line from remote server 172.22.1.47:80, referer: http://190.27.245.106/webfile/
[Fri Dec 26 11:29:01.591898 2014] [proxy_http:error] [pid 2148:tid 1556] (20014)Internal error: [client 181.48.143.26:5573] AH01102: error reading status line from remote server 172.22.1.47:80, referer: http://190.27.245.106/webfile/tramiteform.jsp?webfile=true&codForm=ESCOMBROS_ActualizacionProyecto_DatosGen&codproceso=164&tramite=3015
[Fri Dec 26 11:29:01.654298 2014] [proxy_http:error] [pid 2148:tid 1500] (20014)Internal error: [client 181.48.143.26:5578] AH01102: error reading status line from remote server 172.22.1.47:80, referer: http://190.27.245.106/webfile/tramiteform.jsp?webfile=true&codForm=ESCOMBROS_ActualizacionProyecto_DatosGen&codproceso=164&tramite=3015
[Fri Dec 26 11:29:35.069556 2014] [proxy_http:error] [pid 2148:tid 1572] (20014)Internal error: [client 201.245.192.253:59045] AH01102: error reading status line from remote server 172.22.1.47:80
[Fri Dec 26 11:29:35.069556 2014] [proxy:error] [pid 2148:tid 1572] [client 201.245.192.253:59045] AH00898: Error reading from remote server returned by /forest/js/dialog.js
[Fri Dec 26 11:29:35.100757 2014] [proxy_http:error] [pid 2148:tid 1500] (20014)Internal error: [client 201.245.192.253:59047] AH01102: error reading status line from remote server 172.22.1.47:80
[Fri Dec 26 11:29:35.100757 2014] [proxy:error] [pid 2148:tid 1500] [client 201.245.192.253:59047] AH00898: Error reading from remote server returned by /forest/js/escritorio/escritorio.js
[Fri Dec 26 11:30:34.412061 2014] [proxy_http:error] [pid 2148:tid 1596] (20014)Internal error: [client 190.84.185.167:49313] AH01102: error reading status line from remote server 172.22.1.47:80, referer: http://190.27.245.106/forest/login.do
[Fri Dec 26 11:30:34.412061 2014] [proxy:error] [pid 2148:tid 1596] [client 190.84.185.167:49313] AH00898: Error reading from remote server returned by /forest/js/jquery/jquery-1.5.2.min.js, referer: http://190.27.245.106/forest/login.do
[Fri Dec 26 11:30:35.582063 2014] [proxy_http:error] [pid 2148:tid 1332] (20014)Internal error: [client 201.245.192.253:50037] AH01102: error reading status line from remote server 172.22.1.47:80
[Fri Dec 26 11:30:35.582063 2014] [proxy:error] [pid 2148:tid 1332] [client 201.245.192.253:50037] AH00898: Error reading from remote server returned by /forest/img/base/bsc2_r1_c2.gif
[Fri Dec 26 11:40:01.925457 2014] [proxy_http:error] [pid 2148:tid 1292] (20014)Internal error: [client 201.245.192.253:59073] AH01102: error reading status line from remote server 172.22.1.47:80, referer: http://190.27.245.106/forest/usutareas.do?group_system_actual=3&codTraEsc=17184540&_a=0.6420954082510147
[Fri Dec 26 11:40:01.925457 2014] [proxy:error] [pid 2148:tid 1292] [client 201.245.192.253:59073] AH00898: Error reading from remote server returned by /forest/usutareas.do, referer: http://190.27.245.106/forest/usutareas.do?group_system_actual=3&codTraEsc=17184540&_a=0.6420954082510147
[Fri Dec 26 11:43:19.125404 2014] [proxy_http:error] [pid 2148:tid 1444] (20014)Internal error: [client 201.245.192.253:56794] AH01102: error reading status line from remote server 172.22.1.47:80, referer: http://190.27.245.106/forest/index2.jsp?_a=0.491610350785777
[Fri Dec 26 11:44:45.721156 2014] [proxy_http:error] [pid 2148:tid 1476] (20014)Internal error: [client 201.245.192.253:48709] AH01102: error reading status line from remote server 172.22.1.47:80
[Fri Dec 26 11:44:45.721156 2014] [proxy:error] [pid 2148:tid 1476] [client 201.245.192.253:48709] AH00898: Error reading from remote server returned by /forest/skins/gdocs-jar/img/close.gif
[Fri Dec 26 11:59:52.956349 2014] [proxy_http:error] [pid 2148:tid 1604] (20014)Internal error: [client 201.245.192.253:59255] AH01102: error reading status line from remote server 172.22.1.47:80, referer: http://190.27.245.106/forest/usutareas.do?_a=0.4536198164372508&group_system_actual=3
[Fri Dec 26 12:00:44.046439 2014] [proxy_http:error] [pid 2148:tid 1236] (20014)Internal error: [client 201.245.192.253:48682] AH01102: error reading status line from remote server 172.22.1.47:80, referer: http://190.27.245.106/forest/usutareas.do?_a=0.07215405097206151&group_system_actual=3
[Fri Dec 26 12:02:30.485426 2014] [mpm_winnt:warn] [pid 2148:tid 2856] (OS 64)The specified network name is no longer available.  : AH00341: winnt_accept: Asynchronous AcceptEx failed.
[Fri Dec 26 12:02:55.508870 2014] [mpm_winnt:warn] [pid 2148:tid 2856] (OS 64)The specified network name is no longer available.  : AH00341: winnt_accept: Asynchronous AcceptEx failed.
[Fri Dec 26 12:03:29.189329 2014] [mpm_winnt:warn] [pid 2148:tid 2856] (OS 64)The specified network name is no longer available.  : AH00341: winnt_accept: Asynchronous AcceptEx failed.
[Fri Dec 26 12:03:54.180573 2014] [mpm_winnt:warn] [pid 2148:tid 2856] (OS 64)The specified network name is no longer available.  : AH00341: winnt_accept: Asynchronous AcceptEx failed.
[Fri Dec 26 13:13:24.570098 2014] [proxy_http:error] [pid 2148:tid 1604] (OS 10054)An existing connection was forcibly closed by the remote host.  : [client 201.245.192.253:55057] AH01102: error reading status line from remote server 172.22.1.31:80, referer: http://190.27.245.106/isolucionsda/FrameSetGeneral.asp?Pagina1=FrameSetGeneral.asp&
[Fri Dec 26 13:13:24.570098 2014] [proxy:error] [pid 2148:tid 1604] [client 201.245.192.253:55057] AH00898: Error reading from remote server returned by /isolucionsda/BarraFavoritos.asp, referer: http://190.27.245.106/isolucionsda/FrameSetGeneral.asp?Pagina1=FrameSetGeneral.asp&
[Fri Dec 26 13:14:21.322998 2014] [proxy_http:error] [pid 2148:tid 1468] (20014)Internal error: [client 186.28.38.239:56156] AH01102: error reading status line from remote server 172.22.1.47:80, referer: http://190.27.245.106/forest/usutareas.do?group_system_actual=3&a=0.24892315338365734
[Fri Dec 26 13:17:55.901375 2014] [proxy_http:error] [pid 2148:tid 1236] (OS 10054)An existing connection was forcibly closed by the remote host.  : [client 201.245.192.253:49795] AH01102: error reading status line from remote server 172.22.1.31:80, referer: http://190.27.245.106/isolucionsda/FrameSetGeneral.asp?Pagina1=FrameSetGeneral.asp&
[Fri Dec 26 13:17:55.901375 2014] [proxy:error] [pid 2148:tid 1236] [client 201.245.192.253:49795] AH00898: Error reading from remote server returned by /isolucionsda/MagazinHome.asp, referer: http://190.27.245.106/isolucionsda/FrameSetGeneral.asp?Pagina1=FrameSetGeneral.asp&
[Fri Dec 26 13:17:57.601778 2014] [proxy_http:error] [pid 2148:tid 1236] (OS 10054)An existing connection was forcibly closed by the remote host.  : [client 201.245.192.253:49795] AH01102: error reading status line from remote server 172.22.1.31:80, referer: http://190.27.245.106/isolucionsda/FrameSetGeneral.asp?Pagina=BancoConocimiento/m/meci/meci.asp&IdModulo=16
[Fri Dec 26 13:30:37.822313 2014] [proxy_http:error] [pid 2148:tid 1292] (20014)Internal error: [client 186.28.38.239:56364] AH01102: error reading status line from remote server 172.22.1.47:80, referer: http://190.27.245.106/forest/usutareas.do?group_system_actual=3&a=0.8807501632254571
[Fri Dec 26 13:41:31.650661 2014] [proxy:error] [pid 2148:tid 1556] (OS 10061)No connection could be made because the target machine actively refused it.  : AH00957: HTTP: attempt to connect to 172.22.1.36:8080 (172.22.1.36) failed
[Fri Dec 26 13:41:31.650661 2014] [proxy:error] [pid 2148:tid 1556] AH00959: ap_proxy_connect_backend disabling worker for (172.22.1.36) for 60s
[Fri Dec 26 13:41:31.650661 2014] [proxy_http:error] [pid 2148:tid 1556] [client 66.249.67.83:36422] AH01114: HTTP: failed to make connection to backend: 172.22.1.36
[Fri Dec 26 14:13:34.480839 2014] [proxy_http:error] [pid 2148:tid 1380] (OS 10054)An existing connection was forcibly closed by the remote host.  : [client 201.245.192.253:56762] AH01102: error reading status line from remote server 172.22.1.31:80
[Fri Dec 26 14:13:34.480839 2014] [proxy:error] [pid 2148:tid 1380] [client 201.245.192.253:56762] AH00898: Error reading from remote server returned by /isolucionsda//JavaScript/Validaciones.js
[Fri Dec 26 14:15:13.229012 2014] [proxy_http:error] [pid 2148:tid 1112] (OS 10054)An existing connection was forcibly closed by the remote host.  : [client 201.245.192.253:47705] AH01102: error reading status line from remote server 172.22.1.31:80, referer: http://190.27.245.106/isolucionsda/FrameSetGeneral.asp?Pagina1=FrameSetGeneral.asp&
[Fri Dec 26 14:15:13.229012 2014] [proxy:error] [pid 2148:tid 1112] [client 201.245.192.253:47705] AH00898: Error reading from remote server returned by /isolucionsda/BarraFavoritos.asp, referer: http://190.27.245.106/isolucionsda/FrameSetGeneral.asp?Pagina1=FrameSetGeneral.asp&
[Fri Dec 26 14:25:04.953652 2014] [:error] [pid 2148:tid 1524] [client 181.165.30.6:49344] script 'E:/nuevo/htdocs/xmlrpc.php' not found or unable to stat
[Fri Dec 26 14:33:05.964896 2014] [mpm_winnt:warn] [pid 2148:tid 2856] (OS 64)The specified network name is no longer available.  : AH00341: winnt_accept: Asynchronous AcceptEx failed.
[Fri Dec 26 14:33:30.971740 2014] [mpm_winnt:warn] [pid 2148:tid 2856] (OS 64)The specified network name is no longer available.  : AH00341: winnt_accept: Asynchronous AcceptEx failed.
[Fri Dec 26 14:33:41.220958 2014] [proxy_http:error] [pid 2148:tid 1604] (OS 10054)An existing connection was forcibly closed by the remote host.  : [client 201.245.192.253:56533] AH01102: error reading status line from remote server 172.22.1.31:80, referer: http://190.27.245.106/isolucionsda/FrameSetGeneral.asp?Pagina1=FrameSetGeneral.asp&
[Fri Dec 26 14:33:41.220958 2014] [proxy:error] [pid 2148:tid 1604] [client 201.245.192.253:56533] AH00898: Error reading from remote server returned by /isolucionsda/MagazinHome.asp, referer: http://190.27.245.106/isolucionsda/FrameSetGeneral.asp?Pagina1=FrameSetGeneral.asp&
[Fri Dec 26 14:43:25.395184 2014] [proxy_http:error] [pid 2148:tid 1556] (20014)Internal error: [client 201.245.192.253:57672] AH01102: error reading status line from remote server 172.22.1.47:80
[Fri Dec 26 14:43:25.395184 2014] [proxy:error] [pid 2148:tid 1556] [client 201.245.192.253:57672] AH00898: Error reading from remote server returned by /forest/js/load_func.js
[Fri Dec 26 14:43:36.096803 2014] [proxy_http:error] [pid 2148:tid 1644] (20014)Internal error: [client 186.28.38.239:57689] AH01102: error reading status line from remote server 172.22.1.47:80, referer: http://190.27.245.106/forest/usutareas.do?_a=0.4763541501015425&group_system_actual=3
[Fri Dec 26 14:47:26.447808 2014] [proxy_http:error] [pid 2148:tid 1500] (20014)Internal error: [client 201.245.192.253:56039] AH01102: error reading status line from remote server 172.22.1.47:80
[Fri Dec 26 14:47:26.447808 2014] [proxy:error] [pid 2148:tid 1500] [client 201.245.192.253:56039] AH00898: Error reading from remote server returned by /forest/skins/gdocs-jar/img/prev.gif
[Fri Dec 26 14:47:48.397046 2014] [proxy_http:error] [pid 2148:tid 1476] (20014)Internal error: [client 201.245.192.253:56760] AH01102: error reading status line from remote server 172.22.1.47:80, referer: http://190.27.245.106/forest/usutareas.do?group_system_actual=3&codAct=2121&numPro=2977267&codPro=176&fecTra=2014-12-16%2015:10:45.182&codInst=3012772&codTraEsc=17119364
[Fri Dec 26 14:49:53.758867 2014] [proxy_http:error] [pid 2148:tid 1468] (20014)Internal error: [client 186.28.38.239:57743] AH01102: error reading status line from remote server 172.22.1.47:80, referer: http://190.27.245.106/forest/system/process.jsp?numPro=2915052
[Fri Dec 26 14:54:03.920906 2014] [proxy_http:error] [pid 2148:tid 1212] (20014)Internal error: [client 201.245.192.253:49152] AH01102: error reading status line from remote server 172.22.1.47:80, referer: http://190.27.245.106/forest/usudocumentos.do?group_system_actual=3&a=0.24074075976386666
[Fri Dec 26 15:01:11.643457 2014] [proxy_http:error] [pid 2148:tid 1292] (20014)Internal error: [client 201.245.192.253:57481] AH01102: error reading status line from remote server 172.22.1.47:80
[Fri Dec 26 15:01:11.643457 2014] [proxy:error] [pid 2148:tid 1292] [client 201.245.192.253:57481] AH00898: Error reading from remote server returned by /forest/js/xml_utilities.js
[Fri Dec 26 15:19:56.967034 2014] [proxy_http:error] [pid 2148:tid 1812] (20014)Internal error: [client 201.245.192.253:53740] AH01102: error reading status line from remote server 172.22.1.47:80
[Fri Dec 26 15:19:56.967034 2014] [proxy:error] [pid 2148:tid 1812] [client 201.245.192.253:53740] AH00898: Error reading from remote server returned by /forest/css/index.css
[Fri Dec 26 15:20:50.334728 2014] [proxy_http:error] [pid 2148:tid 1604] (20014)Internal error: [client 201.245.192.253:55604] AH01102: error reading status line from remote server 172.22.1.47:80, referer: http://190.27.245.106/forest/index2.jsp?_a=0.14816677105670206
[Fri Dec 26 15:20:50.397128 2014] [proxy_http:error] [pid 2148:tid 1604] (20014)Internal error: [client 201.245.192.253:55650] AH01102: error reading status line from remote server 172.22.1.47:80
[Fri Dec 26 15:20:50.397128 2014] [proxy:error] [pid 2148:tid 1604] [client 201.245.192.253:55650] AH00898: Error reading from remote server returned by /forest/js/jquery/jquery.jqGrid.src.js
[Fri Dec 26 15:25:08.733581 2014] [mpm_winnt:warn] [pid 2148:tid 2856] (OS 64)The specified network name is no longer available.  : AH00341: winnt_accept: Asynchronous AcceptEx failed.
[Fri Dec 26 15:26:03.926478 2014] [proxy_http:error] [pid 2148:tid 1740] (20014)Internal error: [client 201.245.192.253:55149] AH01102: error reading status line from remote server 172.22.1.47:80
[Fri Dec 26 15:26:03.926478 2014] [proxy:error] [pid 2148:tid 1740] [client 201.245.192.253:55149] AH00898: Error reading from remote server returned by /forest/1ibre/jscalendar/img.gif
[Fri Dec 26 15:27:33.735836 2014] [proxy_http:error] [pid 2148:tid 1476] (OS 10054)An existing connection was forcibly closed by the remote host.  : [client 201.245.192.253:58894] AH01102: error reading status line from remote server 172.22.1.31:80, referer: http://190.27.245.106/isolucionsda/Encabezado.asp?Pagina1=FrameSetGeneral.asp&&Pagina=MagazinHome.asp
[Fri Dec 26 15:28:09.959100 2014] [:error] [pid 2148:tid 1212] [client 181.165.30.6:51703] script 'E:/nuevo/htdocs/xmlrpc.php' not found or unable to stat
[Fri Dec 26 15:34:29.242566 2014] [proxy_http:error] [pid 2148:tid 1332] (20014)Internal error: [client 201.245.192.253:53789] AH01102: error reading status line from remote server 172.22.1.47:80
[Fri Dec 26 15:34:29.242566 2014] [proxy:error] [pid 2148:tid 1332] [client 201.245.192.253:53789] AH00898: Error reading from remote server returned by /forest/skins/gdocs-jar/css/tree.css
[Fri Dec 26 15:40:09.401163 2014] [proxy_http:error] [pid 2148:tid 1596] (20014)Internal error: [client 190.157.172.223:49677] AH01102: error reading status line from remote server 172.22.1.47:80, referer: http://190.27.245.106/forest/buscar.do?
[Fri Dec 26 15:41:18.244084 2014] [proxy_http:error] [pid 2148:tid 1292] (20014)Internal error: [client 201.245.192.253:49396] AH01102: error reading status line from remote server 172.22.1.47:80, referer: http://190.27.245.106/forest/reportes.do?menu=1&group_system_actual=5
[Fri Dec 26 15:41:18.462485 2014] [proxy_http:error] [pid 2148:tid 1820] (20014)Internal error: [client 201.245.192.253:49442] AH01102: error reading status line from remote server 172.22.1.47:80
[Fri Dec 26 15:41:18.462485 2014] [proxy:error] [pid 2148:tid 1820] [client 201.245.192.253:49442] AH00898: Error reading from remote server returned by /forest/1ibre/protoaculous.js
[Fri Dec 26 15:41:22.409292 2014] [proxy_http:error] [pid 2148:tid 1596] (20014)Internal error: [client 201.245.192.253:49613] AH01102: error reading status line from remote server 172.22.1.47:80, referer: http://190.27.245.106/forest/reportes.do?menu=1&group_system_actual=5
[Fri Dec 26 15:41:22.409292 2014] [proxy:error] [pid 2148:tid 1596] [client 201.245.192.253:49613] AH00898: Error reading from remote server returned by /forest/parameter, referer: http://190.27.245.106/forest/reportes.do?menu=1&group_system_actual=5
[Fri Dec 26 15:41:22.409292 2014] [negotiation:error] [pid 2148:tid 1596] [client 201.245.192.253:49613] AH00690: no acceptable variant: E:/nuevo/apache/error/HTTP_BAD_GATEWAY.html.var, referer: http://190.27.245.106/forest/reportes.do?menu=1&group_system_actual=5
[Fri Dec 26 15:42:41.471230 2014] [proxy_http:error] [pid 2148:tid 1380] (20014)Internal error: [client 190.157.172.223:49704] AH01102: error reading status line from remote server 172.22.1.47:80, referer: http://190.27.245.106/forest/index2.jsp?a=0.5507565704717967
[Fri Dec 26 15:48:08.697405 2014] [proxy_http:error] [pid 2148:tid 1468] (20014)Internal error: [client 190.157.172.223:49778] AH01102: error reading status line from remote server 172.22.1.47:80, referer: http://190.27.245.106/forest/buscar.do?type=procesos
[Fri Dec 26 16:07:57.436093 2014] [:error] [pid 2148:tid 1444] [client 190.233.120.194:62504] script 'E:/nuevo/htdocs/xmlrpc.php' not found or unable to stat
[Fri Dec 26 16:15:11.506856 2014] [proxy_http:error] [pid 2148:tid 1044] (20014)Internal error: [client 201.245.192.253:50229] AH01102: error reading status line from remote server 172.22.1.47:80
[Fri Dec 26 16:15:11.506856 2014] [proxy:error] [pid 2148:tid 1044] [client 201.245.192.253:50229] AH00898: Error reading from remote server returned by /forest/skins/gdocs-jar/css/forest.css
[Fri Dec 26 16:16:00.787342 2014] [proxy_http:error] [pid 2148:tid 1564] (20014)Internal error: [client 172.22.2.1:21672] AH01102: error reading status line from remote server 172.22.1.47:80, referer: http://190.27.245.106/forest/radicacion.do?codMod=11&group_system_actual=4&_a=0.13339064607975948
[Fri Dec 26 16:17:07.727060 2014] [proxy_http:error] [pid 2148:tid 1052] (20014)Internal error: [client 201.245.192.253:54262] AH01102: error reading status line from remote server 172.22.1.47:80
[Fri Dec 26 16:17:07.727060 2014] [proxy:error] [pid 2148:tid 1052] [client 201.245.192.253:54262] AH00898: Error reading from remote server returned by /forest/skins/gdocs-jar/js/autocompletar2.js
[Fri Dec 26 16:17:07.727060 2014] [proxy_http:error] [pid 2148:tid 1532] (20014)Internal error: [client 201.245.192.253:54266] AH01102: error reading status line from remote server 172.22.1.47:80
[Fri Dec 26 16:17:07.727060 2014] [proxy:error] [pid 2148:tid 1532] [client 201.245.192.253:54266] AH00898: Error reading from remote server returned by /forest/img/forestIcon.gif
[Fri Dec 26 16:24:51.749875 2014] [proxy_http:error] [pid 2148:tid 1636] (20014)Internal error: [client 201.245.192.253:55808] AH01102: error reading status line from remote server 172.22.1.47:80, referer: http://190.27.245.106/forest/usutareas.do?group_system_actual=3&a=0.3314974768090253
[Fri Dec 26 16:25:55.085986 2014] [proxy_http:error] [pid 2148:tid 1444] (20014)Internal error: [client 201.245.192.253:57636] AH01102: error reading status line from remote server 172.22.1.47:80
[Fri Dec 26 16:25:55.085986 2014] [proxy:error] [pid 2148:tid 1444] [client 201.245.192.253:57636] AH00898: Error reading from remote server returned by /forest/documentos/1986450/
[Fri Dec 26 16:28:38.246673 2014] [proxy_http:error] [pid 2148:tid 1564] (20014)Internal error: [client 201.245.192.253:49839] AH01102: error reading status line from remote server 172.22.1.47:80
[Fri Dec 26 16:28:38.246673 2014] [proxy:error] [pid 2148:tid 1564] [client 201.245.192.253:49839] AH00898: Error reading from remote server returned by /forest/img/nav_next.gif
[Fri Dec 26 16:29:24.765954 2014] [proxy_http:error] [pid 2148:tid 1820] (20014)Internal error: [client 201.245.192.253:51058] AH01102: error reading status line from remote server 172.22.1.47:80
[Fri Dec 26 16:29:24.765954 2014] [proxy:error] [pid 2148:tid 1820] [client 201.245.192.253:51058] AH00898: Error reading from remote server returned by /forest/skins/gdocs-jar/css/menu.css
[Fri Dec 26 16:29:26.528757 2014] [proxy_http:error] [pid 2148:tid 1380] (20014)Internal error: [client 201.245.192.253:51076] AH01102: error reading status line from remote server 172.22.1.47:80, referer: http://190.27.245.106/forest/index2.jsp?_a=0.46345144649158365
[Fri Dec 26 16:30:42.672491 2014] [proxy_http:error] [pid 2148:tid 1724] (20014)Internal error: [client 201.245.192.253:53538] AH01102: error reading status line from remote server 172.22.1.47:80
[Fri Dec 26 16:30:42.672491 2014] [proxy:error] [pid 2148:tid 1724] [client 201.245.192.253:53538] AH00898: Error reading from remote server returned by /forest/js/sarissa.js
[Fri Dec 26 16:30:57.040116 2014] [proxy_http:error] [pid 2148:tid 1812] (20014)Internal error: [client 201.245.192.253:54040] AH01102: error reading status line from remote server 172.22.1.47:80, referer: http://190.27.245.106/forest/buscar.do?type=documentos
[Fri Dec 26 16:31:00.799723 2014] [proxy_http:error] [pid 2148:tid 1212] (20014)Internal error: [client 201.245.192.253:54130] AH01102: error reading status line from remote server 172.22.1.47:80, referer: http://190.27.245.106/forest/index2.jsp?_a=0.46345144649158365
[Fri Dec 26 16:32:08.613042 2014] [proxy_http:error] [pid 2148:tid 1556] (20014)Internal error: [client 201.245.192.253:56716] AH01102: error reading status line from remote server 172.22.1.47:80
[Fri Dec 26 16:32:08.613042 2014] [proxy:error] [pid 2148:tid 1556] [client 201.245.192.253:56716] AH00898: Error reading from remote server returned by /forest/skins/gdocs-jar/css/forms.css
[Fri Dec 26 16:32:10.531845 2014] [proxy_http:error] [pid 2148:tid 1292] (20014)Internal error: [client 201.245.192.253:56823] AH01102: error reading status line from remote server 172.22.1.47:80
[Fri Dec 26 16:32:10.531845 2014] [proxy:error] [pid 2148:tid 1292] [client 201.245.192.253:56823] AH00898: Error reading from remote server returned by /forest/1ibre/jscalendar/calendar.js
[Fri Dec 26 16:37:30.208607 2014] [proxy_http:error] [pid 2148:tid 1708] (OS 10054)An existing connection was forcibly closed by the remote host.  : [client 201.245.192.253:53156] AH01102: error reading status line from remote server 172.22.1.31:80, referer: http://190.27.245.106/isolucionsda/FrameSetGeneral.asp?Pagina=FiltroNoConformidades.asp&CodTipoNoConf=14&EsAbierta=1&ConMenu=NO
[Fri Dec 26 16:37:30.208607 2014] [proxy:error] [pid 2148:tid 1708] [client 201.245.192.253:53156] AH00898: Error reading from remote server returned by /isolucionsda/BarraFavoritos.asp, referer: http://190.27.245.106/isolucionsda/FrameSetGeneral.asp?Pagina=FiltroNoConformidades.asp&CodTipoNoConf=14&EsAbierta=1&ConMenu=NO
[Fri Dec 26 16:46:44.867581 2014] [proxy_http:error] [pid 2148:tid 1476] (OS 10054)An existing connection was forcibly closed by the remote host.  : [client 201.245.192.253:57353] AH01102: error reading status line from remote server 172.22.1.31:80, referer: http://190.27.245.106/isolucionsda/MagazinHome.asp
[Fri Dec 26 16:46:44.867581 2014] [proxy:error] [pid 2148:tid 1476] [client 201.245.192.253:57353] AH00898: Error reading from remote server returned by /isolucionsda/g/Bgr_Destacado3399CC.jpg, referer: http://190.27.245.106/isolucionsda/MagazinHome.asp
[Fri Dec 26 17:01:03.962090 2014] [proxy_http:error] [pid 2148:tid 1476] (OS 10054)An existing connection was forcibly closed by the remote host.  : [client 201.245.192.253:56297] AH01102: error reading status line from remote server 172.22.1.31:80, referer: http://190.27.245.106/isolucionsda/FrameSetGeneral.asp?Pagina=FiltroNoConformidades.asp&Estado=Abiertas&PintarAuditorias=SI&EsAbierta=1&ConMenu=NO
[Fri Dec 26 17:43:19.764144 2014] [core:error] [pid 2148:tid 1636] (22)Invalid argument: [client 180.76.6.145:26446] AH00127: Cannot map GET /Autoliquidacion/Solicitudes%20relacionadas%20con%20calidad%20del%20aire%20auditiva%20y%20visual/Evaluaci%F3n%20de%20permisos%20de%20emisi%F3n%20para%20fuentes%20fijas/Aplicativo%20Permiso%20de%20Emisiones%202014%20Evaluaci%F3n%20y%20Seguimiento%20SCAAV%20DEF.xlsx HTTP/1.1 to file
[Fri Dec 26 17:48:41.327509 2014] [mpm_winnt:warn] [pid 2148:tid 2856] (OS 64)The specified network name is no longer available.  : AH00341: winnt_accept: Asynchronous AcceptEx failed.
[Fri Dec 26 17:49:06.334353 2014] [mpm_winnt:warn] [pid 2148:tid 2856] (OS 64)The specified network name is no longer available.  : AH00341: winnt_accept: Asynchronous AcceptEx failed.
[Fri Dec 26 18:40:03.224122 2014] [mpm_winnt:warn] [pid 2148:tid 2856] (OS 64)The specified network name is no longer available.  : AH00341: winnt_accept: Asynchronous AcceptEx failed.
[Fri Dec 26 18:40:28.215366 2014] [mpm_winnt:warn] [pid 2148:tid 2856] (OS 64)The specified network name is no longer available.  : AH00341: winnt_accept: Asynchronous AcceptEx failed.
[Fri Dec 26 18:41:37.885088 2014] [mpm_winnt:warn] [pid 2148:tid 2856] (OS 64)The specified network name is no longer available.  : AH00341: winnt_accept: Asynchronous AcceptEx failed.
[Fri Dec 26 18:42:02.860732 2014] [mpm_winnt:warn] [pid 2148:tid 2856] (OS 64)The specified network name is no longer available.  : AH00341: winnt_accept: Asynchronous AcceptEx failed.
[Fri Dec 26 18:49:27.430313 2014] [mpm_winnt:warn] [pid 2148:tid 2856] (OS 64)The specified network name is no longer available.  : AH00341: winnt_accept: Asynchronous AcceptEx failed.
[Fri Dec 26 18:49:52.452757 2014] [mpm_winnt:warn] [pid 2148:tid 2856] (OS 64)The specified network name is no longer available.  : AH00341: winnt_accept: Asynchronous AcceptEx failed.
[Fri Dec 26 19:17:39.675485 2014] [cgi:error] [pid 2148:tid 1468] [client 188.40.84.85:56212] script not found or unable to stat: E:/nuevo/cgi-bin/test.cgi
[Fri Dec 26 21:18:51.742458 2014] [mpm_winnt:warn] [pid 2148:tid 2856] (OS 64)The specified network name is no longer available.  : AH00341: winnt_accept: Asynchronous AcceptEx failed.
[Fri Dec 26 21:48:55.792027 2014] [proxy:error] [pid 2148:tid 1512] (OS 10061)No connection could be made because the target machine actively refused it.  : AH00957: HTTP: attempt to connect to 172.22.1.36:8080 (172.22.1.36) failed
[Fri Dec 26 21:48:55.792027 2014] [proxy:error] [pid 2148:tid 1512] AH00959: ap_proxy_connect_backend disabling worker for (172.22.1.36) for 60s
[Fri Dec 26 21:48:55.792027 2014] [proxy_http:error] [pid 2148:tid 1512] [client 66.249.67.83:44049] AH01114: HTTP: failed to make connection to backend: 172.22.1.36
[Fri Dec 26 22:16:06.418091 2014] [mpm_winnt:warn] [pid 2148:tid 2856] (OS 64)The specified network name is no longer available.  : AH00341: winnt_accept: Asynchronous AcceptEx failed.
