!C99Shell v. 1.0 pre-release build #13!

Software: Apache. PHP/5.5.15 

uname -a: Windows NT SVR-DMZ 6.1 build 7600 (Windows Server 2008 R2 Enterprise Edition) i586 

SYSTEM 

Safe-mode: OFF (not secure)

E:\nuevo\apache\logs\   drwxrwxrwx
Free 8.02 GB of 239.26 GB (3.35%)
Detected drives: [ a ] [ c ] [ d ] [ e ] [ f ]
Home    Back    Forward    UPDIR    Refresh    Search    Buffer    Encoder    Tools    Proc.    FTP brute    Sec.    SQL    PHP-code    Update    Feedback    Self remove    Logout    


Viewing file:     error.2014.12.29.log (90.38 KB)      -rw-rw-rw-
Select action/file-type:
(+) | (+) | (+) | Code (+) | Session (+) | (+) | SDB (+) | (+) | (+) | (+) | (+) | (+) |
[Mon Dec 29 00:39:03.538269 2014] [mpm_winnt:warn] [pid 2148:tid 2856] (OS 64)The specified network name is no longer available.  : AH00341: winnt_accept: Asynchronous AcceptEx failed.
[Mon Dec 29 01:37:19.225609 2014] [mpm_winnt:warn] [pid 2148:tid 2856] (OS 64)The specified network name is no longer available.  : AH00341: winnt_accept: Asynchronous AcceptEx failed.
[Mon Dec 29 01:52:39.129025 2014] [proxy:error] [pid 2148:tid 1476] (OS 10061)No connection could be made because the target machine actively refused it.  : AH00957: HTTP: attempt to connect to 172.22.1.36:8080 (172.22.1.36) failed
[Mon Dec 29 01:52:39.129025 2014] [proxy:error] [pid 2148:tid 1476] AH00959: ap_proxy_connect_backend disabling worker for (172.22.1.36) for 60s
[Mon Dec 29 01:52:39.129025 2014] [proxy_http:error] [pid 2148:tid 1476] [client 66.249.64.171:41468] AH01114: HTTP: failed to make connection to backend: 172.22.1.36
[Mon Dec 29 03:05:56.560349 2014] [mpm_winnt:warn] [pid 2148:tid 2856] (OS 64)The specified network name is no longer available.  : AH00341: winnt_accept: Asynchronous AcceptEx failed.
[Mon Dec 29 07:42:16.919071 2014] [proxy:error] [pid 2148:tid 1364] (OS 10061)No connection could be made because the target machine actively refused it.  : AH00957: HTTP: attempt to connect to 172.22.1.36:8080 (172.22.1.36) failed
[Mon Dec 29 07:42:16.919071 2014] [proxy:error] [pid 2148:tid 1364] AH00959: ap_proxy_connect_backend disabling worker for (172.22.1.36) for 60s
[Mon Dec 29 07:42:16.919071 2014] [proxy_http:error] [pid 2148:tid 1364] [client 66.249.75.51:40473] AH01114: HTTP: failed to make connection to backend: 172.22.1.36
[Mon Dec 29 08:17:17.792361 2014] [proxy_http:error] [pid 2148:tid 1044] (20014)Internal error: [client 201.245.192.253:57352] AH01102: error reading status line from remote server 172.22.1.47:80, referer: http://190.27.245.106/forest/login.do
[Mon Dec 29 08:18:08.523651 2014] [proxy_http:error] [pid 2148:tid 1780] (20014)Internal error: [client 201.245.192.253:59265] AH01102: error reading status line from remote server 172.22.1.47:80, referer: http://190.27.245.106/forest/usutareas.do?group_system_actual=3&codAct=1477&numPro=2947857&codPro=134&fecTra=2014-12-23%2021:09:16.0&codInst=2980806&codTraEsc=17174207
[Mon Dec 29 08:18:08.820051 2014] [proxy_http:error] [pid 2148:tid 1236] (20014)Internal error: [client 201.245.192.253:59340] AH01102: error reading status line from remote server 172.22.1.47:80, referer: http://190.27.245.106/forest/usutareas.do?group_system_actual=3&codAct=1477&numPro=2947857&codPro=134&fecTra=2014-12-23%2021:09:16.0&codInst=2980806&codTraEsc=17174207
[Mon Dec 29 08:18:09.069651 2014] [proxy_http:error] [pid 2148:tid 1076] (20014)Internal error: [client 201.245.192.253:59362] AH01102: error reading status line from remote server 172.22.1.47:80, referer: http://190.27.245.106/forest/usutareas.do?group_system_actual=3&codAct=1477&numPro=2947857&codPro=134&fecTra=2014-12-23%2021:09:16.0&codInst=2980806&codTraEsc=17174207
[Mon Dec 29 08:18:40.488107 2014] [proxy_http:error] [pid 2148:tid 1476] (20014)Internal error: [client 201.245.192.253:48360] AH01102: error reading status line from remote server 172.22.1.47:80
[Mon Dec 29 08:18:40.488107 2014] [proxy:error] [pid 2148:tid 1476] [client 201.245.192.253:48360] AH00898: Error reading from remote server returned by /forest/img/base/bsc2_r1_c1.gif
[Mon Dec 29 08:18:40.566107 2014] [proxy_http:error] [pid 2148:tid 1476] (20014)Internal error: [client 201.245.192.253:48362] AH01102: error reading status line from remote server 172.22.1.47:80, referer: http://190.27.245.106/forest/usutareas.do?group_system_actual=3&codAct=1477&numPro=2963302&codPro=134&fecTra=2014-12-23%2021:08:57.0&codInst=2997773&codTraEsc=17174200
[Mon Dec 29 08:18:40.566107 2014] [proxy:error] [pid 2148:tid 1476] [client 201.245.192.253:48362] AH00898: Error reading from remote server returned by /forest/skins/gdocs-jar/img/close.gif, referer: http://190.27.245.106/forest/usutareas.do?group_system_actual=3&codAct=1477&numPro=2963302&codPro=134&fecTra=2014-12-23%2021:08:57.0&codInst=2997773&codTraEsc=17174200
[Mon Dec 29 08:24:42.829943 2014] [proxy_http:error] [pid 2148:tid 1668] (20014)Internal error: [client 201.245.192.253:48175] AH01102: error reading status line from remote server 172.22.1.47:80
[Mon Dec 29 08:24:42.829943 2014] [proxy:error] [pid 2148:tid 1668] [client 201.245.192.253:48175] AH00898: Error reading from remote server returned by /forest/img/nav_prev.gif
[Mon Dec 29 08:25:18.335605 2014] [proxy_http:error] [pid 2148:tid 1240] (OS 10054)An existing connection was forcibly closed by the remote host.  : [client 201.245.192.253:12265] AH01102: error reading status line from remote server 172.22.1.31:80, referer: http://190.27.245.106/isolucionsda/FrameSetGeneral.asp?Pagina=Menu.asp&IdModulo=4
[Mon Dec 29 08:25:18.335605 2014] [proxy:error] [pid 2148:tid 1240] [client 201.245.192.253:12265] AH00898: Error reading from remote server returned by /isolucionsda/BarraFavoritos.asp, referer: http://190.27.245.106/isolucionsda/FrameSetGeneral.asp?Pagina=Menu.asp&IdModulo=4
[Mon Dec 29 08:43:32.007726 2014] [proxy_http:error] [pid 2148:tid 1828] (20014)Internal error: [client 186.80.32.251:49693] AH01102: error reading status line from remote server 172.22.1.47:80, referer: http://190.27.245.106/forest/usutareas.do?_a=0.10751787037588656&group_system_actual=3
[Mon Dec 29 09:39:06.390783 2014] [mpm_winnt:warn] [pid 2148:tid 2856] (OS 64)The specified network name is no longer available.  : AH00341: winnt_accept: Asynchronous AcceptEx failed.
[Mon Dec 29 09:41:42.125857 2014] [proxy_http:error] [pid 2148:tid 1836] (20014)Internal error: [client 201.245.192.253:57528] AH01102: error reading status line from remote server 172.22.1.47:80
[Mon Dec 29 09:41:42.125857 2014] [proxy:error] [pid 2148:tid 1836] [client 201.245.192.253:57528] AH00898: Error reading from remote server returned by /forest/js/sarissa.js
[Mon Dec 29 09:46:22.879550 2014] [proxy_http:error] [pid 2148:tid 1500] (20014)Internal error: [client 201.245.192.253:58898] AH01102: error reading status line from remote server 172.22.1.47:80
[Mon Dec 29 09:46:22.879550 2014] [proxy:error] [pid 2148:tid 1500] [client 201.245.192.253:58898] AH00898: Error reading from remote server returned by /forest/skins/gdocs-jar/js/graphicForm.js
[Mon Dec 29 09:46:27.933959 2014] [proxy_http:error] [pid 2148:tid 1324] (20014)Internal error: [client 201.245.192.253:58929] AH01102: error reading status line from remote server 172.22.1.47:80, referer: http://190.27.245.106/forest/usutareas.do?group_system_actual=3&codAct=1477&numPro=2981820&codPro=134&fecTra=2014-12-23%2021:11:15.0&codInst=3017451&codTraEsc=17174215
[Mon Dec 29 09:48:16.151349 2014] [proxy_http:error] [pid 2148:tid 1324] (20014)Internal error: [client 201.245.192.253:51348] AH01102: error reading status line from remote server 172.22.1.47:80
[Mon Dec 29 09:48:16.151349 2014] [proxy:error] [pid 2148:tid 1324] [client 201.245.192.253:51348] AH00898: Error reading from remote server returned by /forest/1ibre/jscalendar/lang/calendar-es.js
[Mon Dec 29 09:48:16.588149 2014] [proxy_http:error] [pid 2148:tid 1684] (20014)Internal error: [client 201.245.192.253:51394] AH01102: error reading status line from remote server 172.22.1.47:80
[Mon Dec 29 09:48:16.588149 2014] [proxy:error] [pid 2148:tid 1684] [client 201.245.192.253:51394] AH00898: Error reading from remote server returned by /forest/img/panel/menu/hoy.png
[Mon Dec 29 09:48:45.697801 2014] [proxy_http:error] [pid 2148:tid 1396] (20014)Internal error: [client 201.245.192.253:52967] AH01102: error reading status line from remote server 172.22.1.47:80
[Mon Dec 29 09:48:45.697801 2014] [proxy:error] [pid 2148:tid 1396] [client 201.245.192.253:52967] AH00898: Error reading from remote server returned by /forest/skins/gdocs-jar/img/alert.gif
[Mon Dec 29 09:48:46.680602 2014] [proxy_http:error] [pid 2148:tid 1332] (20014)Internal error: [client 201.245.192.253:52992] AH01102: error reading status line from remote server 172.22.1.47:80
[Mon Dec 29 09:48:46.680602 2014] [proxy:error] [pid 2148:tid 1332] [client 201.245.192.253:52992] AH00898: Error reading from remote server returned by /forest/skins/gdocs-jar/img/copy.gif
[Mon Dec 29 09:48:49.909808 2014] [proxy_http:error] [pid 2148:tid 1452] (20014)Internal error: [client 201.245.192.253:53157] AH01102: error reading status line from remote server 172.22.1.47:80
[Mon Dec 29 09:48:49.909808 2014] [proxy:error] [pid 2148:tid 1452] [client 201.245.192.253:53157] AH00898: Error reading from remote server returned by /forest/skins/gdocs-jar/img/desasociarUser.gif
[Mon Dec 29 10:01:54.747186 2014] [proxy_http:error] [pid 2148:tid 1308] (20014)Internal error: [client 201.245.192.253:49644] AH01102: error reading status line from remote server 172.22.1.47:80
[Mon Dec 29 10:01:54.747186 2014] [proxy:error] [pid 2148:tid 1308] [client 201.245.192.253:49644] AH00898: Error reading from remote server returned by /forest/js/escritorio/escritorio.js
[Mon Dec 29 10:06:48.231502 2014] [mpm_winnt:warn] [pid 2148:tid 2856] (OS 64)The specified network name is no longer available.  : AH00341: winnt_accept: Asynchronous AcceptEx failed.
[Mon Dec 29 10:10:59.828744 2014] [proxy_http:error] [pid 2148:tid 1820] (20014)Internal error: [client 201.245.192.253:55171] AH01102: error reading status line from remote server 172.22.1.47:80
[Mon Dec 29 10:10:59.828744 2014] [proxy:error] [pid 2148:tid 1820] [client 201.245.192.253:55171] AH00898: Error reading from remote server returned by /forest/skins/gdocs-jar/js/grid.js
[Mon Dec 29 10:22:14.483129 2014] [proxy_http:error] [pid 2148:tid 1820] (20014)Internal error: [client 190.25.157.12:57076] AH01102: error reading status line from remote server 172.22.1.47:80, referer: http://190.27.245.106/forest/usutareas.do?group_system_actual=3&a=0.8584076752886176
[Mon Dec 29 10:22:14.483129 2014] [proxy:error] [pid 2148:tid 1820] [client 190.25.157.12:57076] AH00898: Error reading from remote server returned by /forest/usutareas.do, referer: http://190.27.245.106/forest/usutareas.do?group_system_actual=3&a=0.8584076752886176
[Mon Dec 29 10:23:10.175227 2014] [proxy_http:error] [pid 2148:tid 1684] (20014)Internal error: [client 201.245.192.253:59788] AH01102: error reading status line from remote server 172.22.1.47:80
[Mon Dec 29 10:23:10.175227 2014] [proxy:error] [pid 2148:tid 1684] [client 201.245.192.253:59788] AH00898: Error reading from remote server returned by /forest/skins/gdocs-jar/img/comments.gif
[Mon Dec 29 10:25:59.435524 2014] [proxy_http:error] [pid 2148:tid 1068] (20014)Internal error: [client 201.245.192.253:58166] AH01102: error reading status line from remote server 172.22.1.47:80, referer: http://190.27.245.106/forest/usutareas.do?group_system_actual=3&codAct=1477&numPro=2959380&codPro=134&fecTra=2014-12-24%2012:55:28.0&codInst=2993410&codTraEsc=17179607
[Mon Dec 29 10:25:59.435524 2014] [proxy:error] [pid 2148:tid 1068] [client 201.245.192.253:58166] AH00898: Error reading from remote server returned by /forest/session.jsp, referer: http://190.27.245.106/forest/usutareas.do?group_system_actual=3&codAct=1477&numPro=2959380&codPro=134&fecTra=2014-12-24%2012:55:28.0&codInst=2993410&codTraEsc=17179607
[Mon Dec 29 10:25:59.435524 2014] [negotiation:error] [pid 2148:tid 1068] [client 201.245.192.253:58166] AH00690: no acceptable variant: E:/nuevo/apache/error/HTTP_BAD_GATEWAY.html.var, referer: http://190.27.245.106/forest/usutareas.do?group_system_actual=3&codAct=1477&numPro=2959380&codPro=134&fecTra=2014-12-24%2012:55:28.0&codInst=2993410&codTraEsc=17179607
[Mon Dec 29 10:28:58.977239 2014] [proxy_http:error] [pid 2148:tid 1044] (20014)Internal error: [client 201.245.192.253:56736] AH01102: error reading status line from remote server 172.22.1.47:80
[Mon Dec 29 10:28:58.977239 2014] [proxy:error] [pid 2148:tid 1044] [client 201.245.192.253:56736] AH00898: Error reading from remote server returned by /forest/img/jquery/ui-bg_glass_75_d0e5f5_1x400.png
[Mon Dec 29 10:39:58.983199 2014] [proxy_http:error] [pid 2148:tid 1636] (20014)Internal error: [client 201.245.192.253:54802] AH01102: error reading status line from remote server 172.22.1.47:80
[Mon Dec 29 10:39:58.983199 2014] [proxy:error] [pid 2148:tid 1636] [client 201.245.192.253:54802] AH00898: Error reading from remote server returned by /forest/skins/gdocs-jar/css/forms.css
[Mon Dec 29 10:41:53.471800 2014] [proxy_http:error] [pid 2148:tid 1708] (20014)Internal error: [client 201.245.192.253:48506] AH01102: error reading status line from remote server 172.22.1.47:80
[Mon Dec 29 10:41:53.471800 2014] [proxy:error] [pid 2148:tid 1708] [client 201.245.192.253:48506] AH00898: Error reading from remote server returned by /forest/css/index.css
[Mon Dec 29 10:42:43.781888 2014] [proxy_http:error] [pid 2148:tid 1068] (20014)Internal error: [client 201.245.192.253:51431] AH01102: error reading status line from remote server 172.22.1.47:80
[Mon Dec 29 10:42:43.781888 2014] [proxy:error] [pid 2148:tid 1068] [client 201.245.192.253:51431] AH00898: Error reading from remote server returned by /forest/js/dialog.js
[Mon Dec 29 10:43:59.442021 2014] [proxy_http:error] [pid 2148:tid 1820] (20014)Internal error: [client 181.50.62.66:49357] AH01102: error reading status line from remote server 172.22.1.47:80, referer: http://190.27.245.106/forest/reportes.do?menu=1&group_system_actual=5
[Mon Dec 29 10:51:44.104437 2014] [proxy_http:error] [pid 2148:tid 1156] (20014)Internal error: [client 201.245.192.253:56552] AH01102: error reading status line from remote server 172.22.1.47:80
[Mon Dec 29 10:51:44.104437 2014] [proxy:error] [pid 2148:tid 1156] [client 201.245.192.253:56552] AH00898: Error reading from remote server returned by /forest/js/xml_utilities.js
[Mon Dec 29 10:56:36.355350 2014] [proxy_http:error] [pid 2148:tid 1740] (20014)Internal error: [client 201.245.192.253:48572] AH01102: error reading status line from remote server 172.22.1.47:80
[Mon Dec 29 10:56:36.355350 2014] [proxy:error] [pid 2148:tid 1740] [client 201.245.192.253:48572] AH00898: Error reading from remote server returned by /forest/1ibre/jscalendar/calendar-win2k-1.css
[Mon Dec 29 10:59:41.762676 2014] [proxy_http:error] [pid 2148:tid 1396] (20014)Internal error: [client 201.245.192.253:47539] AH01102: error reading status line from remote server 172.22.1.47:80
[Mon Dec 29 10:59:41.762676 2014] [proxy:error] [pid 2148:tid 1396] [client 201.245.192.253:47539] AH00898: Error reading from remote server returned by /forest/skins/gdocs-jar/js/number-functions.js
[Mon Dec 29 11:00:05.459118 2014] [proxy_http:error] [pid 2148:tid 1188] (20014)Internal error: [client 201.245.192.253:48483] AH01102: error reading status line from remote server 172.22.1.47:80
[Mon Dec 29 11:00:05.459118 2014] [proxy:error] [pid 2148:tid 1188] [client 201.245.192.253:48483] AH00898: Error reading from remote server returned by /forest/js/jquery/jquery.layout-latest.js
[Mon Dec 29 11:00:05.490318 2014] [proxy_http:error] [pid 2148:tid 1604] (20014)Internal error: [client 201.245.192.253:48488] AH01102: error reading status line from remote server 172.22.1.47:80
[Mon Dec 29 11:00:05.490318 2014] [proxy:error] [pid 2148:tid 1604] [client 201.245.192.253:48488] AH00898: Error reading from remote server returned by /forest/js/jquery/plugins/jquery.contextmenu.js
[Mon Dec 29 11:00:05.864718 2014] [proxy_http:error] [pid 2148:tid 1868] (20014)Internal error: [client 201.245.192.253:48465] AH01102: error reading status line from remote server 172.22.1.47:80, referer: http://190.27.245.106/forest/misactividades.do?group_system_actual=3&codPro=176&_a=0.04570225052355725
[Mon Dec 29 11:00:05.880318 2014] [proxy_http:error] [pid 2148:tid 1868] (20014)Internal error: [client 201.245.192.253:48523] AH01102: error reading status line from remote server 172.22.1.47:80, referer: http://190.27.245.106/forest/misactividades.do?group_system_actual=3&codPro=176&_a=0.04570225052355725
[Mon Dec 29 11:00:05.880318 2014] [proxy:error] [pid 2148:tid 1868] [client 201.245.192.253:48523] AH00898: Error reading from remote server returned by /forest/session.jsp, referer: http://190.27.245.106/forest/misactividades.do?group_system_actual=3&codPro=176&_a=0.04570225052355725
[Mon Dec 29 11:00:05.880318 2014] [negotiation:error] [pid 2148:tid 1868] [client 201.245.192.253:48523] AH00690: no acceptable variant: E:/nuevo/apache/error/HTTP_BAD_GATEWAY.html.var, referer: http://190.27.245.106/forest/misactividades.do?group_system_actual=3&codPro=176&_a=0.04570225052355725
[Mon Dec 29 11:05:22.779275 2014] [proxy_http:error] [pid 2148:tid 1044] (20014)Internal error: [client 201.245.192.253:52202] AH01102: error reading status line from remote server 172.22.1.47:80
[Mon Dec 29 11:05:22.779275 2014] [proxy:error] [pid 2148:tid 1044] [client 201.245.192.253:52202] AH00898: Error reading from remote server returned by /forest/skins/gdocs-jar/js/xml_utilities.js
[Mon Dec 29 11:06:25.834586 2014] [proxy_http:error] [pid 2148:tid 1820] (20014)Internal error: [client 201.245.192.253:54999] AH01102: error reading status line from remote server 172.22.1.47:80, referer: http://190.27.245.106/forest/buscar.do?
[Mon Dec 29 11:08:29.137202 2014] [proxy_http:error] [pid 2148:tid 1476] (20014)Internal error: [client 201.245.192.253:50356] AH01102: error reading status line from remote server 172.22.1.47:80
[Mon Dec 29 11:08:29.137202 2014] [proxy:error] [pid 2148:tid 1476] [client 201.245.192.253:50356] AH00898: Error reading from remote server returned by /forest/skins/gdocs-jar/js/formsBase.js
[Mon Dec 29 11:13:01.560481 2014] [proxy_http:error] [pid 2148:tid 1780] (20014)Internal error: [client 201.245.192.253:53062] AH01102: error reading status line from remote server 172.22.1.47:80
[Mon Dec 29 11:13:01.560481 2014] [proxy:error] [pid 2148:tid 1780] [client 201.245.192.253:53062] AH00898: Error reading from remote server returned by /forest/img/forestIcon.gif
[Mon Dec 29 11:13:26.754525 2014] [proxy_http:error] [pid 2148:tid 1812] (20014)Internal error: [client 201.245.192.253:54363] AH01102: error reading status line from remote server 172.22.1.47:80
[Mon Dec 29 11:13:26.754525 2014] [proxy:error] [pid 2148:tid 1812] [client 201.245.192.253:54363] AH00898: Error reading from remote server returned by /forest/skins/gdocs-jar/js/graphicForm.js
[Mon Dec 29 11:13:38.329745 2014] [proxy_http:error] [pid 2148:tid 1396] (20014)Internal error: [client 201.245.192.253:55132] AH01102: error reading status line from remote server 172.22.1.47:80
[Mon Dec 29 11:13:38.329745 2014] [proxy:error] [pid 2148:tid 1396] [client 201.245.192.253:55132] AH00898: Error reading from remote server returned by /forest/js/jquery/css/jquery-ui-selectmenu.css
[Mon Dec 29 11:13:38.360946 2014] [proxy_http:error] [pid 2148:tid 1164] (20014)Internal error: [client 201.245.192.253:55139] AH01102: error reading status line from remote server 172.22.1.47:80
[Mon Dec 29 11:13:38.360946 2014] [proxy:error] [pid 2148:tid 1164] [client 201.245.192.253:55139] AH00898: Error reading from remote server returned by /forest/js/jquery/plugins/ui.multiselect.js
[Mon Dec 29 11:13:38.392146 2014] [proxy_http:error] [pid 2148:tid 1676] (20014)Internal error: [client 201.245.192.253:55142] AH01102: error reading status line from remote server 172.22.1.47:80
[Mon Dec 29 11:13:38.392146 2014] [proxy:error] [pid 2148:tid 1676] [client 201.245.192.253:55142] AH00898: Error reading from remote server returned by /forest/js/jquery/plugins/grid.setcolumns.js
[Mon Dec 29 11:13:38.392146 2014] [proxy_http:error] [pid 2148:tid 1068] (20014)Internal error: [client 201.245.192.253:55144] AH01102: error reading status line from remote server 172.22.1.47:80
[Mon Dec 29 11:13:38.392146 2014] [proxy:error] [pid 2148:tid 1068] [client 201.245.192.253:55144] AH00898: Error reading from remote server returned by /forest/img/inicio.jpg
[Mon Dec 29 11:14:04.896592 2014] [proxy_http:error] [pid 2148:tid 1588] (20014)Internal error: [client 201.245.192.253:56712] AH01102: error reading status line from remote server 172.22.1.47:80, referer: http://190.27.245.106/forest/usutareas.do?group_system_actual=3&codAct=879&numPro=2541043&codPro=90&fecTra=2014-08-04%2014:56:42.505&codInst=2551081&codTraEsc=16243647
[Mon Dec 29 11:14:04.896592 2014] [proxy:error] [pid 2148:tid 1588] [client 201.245.192.253:56712] AH00898: Error reading from remote server returned by /forest/skins/gdocs-jar/js/formsBase.js, referer: http://190.27.245.106/forest/usutareas.do?group_system_actual=3&codAct=879&numPro=2541043&codPro=90&fecTra=2014-08-04%2014:56:42.505&codInst=2551081&codTraEsc=16243647
[Mon Dec 29 11:15:06.142300 2014] [mpm_winnt:warn] [pid 2148:tid 2856] (OS 64)The specified network name is no longer available.  : AH00341: winnt_accept: Asynchronous AcceptEx failed.
[Mon Dec 29 11:21:16.642950 2014] [proxy:error] [pid 2148:tid 1676] (OS 10053)An established connection was aborted by the software in your host machine.  : [client 190.24.101.111:49780] AH01084: pass request body failed to 172.22.1.47:80 (172.22.1.47), referer: http://190.27.245.106/forest/usutareas.do?_a=0.6772864628583193&group_system_actual=3
[Mon Dec 29 11:21:16.642950 2014] [proxy_http:error] [pid 2148:tid 1676] [client 190.24.101.111:49780] AH01097: pass request body failed to 172.22.1.47:80 (172.22.1.47) from 190.24.101.111 (), referer: http://190.27.245.106/forest/usutareas.do?_a=0.6772864628583193&group_system_actual=3
[Mon Dec 29 11:26:20.563684 2014] [proxy_http:error] [pid 2148:tid 1188] (20014)Internal error: [client 181.50.62.66:49737] AH01102: error reading status line from remote server 172.22.1.47:80, referer: http://190.27.245.106/forest/frameset?
[Mon Dec 29 11:29:12.023585 2014] [proxy_http:error] [pid 2148:tid 1396] (20014)Internal error: [client 201.245.192.253:54750] AH01102: error reading status line from remote server 172.22.1.47:80
[Mon Dec 29 11:29:12.023585 2014] [proxy:error] [pid 2148:tid 1396] [client 201.245.192.253:54750] AH00898: Error reading from remote server returned by /forest/js/escritorio/escritorio.js
[Mon Dec 29 11:29:12.039186 2014] [proxy_http:error] [pid 2148:tid 1324] (20014)Internal error: [client 201.245.192.253:54756] AH01102: error reading status line from remote server 172.22.1.47:80
[Mon Dec 29 11:29:12.039186 2014] [proxy:error] [pid 2148:tid 1324] [client 201.245.192.253:54756] AH00898: Error reading from remote server returned by /forest/1ibre/protoaculous.js
[Mon Dec 29 11:32:17.320711 2014] [proxy_http:error] [pid 2148:tid 1444] (20014)Internal error: [client 201.245.192.253:54378] AH01102: error reading status line from remote server 172.22.1.47:80
[Mon Dec 29 11:32:17.320711 2014] [proxy:error] [pid 2148:tid 1444] [client 201.245.192.253:54378] AH00898: Error reading from remote server returned by /forest/js/jquery/grid/css/ui.jqgrid.css
[Mon Dec 29 11:33:39.985256 2014] [proxy_http:error] [pid 2148:tid 1852] (20014)Internal error: [client 201.245.192.253:47593] AH01102: error reading status line from remote server 172.22.1.47:80
[Mon Dec 29 11:33:39.985256 2014] [proxy:error] [pid 2148:tid 1852] [client 201.245.192.253:47593] AH00898: Error reading from remote server returned by /forestReports/webcontent/birt/ajax/core/BirtSoapRequest.js
[Mon Dec 29 11:35:03.273802 2014] [proxy_http:error] [pid 2148:tid 1444] (20014)Internal error: [client 201.245.192.253:51778] AH01102: error reading status line from remote server 172.22.1.47:80, referer: http://190.27.245.106/forest/usutareas.do?group_system_actual=3&codAct=879&numPro=2935834&codPro=90&fecTra=2014-11-07%2010:26:51.048&codInst=2968373&codTraEsc=16848294
[Mon Dec 29 11:35:18.249829 2014] [proxy_http:error] [pid 2148:tid 1044] (20014)Internal error: [client 201.245.192.253:53220] AH01102: error reading status line from remote server 172.22.1.47:80, referer: http://190.27.245.106/forest/buscar.do?type=procesos
[Mon Dec 29 11:35:38.576664 2014] [proxy_http:error] [pid 2148:tid 1588] (20014)Internal error: [client 201.245.192.253:54359] AH01102: error reading status line from remote server 172.22.1.47:80
[Mon Dec 29 11:35:38.576664 2014] [proxy:error] [pid 2148:tid 1588] [client 201.245.192.253:54359] AH00898: Error reading from remote server returned by /forest/skins/gdocs-jar/css/autocomplete.css
[Mon Dec 29 11:35:56.329496 2014] [proxy_http:error] [pid 2148:tid 1740] (20014)Internal error: [client 201.245.192.253:55101] AH01102: error reading status line from remote server 172.22.1.47:80
[Mon Dec 29 11:35:56.329496 2014] [proxy:error] [pid 2148:tid 1740] [client 201.245.192.253:55101] AH00898: Error reading from remote server returned by /forest/skins/gdocs-jar/js/autocompletar2.js
[Mon Dec 29 11:35:56.329496 2014] [proxy_http:error] [pid 2148:tid 1852] (20014)Internal error: [client 201.245.192.253:55105] AH01102: error reading status line from remote server 172.22.1.47:80
[Mon Dec 29 11:35:56.329496 2014] [proxy:error] [pid 2148:tid 1852] [client 201.245.192.253:55105] AH00898: Error reading from remote server returned by /forest/img/forestIcon.gif
[Mon Dec 29 11:35:57.156297 2014] [proxy_http:error] [pid 2148:tid 1080] (20014)Internal error: [client 201.245.192.253:55106] AH01102: error reading status line from remote server 172.22.1.47:80, referer: http://190.27.245.106/forest/usutareas.do?group_system_actual=3&codAct=879&numPro=2949540&codPro=90&fecTra=2014-12-23%2010:05:07.084&codInst=2982580&codTraEsc=17163075
[Mon Dec 29 11:37:06.264418 2014] [proxy_http:error] [pid 2148:tid 1588] (20014)Internal error: [client 201.245.192.253:59862] AH01102: error reading status line from remote server 172.22.1.47:80
[Mon Dec 29 11:37:06.264418 2014] [proxy:error] [pid 2148:tid 1588] [client 201.245.192.253:59862] AH00898: Error reading from remote server returned by /forest/skins/gdocs-jar/css/dialog.css
[Mon Dec 29 11:37:07.652821 2014] [proxy_http:error] [pid 2148:tid 1080] (20014)Internal error: [client 201.245.192.253:59921] AH01102: error reading status line from remote server 172.22.1.47:80, referer: http://190.27.245.106/forest/usutareas.do?group_system_actual=3&a=0.925899614354722
[Mon Dec 29 11:37:07.652821 2014] [proxy:error] [pid 2148:tid 1080] [client 201.245.192.253:59921] AH00898: Error reading from remote server returned by /forest/buscar.do, referer: http://190.27.245.106/forest/usutareas.do?group_system_actual=3&a=0.925899614354722
[Mon Dec 29 11:37:13.440431 2014] [proxy_http:error] [pid 2148:tid 1080] (20014)Internal error: [client 201.245.192.253:47536] AH01102: error reading status line from remote server 172.22.1.47:80, referer: http://190.27.245.106/forest/usutareas.do?group_system_actual=3&a=0.925899614354722
[Mon Dec 29 11:39:20.409054 2014] [proxy_http:error] [pid 2148:tid 1332] (20014)Internal error: [client 201.245.192.253:54767] AH01102: error reading status line from remote server 172.22.1.47:80
[Mon Dec 29 11:39:20.409054 2014] [proxy:error] [pid 2148:tid 1332] [client 201.245.192.253:54767] AH00898: Error reading from remote server returned by /forest/skins/gdocs-jar/js/swfobject.js
[Mon Dec 29 11:40:10.890743 2014] [proxy_http:error] [pid 2148:tid 1080] (20014)Internal error: [client 201.245.192.253:57551] AH01102: error reading status line from remote server 172.22.1.47:80
[Mon Dec 29 11:40:10.890743 2014] [proxy:error] [pid 2148:tid 1080] [client 201.245.192.253:57551] AH00898: Error reading from remote server returned by /forestReports/webcontent/birt/images/parameter.gif
[Mon Dec 29 11:40:27.785572 2014] [proxy_http:error] [pid 2148:tid 1604] (20014)Internal error: [client 201.245.192.253:58848] AH01102: error reading status line from remote server 172.22.1.47:80, referer: http://190.27.245.106/forest/usutareas.do?group_system_actual=3&codAct=879&numPro=2933879&codPro=90&fecTra=2014-12-02%2015:08:57.233&codInst=2966372&codTraEsc=17018189
[Mon Dec 29 11:40:27.879173 2014] [proxy_http:error] [pid 2148:tid 1604] (20014)Internal error: [client 201.245.192.253:58895] AH01102: error reading status line from remote server 172.22.1.47:80
[Mon Dec 29 11:40:27.879173 2014] [proxy:error] [pid 2148:tid 1604] [client 201.245.192.253:58895] AH00898: Error reading from remote server returned by /forest/skins/gdocs-jar/css/forest.css
[Mon Dec 29 11:40:27.879173 2014] [proxy_http:error] [pid 2148:tid 1820] (20014)Internal error: [client 201.245.192.253:58899] AH01102: error reading status line from remote server 172.22.1.47:80
[Mon Dec 29 11:40:27.879173 2014] [proxy:error] [pid 2148:tid 1820] [client 201.245.192.253:58899] AH00898: Error reading from remote server returned by /forest/skins/gdocs-jar/css/forms.css
[Mon Dec 29 11:40:32.215980 2014] [proxy_http:error] [pid 2148:tid 1080] (20014)Internal error: [client 201.245.192.253:59170] AH01102: error reading status line from remote server 172.22.1.47:80
[Mon Dec 29 11:40:32.215980 2014] [proxy:error] [pid 2148:tid 1080] [client 201.245.192.253:59170] AH00898: Error reading from remote server returned by /forest/css/escritorio.css
[Mon Dec 29 11:46:58.847059 2014] [proxy_http:error] [pid 2148:tid 1588] (20014)Internal error: [client 201.245.192.253:56921] AH01102: error reading status line from remote server 172.22.1.47:80, referer: http://190.27.245.106/forest/skins/gdocs-jar/popup/FileViewerTree.jsp?coddoc=1984351&ext=docx&numpro=2981651&nombre=Formato%20Oficio%20Salida%20(CON%20LOGO)%20Feb%2018.docx&codfile=-1&rootPath=/forest/
[Mon Dec 29 11:47:47.768745 2014] [proxy_http:error] [pid 2148:tid 1424] (20014)Internal error: [client 201.245.192.253:59504] AH01102: error reading status line from remote server 172.22.1.47:80, referer: http://190.27.245.106/forest/misactividades.do?_a=0.06657150690443814&group_system_actual=3
[Mon Dec 29 11:49:46.032553 2014] [proxy_http:error] [pid 2148:tid 1676] (20014)Internal error: [client 201.184.81.76:10043] AH01102: error reading status line from remote server 172.22.1.47:80, referer: http://190.27.245.106/forest/misactividades.do?group_system_actual=3&codPro=95&_a=0.9611396371245268
[Mon Dec 29 11:51:02.145087 2014] [proxy_http:error] [pid 2148:tid 1764] (20014)Internal error: [client 201.245.192.253:56419] AH01102: error reading status line from remote server 172.22.1.47:80, referer: http://190.27.245.106/forest/usutareas.do?_a=0.07731239981743965&group_system_actual=3
[Mon Dec 29 11:52:21.081225 2014] [proxy_http:error] [pid 2148:tid 1820] (20014)Internal error: [client 201.245.192.253:47861] AH01102: error reading status line from remote server 172.22.1.47:80, referer: http://190.27.245.106/forest/usutareas.do?group_system_actual=3&a=0.2606956856325269
[Mon Dec 29 11:52:21.081225 2014] [proxy:error] [pid 2148:tid 1820] [client 201.245.192.253:47861] AH00898: Error reading from remote server returned by /forest/borrador/1586394/Resoluci\xc3\xb3n.docx, referer: http://190.27.245.106/forest/usutareas.do?group_system_actual=3&a=0.2606956856325269
[Mon Dec 29 11:52:31.143243 2014] [proxy_http:error] [pid 2148:tid 1164] (20014)Internal error: [client 201.245.192.253:48518] AH01102: error reading status line from remote server 172.22.1.47:80
[Mon Dec 29 11:52:31.143243 2014] [proxy:error] [pid 2148:tid 1164] [client 201.245.192.253:48518] AH00898: Error reading from remote server returned by /forestReports/webcontent/birt/ajax/core/BirtDndManager.js
[Mon Dec 29 11:52:31.221243 2014] [proxy_http:error] [pid 2148:tid 1604] (20014)Internal error: [client 201.245.192.253:48530] AH01102: error reading status line from remote server 172.22.1.47:80
[Mon Dec 29 11:52:31.221243 2014] [proxy:error] [pid 2148:tid 1604] [client 201.245.192.253:48530] AH00898: Error reading from remote server returned by /forestReports/webcontent/birt/ajax/ui/dialog/AbstractBaseDialog.js
[Mon Dec 29 11:52:31.782844 2014] [proxy_http:error] [pid 2148:tid 1780] (20014)Internal error: [client 201.245.192.253:48601] AH01102: error reading status line from remote server 172.22.1.47:80
[Mon Dec 29 11:52:31.782844 2014] [proxy:error] [pid 2148:tid 1780] [client 201.245.192.253:48601] AH00898: Error reading from remote server returned by /forestReports/webcontent/birt/images/Remove_disabled.gif
[Mon Dec 29 11:52:31.798444 2014] [proxy_http:error] [pid 2148:tid 1396] (20014)Internal error: [client 201.245.192.253:48605] AH01102: error reading status line from remote server 172.22.1.47:80
[Mon Dec 29 11:52:31.798444 2014] [proxy:error] [pid 2148:tid 1396] [client 201.245.192.253:48605] AH00898: Error reading from remote server returned by /forestReports/webcontent/birt/images/ExportReport.gif
[Mon Dec 29 11:54:48.237284 2014] [proxy_http:error] [pid 2148:tid 1296] (20014)Internal error: [client 201.245.192.253:55076] AH01102: error reading status line from remote server 172.22.1.47:80, referer: http://190.27.245.106/forest/usutareas.do?group_system_actual=3&a=0.32305567932365387
[Mon Dec 29 11:55:10.155322 2014] [proxy_http:error] [pid 2148:tid 1740] (20014)Internal error: [client 201.245.192.253:56360] AH01102: error reading status line from remote server 172.22.1.47:80
[Mon Dec 29 11:55:10.155322 2014] [proxy:error] [pid 2148:tid 1740] [client 201.245.192.253:56360] AH00898: Error reading from remote server returned by /forest/js/dialog.js
[Mon Dec 29 11:55:10.170922 2014] [proxy_http:error] [pid 2148:tid 1820] (20014)Internal error: [client 201.245.192.253:56367] AH01102: error reading status line from remote server 172.22.1.47:80
[Mon Dec 29 11:55:10.170922 2014] [proxy:error] [pid 2148:tid 1820] [client 201.245.192.253:56367] AH00898: Error reading from remote server returned by /forest/1ibre/jscalendar/calendar-setup.js
[Mon Dec 29 11:55:27.315352 2014] [proxy_http:error] [pid 2148:tid 1332] (20014)Internal error: [client 201.245.192.253:57469] AH01102: error reading status line from remote server 172.22.1.47:80
[Mon Dec 29 11:55:27.315352 2014] [proxy:error] [pid 2148:tid 1332] [client 201.245.192.253:57469] AH00898: Error reading from remote server returned by /forest/js/jquery/plugins/jquery.searchFilter.js
[Mon Dec 29 11:55:45.551784 2014] [proxy_http:error] [pid 2148:tid 1676] (20014)Internal error: [client 201.245.192.253:58586] AH01102: error reading status line from remote server 172.22.1.47:80, referer: http://190.27.245.106/forest/usutareas.do?group_system_actual=3&codTraEsc=17163215&_a=0.21017914226502932
[Mon Dec 29 11:57:12.943138 2014] [proxy_http:error] [pid 2148:tid 1156] (20014)Internal error: [client 201.245.192.253:50385] AH01102: error reading status line from remote server 172.22.1.47:80, referer: http://190.27.245.106/forest/usutareas.do?group_system_actual=3&codTraEsc=17163215&_a=0.21017914226502932
[Mon Dec 29 11:57:12.943138 2014] [proxy:error] [pid 2148:tid 1156] [client 201.245.192.253:50385] AH00898: Error reading from remote server returned by /forest/index2.jsp, referer: http://190.27.245.106/forest/usutareas.do?group_system_actual=3&codTraEsc=17163215&_a=0.21017914226502932
[Mon Dec 29 11:58:37.214486 2014] [proxy_http:error] [pid 2148:tid 1080] (20014)Internal error: [client 186.30.105.201:50596] AH01102: error reading status line from remote server 172.22.1.47:80, referer: http://190.27.245.106/forest/usutareas.do?_a=0.5681627807207406&group_system_actual=3
[Mon Dec 29 11:58:37.214486 2014] [proxy:error] [pid 2148:tid 1080] [client 186.30.105.201:50596] AH00898: Error reading from remote server returned by /forest/json.do, referer: http://190.27.245.106/forest/usutareas.do?_a=0.5681627807207406&group_system_actual=3
[Mon Dec 29 11:58:37.214486 2014] [negotiation:error] [pid 2148:tid 1080] [client 186.30.105.201:50596] AH00690: no acceptable variant: E:/nuevo/apache/error/HTTP_BAD_GATEWAY.html.var, referer: http://190.27.245.106/forest/usutareas.do?_a=0.5681627807207406&group_system_actual=3
[Mon Dec 29 11:58:37.261286 2014] [proxy_http:error] [pid 2148:tid 1068] (20014)Internal error: [client 186.30.105.201:50598] AH01102: error reading status line from remote server 172.22.1.47:80, referer: http://190.27.245.106/forest/usutareas.do?_a=0.5681627807207406&group_system_actual=3
[Mon Dec 29 11:58:37.261286 2014] [proxy:error] [pid 2148:tid 1068] [client 186.30.105.201:50598] AH00898: Error reading from remote server returned by /forest/img/historial.gif, referer: http://190.27.245.106/forest/usutareas.do?_a=0.5681627807207406&group_system_actual=3
[Mon Dec 29 12:00:10.377850 2014] [proxy_http:error] [pid 2148:tid 1396] (20014)Internal error: [client 201.245.192.253:47620] AH01102: error reading status line from remote server 172.22.1.47:80
[Mon Dec 29 12:00:10.377850 2014] [proxy:error] [pid 2148:tid 1396] [client 201.245.192.253:47620] AH00898: Error reading from remote server returned by /forest/js/jquery/css/jquery-ui-1.8.1.custom.css
[Mon Dec 29 12:01:17.442367 2014] [proxy_http:error] [pid 2148:tid 1604] (20014)Internal error: [client 201.245.192.253:52070] AH01102: error reading status line from remote server 172.22.1.47:80
[Mon Dec 29 12:01:17.442367 2014] [proxy:error] [pid 2148:tid 1604] [client 201.245.192.253:52070] AH00898: Error reading from remote server returned by /forest/js/load_func.js
[Mon Dec 29 12:01:17.582768 2014] [proxy_http:error] [pid 2148:tid 1396] (20014)Internal error: [client 201.245.192.253:52079] AH01102: error reading status line from remote server 172.22.1.47:80, referer: http://190.27.245.106/forest/buscar.do?type=documentos
[Mon Dec 29 12:02:59.872147 2014] [proxy_http:error] [pid 2148:tid 1852] (20014)Internal error: [client 201.245.192.253:57753] AH01102: error reading status line from remote server 172.22.1.47:80
[Mon Dec 29 12:02:59.872147 2014] [proxy:error] [pid 2148:tid 1852] [client 201.245.192.253:57753] AH00898: Error reading from remote server returned by /forest/skins/gdocs-jar/js/grid.js
[Mon Dec 29 12:03:03.912554 2014] [proxy_http:error] [pid 2148:tid 1396] (20014)Internal error: [client 201.245.192.253:57952] AH01102: error reading status line from remote server 172.22.1.47:80, referer: http://190.27.245.106/forest/usutareas.do?_a=0.5791231780185454&group_system_actual=3
[Mon Dec 29 12:03:03.912554 2014] [proxy:error] [pid 2148:tid 1396] [client 201.245.192.253:57952] AH00898: Error reading from remote server returned by /forest/documentos/1984352/2014IE213948.docx, referer: http://190.27.245.106/forest/usutareas.do?_a=0.5791231780185454&group_system_actual=3
[Mon Dec 29 12:03:18.872981 2014] [proxy_http:error] [pid 2148:tid 1196] (20014)Internal error: [client 201.245.192.253:59237] AH01102: error reading status line from remote server 172.22.1.47:80
[Mon Dec 29 12:03:18.872981 2014] [proxy:error] [pid 2148:tid 1196] [client 201.245.192.253:59237] AH00898: Error reading from remote server returned by /forest/skins/gdocs-jar/css/forest.css
[Mon Dec 29 12:03:19.044581 2014] [proxy_http:error] [pid 2148:tid 1388] (20014)Internal error: [client 201.245.192.253:59264] AH01102: error reading status line from remote server 172.22.1.47:80
[Mon Dec 29 12:03:19.044581 2014] [proxy:error] [pid 2148:tid 1388] [client 201.245.192.253:59264] AH00898: Error reading from remote server returned by /forest/img/users/3.gif
[Mon Dec 29 12:03:19.060181 2014] [proxy_http:error] [pid 2148:tid 1436] (20014)Internal error: [client 201.245.192.253:59266] AH01102: error reading status line from remote server 172.22.1.47:80
[Mon Dec 29 12:03:19.060181 2014] [proxy:error] [pid 2148:tid 1436] [client 201.245.192.253:59266] AH00898: Error reading from remote server returned by /forest/img/users/7.gif
[Mon Dec 29 12:03:19.075781 2014] [proxy_http:error] [pid 2148:tid 1356] (20014)Internal error: [client 201.245.192.253:59278] AH01102: error reading status line from remote server 172.22.1.47:80
[Mon Dec 29 12:03:19.075781 2014] [proxy:error] [pid 2148:tid 1356] [client 201.245.192.253:59278] AH00898: Error reading from remote server returned by /forest/img/panel/menu/folder.png
[Mon Dec 29 12:03:39.714617 2014] [proxy_http:error] [pid 2148:tid 1636] (20014)Internal error: [client 201.245.192.253:47968] AH01102: error reading status line from remote server 172.22.1.47:80
[Mon Dec 29 12:03:39.714617 2014] [proxy:error] [pid 2148:tid 1636] [client 201.245.192.253:47968] AH00898: Error reading from remote server returned by /forest/skins/gdocs-jar/js/tareas.js
[Mon Dec 29 12:03:39.761417 2014] [proxy_http:error] [pid 2148:tid 1388] (20014)Internal error: [client 201.245.192.253:47973] AH01102: error reading status line from remote server 172.22.1.47:80
[Mon Dec 29 12:03:39.761417 2014] [proxy:error] [pid 2148:tid 1388] [client 201.245.192.253:47973] AH00898: Error reading from remote server returned by /forest/skins/gdocs-jar/css/tree.css
[Mon Dec 29 12:03:39.761417 2014] [proxy_http:error] [pid 2148:tid 1852] (20014)Internal error: [client 201.245.192.253:47978] AH01102: error reading status line from remote server 172.22.1.47:80
[Mon Dec 29 12:03:39.761417 2014] [proxy:error] [pid 2148:tid 1852] [client 201.245.192.253:47978] AH00898: Error reading from remote server returned by /forest/skins/gdocs-jar/css/forms.css
[Mon Dec 29 12:03:39.761417 2014] [proxy_http:error] [pid 2148:tid 1868] (20014)Internal error: [client 201.245.192.253:47979] AH01102: error reading status line from remote server 172.22.1.47:80
[Mon Dec 29 12:03:39.761417 2014] [proxy:error] [pid 2148:tid 1868] [client 201.245.192.253:47979] AH00898: Error reading from remote server returned by /forest/skins/gdocs-jar/js/number-functions.js
[Mon Dec 29 12:03:39.808217 2014] [proxy_http:error] [pid 2148:tid 1196] (20014)Internal error: [client 201.245.192.253:47987] AH01102: error reading status line from remote server 172.22.1.47:80
[Mon Dec 29 12:03:39.808217 2014] [proxy:error] [pid 2148:tid 1196] [client 201.245.192.253:47987] AH00898: Error reading from remote server returned by /forest/img/inicio.jpg
[Mon Dec 29 12:03:39.808217 2014] [proxy_http:error] [pid 2148:tid 1604] (20014)Internal error: [client 201.245.192.253:48000] AH01102: error reading status line from remote server 172.22.1.47:80
[Mon Dec 29 12:03:39.808217 2014] [proxy:error] [pid 2148:tid 1604] [client 201.245.192.253:48000] AH00898: Error reading from remote server returned by /forest/skins/gdocs-jar/js/swfobject.js
[Mon Dec 29 12:03:39.823817 2014] [proxy_http:error] [pid 2148:tid 1404] (20014)Internal error: [client 201.245.192.253:48003] AH01102: error reading status line from remote server 172.22.1.47:80
[Mon Dec 29 12:03:39.823817 2014] [proxy:error] [pid 2148:tid 1404] [client 201.245.192.253:48003] AH00898: Error reading from remote server returned by /forest/skins/gdocs-jar/js/formsBase.js
[Mon Dec 29 12:04:20.181088 2014] [proxy_http:error] [pid 2148:tid 1676] (20014)Internal error: [client 201.245.192.253:50233] AH01102: error reading status line from remote server 172.22.1.47:80, referer: http://190.27.245.106/forest/index2.jsp?_a=0.616114025178121
[Mon Dec 29 12:04:41.334725 2014] [proxy_http:error] [pid 2148:tid 1604] (20014)Internal error: [client 201.245.192.253:52076] AH01102: error reading status line from remote server 172.22.1.47:80
[Mon Dec 29 12:04:41.334725 2014] [proxy:error] [pid 2148:tid 1604] [client 201.245.192.253:52076] AH00898: Error reading from remote server returned by /forest/img/inicio/4.gif
[Mon Dec 29 12:04:41.334725 2014] [proxy_http:error] [pid 2148:tid 1636] (20014)Internal error: [client 201.245.192.253:52073] AH01102: error reading status line from remote server 172.22.1.47:80
[Mon Dec 29 12:04:41.334725 2014] [proxy:error] [pid 2148:tid 1636] [client 201.245.192.253:52073] AH00898: Error reading from remote server returned by /forest/img/inicio/6.gif
[Mon Dec 29 12:11:40.335861 2014] [proxy_http:error] [pid 2148:tid 1604] (20014)Internal error: [client 201.245.192.253:48204] AH01102: error reading status line from remote server 172.22.1.47:80
[Mon Dec 29 12:11:40.335861 2014] [proxy:error] [pid 2148:tid 1604] [client 201.245.192.253:48204] AH00898: Error reading from remote server returned by /forest/skins/gdocs-jar/img/comments.gif
[Mon Dec 29 12:12:55.059993 2014] [proxy_http:error] [pid 2148:tid 1836] (20014)Internal error: [client 201.245.192.253:51536] AH01102: error reading status line from remote server 172.22.1.47:80
[Mon Dec 29 12:12:55.059993 2014] [proxy:error] [pid 2148:tid 1836] [client 201.245.192.253:51536] AH00898: Error reading from remote server returned by /forest/skins/gdocs-jar/img/upload_file_icon.gif
[Mon Dec 29 12:13:11.783222 2014] [proxy_http:error] [pid 2148:tid 1836] (20014)Internal error: [client 201.245.192.253:52182] AH01102: error reading status line from remote server 172.22.1.47:80, referer: http://190.27.245.106/forest/frameset?
[Mon Dec 29 12:13:11.783222 2014] [proxy:error] [pid 2148:tid 1836] [client 201.245.192.253:52182] AH00898: Error reading from remote server returned by /forestReports/webcontent/birt/ajax/ui/dialog/AbstractBaseDialog.js, referer: http://190.27.245.106/forest/frameset?
[Mon Dec 29 12:13:11.814422 2014] [proxy_http:error] [pid 2148:tid 1852] (20014)Internal error: [client 201.245.192.253:52190] AH01102: error reading status line from remote server 172.22.1.47:80
[Mon Dec 29 12:13:11.814422 2014] [proxy:error] [pid 2148:tid 1852] [client 201.245.192.253:52190] AH00898: Error reading from remote server returned by /forestReports/webcontent/birt/ajax/utility/Constants.js
[Mon Dec 29 12:13:11.814422 2014] [proxy_http:error] [pid 2148:tid 1836] (20014)Internal error: [client 201.245.192.253:52203] AH01102: error reading status line from remote server 172.22.1.47:80
[Mon Dec 29 12:13:11.814422 2014] [proxy:error] [pid 2148:tid 1836] [client 201.245.192.253:52203] AH00898: Error reading from remote server returned by /forestReports/webcontent/birt/ajax/ui/app/BirtToolbar.js
[Mon Dec 29 12:13:11.845622 2014] [proxy_http:error] [pid 2148:tid 1740] (20014)Internal error: [client 201.245.192.253:52205] AH01102: error reading status line from remote server 172.22.1.47:80, referer: http://190.27.245.106/forest/frameset?
[Mon Dec 29 12:13:11.845622 2014] [proxy:error] [pid 2148:tid 1740] [client 201.245.192.253:52205] AH00898: Error reading from remote server returned by /forestReports/webcontent/birt/images/ExportReport.gif, referer: http://190.27.245.106/forest/frameset?
[Mon Dec 29 12:15:19.282246 2014] [proxy_http:error] [pid 2148:tid 1636] (20014)Internal error: [client 201.245.192.253:56916] AH01102: error reading status line from remote server 172.22.1.47:80
[Mon Dec 29 12:15:19.282246 2014] [proxy:error] [pid 2148:tid 1636] [client 201.245.192.253:56916] AH00898: Error reading from remote server returned by /forest/img/asociarUser.gif
[Mon Dec 29 12:15:45.396692 2014] [proxy_http:error] [pid 2148:tid 1296] (20014)Internal error: [client 201.245.192.253:58723] AH01102: error reading status line from remote server 172.22.1.47:80
[Mon Dec 29 12:15:45.396692 2014] [proxy:error] [pid 2148:tid 1296] [client 201.245.192.253:58723] AH00898: Error reading from remote server returned by /forest/skins/gdocs-jar/img/asociarUserOtraDependencia.gif
[Mon Dec 29 12:17:58.965126 2014] [proxy_http:error] [pid 2148:tid 1460] (20014)Internal error: [client 201.184.93.220:28928] AH01102: error reading status line from remote server 172.22.1.47:80, referer: http://190.27.245.106/forest/usutareas.do?_a=0.8344374771695584&group_system_actual=3
[Mon Dec 29 12:19:43.797311 2014] [proxy_http:error] [pid 2148:tid 1836] (OS 10054)An existing connection was forcibly closed by the remote host.  : [client 201.245.192.253:55901] AH01102: error reading status line from remote server 172.22.1.31:80, referer: http://190.27.245.106/isolucionsda/FrameSetGeneral.asp?Pagina1=FrameSetGeneral.asp&
[Mon Dec 29 12:19:43.797311 2014] [proxy:error] [pid 2148:tid 1836] [client 201.245.192.253:55901] AH00898: Error reading from remote server returned by /isolucionsda/BarraTitulos.asp, referer: http://190.27.245.106/isolucionsda/FrameSetGeneral.asp?Pagina1=FrameSetGeneral.asp&
[Mon Dec 29 12:19:43.812911 2014] [proxy_http:error] [pid 2148:tid 1636] (OS 10054)An existing connection was forcibly closed by the remote host.  : [client 201.245.192.253:55903] AH01102: error reading status line from remote server 172.22.1.31:80, referer: http://190.27.245.106/isolucionsda/FrameSetGeneral.asp?Pagina1=FrameSetGeneral.asp&
[Mon Dec 29 12:19:43.812911 2014] [proxy:error] [pid 2148:tid 1636] [client 201.245.192.253:55903] AH00898: Error reading from remote server returned by /isolucionsda/BarraFavoritos.asp, referer: http://190.27.245.106/isolucionsda/FrameSetGeneral.asp?Pagina1=FrameSetGeneral.asp&
[Mon Dec 29 12:27:10.223295 2014] [proxy_http:error] [pid 2148:tid 1820] (20014)Internal error: [client 186.30.105.201:51761] AH01102: error reading status line from remote server 172.22.1.47:80, referer: http://190.27.245.106/forest/usutareas.do?_a=0.27259688917547464&group_system_actual=3
[Mon Dec 29 12:27:55.354174 2014] [proxy_http:error] [pid 2148:tid 1068] (20014)Internal error: [client 201.245.192.253:50144] AH01102: error reading status line from remote server 172.22.1.47:80
[Mon Dec 29 12:27:55.354174 2014] [proxy:error] [pid 2148:tid 1068] [client 201.245.192.253:50144] AH00898: Error reading from remote server returned by /forest/js/jquery/plugins/jquery.ui.selectmenu.js
