[Fri Jan 09 12:31:45.132884 2015] [proxy_http:error] [pid 6516:tid 1512] (20014)Internal error: [client 201.245.192.253:47802] AH01102: error reading status line from remote server 172.22.1.47:80
[Fri Jan 09 12:31:45.132884 2015] [proxy:error] [pid 6516:tid 1512] [client 201.245.192.253:47802] AH00898: Error reading from remote server returned by /forest/skins/gdocs-jar/css/menu.css
[Fri Jan 09 12:32:17.190940 2015] [proxy_http:error] [pid 6516:tid 1632] (OS 10054)An existing connection was forcibly closed by the remote host.  : [client 186.84.40.34:52306] AH01102: error reading status line from remote server 172.22.1.31:80, referer: http://190.27.245.106/isolucionsda/Encabezado.asp?Pagina1=FrameSetGeneral.asp&&Pagina=MagazinHome.asp
[Fri Jan 09 12:32:22.182949 2015] [proxy_http:error] [pid 6516:tid 1552] (20014)Internal error: [client 201.245.192.253:49212] AH01102: error reading status line from remote server 172.22.1.47:80, referer: http://190.27.245.106/forest/buscar.do?type=procesos
[Fri Jan 09 12:33:31.883871 2015] [proxy_http:error] [pid 6516:tid 1616] (20014)Internal error: [client 201.245.192.253:52575] AH01102: error reading status line from remote server 172.22.1.47:80, referer: http://190.27.245.106/forest/index2.jsp?_a=0.29467964777722955
[Fri Jan 09 12:38:31.482397 2015] [proxy_http:error] [pid 6516:tid 1696] (20014)Internal error: [client 201.245.192.253:50960] AH01102: error reading status line from remote server 172.22.1.47:80, referer: http://190.27.245.106/forest/index2.jsp?a=0.8085117672712829
[Fri Jan 09 12:48:57.636297 2015] [proxy_http:error] [pid 6516:tid 1696] (20014)Internal error: [client 201.245.192.253:48165] AH01102: error reading status line from remote server 172.22.1.47:80, referer: http://190.27.245.106/forest/usutareas.do?group_system_actual=3&codTraEsc=17185899&_a=0.18054389005737692
[Fri Jan 09 13:29:18.496349 2015] [proxy_http:error] [pid 6516:tid 1488] (OS 10054)An existing connection was forcibly closed by the remote host.  : [client 201.245.192.253:52175] AH01102: error reading status line from remote server 172.22.1.31:80, referer: http://190.27.245.106/isolucionsda/FrameSetGeneral.asp?Pagina1=FrameSetGeneral.asp&
[Fri Jan 09 13:29:18.496349 2015] [proxy:error] [pid 6516:tid 1488] [client 201.245.192.253:52175] AH00898: Error reading from remote server returned by /isolucionsda/BarraFavoritos.asp, referer: http://190.27.245.106/isolucionsda/FrameSetGeneral.asp?Pagina1=FrameSetGeneral.asp&
[Fri Jan 09 13:33:05.133547 2015] [proxy_http:error] [pid 6516:tid 1840] (OS 10054)An existing connection was forcibly closed by the remote host.  : [client 201.245.192.253:47909] AH01102: error reading status line from remote server 172.22.1.31:80
[Fri Jan 09 13:33:05.133547 2015] [proxy:error] [pid 6516:tid 1840] [client 201.245.192.253:47909] AH00898: Error reading from remote server returned by /isolucionsda/g/Bot_Administracion_ESP.jpg
[Fri Jan 09 13:36:35.827517 2015] [proxy_http:error] [pid 6516:tid 1456] (20014)Internal error: [client 186.119.216.77:50610] AH01102: error reading status line from remote server 172.22.1.47:80, referer: http://190.27.245.106/forest/usutareas.do?group_system_actual=3&codTraEsc=17251278&_a=0.2428146270676923
[Fri Jan 09 13:36:36.030318 2015] [proxy_http:error] [pid 6516:tid 1784] (20014)Internal error: [client 186.119.216.77:50612] AH01102: error reading status line from remote server 172.22.1.47:80, referer: http://190.27.245.106/forest/usutareas.do?group_system_actual=3&codTraEsc=17251278&_a=0.2428146270676923
[Fri Jan 09 13:41:43.038857 2015] [proxy_http:error] [pid 6516:tid 1528] (OS 10054)An existing connection was forcibly closed by the remote host.  : [client 201.245.192.253:49704] AH01102: error reading status line from remote server 172.22.1.31:80, referer: http://190.27.245.106/isolucionsda/FrameSetGeneral.asp?Pagina=Menu.asp&IdModulo=15
[Fri Jan 09 13:41:43.038857 2015] [proxy:error] [pid 6516:tid 1528] [client 201.245.192.253:49704] AH00898: Error reading from remote server returned by /isolucionsda/BarraTitulos.asp, referer: http://190.27.245.106/isolucionsda/FrameSetGeneral.asp?Pagina=Menu.asp&IdModulo=15
[Fri Jan 09 13:46:38.144575 2015] [proxy_http:error] [pid 6516:tid 1668] (OS 10054)An existing connection was forcibly closed by the remote host.  : [client 201.245.192.253:58458] AH01102: error reading status line from remote server 172.22.1.31:80, referer: http://190.27.245.106/isolucionsda/FrameSetGeneral.asp?Pagina=Menu.asp&IdModulo=15
[Fri Jan 09 13:46:38.144575 2015] [proxy:error] [pid 6516:tid 1668] [client 201.245.192.253:58458] AH00898: Error reading from remote server returned by /isolucionsda/BarraTitulos.asp, referer: http://190.27.245.106/isolucionsda/FrameSetGeneral.asp?Pagina=Menu.asp&IdModulo=15
[Fri Jan 09 14:06:48.020300 2015] [proxy_http:error] [pid 6516:tid 1416] (OS 10054)An existing connection was forcibly closed by the remote host.  : [client 201.244.55.205:28073] AH01102: error reading status line from remote server 172.22.1.31:80, referer: http://190.27.245.106/isolucionsda/Encabezado.asp?Pagina1=FrameSetGeneral.asp&&Pagina=MagazinHome.asp
[Fri Jan 09 14:18:51.394571 2015] [proxy_http:error] [pid 6516:tid 1668] (20014)Internal error: [client 201.245.192.253:51622] AH01102: error reading status line from remote server 172.22.1.47:80
[Fri Jan 09 14:18:51.394571 2015] [proxy:error] [pid 6516:tid 1668] [client 201.245.192.253:51622] AH00898: Error reading from remote server returned by /forest/skins/gdocs-jar/img/cancel.gif
[Fri Jan 09 14:24:41.147185 2015] [proxy_http:error] [pid 6516:tid 1264] (20014)Internal error: [client 201.245.192.253:51640] AH01102: error reading status line from remote server 172.22.1.47:80, referer: http://190.27.245.106/forest/usutareas.do?group_system_actual=3&codTraEsc=17248095&_a=0.20215166066096923
[Fri Jan 09 14:25:10.038436 2015] [proxy_http:error] [pid 6516:tid 1840] (20014)Internal error: [client 201.245.192.253:52775] AH01102: error reading status line from remote server 172.22.1.47:80
[Fri Jan 09 14:25:10.038436 2015] [proxy:error] [pid 6516:tid 1840] [client 201.245.192.253:52775] AH00898: Error reading from remote server returned by /forest/skins/gdocs-jar/css/autocomplete.css
[Fri Jan 09 14:25:10.038436 2015] [proxy_http:error] [pid 6516:tid 1488] (20014)Internal error: [client 201.245.192.253:52783] AH01102: error reading status line from remote server 172.22.1.47:80
[Fri Jan 09 14:25:10.038436 2015] [proxy:error] [pid 6516:tid 1488] [client 201.245.192.253:52783] AH00898: Error reading from remote server returned by /forest/skins/gdocs-jar/img/okey.gif
[Fri Jan 09 14:25:45.185298 2015] [proxy_http:error] [pid 6516:tid 1808] (20014)Internal error: [client 201.245.192.253:53926] AH01102: error reading status line from remote server 172.22.1.47:80
[Fri Jan 09 14:25:45.185298 2015] [proxy:error] [pid 6516:tid 1808] [client 201.245.192.253:53926] AH00898: Error reading from remote server returned by /forest/skins/gdocs-jar/img/verComentario.gif
[Fri Jan 09 14:25:45.216498 2015] [proxy_http:error] [pid 6516:tid 1456] (20014)Internal error: [client 201.245.192.253:53941] AH01102: error reading status line from remote server 172.22.1.47:80
[Fri Jan 09 14:25:45.216498 2015] [proxy:error] [pid 6516:tid 1456] [client 201.245.192.253:53941] AH00898: Error reading from remote server returned by /forest/skins/gdocs-jar/img/veranexos.gif
[Fri Jan 09 14:25:45.232098 2015] [proxy_http:error] [pid 6516:tid 1488] (20014)Internal error: [client 201.245.192.253:53951] AH01102: error reading status line from remote server 172.22.1.47:80
[Fri Jan 09 14:25:45.232098 2015] [proxy:error] [pid 6516:tid 1488] [client 201.245.192.253:53951] AH00898: Error reading from remote server returned by /forest/skins/gdocs-jar/img/grid-prev.gif
[Fri Jan 09 14:25:48.055703 2015] [proxy_http:error] [pid 6516:tid 1680] (20014)Internal error: [client 201.245.192.253:54052] AH01102: error reading status line from remote server 172.22.1.47:80, referer: http://190.27.245.106/forest/usutareas.do?group_system_actual=3&codTraEsc=17248144&_a=0.44994862325236995
[Fri Jan 09 14:25:48.055703 2015] [proxy:error] [pid 6516:tid 1680] [client 201.245.192.253:54052] AH00898: Error reading from remote server returned by /forest/usutareas.do, referer: http://190.27.245.106/forest/usutareas.do?group_system_actual=3&codTraEsc=17248144&_a=0.44994862325236995
[Fri Jan 09 14:28:55.193631 2015] [proxy_http:error] [pid 6516:tid 1856] (20014)Internal error: [client 201.245.192.253:49105] AH01102: error reading status line from remote server 172.22.1.47:80, referer: http://190.27.245.106/forest/misactividades.do?_a=0.8035747196990997&group_system_actual=3
[Fri Jan 09 14:41:18.519337 2015] [proxy_http:error] [pid 6516:tid 1616] (20014)Internal error: [client 201.245.192.253:56160] AH01102: error reading status line from remote server 172.22.1.47:80, referer: http://190.27.245.106/forest/usutareas.do?group_system_actual=3&a=0.21156909632203802
[Fri Jan 09 14:41:18.519337 2015] [proxy:error] [pid 6516:tid 1616] [client 201.245.192.253:56160] AH00898: Error reading from remote server returned by /forest/session.jsp, referer: http://190.27.245.106/forest/usutareas.do?group_system_actual=3&a=0.21156909632203802
[Fri Jan 09 14:41:18.519337 2015] [negotiation:error] [pid 6516:tid 1616] [client 201.245.192.253:56160] AH00690: no acceptable variant: E:/nuevo/apache/error/HTTP_BAD_GATEWAY.html.var, referer: http://190.27.245.106/forest/usutareas.do?group_system_actual=3&a=0.21156909632203802
[Fri Jan 09 14:58:03.051901 2015] [proxy_http:error] [pid 6516:tid 1416] (20014)Internal error: [client 201.245.192.253:54993] AH01102: error reading status line from remote server 172.22.1.47:80, referer: http://190.27.245.106/forest/index2.jsp?a=0.3679983136555439
[Fri Jan 09 14:58:03.332702 2015] [proxy_http:error] [pid 6516:tid 1416] (20014)Internal error: [client 201.245.192.253:54999] AH01102: error reading status line from remote server 172.22.1.47:80
[Fri Jan 09 14:58:03.332702 2015] [proxy:error] [pid 6516:tid 1416] [client 201.245.192.253:54999] AH00898: Error reading from remote server returned by /forest/css/escritorio.css
[Fri Jan 09 15:09:36.770520 2015] [proxy:error] [pid 6516:tid 1512] (OS 10061)No connection could be made because the target machine actively refused it.  : AH00957: HTTP: attempt to connect to 172.22.1.36:8080 (172.22.1.36) failed
[Fri Jan 09 15:09:36.770520 2015] [proxy:error] [pid 6516:tid 1512] AH00959: ap_proxy_connect_backend disabling worker for (172.22.1.36) for 60s
[Fri Jan 09 15:09:36.770520 2015] [proxy_http:error] [pid 6516:tid 1512] [client 201.245.192.253:58928] AH01114: HTTP: failed to make connection to backend: 172.22.1.36
[Fri Jan 09 15:09:42.526930 2015] [proxy:error] [pid 6516:tid 1344] AH00940: HTTP: disabled connection for (172.22.1.36)
[Fri Jan 09 15:12:45.702452 2015] [proxy:error] [pid 6516:tid 1456] (OS 10061)No connection could be made because the target machine actively refused it.  : AH00957: HTTP: attempt to connect to 172.22.1.36:8080 (172.22.1.36) failed
[Fri Jan 09 15:12:45.702452 2015] [proxy:error] [pid 6516:tid 1456] AH00959: ap_proxy_connect_backend disabling worker for (172.22.1.36) for 60s
[Fri Jan 09 15:12:45.702452 2015] [proxy_http:error] [pid 6516:tid 1456] [client 201.245.192.253:54129] AH01114: HTTP: failed to make connection to backend: 172.22.1.36
[Fri Jan 09 15:31:44.098851 2015] [proxy_http:error] [pid 6516:tid 1512] (20014)Internal error: [client 201.245.192.253:52550] AH01102: error reading status line from remote server 172.22.1.47:80
[Fri Jan 09 15:31:44.098851 2015] [proxy:error] [pid 6516:tid 1512] [client 201.245.192.253:52550] AH00898: Error reading from remote server returned by /forest/js/dialog.js
[Fri Jan 09 15:58:49.248306 2015] [proxy_http:error] [pid 6516:tid 1280] (20014)Internal error: [client 201.245.192.253:55650] AH01102: error reading status line from remote server 172.22.1.47:80, referer: http://190.27.245.106/forest/suactividades.do?group_system_actual=3&_a=0.5182228962703936
[Fri Jan 09 16:08:45.294153 2015] [proxy_http:error] [pid 6516:tid 1376] (20014)Internal error: [client 201.245.192.253:56898] AH01102: error reading status line from remote server 172.22.1.47:80, referer: http://190.27.245.106/forest/usutareas.do?group_system_actual=3&codTraEsc=17260681&_a=0.18851189036444949
[Fri Jan 09 16:08:45.294153 2015] [proxy:error] [pid 6516:tid 1376] [client 201.245.192.253:56898] AH00898: Error reading from remote server returned by /forest/session.jsp, referer: http://190.27.245.106/forest/usutareas.do?group_system_actual=3&codTraEsc=17260681&_a=0.18851189036444949
[Fri Jan 09 16:08:45.294153 2015] [negotiation:error] [pid 6516:tid 1376] [client 201.245.192.253:56898] AH00690: no acceptable variant: E:/nuevo/apache/error/HTTP_BAD_GATEWAY.html.var, referer: http://190.27.245.106/forest/usutareas.do?group_system_actual=3&codTraEsc=17260681&_a=0.18851189036444949
[Fri Jan 09 16:09:03.998585 2015] [proxy_http:error] [pid 6516:tid 1376] (20014)Internal error: [client 201.245.192.253:57440] AH01102: error reading status line from remote server 172.22.1.47:80, referer: http://190.27.245.106/forest/usutareas.do?_a=0.6083278558216989&group_system_actual=3
[Fri Jan 09 16:15:31.472066 2015] [proxy_http:error] [pid 6516:tid 1688] (20014)Internal error: [client 201.245.192.253:49375] AH01102: error reading status line from remote server 172.22.1.47:80, referer: http://190.27.245.106/forest/suactividades.do?group_system_actual=3&_a=0.6816861819225716
[Fri Jan 09 16:15:31.472066 2015] [proxy:error] [pid 6516:tid 1688] [client 201.245.192.253:49375] AH00898: Error reading from remote server returned by /forest/actions/workplace.getReparto, referer: http://190.27.245.106/forest/suactividades.do?group_system_actual=3&_a=0.6816861819225716
[Fri Jan 09 16:20:24.097380 2015] [proxy_http:error] [pid 6516:tid 1504] (20014)Internal error: [client 201.245.192.253:49780] AH01102: error reading status line from remote server 172.22.1.47:80, referer: http://190.27.245.106/forest/index2.jsp?a=0.5490506551922748
[Fri Jan 09 16:24:55.116656 2015] [proxy_http:error] [pid 6516:tid 1848] (OS 10054)An existing connection was forcibly closed by the remote host.  : [client 201.245.192.253:47856] AH01102: error reading status line from remote server 172.22.1.31:80, referer: http://190.27.245.106/isolucionsda/Administracion/ContenidoNoConfSecciones.asp?IdNoConf=699
[Fri Jan 09 16:24:55.116656 2015] [proxy:error] [pid 6516:tid 1848] [client 201.245.192.253:47856] AH00898: Error reading from remote server returned by /isolucionsda/Administracion/ContenidoNoConfSecciones.asp, referer: http://190.27.245.106/isolucionsda/Administracion/ContenidoNoConfSecciones.asp?IdNoConf=699
[Fri Jan 09 16:27:20.118911 2015] [proxy_http:error] [pid 6516:tid 1728] (20014)Internal error: [client 201.245.192.253:54070] AH01102: error reading status line from remote server 172.22.1.47:80, referer: http://190.27.245.106/forest/usutareas.do?group_system_actual=3&codTraEsc=17255043&_a=0.5803723771458206
[Fri Jan 09 16:27:20.118911 2015] [proxy:error] [pid 6516:tid 1728] [client 201.245.192.253:54070] AH00898: Error reading from remote server returned by /forest/session.jsp, referer: http://190.27.245.106/forest/usutareas.do?group_system_actual=3&codTraEsc=17255043&_a=0.5803723771458206
[Fri Jan 09 16:27:20.118911 2015] [negotiation:error] [pid 6516:tid 1728] [client 201.245.192.253:54070] AH00690: no acceptable variant: E:/nuevo/apache/error/HTTP_BAD_GATEWAY.html.var, referer: http://190.27.245.106/forest/usutareas.do?group_system_actual=3&codTraEsc=17255043&_a=0.5803723771458206
[Fri Jan 09 16:30:25.806037 2015] [proxy_http:error] [pid 6516:tid 1504] (20014)Internal error: [client 201.245.192.253:50152] AH01102: error reading status line from remote server 172.22.1.47:80
[Fri Jan 09 16:30:25.806037 2015] [proxy:error] [pid 6516:tid 1504] [client 201.245.192.253:50152] AH00898: Error reading from remote server returned by /forest/img/users/5.gif
[Fri Jan 09 16:31:09.798114 2015] [proxy_http:error] [pid 6516:tid 1668] (20014)Internal error: [client 201.245.192.253:51921] AH01102: error reading status line from remote server 172.22.1.47:80, referer: http://190.27.245.106/forest/suactividades.do?group_system_actual=3
[Fri Jan 09 16:31:29.032948 2015] [proxy_http:error] [pid 6516:tid 1576] (20014)Internal error: [client 201.245.192.253:53254] AH01102: error reading status line from remote server 172.22.1.47:80, referer: http://190.27.245.106/forest/suactividades.do?group_system_actual=3
[Fri Jan 09 16:31:29.298148 2015] [proxy_http:error] [pid 6516:tid 1632] (20014)Internal error: [client 201.245.192.253:53298] AH01102: error reading status line from remote server 172.22.1.47:80, referer: http://190.27.245.106/forest/buscar.do?type=documentos
[Fri Jan 09 16:31:29.298148 2015] [proxy:error] [pid 6516:tid 1632] [client 201.245.192.253:53298] AH00898: Error reading from remote server returned by /forest/json.do, referer: http://190.27.245.106/forest/buscar.do?type=documentos
[Fri Jan 09 16:31:29.298148 2015] [negotiation:error] [pid 6516:tid 1632] [client 201.245.192.253:53298] AH00690: no acceptable variant: E:/nuevo/apache/error/HTTP_BAD_GATEWAY.html.var, referer: http://190.27.245.106/forest/buscar.do?type=documentos
[Fri Jan 09 16:31:33.666156 2015] [proxy_http:error] [pid 6516:tid 1632] (20014)Internal error: [client 201.245.192.253:53298] AH01102: error reading status line from remote server 172.22.1.47:80, referer: http://190.27.245.106/forest/buscar.do?type=documentos
[Fri Jan 09 16:31:44.227375 2015] [proxy_http:error] [pid 6516:tid 1832] (20014)Internal error: [client 201.245.192.253:54026] AH01102: error reading status line from remote server 172.22.1.47:80
[Fri Jan 09 16:31:44.227375 2015] [proxy:error] [pid 6516:tid 1832] [client 201.245.192.253:54026] AH00898: Error reading from remote server returned by /forest/skins/gdocs-jar/css/tree.css
[Fri Jan 09 16:31:44.320975 2015] [proxy_http:error] [pid 6516:tid 1832] (20014)Internal error: [client 201.245.192.253:54041] AH01102: error reading status line from remote server 172.22.1.47:80, referer: http://190.27.245.106/forest/index2.jsp?_a=0.8353420216590166
[Fri Jan 09 16:31:44.336575 2015] [proxy_http:error] [pid 6516:tid 1280] (20014)Internal error: [client 201.245.192.253:54055] AH01102: error reading status line from remote server 172.22.1.47:80
[Fri Jan 09 16:31:44.336575 2015] [proxy:error] [pid 6516:tid 1280] [client 201.245.192.253:54055] AH00898: Error reading from remote server returned by /forest/img/users/3.gif
[Fri Jan 09 16:31:44.383375 2015] [proxy_http:error] [pid 6516:tid 1688] (20014)Internal error: [client 201.245.192.253:54059] AH01102: error reading status line from remote server 172.22.1.47:80, referer: http://190.27.245.106/forest/skins/gdocs-jar/popup/FileViewer.jsp?codDoc=1950017&ext=pdf&codfile=-1&iscodfile=false&nombre=2014ER179634.pdf
[Fri Jan 09 16:31:44.383375 2015] [proxy:error] [pid 6516:tid 1688] [client 201.245.192.253:54059] AH00898: Error reading from remote server returned by /forest/visualizar.do, referer: http://190.27.245.106/forest/skins/gdocs-jar/popup/FileViewer.jsp?codDoc=1950017&ext=pdf&codfile=-1&iscodfile=false&nombre=2014ER179634.pdf
[Fri Jan 09 16:31:44.414575 2015] [proxy_http:error] [pid 6516:tid 1576] (20014)Internal error: [client 201.245.192.253:54088] AH01102: error reading status line from remote server 172.22.1.47:80
[Fri Jan 09 16:31:44.414575 2015] [proxy:error] [pid 6516:tid 1576] [client 201.245.192.253:54088] AH00898: Error reading from remote server returned by /forest/img/ayuda.gif
[Fri Jan 09 16:31:44.430175 2015] [proxy_http:error] [pid 6516:tid 1512] (20014)Internal error: [client 201.245.192.253:54089] AH01102: error reading status line from remote server 172.22.1.47:80
[Fri Jan 09 16:31:44.430175 2015] [proxy:error] [pid 6516:tid 1512] [client 201.245.192.253:54089] AH00898: Error reading from remote server returned by /forest/img/base/bsc2_r1_c1.gif
[Fri Jan 09 16:40:13.755469 2015] [proxy_http:error] [pid 6516:tid 1576] (20014)Internal error: [client 201.245.192.253:59648] AH01102: error reading status line from remote server 172.22.1.47:80, referer: http://190.27.245.106/forest/usutareas.do?_a=0.37633352540433407&group_system_actual=3
[Fri Jan 09 16:42:11.176876 2015] [proxy_http:error] [pid 6516:tid 1608] (20014)Internal error: [client 201.245.192.253:53072] AH01102: error reading status line from remote server 172.22.1.47:80
[Fri Jan 09 16:45:37.190838 2015] [proxy_http:error] [pid 6516:tid 1832] (20014)Internal error: [client 201.245.192.253:49828] AH01102: error reading status line from remote server 172.22.1.47:80, referer: http://190.27.245.106/forest/misactividades.do?_a=0.12785996380262077&group_system_actual=3
[Fri Jan 09 16:45:37.268838 2015] [proxy_http:error] [pid 6516:tid 1832] (20014)Internal error: [client 201.245.192.253:49831] AH01102: error reading status line from remote server 172.22.1.47:80, referer: http://190.27.245.106/forest/misactividades.do?_a=0.12785996380262077&group_system_actual=3
[Fri Jan 09 16:45:37.268838 2015] [proxy:error] [pid 6516:tid 1832] [client 201.245.192.253:49831] AH00898: Error reading from remote server returned by /forest/misactividades.do, referer: http://190.27.245.106/forest/misactividades.do?_a=0.12785996380262077&group_system_actual=3
[Fri Jan 09 16:47:27.015030 2015] [proxy_http:error] [pid 6516:tid 1668] (20014)Internal error: [client 201.245.192.253:55026] AH01102: error reading status line from remote server 172.22.1.47:80
[Fri Jan 09 16:47:27.015030 2015] [proxy:error] [pid 6516:tid 1668] [client 201.245.192.253:55026] AH00898: Error reading from remote server returned by /forest/img/inicio/2.gif
[Fri Jan 09 16:47:27.093031 2015] [proxy_http:error] [pid 6516:tid 1376] (20014)Internal error: [client 201.245.192.253:55036] AH01102: error reading status line from remote server 172.22.1.47:80
[Fri Jan 09 16:47:27.093031 2015] [proxy:error] [pid 6516:tid 1376] [client 201.245.192.253:55036] AH00898: Error reading from remote server returned by /forest/img/inicio/7.gif
[Fri Jan 09 16:47:38.543451 2015] [proxy_http:error] [pid 6516:tid 1840] (20014)Internal error: [client 201.245.192.253:55691] AH01102: error reading status line from remote server 172.22.1.47:80, referer: http://190.27.245.106/forest/index2.jsp?a=0.3679983136555439
[Fri Jan 09 16:48:34.531949 2015] [proxy_http:error] [pid 6516:tid 1552] (20014)Internal error: [client 201.245.192.253:58812] AH01102: error reading status line from remote server 172.22.1.47:80, referer: http://190.27.245.106/forest/misactividades.do?_a=0.7707979527767748&group_system_actual=3
[Fri Jan 09 16:49:28.898045 2015] [proxy_http:error] [pid 6516:tid 1280] (20014)Internal error: [client 201.245.192.253:48464] AH01102: error reading status line from remote server 172.22.1.47:80, referer: http://190.27.245.106/forest/usutareas.do?group_system_actual=3&a=0.4032847615890205
[Fri Jan 09 16:49:28.898045 2015] [proxy:error] [pid 6516:tid 1280] [client 201.245.192.253:48464] AH00898: Error reading from remote server returned by /forest/session.jsp, referer: http://190.27.245.106/forest/usutareas.do?group_system_actual=3&a=0.4032847615890205
[Fri Jan 09 16:49:28.898045 2015] [negotiation:error] [pid 6516:tid 1280] [client 201.245.192.253:48464] AH00690: no acceptable variant: E:/nuevo/apache/error/HTTP_BAD_GATEWAY.html.var, referer: http://190.27.245.106/forest/usutareas.do?group_system_actual=3&a=0.4032847615890205
[Fri Jan 09 16:49:35.356456 2015] [proxy_http:error] [pid 6516:tid 1552] (20014)Internal error: [client 201.245.192.253:48810] AH01102: error reading status line from remote server 172.22.1.47:80, referer: http://190.27.245.106/forest/usutareas.do?group_system_actual=3&a=0.4032847615890205
[Fri Jan 09 16:54:30.509974 2015] [proxy_http:error] [pid 6516:tid 1840] (20014)Internal error: [client 201.245.192.253:58872] AH01102: error reading status line from remote server 172.22.1.47:80
[Fri Jan 09 16:54:30.509974 2015] [proxy:error] [pid 6516:tid 1840] [client 201.245.192.253:58872] AH00898: Error reading from remote server returned by /forest/css/index.css
[Fri Jan 09 16:54:57.981623 2015] [proxy_http:error] [pid 6516:tid 1832] (20014)Internal error: [client 201.245.192.253:59795] AH01102: error reading status line from remote server 172.22.1.47:80, referer: http://190.27.245.106/forest/usutareas.do?_a=0.5510889103170484&group_system_actual=3
[Fri Jan 09 16:56:36.183795 2015] [proxy_http:error] [pid 6516:tid 1264] (20014)Internal error: [client 201.245.192.253:50472] AH01102: error reading status line from remote server 172.22.1.47:80, referer: http://190.27.245.106/forest/suactividades.do?group_system_actual=3
[Fri Jan 09 16:56:36.402195 2015] [proxy_http:error] [pid 6516:tid 1832] (20014)Internal error: [client 201.245.192.253:50496] AH01102: error reading status line from remote server 172.22.1.47:80
[Fri Jan 09 16:56:36.402195 2015] [proxy:error] [pid 6516:tid 1832] [client 201.245.192.253:50496] AH00898: Error reading from remote server returned by /forest/1ibre/jscalendar/lang/calendar-es.js
[Fri Jan 09 16:57:35.432699 2015] [proxy_http:error] [pid 6516:tid 1456] (20014)Internal error: [client 201.245.192.253:52488] AH01102: error reading status line from remote server 172.22.1.47:80, referer: http://190.27.245.106/forest/usutareas.do?_a=0.6678243859205395&group_system_actual=3
[Fri Jan 09 17:09:20.007937 2015] [proxy_http:error] [pid 6516:tid 1504] (20014)Internal error: [client 201.245.192.253:48673] AH01102: error reading status line from remote server 172.22.1.47:80, referer: http://190.27.245.106/forest/misactividades.do?_a=0.17225558636710048&group_system_actual=3
[Fri Jan 09 17:11:26.726959 2015] [proxy_http:error] [pid 6516:tid 1864] (20014)Internal error: [client 186.119.216.77:51800] AH01102: error reading status line from remote server 172.22.1.47:80, referer: http://190.27.245.106/forest/usutareas.do?_a=0.8653442780885224&group_system_actual=3
[Fri Jan 09 17:12:00.142218 2015] [proxy_http:error] [pid 6516:tid 1456] (20014)Internal error: [client 201.245.192.253:52064] AH01102: error reading status line from remote server 172.22.1.47:80
[Fri Jan 09 17:12:00.142218 2015] [proxy:error] [pid 6516:tid 1456] [client 201.245.192.253:52064] AH00898: Error reading from remote server returned by /forest/skins/gdocs-jar/js/xml_utilities.js
[Fri Jan 09 17:12:16.147846 2015] [proxy_http:error] [pid 6516:tid 1504] (20014)Internal error: [client 186.119.216.77:51813] AH01102: error reading status line from remote server 172.22.1.47:80, referer: http://190.27.245.106/forest/usutareas.do?group_system_actual=3&a=0.7590687842502312
[Fri Jan 09 17:12:16.147846 2015] [proxy:error] [pid 6516:tid 1504] [client 186.119.216.77:51813] AH00898: Error reading from remote server returned by /forest/skins/gdocs-jar/css/menu.css, referer: http://190.27.245.106/forest/usutareas.do?group_system_actual=3&a=0.7590687842502312
[Fri Jan 09 17:12:16.366246 2015] [proxy_http:error] [pid 6516:tid 1608] (20014)Internal error: [client 186.119.216.77:51815] AH01102: error reading status line from remote server 172.22.1.47:80, referer: http://190.27.245.106/forest/usutareas.do?group_system_actual=3&a=0.7590687842502312
[Fri Jan 09 17:12:16.366246 2015] [proxy:error] [pid 6516:tid 1608] [client 186.119.216.77:51815] AH00898: Error reading from remote server returned by /forest/css/escritorio.css, referer: http://190.27.245.106/forest/usutareas.do?group_system_actual=3&a=0.7590687842502312
[Fri Jan 09 17:12:54.929514 2015] [proxy_http:error] [pid 6516:tid 1832] (20014)Internal error: [client 201.245.192.253:53296] AH01102: error reading status line from remote server 172.22.1.47:80, referer: http://190.27.245.106/forest/suactividades.do?group_system_actual=3&_a=0.19501029942347126
[Fri Jan 09 17:13:06.972735 2015] [proxy_http:error] [pid 6516:tid 1376] (20014)Internal error: [client 201.245.192.253:53766] AH01102: error reading status line from remote server 172.22.1.47:80, referer: http://190.27.245.106/forest/
[Fri Jan 09 17:13:08.267538 2015] [proxy_http:error] [pid 6516:tid 1376] (20014)Internal error: [client 201.245.192.253:53804] AH01102: error reading status line from remote server 172.22.1.47:80, referer: http://190.27.245.106/forest/index2.jsp?a=0.9338878159437397
[Fri Jan 09 17:13:08.267538 2015] [proxy:error] [pid 6516:tid 1376] [client 201.245.192.253:53804] AH00898: Error reading from remote server returned by /forest/session.jsp, referer: http://190.27.245.106/forest/index2.jsp?a=0.9338878159437397
[Fri Jan 09 17:13:08.267538 2015] [negotiation:error] [pid 6516:tid 1376] [client 201.245.192.253:53804] AH00690: no acceptable variant: E:/nuevo/apache/error/HTTP_BAD_GATEWAY.html.var, referer: http://190.27.245.106/forest/index2.jsp?a=0.9338878159437397
[Fri Jan 09 17:13:14.211148 2015] [proxy_http:error] [pid 6516:tid 1376] (20014)Internal error: [client 201.245.192.253:53804] AH01102: error reading status line from remote server 172.22.1.47:80, referer: http://190.27.245.106/forest/suactividades.do?group_system_actual=3&_a=0.193404741225648
[Fri Jan 09 17:13:19.827158 2015] [proxy_http:error] [pid 6516:tid 1376] (20014)Internal error: [client 201.245.192.253:54062] AH01102: error reading status line from remote server 172.22.1.47:80, referer: http://190.27.245.106/forest/usutareas.do?group_system_actual=3&a=0.3796882452443242
[Fri Jan 09 17:13:21.277960 2015] [proxy_http:error] [pid 6516:tid 1608] (20014)Internal error: [client 201.245.192.253:54275] AH01102: error reading status line from remote server 172.22.1.47:80, referer: http://190.27.245.106/forest/usutareas.do?group_system_actual=3&a=0.3796882452443242
[Fri Jan 09 17:13:21.277960 2015] [proxy:error] [pid 6516:tid 1608] [client 201.245.192.253:54275] AH00898: Error reading from remote server returned by /forest/misactividades.do, referer: http://190.27.245.106/forest/usutareas.do?group_system_actual=3&a=0.3796882452443242
[Fri Jan 09 17:13:43.898000 2015] [proxy_http:error] [pid 6516:tid 1264] (20014)Internal error: [client 201.245.192.253:54980] AH01102: error reading status line from remote server 172.22.1.47:80, referer: http://190.27.245.106/forest/suactividades.do?group_system_actual=3&_a=0.193404741225648
[Fri Jan 09 17:13:49.576410 2015] [proxy_http:error] [pid 6516:tid 1280] (20014)Internal error: [client 201.245.192.253:55121] AH01102: error reading status line from remote server 172.22.1.47:80, referer: http://190.27.245.106/forest/suactividades.do?group_system_actual=3
[Fri Jan 09 17:14:10.558447 2015] [proxy_http:error] [pid 6516:tid 1840] (20014)Internal error: [client 201.245.192.253:55600] AH01102: error reading status line from remote server 172.22.1.47:80, referer: http://190.27.245.106/forest/index2.jsp?_a=0.07397713023237884
[Fri Jan 09 17:14:22.476868 2015] [proxy_http:error] [pid 6516:tid 1376] (20014)Internal error: [client 201.245.192.253:56014] AH01102: error reading status line from remote server 172.22.1.47:80, referer: http://190.27.245.106/forest/suactividades.do?group_system_actual=3&_a=0.193404741225648
[Fri Jan 09 17:15:12.428156 2015] [proxy_http:error] [pid 6516:tid 1280] (20014)Internal error: [client 201.245.192.253:57459] AH01102: error reading status line from remote server 172.22.1.47:80, referer: http://190.27.245.106/forest/buscar.do?type=documentos
[Fri Jan 09 17:15:12.428156 2015] [proxy:error] [pid 6516:tid 1280] [client 201.245.192.253:57459] AH00898: Error reading from remote server returned by /forest/json.do, referer: http://190.27.245.106/forest/buscar.do?type=documentos
[Fri Jan 09 17:15:12.428156 2015] [negotiation:error] [pid 6516:tid 1280] [client 201.245.192.253:57459] AH00690: no acceptable variant: E:/nuevo/apache/error/HTTP_BAD_GATEWAY.html.var, referer: http://190.27.245.106/forest/buscar.do?type=documentos
[Fri Jan 09 17:15:44.923013 2015] [proxy_http:error] [pid 6516:tid 1280] (20014)Internal error: [client 186.119.216.77:51823] AH01102: error reading status line from remote server 172.22.1.47:80, referer: http://190.27.245.106/forest/misactividades.do?group_system_actual=3&codPro=187&_a=0.7348343498793495
[Fri Jan 09 17:16:46.090720 2015] [proxy_http:error] [pid 6516:tid 1280] (20014)Internal error: [client 201.245.192.253:59576] AH01102: error reading status line from remote server 172.22.1.47:80, referer: http://190.27.245.106/forest/usutareas.do?_a=0.5759901027195156&group_system_actual=3
[Fri Jan 09 17:16:48.352724 2015] [proxy_http:error] [pid 6516:tid 1668] (20014)Internal error: [client 201.245.192.253:59592] AH01102: error reading status line from remote server 172.22.1.47:80, referer: http://190.27.245.106/forest/usutareas.do?_a=0.5759901027195156&group_system_actual=3
[Fri Jan 09 17:16:48.352724 2015] [proxy:error] [pid 6516:tid 1668] [client 201.245.192.253:59592] AH00898: Error reading from remote server returned by /forest/documentos/1995160/2015IE02786.docx, referer: http://190.27.245.106/forest/usutareas.do?_a=0.5759901027195156&group_system_actual=3
[Fri Jan 09 17:21:40.213637 2015] [proxy_http:error] [pid 6516:tid 1608] (20014)Internal error: [client 201.245.192.253:53728] AH01102: error reading status line from remote server 172.22.1.47:80, referer: http://190.27.245.106/forest/buscar.do?type=documentos
[Fri Jan 09 17:23:29.819429 2015] [proxy_http:error] [pid 6516:tid 1608] (20014)Internal error: [client 201.245.192.253:55699] AH01102: error reading status line from remote server 172.22.1.47:80, referer: http://190.27.245.106/forest/misactividades.do?_a=0.4289022183511406&group_system_actual=3
[Fri Jan 09 17:24:21.549120 2015] [core:error] [pid 6516:tid 1552] (22)Invalid argument: [client 202.46.49.181:6866] AH00127: Cannot map GET /Autoliquidacion/Grupo%20Forestal%20-%20Silvicultura/Ficha%20t%E9cnica%20de%20registro%20(Ficha%202).docx HTTP/1.1 to file
[Fri Jan 09 17:25:52.013679 2015] [proxy_http:error] [pid 6516:tid 1864] (OS 10060)A connection attempt failed because the connected party did not properly respond after a period of time, or established connection failed because connected host has failed to respond.  : [client 186.119.216.77:51817] AH01102: error reading status line from remote server 172.22.1.47:80, referer: http://190.27.245.106/forest/usutareas.do?group_system_actual=3&a=0.7590687842502312
[Fri Jan 09 17:25:52.013679 2015] [proxy:error] [pid 6516:tid 1864] [client 186.119.216.77:51817] AH00898: Error reading from remote server returned by /forest/usutareas.do, referer: http://190.27.245.106/forest/usutareas.do?group_system_actual=3&a=0.7590687842502312
[Fri Jan 09 17:29:35.234471 2015] [proxy_http:error] [pid 6516:tid 1624] (OS 10060)A connection attempt failed because the connected party did not properly respond after a period of time, or established connection failed because connected host has failed to respond.  : [client 186.119.216.77:51838] AH01102: error reading status line from remote server 172.22.1.47:80, referer: http://190.27.245.106/forest/usutareas.do?_a=0.9558960230579636&group_system_actual=3
[Fri Jan 09 17:29:35.234471 2015] [proxy:error] [pid 6516:tid 1624] [client 186.119.216.77:51838] AH00898: Error reading from remote server returned by /forest/usutareas.do, referer: http://190.27.245.106/forest/usutareas.do?_a=0.9558960230579636&group_system_actual=3
[Fri Jan 09 17:29:48.634895 2015] [proxy_http:error] [pid 6516:tid 1616] (20014)Internal error: [client 201.245.192.253:52803] AH01102: error reading status line from remote server 172.22.1.47:80, referer: http://190.27.245.106/forest/suactividades.do?group_system_actual=3
[Fri Jan 09 17:30:17.635346 2015] [proxy_http:error] [pid 6516:tid 1616] (20014)Internal error: [client 201.245.192.253:53638] AH01102: error reading status line from remote server 172.22.1.47:80
[Fri Jan 09 17:30:17.650946 2015] [proxy:error] [pid 6516:tid 1616] [client 201.245.192.253:53638] AH00898: Error reading from remote server returned by /forest/js/sarissa.js
[Fri Jan 09 17:30:53.421808 2015] [proxy_http:error] [pid 6516:tid 1512] (20014)Internal error: [client 201.245.192.253:54488] AH01102: error reading status line from remote server 172.22.1.47:80, referer: http://190.27.245.106/forest/buscar.do
[Fri Jan 09 17:31:45.354300 2015] [proxy_http:error] [pid 6516:tid 1376] (20014)Internal error: [client 201.245.192.253:55817] AH01102: error reading status line from remote server 172.22.1.47:80, referer: http://190.27.245.106/forest/usutareas.do?_a=0.8278322329279035&group_system_actual=3
[Fri Jan 09 17:31:45.931501 2015] [proxy_http:error] [pid 6516:tid 1280] (20014)Internal error: [client 201.245.192.253:53276] AH01102: error reading status line from remote server 172.22.1.47:80, referer: http://190.27.245.106/forest/usutareas.do?group_system_actual=3&a=0.7231093472801149
[Fri Jan 09 23:28:33.622102 2015] [:error] [pid 6516:tid 1432] [client 105.186.75.150:57733] script 'E:/nuevo/htdocs/xmlrpc.php' not found or unable to stat

:: Command execute ::

Enter:
 
Select:
 

:: Search ::
regexp 

:: Upload ::
 
[ ok ]

:: Make Dir ::
 
[ ok ]
:: Make File ::
 
[ ok ]

:: Go Dir ::
 
:: Go File ::
 

--[ c99shell v. 1.0 pre-release build #13 powered by Captain Crunch Security Team | http://ccteam.ru | Generation time: 0.0468 ]--