!C99Shell v. 1.0 pre-release build #13!

Software: Apache. PHP/5.5.15 

uname -a: Windows NT SVR-DMZ 6.1 build 7600 (Windows Server 2008 R2 Enterprise Edition) i586 

SYSTEM 

Safe-mode: OFF (not secure)

E:\nuevo\apache\logs\   drwxrwxrwx
Free 9.41 GB of 239.26 GB (3.93%)
Detected drives: [ a ] [ c ] [ d ] [ e ] [ f ]
Home    Back    Forward    UPDIR    Refresh    Search    Buffer    Encoder    Tools    Proc.    FTP brute    Sec.    SQL    PHP-code    Update    Feedback    Self remove    Logout    


Viewing file:     error.2015.01.15.log (53.71 KB)      -rw-rw-rw-
Select action/file-type:
(+) | (+) | (+) | Code (+) | Session (+) | (+) | SDB (+) | (+) | (+) | (+) | (+) | (+) |
[Thu Jan 15 00:36:39.432653 2015] [access_compat:error] [pid 7644:tid 1696] [client 188.166.18.96:39613] AH01797: client denied by server configuration: E:/nuevo/htdocs/phpMyAdmin
[Thu Jan 15 00:36:39.760254 2015] [access_compat:error] [pid 7644:tid 1848] [client 188.166.18.96:39769] AH01797: client denied by server configuration: E:/nuevo/phpMyAdmin/scripts
[Thu Jan 15 01:06:59.145649 2015] [core:error] [pid 7644:tid 1668] [client 209.92.176.24:38415] AH00126: Invalid URI in request GET HTTP/1.1 HTTP/1.1
[Thu Jan 15 01:06:59.520050 2015] [cgi:error] [pid 7644:tid 1656] [client 209.92.176.24:38789] script not found or unable to stat: E:/nuevo/cgi-bin/bash
[Thu Jan 15 01:06:59.707250 2015] [cgi:error] [pid 7644:tid 1540] [client 209.92.176.24:38989] script not found or unable to stat: E:/nuevo/cgi-bin/contact.cgi
[Thu Jan 15 01:06:59.894451 2015] [cgi:error] [pid 7644:tid 1696] [client 209.92.176.24:39166] script not found or unable to stat: E:/nuevo/cgi-bin/defaultwebpage.cgi
[Thu Jan 15 01:07:00.081651 2015] [cgi:error] [pid 7644:tid 1856] [client 209.92.176.24:39385] script not found or unable to stat: E:/nuevo/cgi-bin/env.cgi
[Thu Jan 15 01:07:00.268851 2015] [cgi:error] [pid 7644:tid 1808] [client 209.92.176.24:39564] script not found or unable to stat: E:/nuevo/cgi-bin/fire.cgi
[Thu Jan 15 01:07:00.456052 2015] [cgi:error] [pid 7644:tid 1848] [client 209.92.176.24:39755] script not found or unable to stat: E:/nuevo/cgi-bin/forum.cgi
[Thu Jan 15 01:07:00.643252 2015] [cgi:error] [pid 7644:tid 1784] [client 209.92.176.24:39928] script not found or unable to stat: E:/nuevo/cgi-bin/hello.cgi
[Thu Jan 15 01:07:00.814852 2015] [cgi:error] [pid 7644:tid 1616] [client 209.92.176.24:40126] script not found or unable to stat: E:/nuevo/cgi-bin/index.cgi
[Thu Jan 15 01:07:01.002053 2015] [cgi:error] [pid 7644:tid 1584] [client 209.92.176.24:40340] script not found or unable to stat: E:/nuevo/cgi-bin/login.cgi
[Thu Jan 15 01:07:01.189253 2015] [cgi:error] [pid 7644:tid 1712] [client 209.92.176.24:40533] script not found or unable to stat: E:/nuevo/cgi-bin/main.cgi
[Thu Jan 15 01:07:01.376453 2015] [cgi:error] [pid 7644:tid 1532] [client 209.92.176.24:40724] script not found or unable to stat: E:/nuevo/cgi-bin/meme.cgi
[Thu Jan 15 01:07:01.563654 2015] [cgi:error] [pid 7644:tid 1720] [client 209.92.176.24:40899] script not found or unable to stat: E:/nuevo/cgi-bin/php
[Thu Jan 15 01:07:01.750854 2015] [cgi:error] [pid 7644:tid 1668] [client 209.92.176.24:41098] script not found or unable to stat: E:/nuevo/cgi-bin/php4
[Thu Jan 15 01:07:01.938054 2015] [cgi:error] [pid 7644:tid 1728] [client 209.92.176.24:41315] script not found or unable to stat: E:/nuevo/cgi-bin/php5
[Thu Jan 15 01:07:02.140855 2015] [cgi:error] [pid 7644:tid 1656] [client 209.92.176.24:41510] script not found or unable to stat: E:/nuevo/cgi-bin/php5-cli
[Thu Jan 15 01:07:02.328055 2015] [cgi:error] [pid 7644:tid 1540] [client 209.92.176.24:41691] script not found or unable to stat: E:/nuevo/cgi-bin/recent.cgi
[Thu Jan 15 01:07:02.515255 2015] [cgi:error] [pid 7644:tid 1696] [client 209.92.176.24:41861] script not found or unable to stat: E:/nuevo/cgi-bin/sat-ir-web.pl
[Thu Jan 15 01:07:02.889656 2015] [cgi:error] [pid 7644:tid 1808] [client 209.92.176.24:42212] script not found or unable to stat: E:/nuevo/cgi-bin/test-cgi
[Thu Jan 15 01:07:03.061256 2015] [cgi:error] [pid 7644:tid 1848] [client 209.92.176.24:42424] script not found or unable to stat: E:/nuevo/cgi-bin/test.cgi
[Thu Jan 15 01:07:03.248457 2015] [cgi:error] [pid 7644:tid 1784] [client 209.92.176.24:42592] script not found or unable to stat: E:/nuevo/cgi-bin/test-cgi.pl
[Thu Jan 15 01:07:03.435657 2015] [cgi:error] [pid 7644:tid 1616] [client 209.92.176.24:42765] script not found or unable to stat: E:/nuevo/cgi-bin/test.sh
[Thu Jan 15 01:07:03.622857 2015] [cgi:error] [pid 7644:tid 1584] [client 209.92.176.24:42938] script not found or unable to stat: E:/nuevo/cgi-bin/tools
[Thu Jan 15 02:00:55.902735 2015] [mpm_winnt:warn] [pid 7644:tid 3196] (OS 64)The specified network name is no longer available.  : AH00341: winnt_accept: Asynchronous AcceptEx failed.
[Thu Jan 15 03:18:07.661070 2015] [access_compat:error] [pid 7644:tid 1856] [client 198.74.115.138:46018] AH01797: client denied by server configuration: E:/nuevo/htdocs/xampp/phpmyadmin
[Thu Jan 15 03:18:08.815472 2015] [access_compat:error] [pid 7644:tid 1616] [client 198.74.115.138:47209] AH01797: client denied by server configuration: E:/nuevo/htdocs/phpMyAdmin-2
[Thu Jan 15 03:18:11.373876 2015] [access_compat:error] [pid 7644:tid 1616] [client 198.74.115.138:49976] AH01797: client denied by server configuration: E:/nuevo/phpMyAdmin/scripts
[Thu Jan 15 03:18:11.654677 2015] [access_compat:error] [pid 7644:tid 1656] [client 198.74.115.138:50376] AH01797: client denied by server configuration: E:/nuevo/htdocs/phpMyAdmin-2.10.0.0
[Thu Jan 15 03:18:11.966677 2015] [access_compat:error] [pid 7644:tid 1784] [client 198.74.115.138:50681] AH01797: client denied by server configuration: E:/nuevo/htdocs/phpMyAdmin-2.10.0.1
[Thu Jan 15 03:18:12.247478 2015] [access_compat:error] [pid 7644:tid 1532] [client 198.74.115.138:50973] AH01797: client denied by server configuration: E:/nuevo/htdocs/phpMyAdmin-2.10.0.2
[Thu Jan 15 03:18:12.543878 2015] [access_compat:error] [pid 7644:tid 1696] [client 198.74.115.138:51277] AH01797: client denied by server configuration: E:/nuevo/htdocs/phpMyAdmin-2.10.0
[Thu Jan 15 03:18:12.840279 2015] [access_compat:error] [pid 7644:tid 1856] [client 198.74.115.138:51701] AH01797: client denied by server configuration: E:/nuevo/htdocs/phpMyAdmin-2.10.1.0
[Thu Jan 15 03:18:13.136680 2015] [access_compat:error] [pid 7644:tid 1712] [client 198.74.115.138:52003] AH01797: client denied by server configuration: E:/nuevo/htdocs/phpMyAdmin-2.10.2.0
[Thu Jan 15 03:18:13.433080 2015] [access_compat:error] [pid 7644:tid 1584] [client 198.74.115.138:52299] AH01797: client denied by server configuration: E:/nuevo/htdocs/phpMyAdmin-2.11.0.0
[Thu Jan 15 03:18:13.713881 2015] [access_compat:error] [pid 7644:tid 1808] [client 198.74.115.138:52713] AH01797: client denied by server configuration: E:/nuevo/htdocs/phpMyAdmin-2.11.1-all-languages
[Thu Jan 15 03:18:14.010281 2015] [access_compat:error] [pid 7644:tid 1616] [client 198.74.115.138:53015] AH01797: client denied by server configuration: E:/nuevo/htdocs/phpMyAdmin-2.11.1.0
[Thu Jan 15 03:18:14.291082 2015] [access_compat:error] [pid 7644:tid 1656] [client 198.74.115.138:53285] AH01797: client denied by server configuration: E:/nuevo/htdocs/phpMyAdmin-2.11.1.1
[Thu Jan 15 03:18:14.571882 2015] [access_compat:error] [pid 7644:tid 1784] [client 198.74.115.138:53565] AH01797: client denied by server configuration: E:/nuevo/htdocs/phpMyAdmin-2.11.1.2
[Thu Jan 15 03:18:14.868283 2015] [access_compat:error] [pid 7644:tid 1532] [client 198.74.115.138:53971] AH01797: client denied by server configuration: E:/nuevo/htdocs/phpMyAdmin-2.6.1-pl2
[Thu Jan 15 03:18:15.149083 2015] [access_compat:error] [pid 7644:tid 1696] [client 198.74.115.138:54267] AH01797: client denied by server configuration: E:/nuevo/htdocs/phpMyAdmin-2.6.1-pl3
[Thu Jan 15 03:18:15.429884 2015] [access_compat:error] [pid 7644:tid 1856] [client 198.74.115.138:54548] AH01797: client denied by server configuration: E:/nuevo/htdocs/phpMyAdmin-2.6.4-pl3
[Thu Jan 15 03:18:15.710684 2015] [access_compat:error] [pid 7644:tid 1712] [client 198.74.115.138:54930] AH01797: client denied by server configuration: E:/nuevo/htdocs/phpMyAdmin-2.6.4-pl4
[Thu Jan 15 03:18:16.022685 2015] [access_compat:error] [pid 7644:tid 1584] [client 198.74.115.138:55213] AH01797: client denied by server configuration: E:/nuevo/htdocs/phpMyAdmin-2.6.4-rc1
[Thu Jan 15 03:18:16.319085 2015] [access_compat:error] [pid 7644:tid 1808] [client 198.74.115.138:55515] AH01797: client denied by server configuration: E:/nuevo/htdocs/phpMyAdmin-2.6.5
[Thu Jan 15 03:18:16.599886 2015] [access_compat:error] [pid 7644:tid 1616] [client 198.74.115.138:55795] AH01797: client denied by server configuration: E:/nuevo/htdocs/phpMyAdmin-2.6.6
[Thu Jan 15 03:18:16.896286 2015] [access_compat:error] [pid 7644:tid 1656] [client 198.74.115.138:56193] AH01797: client denied by server configuration: E:/nuevo/htdocs/phpMyAdmin-2.6.9
[Thu Jan 15 03:18:17.177087 2015] [access_compat:error] [pid 7644:tid 1784] [client 198.74.115.138:56470] AH01797: client denied by server configuration: E:/nuevo/htdocs/phpMyAdmin-2.7.0-beta1
[Thu Jan 15 03:18:17.442287 2015] [access_compat:error] [pid 7644:tid 1532] [client 198.74.115.138:56741] AH01797: client denied by server configuration: E:/nuevo/htdocs/phpMyAdmin-2.7.0-pl1
[Thu Jan 15 03:18:17.738688 2015] [access_compat:error] [pid 7644:tid 1696] [client 198.74.115.138:57119] AH01797: client denied by server configuration: E:/nuevo/htdocs/phpMyAdmin-2.7.0-pl2
[Thu Jan 15 03:18:18.035088 2015] [access_compat:error] [pid 7644:tid 1856] [client 198.74.115.138:57403] AH01797: client denied by server configuration: E:/nuevo/htdocs/phpMyAdmin-2.7.0-rc1
[Thu Jan 15 03:18:18.315889 2015] [access_compat:error] [pid 7644:tid 1712] [client 198.74.115.138:57675] AH01797: client denied by server configuration: E:/nuevo/htdocs/phpMyAdmin-2.7.5
[Thu Jan 15 03:18:18.596689 2015] [access_compat:error] [pid 7644:tid 1584] [client 198.74.115.138:57952] AH01797: client denied by server configuration: E:/nuevo/htdocs/phpMyAdmin-2.7.6
[Thu Jan 15 03:18:18.877490 2015] [access_compat:error] [pid 7644:tid 1808] [client 198.74.115.138:58332] AH01797: client denied by server configuration: E:/nuevo/htdocs/phpMyAdmin-2.7.7
[Thu Jan 15 03:18:19.173890 2015] [access_compat:error] [pid 7644:tid 1616] [client 198.74.115.138:58593] AH01797: client denied by server configuration: E:/nuevo/htdocs/phpMyAdmin-2.8.2.3
[Thu Jan 15 03:18:19.454691 2015] [access_compat:error] [pid 7644:tid 1656] [client 198.74.115.138:58855] AH01797: client denied by server configuration: E:/nuevo/htdocs/phpMyAdmin-2.8.2
[Thu Jan 15 03:18:19.751091 2015] [access_compat:error] [pid 7644:tid 1784] [client 198.74.115.138:59257] AH01797: client denied by server configuration: E:/nuevo/htdocs/phpMyAdmin-2.8.3
[Thu Jan 15 03:18:20.031892 2015] [access_compat:error] [pid 7644:tid 1532] [client 198.74.115.138:59536] AH01797: client denied by server configuration: E:/nuevo/htdocs/phpMyAdmin-2.8.4
[Thu Jan 15 03:18:20.328292 2015] [access_compat:error] [pid 7644:tid 1696] [client 198.74.115.138:59799] AH01797: client denied by server configuration: E:/nuevo/htdocs/phpMyAdmin-2.8.5
[Thu Jan 15 03:18:20.609093 2015] [access_compat:error] [pid 7644:tid 1856] [client 198.74.115.138:60060] AH01797: client denied by server configuration: E:/nuevo/htdocs/phpMyAdmin-2.8.6
[Thu Jan 15 03:18:20.874293 2015] [access_compat:error] [pid 7644:tid 1712] [client 198.74.115.138:60439] AH01797: client denied by server configuration: E:/nuevo/htdocs/phpMyAdmin-2.8.7
[Thu Jan 15 03:18:21.155094 2015] [access_compat:error] [pid 7644:tid 1584] [client 198.74.115.138:60685] AH01797: client denied by server configuration: E:/nuevo/htdocs/phpMyAdmin-2.8.8
[Thu Jan 15 03:18:21.435894 2015] [access_compat:error] [pid 7644:tid 1808] [client 198.74.115.138:60963] AH01797: client denied by server configuration: E:/nuevo/htdocs/phpMyAdmin-2.8.9
[Thu Jan 15 03:18:21.732295 2015] [access_compat:error] [pid 7644:tid 1616] [client 198.74.115.138:61322] AH01797: client denied by server configuration: E:/nuevo/htdocs/phpMyAdmin-2.9.0-rc1
[Thu Jan 15 03:18:22.013095 2015] [access_compat:error] [pid 7644:tid 1656] [client 198.74.115.138:61594] AH01797: client denied by server configuration: E:/nuevo/htdocs/phpMyAdmin-2.9.0.1
[Thu Jan 15 03:18:22.293896 2015] [access_compat:error] [pid 7644:tid 1784] [client 198.74.115.138:61843] AH01797: client denied by server configuration: E:/nuevo/htdocs/phpMyAdmin-2.9.0.2
[Thu Jan 15 03:18:22.605896 2015] [access_compat:error] [pid 7644:tid 1532] [client 198.74.115.138:62116] AH01797: client denied by server configuration: E:/nuevo/htdocs/phpMyAdmin-2.9.0
[Thu Jan 15 03:18:22.886697 2015] [access_compat:error] [pid 7644:tid 1696] [client 198.74.115.138:62512] AH01797: client denied by server configuration: E:/nuevo/htdocs/phpMyAdmin-2.9.1
[Thu Jan 15 03:18:23.167497 2015] [access_compat:error] [pid 7644:tid 1856] [client 198.74.115.138:62757] AH01797: client denied by server configuration: E:/nuevo/htdocs/phpMyAdmin-2.9.2
[Thu Jan 15 03:18:23.448298 2015] [access_compat:error] [pid 7644:tid 1712] [client 198.74.115.138:63006] AH01797: client denied by server configuration: E:/nuevo/htdocs/phpMyAdmin-2
[Thu Jan 15 03:18:23.744698 2015] [access_compat:error] [pid 7644:tid 1584] [client 198.74.115.138:63404] AH01797: client denied by server configuration: E:/nuevo/htdocs/phpMyAdmin-3.0.0-rc1-english
[Thu Jan 15 03:18:24.041099 2015] [access_compat:error] [pid 7644:tid 1808] [client 198.74.115.138:63682] AH01797: client denied by server configuration: E:/nuevo/htdocs/phpMyAdmin-3.0.0.0-all-languages
[Thu Jan 15 03:18:24.321899 2015] [access_compat:error] [pid 7644:tid 1616] [client 198.74.115.138:63939] AH01797: client denied by server configuration: E:/nuevo/htdocs/phpMyAdmin-3.0.1.0-english
[Thu Jan 15 03:18:24.587100 2015] [access_compat:error] [pid 7644:tid 1656] [client 198.74.115.138:64198] AH01797: client denied by server configuration: E:/nuevo/htdocs/phpMyAdmin-3.0.1.0
[Thu Jan 15 03:18:24.883500 2015] [access_compat:error] [pid 7644:tid 1784] [client 198.74.115.138:64584] AH01797: client denied by server configuration: E:/nuevo/htdocs/phpMyAdmin-3.0.1.1
[Thu Jan 15 03:18:25.164301 2015] [access_compat:error] [pid 7644:tid 1532] [client 198.74.115.138:64860] AH01797: client denied by server configuration: E:/nuevo/htdocs/phpMyAdmin-3.1.0.0-english
[Thu Jan 15 03:18:25.460701 2015] [access_compat:error] [pid 7644:tid 1696] [client 198.74.115.138:65132] AH01797: client denied by server configuration: E:/nuevo/htdocs/phpMyAdmin-3.1.0.0
[Thu Jan 15 03:18:25.741502 2015] [access_compat:error] [pid 7644:tid 1856] [client 198.74.115.138:65511] AH01797: client denied by server configuration: E:/nuevo/htdocs/phpMyAdmin-3.1.1.0-all-languages
[Thu Jan 15 03:18:26.022302 2015] [access_compat:error] [pid 7644:tid 1728] [client 198.74.115.138:40256] AH01797: client denied by server configuration: E:/nuevo/htdocs/phpMyAdmin-3.1.2.0-all-languages
[Thu Jan 15 03:18:26.303103 2015] [access_compat:error] [pid 7644:tid 1584] [client 198.74.115.138:40532] AH01797: client denied by server configuration: E:/nuevo/htdocs/phpMyAdmin-3.1.2.0-english
[Thu Jan 15 03:18:26.599503 2015] [access_compat:error] [pid 7644:tid 1808] [client 198.74.115.138:40825] AH01797: client denied by server configuration: E:/nuevo/htdocs/phpMyAdmin-3.1.2.0
[Thu Jan 15 03:18:26.895904 2015] [access_compat:error] [pid 7644:tid 1616] [client 198.74.115.138:41231] AH01797: client denied by server configuration: E:/nuevo/htdocs/phpMyAdmin-3.4.3.1
[Thu Jan 15 03:18:27.192304 2015] [access_compat:error] [pid 7644:tid 1656] [client 198.74.115.138:41530] AH01797: client denied by server configuration: E:/nuevo/htdocs/phpMyAdmin2
[Thu Jan 15 03:18:27.473105 2015] [access_compat:error] [pid 7644:tid 1784] [client 198.74.115.138:41841] AH01797: client denied by server configuration: E:/nuevo/htdocs/phpMyAdmin3
[Thu Jan 15 06:27:09.571391 2015] [mpm_winnt:warn] [pid 7644:tid 3196] (OS 64)The specified network name is no longer available.  : AH00341: winnt_accept: Asynchronous AcceptEx failed.
[Thu Jan 15 06:50:48.908684 2015] [proxy_http:error] [pid 7644:tid 1616] (OS 10054)An existing connection was forcibly closed by the remote host.  : [client 201.245.192.253:53909] AH01102: error reading status line from remote server 172.22.1.31:80, referer: http://www.ambientebogota.gov.co/web/intranet/aplicaciones-para-acceder-fuera-de-la-sda
[Thu Jan 15 06:50:48.908684 2015] [proxy:error] [pid 7644:tid 1616] [client 201.245.192.253:53909] AH00898: Error reading from remote server returned by /isolucionsda/, referer: http://www.ambientebogota.gov.co/web/intranet/aplicaciones-para-acceder-fuera-de-la-sda
[Thu Jan 15 07:07:21.850428 2015] [cgi:error] [pid 7644:tid 1848] [client 185.11.147.198:55101] script not found or unable to stat: E:/nuevo/cgi-bin/test-cgi
[Thu Jan 15 07:53:23.867479 2015] [proxy_http:error] [pid 7644:tid 1552] (OS 10054)An existing connection was forcibly closed by the remote host.  : [client 201.245.192.253:54436] AH01102: error reading status line from remote server 172.22.1.31:80, referer: http://190.27.245.106/isolucionsda/FrameSetGeneral.asp?Pagina1=FrameSetGeneral.asp&
[Thu Jan 15 07:53:23.867479 2015] [proxy:error] [pid 7644:tid 1552] [client 201.245.192.253:54436] AH00898: Error reading from remote server returned by /isolucionsda/MagazinHome.asp, referer: http://190.27.245.106/isolucionsda/FrameSetGeneral.asp?Pagina1=FrameSetGeneral.asp&
[Thu Jan 15 08:08:51.008308 2015] [proxy_http:error] [pid 7644:tid 1140] (OS 10054)An existing connection was forcibly closed by the remote host.  : [client 190.26.72.204:20980] AH01102: error reading status line from remote server 172.22.1.31:80, referer: http://190.27.245.106/isolucionsda/Encabezado.asp?Pagina1=FrameSetGeneral.asp&&Pagina=MagazinHome.asp
[Thu Jan 15 08:10:44.545307 2015] [mpm_winnt:warn] [pid 7644:tid 3196] (OS 64)The specified network name is no longer available.  : AH00341: winnt_accept: Asynchronous AcceptEx failed.
[Thu Jan 15 08:27:11.981242 2015] [proxy_http:error] [pid 7644:tid 1568] (OS 10054)An existing connection was forcibly closed by the remote host.  : [client 201.244.55.205:15193] AH01102: error reading status line from remote server 172.22.1.31:80, referer: http://190.27.245.106/isolucionsda/Encabezado.asp?Pagina1=FrameSetGeneral.asp&&Pagina=MagazinHome.asp
[Thu Jan 15 09:00:20.454334 2015] [proxy_http:error] [pid 7644:tid 1728] (OS 10054)An existing connection was forcibly closed by the remote host.  : [client 201.245.192.253:48052] AH01102: error reading status line from remote server 172.22.1.31:80, referer: http://190.27.245.106/isolucionsda/FrameSetArticulo.asp?Pagina=/ISOlucionSDA/BancoConocimiento/S/Solicituddetrasladooreintegrodeelementos_v2/Solicituddetrasladooreintegrodeelementos_v2.asp?IdArticulo=943
[Thu Jan 15 09:37:56.765297 2015] [proxy:error] [pid 7644:tid 1568] (OS 10053)An established connection was aborted by the software in your host machine.  : [client 201.245.192.253:50338] AH01084: pass request body failed to 172.22.1.31:80 (172.22.1.31), referer: http://190.27.245.106/isolucionsda/Administracion/SalaEdicion/Articulo.asp?Id_Articulo=7439
[Thu Jan 15 09:37:56.765297 2015] [proxy_http:error] [pid 7644:tid 1568] [client 201.245.192.253:50338] AH01097: pass request body failed to 172.22.1.31:80 (172.22.1.31) from 201.245.192.253 (), referer: http://190.27.245.106/isolucionsda/Administracion/SalaEdicion/Articulo.asp?Id_Articulo=7439
[Thu Jan 15 09:38:01.445305 2015] [proxy_http:error] [pid 7644:tid 1388] (OS 10054)An existing connection was forcibly closed by the remote host.  : [client 201.245.192.253:50337] AH01102: error reading status line from remote server 172.22.1.31:80, referer: http://190.27.245.106/isolucionsda/FrameSetGeneral.asp?Pagina=Administracion/SalaEdicion/Magazines.asp
[Thu Jan 15 09:52:23.409219 2015] [proxy_http:error] [pid 7644:tid 1524] (20014)Internal error: [client 201.245.192.253:52448] AH01102: error reading status line from remote server 172.22.1.47:80, referer: http://www.ambientebogota.gov.co/web/intranet/aplicaciones-para-acceder-fuera-de-la-sda
[Thu Jan 15 09:52:23.534020 2015] [proxy_http:error] [pid 7644:tid 1452] (20014)Internal error: [client 201.245.192.253:52723] AH01102: error reading status line from remote server 172.22.1.47:80
[Thu Jan 15 09:52:23.534020 2015] [proxy:error] [pid 7644:tid 1452] [client 201.245.192.253:52723] AH00898: Error reading from remote server returned by /forest/img/ayuda.gif
[Thu Jan 15 09:52:23.549620 2015] [proxy_http:error] [pid 7644:tid 1524] (20014)Internal error: [client 201.245.192.253:52729] AH01102: error reading status line from remote server 172.22.1.47:80, referer: http://190.27.245.106/forest/index2.jsp?a=0.3835716438218131
[Thu Jan 15 09:52:23.549620 2015] [proxy:error] [pid 7644:tid 1524] [client 201.245.192.253:52729] AH00898: Error reading from remote server returned by /forest/session.jsp, referer: http://190.27.245.106/forest/index2.jsp?a=0.3835716438218131
[Thu Jan 15 09:52:23.549620 2015] [negotiation:error] [pid 7644:tid 1524] [client 201.245.192.253:52729] AH00690: no acceptable variant: E:/nuevo/apache/error/HTTP_BAD_GATEWAY.html.var, referer: http://190.27.245.106/forest/index2.jsp?a=0.3835716438218131
[Thu Jan 15 09:52:40.210449 2015] [proxy_http:error] [pid 7644:tid 1568] (20014)Internal error: [client 201.245.192.253:53379] AH01102: error reading status line from remote server 172.22.1.47:80
[Thu Jan 15 09:52:40.210449 2015] [proxy:error] [pid 7644:tid 1568] [client 201.245.192.253:53379] AH00898: Error reading from remote server returned by /forest/css/escritorio.css
[Thu Jan 15 09:52:42.082452 2015] [proxy_http:error] [pid 7644:tid 1756] (20014)Internal error: [client 201.245.192.253:53624] AH01102: error reading status line from remote server 172.22.1.47:80
[Thu Jan 15 09:52:42.082452 2015] [proxy:error] [pid 7644:tid 1756] [client 201.245.192.253:53624] AH00898: Error reading from remote server returned by /forest/skins/gdocs-jar/img/icons/pdf.gif
[Thu Jan 15 09:53:41.019356 2015] [proxy_http:error] [pid 7644:tid 1312] (20014)Internal error: [client 181.50.92.73:52989] AH01102: error reading status line from remote server 172.22.1.47:80, referer: http://190.27.245.106/forest/usutareas.do?_a=0.8811340378597379&group_system_actual=3
[Thu Jan 15 09:58:07.889024 2015] [proxy_http:error] [pid 7644:tid 1848] (20014)Internal error: [client 201.245.192.253:48216] AH01102: error reading status line from remote server 172.22.1.47:80
[Thu Jan 15 09:58:07.889024 2015] [proxy:error] [pid 7644:tid 1848] [client 201.245.192.253:48216] AH00898: Error reading from remote server returned by /forestReports/webcontent/birt/ajax/ui/app/AbstractUIComponent.js
[Thu Jan 15 09:59:21.443154 2015] [proxy_http:error] [pid 7644:tid 1584] (20014)Internal error: [client 201.245.192.253:51740] AH01102: error reading status line from remote server 172.22.1.47:80, referer: http://190.27.245.106/forest/usutareas.do?group_system_actual=3&codAct=879&numPro=2765957&codPro=90&fecTra=2014-09-19%2015:35:12.637&codInst=2788240&codTraEsc=16526028
[Thu Jan 15 10:03:11.684958 2015] [proxy_http:error] [pid 7644:tid 1836] (20014)Internal error: [client 201.245.192.253:50930] AH01102: error reading status line from remote server 172.22.1.47:80, referer: http://190.27.245.106/forest/buscar.do?
[Thu Jan 15 10:10:07.581689 2015] [proxy_http:error] [pid 7644:tid 1092] (20014)Internal error: [client 201.245.192.253:57793] AH01102: error reading status line from remote server 172.22.1.47:80, referer: http://190.27.245.106/forest/usutareas.do?group_system_actual=3&codAct=879&numPro=2834634&codPro=90&fecTra=2014-10-09%2017:32:25.654&codInst=2859122&codTraEsc=16662918
[Thu Jan 15 10:16:42.106382 2015] [core:error] [pid 7644:tid 1584] (22)Invalid argument: [client 180.76.5.69:29311] AH00127: Cannot map GET /Autoliquidacion/Fauna%20Silvestre/APLICATIVO%20DE%20LIQUIDACI%D3N%20COSTOS%20(FAUNA%20SILVESTRE%202015%20DEFINITIVO).xls HTTP/1.1 to file
[Thu Jan 15 10:21:03.048040 2015] [proxy_http:error] [pid 7644:tid 1220] (20014)Internal error: [client 201.245.192.253:52064] AH01102: error reading status line from remote server 172.22.1.47:80, referer: http://190.27.245.106/forest/usutareas.do?group_system_actual=3&codAct=879&numPro=2845762&codPro=90&fecTra=2014-10-09%2017:35:05.259&codInst=2871099&codTraEsc=16662970
[Thu Jan 15 10:22:06.306151 2015] [proxy:error] [pid 7644:tid 1224] (OS 10061)No connection could be made because the target machine actively refused it.  : AH00957: HTTP: attempt to connect to 172.22.1.36:8080 (172.22.1.36) failed
[Thu Jan 15 10:22:06.306151 2015] [proxy:error] [pid 7644:tid 1224] AH00959: ap_proxy_connect_backend disabling worker for (172.22.1.36) for 60s
[Thu Jan 15 10:22:06.306151 2015] [proxy_http:error] [pid 7644:tid 1224] [client 201.245.192.253:55297] AH01114: HTTP: failed to make connection to backend: 172.22.1.36
[Thu Jan 15 10:27:01.318269 2015] [proxy_http:error] [pid 7644:tid 1388] (20014)Internal error: [client 201.245.192.253:58644] AH01102: error reading status line from remote server 172.22.1.47:80, referer: http://190.27.245.106/forest/buscar.do?type=procesos
[Thu Jan 15 10:27:10.257085 2015] [proxy_http:error] [pid 7644:tid 1568] (20014)Internal error: [client 201.245.192.253:58960] AH01102: error reading status line from remote server 172.22.1.47:80, referer: http://190.27.245.106/forest/buscar.do?type=procesos
[Thu Jan 15 10:29:59.267782 2015] [proxy_http:error] [pid 7644:tid 1752] (OS 10054)An existing connection was forcibly closed by the remote host.  : [client 201.245.192.253:54180] AH01102: error reading status line from remote server 172.22.1.31:80, referer: http://190.27.245.106/isolucionsda/Encabezado.asp?Pagina=Menu.asp&IdModulo=4
[Thu Jan 15 10:29:59.267782 2015] [proxy:error] [pid 7644:tid 1752] [client 201.245.192.253:54180] AH00898: Error reading from remote server returned by /isolucionsda/Session.asp, referer: http://190.27.245.106/isolucionsda/Encabezado.asp?Pagina=Menu.asp&IdModulo=4
[Thu Jan 15 10:31:09.795506 2015] [proxy_http:error] [pid 7644:tid 1288] (20014)Internal error: [client 201.245.192.253:57170] AH01102: error reading status line from remote server 172.22.1.47:80, referer: http://190.27.245.106/forest/usutareas.do?group_system_actual=3&a=0.7313713454641402
[Thu Jan 15 10:35:23.451951 2015] [proxy_http:error] [pid 7644:tid 1224] (20014)Internal error: [client 201.245.192.253:56736] AH01102: error reading status line from remote server 172.22.1.47:80, referer: http://190.27.245.106/forest/usutareas.do?group_system_actual=3&a=0.6789752118614634
[Thu Jan 15 10:35:23.717152 2015] [proxy_http:error] [pid 7644:tid 1848] (20014)Internal error: [client 201.245.192.253:56740] AH01102: error reading status line from remote server 172.22.1.47:80, referer: http://190.27.245.106/forest/buscar.do?type=procesos
[Thu Jan 15 10:35:23.717152 2015] [proxy:error] [pid 7644:tid 1848] [client 201.245.192.253:56740] AH00898: Error reading from remote server returned by /forest/json.do, referer: http://190.27.245.106/forest/buscar.do?type=procesos
[Thu Jan 15 10:35:23.717152 2015] [negotiation:error] [pid 7644:tid 1848] [client 201.245.192.253:56740] AH00690: no acceptable variant: E:/nuevo/apache/error/HTTP_BAD_GATEWAY.html.var, referer: http://190.27.245.106/forest/buscar.do?type=procesos
[Thu Jan 15 10:36:17.989647 2015] [proxy_http:error] [pid 7644:tid 1632] (20014)Internal error: [client 201.245.192.253:59514] AH01102: error reading status line from remote server 172.22.1.47:80
[Thu Jan 15 10:36:17.989647 2015] [proxy:error] [pid 7644:tid 1632] [client 201.245.192.253:59514] AH00898: Error reading from remote server returned by /forest/img/jquery/ui-bg_glass_75_d0e5f5_1x400.png
[Thu Jan 15 10:37:34.242581 2015] [proxy_http:error] [pid 7644:tid 1624] (20014)Internal error: [client 201.245.192.253:50982] AH01102: error reading status line from remote server 172.22.1.47:80, referer: http://190.27.245.106/forest/usutareas.do?group_system_actual=3&a=0.9385806387290359
[Thu Jan 15 10:37:55.536618 2015] [proxy_http:error] [pid 7644:tid 1728] (20014)Internal error: [client 181.50.92.73:53572] AH01102: error reading status line from remote server 172.22.1.47:80, referer: http://190.27.245.106/forest/buscar.do?type=documentos
[Thu Jan 15 10:37:55.583418 2015] [proxy_http:error] [pid 7644:tid 1456] (20014)Internal error: [client 181.50.92.73:53578] AH01102: error reading status line from remote server 172.22.1.47:80, referer: http://190.27.245.106/forest/buscar.do?type=documentos
[Thu Jan 15 10:37:55.583418 2015] [proxy:error] [pid 7644:tid 1456] [client 181.50.92.73:53578] AH00898: Error reading from remote server returned by /forest/json.do, referer: http://190.27.245.106/forest/buscar.do?type=documentos
[Thu Jan 15 10:37:55.583418 2015] [negotiation:error] [pid 7644:tid 1456] [client 181.50.92.73:53578] AH00690: no acceptable variant: E:/nuevo/apache/error/HTTP_BAD_GATEWAY.html.var, referer: http://190.27.245.106/forest/buscar.do?type=documentos
[Thu Jan 15 10:41:40.099013 2015] [proxy_http:error] [pid 7644:tid 1752] (20014)Internal error: [client 201.245.192.253:51769] AH01102: error reading status line from remote server 172.22.1.47:80
[Thu Jan 15 10:41:40.099013 2015] [proxy:error] [pid 7644:tid 1752] [client 201.245.192.253:51769] AH00898: Error reading from remote server returned by /forest/js/usutareas-docs.js
[Thu Jan 15 10:43:36.771618 2015] [proxy_http:error] [pid 7644:tid 1076] (20014)Internal error: [client 181.50.92.73:53723] AH01102: error reading status line from remote server 172.22.1.47:80, referer: http://190.27.245.106/forest/usutareas.do?_a=0.8294678030069917&group_system_actual=3
[Thu Jan 15 10:43:36.865218 2015] [proxy_http:error] [pid 7644:tid 1076] (20014)Internal error: [client 181.50.92.73:53725] AH01102: error reading status line from remote server 172.22.1.47:80, referer: http://190.27.245.106/forest/usutareas.do?_a=0.8294678030069917&group_system_actual=3
[Thu Jan 15 10:46:34.627530 2015] [proxy_http:error] [pid 7644:tid 1696] (20014)Internal error: [client 201.245.192.253:54633] AH01102: error reading status line from remote server 172.22.1.47:80, referer: http://190.27.245.106/forest/buscar.do?type=procesos
[Thu Jan 15 10:47:21.739613 2015] [proxy_http:error] [pid 7644:tid 1752] (20014)Internal error: [client 201.245.192.253:56454] AH01102: error reading status line from remote server 172.22.1.47:80, referer: http://190.27.245.106/forest/index2.jsp?_a=0.799267515540123
[Thu Jan 15 10:48:48.179365 2015] [proxy_http:error] [pid 7644:tid 1516] (20014)Internal error: [client 201.245.192.253:48919] AH01102: error reading status line from remote server 172.22.1.47:80, referer: http://190.27.245.106/forest/buscar.do?type=procesos
[Thu Jan 15 10:50:51.045180 2015] [proxy_http:error] [pid 7644:tid 1288] (20014)Internal error: [client 201.245.192.253:54357] AH01102: error reading status line from remote server 172.22.1.47:80, referer: http://190.27.245.106/forest/buscar.do?
[Thu Jan 15 10:57:04.776037 2015] [proxy_http:error] [pid 7644:tid 1456] (20014)Internal error: [client 181.50.92.73:53892] AH01102: error reading status line from remote server 172.22.1.47:80, referer: http://190.27.245.106/forest/usutareas.do?_a=0.48829714534804225&group_system_actual=3
[Thu Jan 15 10:58:32.136190 2015] [core:error] [pid 7644:tid 1688] (20024)The given path is misformatted or contained invalid characters: [client 189.205.249.124:56026] AH00127: Cannot map GET /galeria/nivo-slider/demo/0%EF%BF%BD%03%02?o=3&g=&s=&z=%EF%BF%BD%EF%BF%BD%EF%BF%BD%EF%BF%BD%EF%BF%BD%EF%BF%BD%EF%BF%BD%EF%BF%BD/%EF%BF%BD%EF%BF%BD%EF%BF%BD%EF%BF%BD HTTP/1.1 to file, referer: http://190.27.245.106/galeria/nivo-slider/demo/demo.html
[Thu Jan 15 10:58:51.620624 2015] [core:error] [pid 7644:tid 1504] (20024)The given path is misformatted or contained invalid characters: [client 189.205.249.124:56104] AH00127: Cannot map GET /galeria/nivo-slider/demo/0%EF%BF%BD%03%02?o=3&g=&s=&z=%EF%BF%BD%EF%BF%BD%EF%BF%BD%EF%BF%BD%EF%BF%BD%EF%BF%BD%EF%BF%BD%EF%BF%BD/%EF%BF%BD%EF%BF%BD%EF%BF%BD%EF%BF%BD HTTP/1.1 to file, referer: http://190.27.245.106/galeria/nivo-slider/demo/demo.html
[Thu Jan 15 10:59:04.397047 2015] [core:error] [pid 7644:tid 1696] (20024)The given path is misformatted or contained invalid characters: [client 189.205.249.124:56132] AH00127: Cannot map GET /galeria/nivo-slider/demo/0%EF%BF%BD%03%02?o=3&g=&s=&z=%EF%BF%BD%EF%BF%BD%EF%BF%BD%EF%BF%BD%EF%BF%BD%EF%BF%BD%EF%BF%BD%EF%BF%BD/%EF%BF%BD%EF%BF%BD%EF%BF%BD%EF%BF%BD HTTP/1.1 to file, referer: http://190.27.245.106/galeria/nivo-slider/demo/demo.html
[Thu Jan 15 11:02:34.498216 2015] [proxy_http:error] [pid 7644:tid 1312] (20014)Internal error: [client 201.245.192.253:50095] AH01102: error reading status line from remote server 172.22.1.47:80, referer: http://190.27.245.106/forest/buscar.do
[Thu Jan 15 11:02:34.498216 2015] [proxy:error] [pid 7644:tid 1312] [client 201.245.192.253:50095] AH00898: Error reading from remote server returned by /forest/json.do, referer: http://190.27.245.106/forest/buscar.do
[Thu Jan 15 11:02:34.498216 2015] [negotiation:error] [pid 7644:tid 1312] [client 201.245.192.253:50095] AH00690: no acceptable variant: E:/nuevo/apache/error/HTTP_BAD_GATEWAY.html.var, referer: http://190.27.245.106/forest/buscar.do
[Thu Jan 15 11:04:12.263588 2015] [proxy_http:error] [pid 7644:tid 1776] (20014)Internal error: [client 172.22.2.1:37507] AH01102: error reading status line from remote server 172.22.1.47:80
[Thu Jan 15 11:04:12.310388 2015] [proxy_http:error] [pid 7644:tid 1776] (20014)Internal error: [client 172.22.2.1:37509] AH01102: error reading status line from remote server 172.22.1.47:80
[Thu Jan 15 11:04:12.310388 2015] [proxy:error] [pid 7644:tid 1776] [client 172.22.2.1:37509] AH00898: Error reading from remote server returned by /webfile/1ibre/jscalendar/img.gif
[Thu Jan 15 11:04:12.341588 2015] [proxy_http:error] [pid 7644:tid 1776] (20014)Internal error: [client 172.22.2.1:37511] AH01102: error reading status line from remote server 172.22.1.47:80
[Thu Jan 15 11:34:49.978015 2015] [proxy_http:error] [pid 7644:tid 1768] (OS 10054)An existing connection was forcibly closed by the remote host.  : [client 201.245.192.253:49155] AH01102: error reading status line from remote server 172.22.1.31:80, referer: http://www.ambientebogota.gov.co/web/intranet/aplicaciones-para-acceder-fuera-de-la-sda
[Thu Jan 15 11:34:49.978015 2015] [proxy:error] [pid 7644:tid 1768] [client 201.245.192.253:49155] AH00898: Error reading from remote server returned by /isolucionsda/, referer: http://www.ambientebogota.gov.co/web/intranet/aplicaciones-para-acceder-fuera-de-la-sda
[Thu Jan 15 11:35:23.096874 2015] [:error] [pid 7644:tid 1152] [client 180.76.6.55:4320] script 'E:/nuevo/htdocs/dama.php' not found or unable to stat
[Thu Jan 15 11:59:33.775622 2015] [negotiation:error] [pid 7644:tid 1688] [client 190.144.92.130:1195] AH00690: no acceptable variant: E:/nuevo/apache/error/HTTP_NOT_FOUND.html.var
[Thu Jan 15 11:59:34.087622 2015] [negotiation:error] [pid 7644:tid 1688] [client 190.144.92.130:1198] AH00690: no acceptable variant: E:/nuevo/apache/error/HTTP_NOT_FOUND.html.var
[Thu Jan 15 12:03:33.204842 2015] [proxy_http:error] [pid 7644:tid 1120] (OS 10054)An existing connection was forcibly closed by the remote host.  : [client 201.245.192.253:47905] AH01102: error reading status line from remote server 172.22.1.31:80, referer: http://190.27.245.106/isolucionsda/FrameSetGeneral.asp?Pagina=ListadoMaestroDocumentos3.asp
[Thu Jan 15 12:05:08.068609 2015] [negotiation:error] [pid 7644:tid 1076] [client 190.144.92.130:1234] AH00690: no acceptable variant: E:/nuevo/apache/error/HTTP_NOT_FOUND.html.var
[Thu Jan 15 12:05:08.302609 2015] [negotiation:error] [pid 7644:tid 1076] [client 190.144.92.130:1234] AH00690: no acceptable variant: E:/nuevo/apache/error/HTTP_NOT_FOUND.html.var
[Thu Jan 15 12:08:09.824528 2015] [negotiation:error] [pid 7644:tid 1388] [client 190.144.92.130:1266] AH00690: no acceptable variant: E:/nuevo/apache/error/HTTP_NOT_FOUND.html.var
[Thu Jan 15 12:08:10.105329 2015] [negotiation:error] [pid 7644:tid 1504] [client 190.144.92.130:1268] AH00690: no acceptable variant: E:/nuevo/apache/error/HTTP_NOT_FOUND.html.var
[Thu Jan 15 12:09:56.778316 2015] [proxy_http:error] [pid 7644:tid 1388] (OS 10054)An existing connection was forcibly closed by the remote host.  : [client 201.245.192.253:52865] AH01102: error reading status line from remote server 172.22.1.31:80, referer: http://190.27.245.106/isolucionsda/FrameSetGeneral.asp?Pagina=Menu.asp&IdModulo=4
[Thu Jan 15 12:09:56.778316 2015] [proxy:error] [pid 7644:tid 1388] [client 201.245.192.253:52865] AH00898: Error reading from remote server returned by /isolucionsda/BarraFavoritos.asp, referer: http://190.27.245.106/isolucionsda/FrameSetGeneral.asp?Pagina=Menu.asp&IdModulo=4
[Thu Jan 15 12:14:12.493965 2015] [negotiation:error] [pid 7644:tid 1456] [client 190.144.92.130:1321] AH00690: no acceptable variant: E:/nuevo/apache/error/HTTP_NOT_FOUND.html.var
[Thu Jan 15 12:14:12.727965 2015] [negotiation:error] [pid 7644:tid 1456] [client 190.144.92.130:1323] AH00690: no acceptable variant: E:/nuevo/apache/error/HTTP_NOT_FOUND.html.var
[Thu Jan 15 12:38:44.340950 2015] [mpm_winnt:warn] [pid 7644:tid 3196] (OS 64)The specified network name is no longer available.  : AH00341: winnt_accept: Asynchronous AcceptEx failed.
[Thu Jan 15 12:51:27.885291 2015] [proxy_http:error] [pid 7644:tid 1312] (OS 10054)An existing connection was forcibly closed by the remote host.  : [client 201.244.55.205:22930] AH01102: error reading status line from remote server 172.22.1.31:80, referer: http://190.27.245.106/isolucionsda/Session.asp?Continue=1
[Thu Jan 15 12:51:27.885291 2015] [proxy:error] [pid 7644:tid 1312] [client 201.244.55.205:22930] AH00898: Error reading from remote server returned by /isolucionsda/Session.asp, referer: http://190.27.245.106/isolucionsda/Session.asp?Continue=1
[Thu Jan 15 13:07:14.276554 2015] [mpm_winnt:warn] [pid 7644:tid 3196] (OS 64)The specified network name is no longer available.  : AH00341: winnt_accept: Asynchronous AcceptEx failed.
[Thu Jan 15 13:07:39.283397 2015] [mpm_winnt:warn] [pid 7644:tid 3196] (OS 64)The specified network name is no longer available.  : AH00341: winnt_accept: Asynchronous AcceptEx failed.
[Thu Jan 15 13:29:15.115274 2015] [mpm_winnt:warn] [pid 7644:tid 3196] (OS 64)The specified network name is no longer available.  : AH00341: winnt_accept: Asynchronous AcceptEx failed.
[Thu Jan 15 13:29:40.075317 2015] [mpm_winnt:warn] [pid 7644:tid 3196] (OS 64)The specified network name is no longer available.  : AH00341: winnt_accept: Asynchronous AcceptEx failed.
[Thu Jan 15 13:49:17.925186 2015] [proxy:error] [pid 7644:tid 1140] (OS 10061)No connection could be made because the target machine actively refused it.  : AH00957: HTTP: attempt to connect to 172.22.1.36:8080 (172.22.1.36) failed
[Thu Jan 15 13:49:17.925186 2015] [proxy:error] [pid 7644:tid 1140] AH00959: ap_proxy_connect_backend disabling worker for (172.22.1.36) for 60s
[Thu Jan 15 13:49:17.925186 2015] [proxy_http:error] [pid 7644:tid 1140] [client 201.245.192.253:57416] AH01114: HTTP: failed to make connection to backend: 172.22.1.36
[Thu Jan 15 14:18:24.457454 2015] [core:error] [pid 7644:tid 1524] (22)Invalid argument: [client 186.113.10.143:15311] AH00127: Cannot map GET /autoliquidacion/Grupo%20Forestal%20-%20Silvicultura/Ficha%20t\xe9cnica%20de%20registro%20(Ficha%202).docx HTTP/1.1 to file, referer: http://190.27.245.106/autoliquidacion/index.php?dir=Grupo+Forestal+-+Silvicultura%2F
[Thu Jan 15 14:18:33.567870 2015] [proxy_http:error] [pid 7644:tid 1092] (20014)Internal error: [client 201.245.192.253:58040] AH01102: error reading status line from remote server 172.22.1.47:80
[Thu Jan 15 14:18:33.567870 2015] [proxy:error] [pid 7644:tid 1092] [client 201.245.192.253:58040] AH00898: Error reading from remote server returned by /forest/skins/gdocs-jar/img/dependencia-tree.gif
[Thu Jan 15 14:18:33.583470 2015] [proxy_http:error] [pid 7644:tid 1696] (20014)Internal error: [client 201.245.192.253:58044] AH01102: error reading status line from remote server 172.22.1.47:80, referer: http://190.27.245.106/forest/buscar.do?type=documentos
[Thu Jan 15 14:18:33.583470 2015] [proxy:error] [pid 7644:tid 1696] [client 201.245.192.253:58044] AH00898: Error reading from remote server returned by /forest/json.do, referer: http://190.27.245.106/forest/buscar.do?type=documentos
[Thu Jan 15 14:18:33.583470 2015] [negotiation:error] [pid 7644:tid 1696] [client 201.245.192.253:58044] AH00690: no acceptable variant: E:/nuevo/apache/error/HTTP_BAD_GATEWAY.html.var, referer: http://190.27.245.106/forest/buscar.do?type=documentos
[Thu Jan 15 14:20:10.943241 2015] [proxy_http:error] [pid 7644:tid 1092] (OS 10054)An existing connection was forcibly closed by the remote host.  : [client 201.245.192.253:51158] AH01102: error reading status line from remote server 172.22.1.31:80, referer: http://190.27.245.106/isolucionsda/FrameSetGeneral.asp?Pagina1=FrameSetGeneral.asp&
[Thu Jan 15 14:20:10.943241 2015] [proxy:error] [pid 7644:tid 1092] [client 201.245.192.253:51158] AH00898: Error reading from remote server returned by /isolucionsda/BarraFavoritos.asp, referer: http://190.27.245.106/isolucionsda/FrameSetGeneral.asp?Pagina1=FrameSetGeneral.asp&
[Thu Jan 15 14:27:56.900459 2015] [proxy_http:error] [pid 7644:tid 1432] (OS 10054)An existing connection was forcibly closed by the remote host.  : [client 201.245.192.253:52094] AH01102: error reading status line from remote server 172.22.1.31:80, referer: http://190.27.245.106/isolucionsda/Encabezado.asp?Pagina1=FrameSetGeneral.asp&&Pagina=MagazinHome.asp
[Thu Jan 15 14:34:30.115750 2015] [proxy_http:error] [pid 7644:tid 1152] (OS 10054)An existing connection was forcibly closed by the remote host.  : [client 190.26.72.204:16812] AH01102: error reading status line from remote server 172.22.1.31:80, referer: http://190.27.245.106/isolucionsda/FrameSetGeneral.asp?Pagina1=FrameSetGeneral.asp&
[Thu Jan 15 14:34:30.115750 2015] [proxy:error] [pid 7644:tid 1152] [client 190.26.72.204:16812] AH00898: Error reading from remote server returned by /isolucionsda/BarraTitulos.asp, referer: http://190.27.245.106/isolucionsda/FrameSetGeneral.asp?Pagina1=FrameSetGeneral.asp&
[Thu Jan 15 14:34:30.209350 2015] [proxy_http:error] [pid 7644:tid 1696] (OS 10054)An existing connection was forcibly closed by the remote host.  : [client 190.26.72.204:16811] AH01102: error reading status line from remote server 172.22.1.31:80, referer: http://190.27.245.106/isolucionsda/Encabezado.asp?Pagina1=FrameSetGeneral.asp&&Pagina=MagazinHome.asp
[Thu Jan 15 14:50:00.719784 2015] [proxy_http:error] [pid 7644:tid 1456] (OS 10054)An existing connection was forcibly closed by the remote host.  : [client 201.245.192.253:48722] AH01102: error reading status line from remote server 172.22.1.31:80, referer: http://190.27.245.106/isolucionsda/FrameSetGeneral.asp?Pagina1=FrameSetGeneral.asp&
[Thu Jan 15 14:50:00.766585 2015] [proxy_http:error] [pid 7644:tid 1836] (OS 10054)An existing connection was forcibly closed by the remote host.  : [client 201.245.192.253:48811] AH01102: error reading status line from remote server 172.22.1.31:80, referer: http://190.27.245.106/isolucionsda/FrameSetGeneral.asp?Pagina1=FrameSetGeneral.asp&
[Thu Jan 15 14:50:00.766585 2015] [proxy:error] [pid 7644:tid 1836] [client 201.245.192.253:48811] AH00898: Error reading from remote server returned by /isolucionsda/BarraTitulos.asp, referer: http://190.27.245.106/isolucionsda/FrameSetGeneral.asp?Pagina1=FrameSetGeneral.asp&
[Thu Jan 15 14:53:32.427756 2015] [proxy_http:error] [pid 7644:tid 1696] (20014)Internal error: [client 201.245.192.253:59555] AH01102: error reading status line from remote server 172.22.1.47:80
[Thu Jan 15 14:53:32.427756 2015] [proxy:error] [pid 7644:tid 1696] [client 201.245.192.253:59555] AH00898: Error reading from remote server returned by /forest/img/asociarUser.gif
[Thu Jan 15 14:53:33.176558 2015] [proxy_http:error] [pid 7644:tid 1632] (20014)Internal error: [client 201.245.192.253:59640] AH01102: error reading status line from remote server 172.22.1.47:80, referer: http://190.27.245.106/forest/usutareas.do?_a=0.47042913820201737&group_system_actual=3
[Thu Jan 15 14:53:33.176558 2015] [proxy:error] [pid 7644:tid 1632] [client 201.245.192.253:59640] AH00898: Error reading from remote server returned by /forest/json.do, referer: http://190.27.245.106/forest/usutareas.do?_a=0.47042913820201737&group_system_actual=3
[Thu Jan 15 14:53:33.176558 2015] [negotiation:error] [pid 7644:tid 1632] [client 201.245.192.253:59640] AH00690: no acceptable variant: E:/nuevo/apache/error/HTTP_BAD_GATEWAY.html.var, referer: http://190.27.245.106/forest/usutareas.do?_a=0.47042913820201737&group_system_actual=3
[Thu Jan 15 15:24:18.706599 2015] [proxy_http:error] [pid 7644:tid 1504] (20014)Internal error: [client 201.245.192.253:52317] AH01102: error reading status line from remote server 172.22.1.47:80
[Thu Jan 15 15:24:18.706599 2015] [proxy:error] [pid 7644:tid 1504] [client 201.245.192.253:52317] AH00898: Error reading from remote server returned by /forest/skins/gdocs-jar/js/graphicForm.js
[Thu Jan 15 15:31:50.546793 2015] [proxy_http:error] [pid 7644:tid 1120] (20014)Internal error: [client 201.245.192.253:50852] AH01102: error reading status line from remote server 172.22.1.47:80, referer: http://190.27.245.106/forest/index2.jsp?a=0.5140978243694211
[Thu Jan 15 15:31:50.546793 2015] [proxy:error] [pid 7644:tid 1120] [client 201.245.192.253:50852] AH00898: Error reading from remote server returned by /forest/session.jsp, referer: http://190.27.245.106/forest/index2.jsp?a=0.5140978243694211
[Thu Jan 15 15:31:50.546793 2015] [negotiation:error] [pid 7644:tid 1120] [client 201.245.192.253:50852] AH00690: no acceptable variant: E:/nuevo/apache/error/HTTP_BAD_GATEWAY.html.var, referer: http://190.27.245.106/forest/index2.jsp?a=0.5140978243694211
[Thu Jan 15 15:31:55.429601 2015] [proxy_http:error] [pid 7644:tid 1120] (20014)Internal error: [client 201.245.192.253:51094] AH01102: error reading status line from remote server 172.22.1.47:80, referer: http://190.27.245.106/forest/usutareas.do?group_system_actual=3&codTraEsc=17285527&_a=0.7725298020239302
[Thu Jan 15 15:31:55.429601 2015] [proxy:error] [pid 7644:tid 1120] [client 201.245.192.253:51094] AH00898: Error reading from remote server returned by /forest/session.jsp, referer: http://190.27.245.106/forest/usutareas.do?group_system_actual=3&codTraEsc=17285527&_a=0.7725298020239302
[Thu Jan 15 15:31:55.429601 2015] [negotiation:error] [pid 7644:tid 1120] [client 201.245.192.253:51094] AH00690: no acceptable variant: E:/nuevo/apache/error/HTTP_BAD_GATEWAY.html.var, referer: http://190.27.245.106/forest/usutareas.do?group_system_actual=3&codTraEsc=17285527&_a=0.7725298020239302
[Thu Jan 15 15:32:06.926822 2015] [proxy_http:error] [pid 7644:tid 1616] (20014)Internal error: [client 186.155.125.127:16552] AH01102: error reading status line from remote server 172.22.1.47:80, referer: http://190.27.245.106/forest/usutareas.do?group_system_actual=3&codTraEsc=17277943&_a=0.4112700872767344
[Thu Jan 15 15:45:00.797381 2015] [proxy_http:error] [pid 7644:tid 1152] (20014)Internal error: [client 201.245.192.253:50397] AH01102: error reading status line from remote server 172.22.1.47:80, referer: http://190.27.245.106/forest/usutareas.do?group_system_actual=3&codTraEsc=17285774&_a=0.6005744093910217
[Thu Jan 15 15:45:00.797381 2015] [proxy:error] [pid 7644:tid 1152] [client 201.245.192.253:50397] AH00898: Error reading from remote server returned by /forest/usutareas.do, referer: http://190.27.245.106/forest/usutareas.do?group_system_actual=3&codTraEsc=17285774&_a=0.6005744093910217
[Thu Jan 15 15:50:20.083142 2015] [mpm_winnt:warn] [pid 7644:tid 3196] (OS 64)The specified network name is no longer available.  : AH00341: winnt_accept: Asynchronous AcceptEx failed.
[Thu Jan 15 15:50:45.089986 2015] [mpm_winnt:warn] [pid 7644:tid 3196] (OS 64)The specified network name is no longer available.  : AH00341: winnt_accept: Asynchronous AcceptEx failed.
[Thu Jan 15 15:52:10.890136 2015] [negotiation:error] [pid 7644:tid 1076] [client 200.75.48.35:54943] AH00690: no acceptable variant: E:/nuevo/apache/error/HTTP_NOT_FOUND.html.var, referer: http://190.27.245.106/stormWeb/infReportadaEnt.jsp
[Thu Jan 15 15:54:37.280793 2015] [proxy_http:error] [pid 7644:tid 1452] (20014)Internal error: [client 201.245.192.253:54452] AH01102: error reading status line from remote server 172.22.1.47:80, referer: http://190.27.245.106/forest/usutareas.do?_a=0.084062669188111&group_system_actual=3
[Thu Jan 15 16:01:55.922364 2015] [mpm_winnt:warn] [pid 7644:tid 3196] (OS 64)The specified network name is no longer available.  : AH00341: winnt_accept: Asynchronous AcceptEx failed.
[Thu Jan 15 16:02:20.960408 2015] [mpm_winnt:warn] [pid 7644:tid 3196] (OS 64)The specified network name is no longer available.  : AH00341: winnt_accept: Asynchronous AcceptEx failed.
[Thu Jan 15 16:18:12.780480 2015] [mpm_winnt:warn] [pid 7644:tid 3196] (OS 64)The specified network name is no longer available.  : AH00341: winnt_accept: Asynchronous AcceptEx failed.
[Thu Jan 15 16:31:17.447258 2015] [proxy_http:error] [pid 7644:tid 1220] (20014)Internal error: [client 186.155.125.127:16942] AH01102: error reading status line from remote server 172.22.1.47:80, referer: http://190.27.245.106/forest/usutareas.do?group_system_actual=3&codTraEsc=17277943&_a=0.4112700872767344
