!C99Shell v. 1.0 pre-release build #13!

Software: Apache. PHP/5.5.15 

uname -a: Windows NT SVR-DMZ 6.1 build 7600 (Windows Server 2008 R2 Enterprise Edition) i586 

SYSTEM 

Safe-mode: OFF (not secure)

E:\nuevo\apache\logs\   drwxrwxrwx
Free 5.02 GB of 239.26 GB (2.1%)
Detected drives: [ a ] [ c ] [ d ] [ e ] [ f ]
Home    Back    Forward    UPDIR    Refresh    Search    Buffer    Encoder    Tools    Proc.    FTP brute    Sec.    SQL    PHP-code    Update    Feedback    Self remove    Logout    


Viewing file:     error.2015.01.16.log (39.67 KB)      -rw-rw-rw-
Select action/file-type:
(+) | (+) | (+) | Code (+) | Session (+) | (+) | SDB (+) | (+) | (+) | (+) | (+) | (+) |
[Fri Jan 16 00:15:51.100616 2015] [mpm_winnt:warn] [pid 7644:tid 3196] (OS 64)The specified network name is no longer available.  : AH00341: winnt_accept: Asynchronous AcceptEx failed.
[Fri Jan 16 00:16:16.091860 2015] [mpm_winnt:warn] [pid 7644:tid 3196] (OS 64)The specified network name is no longer available.  : AH00341: winnt_accept: Asynchronous AcceptEx failed.
[Fri Jan 16 00:16:37.385897 2015] [mpm_winnt:warn] [pid 7644:tid 3196] (OS 64)The specified network name is no longer available.  : AH00341: winnt_accept: Asynchronous AcceptEx failed.
[Fri Jan 16 00:17:02.377141 2015] [mpm_winnt:warn] [pid 7644:tid 3196] (OS 64)The specified network name is no longer available.  : AH00341: winnt_accept: Asynchronous AcceptEx failed.
[Fri Jan 16 00:38:30.129203 2015] [proxy_http:error] [pid 7644:tid 1140] (20014)Internal error: [client 190.66.68.188:51363] AH01102: error reading status line from remote server 172.22.1.47:80, referer: http://190.27.245.106/forest/index2.jsp?_a=0.47906260168713477
[Fri Jan 16 00:43:21.865315 2015] [mpm_winnt:warn] [pid 7644:tid 3196] (OS 64)The specified network name is no longer available.  : AH00341: winnt_accept: Asynchronous AcceptEx failed.
[Fri Jan 16 00:43:46.887759 2015] [mpm_winnt:warn] [pid 7644:tid 3196] (OS 64)The specified network name is no longer available.  : AH00341: winnt_accept: Asynchronous AcceptEx failed.
[Fri Jan 16 01:36:54.099157 2015] [mpm_winnt:warn] [pid 7644:tid 3196] (OS 64)The specified network name is no longer available.  : AH00341: winnt_accept: Asynchronous AcceptEx failed.
[Fri Jan 16 01:37:19.106001 2015] [mpm_winnt:warn] [pid 7644:tid 3196] (OS 64)The specified network name is no longer available.  : AH00341: winnt_accept: Asynchronous AcceptEx failed.
[Fri Jan 16 01:38:17.715304 2015] [mpm_winnt:warn] [pid 7644:tid 3196] (OS 64)The specified network name is no longer available.  : AH00341: winnt_accept: Asynchronous AcceptEx failed.
[Fri Jan 16 01:38:42.722148 2015] [mpm_winnt:warn] [pid 7644:tid 3196] (OS 64)The specified network name is no longer available.  : AH00341: winnt_accept: Asynchronous AcceptEx failed.
[Fri Jan 16 02:25:27.327274 2015] [mpm_winnt:warn] [pid 7644:tid 3196] (OS 64)The specified network name is no longer available.  : AH00341: winnt_accept: Asynchronous AcceptEx failed.
[Fri Jan 16 02:59:00.464010 2015] [mpm_winnt:warn] [pid 7644:tid 3196] (OS 64)The specified network name is no longer available.  : AH00341: winnt_accept: Asynchronous AcceptEx failed.
[Fri Jan 16 02:59:25.455254 2015] [mpm_winnt:warn] [pid 7644:tid 3196] (OS 64)The specified network name is no longer available.  : AH00341: winnt_accept: Asynchronous AcceptEx failed.
[Fri Jan 16 03:11:03.743680 2015] [mpm_winnt:warn] [pid 7644:tid 3196] (OS 64)The specified network name is no longer available.  : AH00341: winnt_accept: Asynchronous AcceptEx failed.
[Fri Jan 16 03:11:28.703724 2015] [mpm_winnt:warn] [pid 7644:tid 3196] (OS 64)The specified network name is no longer available.  : AH00341: winnt_accept: Asynchronous AcceptEx failed.
[Fri Jan 16 03:43:34.746507 2015] [mpm_winnt:warn] [pid 7644:tid 3196] (OS 64)The specified network name is no longer available.  : AH00341: winnt_accept: Asynchronous AcceptEx failed.
[Fri Jan 16 03:43:59.753351 2015] [mpm_winnt:warn] [pid 7644:tid 3196] (OS 64)The specified network name is no longer available.  : AH00341: winnt_accept: Asynchronous AcceptEx failed.
[Fri Jan 16 04:30:18.446832 2015] [mpm_winnt:warn] [pid 7644:tid 3196] (OS 64)The specified network name is no longer available.  : AH00341: winnt_accept: Asynchronous AcceptEx failed.
[Fri Jan 16 04:30:43.453676 2015] [mpm_winnt:warn] [pid 7644:tid 3196] (OS 64)The specified network name is no longer available.  : AH00341: winnt_accept: Asynchronous AcceptEx failed.
[Fri Jan 16 04:53:55.178920 2015] [mpm_winnt:warn] [pid 7644:tid 3196] (OS 64)The specified network name is no longer available.  : AH00341: winnt_accept: Asynchronous AcceptEx failed.
[Fri Jan 16 04:54:20.185764 2015] [mpm_winnt:warn] [pid 7644:tid 3196] (OS 64)The specified network name is no longer available.  : AH00341: winnt_accept: Asynchronous AcceptEx failed.
[Fri Jan 16 05:33:37.912505 2015] [mpm_winnt:warn] [pid 7644:tid 3196] (OS 64)The specified network name is no longer available.  : AH00341: winnt_accept: Asynchronous AcceptEx failed.
[Fri Jan 16 05:34:02.934949 2015] [mpm_winnt:warn] [pid 7644:tid 3196] (OS 64)The specified network name is no longer available.  : AH00341: winnt_accept: Asynchronous AcceptEx failed.
[Fri Jan 16 05:35:29.405901 2015] [mpm_winnt:warn] [pid 7644:tid 3196] (OS 64)The specified network name is no longer available.  : AH00341: winnt_accept: Asynchronous AcceptEx failed.
[Fri Jan 16 05:35:54.397145 2015] [mpm_winnt:warn] [pid 7644:tid 3196] (OS 64)The specified network name is no longer available.  : AH00341: winnt_accept: Asynchronous AcceptEx failed.
[Fri Jan 16 06:05:42.457685 2015] [mpm_winnt:warn] [pid 7644:tid 3196] (OS 64)The specified network name is no longer available.  : AH00341: winnt_accept: Asynchronous AcceptEx failed.
[Fri Jan 16 06:06:07.464529 2015] [mpm_winnt:warn] [pid 7644:tid 3196] (OS 64)The specified network name is no longer available.  : AH00341: winnt_accept: Asynchronous AcceptEx failed.
[Fri Jan 16 06:06:27.448164 2015] [mpm_winnt:warn] [pid 7644:tid 3196] (OS 64)The specified network name is no longer available.  : AH00341: winnt_accept: Asynchronous AcceptEx failed.
[Fri Jan 16 06:06:52.439408 2015] [mpm_winnt:warn] [pid 7644:tid 3196] (OS 64)The specified network name is no longer available.  : AH00341: winnt_accept: Asynchronous AcceptEx failed.
[Fri Jan 16 06:11:23.552285 2015] [:error] [pid 7644:tid 1220] [client 193.104.41.59:36359] script 'E:/nuevo/htdocs/wp-login.php' not found or unable to stat
[Fri Jan 16 06:59:06.064712 2015] [mpm_winnt:warn] [pid 7644:tid 3196] (OS 64)The specified network name is no longer available.  : AH00341: winnt_accept: Asynchronous AcceptEx failed.
[Fri Jan 16 06:59:31.071556 2015] [mpm_winnt:warn] [pid 7644:tid 3196] (OS 64)The specified network name is no longer available.  : AH00341: winnt_accept: Asynchronous AcceptEx failed.
[Fri Jan 16 07:37:19.237540 2015] [proxy_http:error] [pid 7644:tid 1108] (OS 10054)An existing connection was forcibly closed by the remote host.  : [client 190.158.102.179:50813] AH01102: error reading status line from remote server 172.22.1.31:80, referer: http://190.27.245.106/isolucionsda/FrameSetGeneral.asp?Pagina=SucursalSeleccion.asp&CargaPagina=ModuloProcesos&IdModulo=3
[Fri Jan 16 07:37:19.237540 2015] [proxy:error] [pid 7644:tid 1108] [client 190.158.102.179:50813] AH00898: Error reading from remote server returned by /isolucionsda/BarraFavoritos.asp, referer: http://190.27.245.106/isolucionsda/FrameSetGeneral.asp?Pagina=SucursalSeleccion.asp&CargaPagina=ModuloProcesos&IdModulo=3
[Fri Jan 16 07:37:23.621148 2015] [proxy_http:error] [pid 7644:tid 1108] (OS 10054)An existing connection was forcibly closed by the remote host.  : [client 190.158.102.179:50813] AH01102: error reading status line from remote server 172.22.1.31:80, referer: http://190.27.245.106/isolucionsda/FrameSetGeneral.asp?Pagina=ListadoMaestroDocumentos3.asp
[Fri Jan 16 08:35:25.454663 2015] [proxy_http:error] [pid 7644:tid 1608] (OS 10054)An existing connection was forcibly closed by the remote host.  : [client 201.245.192.253:58064] AH01102: error reading status line from remote server 172.22.1.31:80, referer: http://190.27.245.106/isolucionsda/FrameSetGeneral.asp?Pagina=SucursalSeleccion.asp&CargaPagina=ModuloProcesos&IdModulo=3
[Fri Jan 16 08:35:25.454663 2015] [proxy:error] [pid 7644:tid 1608] [client 201.245.192.253:58064] AH00898: Error reading from remote server returned by /isolucionsda/BarraFavoritos.asp, referer: http://190.27.245.106/isolucionsda/FrameSetGeneral.asp?Pagina=SucursalSeleccion.asp&CargaPagina=ModuloProcesos&IdModulo=3
[Fri Jan 16 08:53:33.136374 2015] [mpm_winnt:warn] [pid 7644:tid 3196] (OS 64)The specified network name is no longer available.  : AH00341: winnt_accept: Asynchronous AcceptEx failed.
[Fri Jan 16 09:22:19.685006 2015] [proxy_http:error] [pid 7644:tid 1140] (OS 10054)An existing connection was forcibly closed by the remote host.  : [client 201.245.192.253:52140] AH01102: error reading status line from remote server 172.22.1.31:80, referer: http://190.27.245.106/isolucionsda/FrameSetGeneral.asp?Pagina=Menu.asp&IdModulo=4
[Fri Jan 16 09:22:19.685006 2015] [proxy:error] [pid 7644:tid 1140] [client 201.245.192.253:52140] AH00898: Error reading from remote server returned by /isolucionsda/Menu.asp, referer: http://190.27.245.106/isolucionsda/FrameSetGeneral.asp?Pagina=Menu.asp&IdModulo=4
[Fri Jan 16 09:28:37.798470 2015] [proxy_http:error] [pid 7644:tid 1452] (OS 10054)An existing connection was forcibly closed by the remote host.  : [client 201.245.192.253:47640] AH01102: error reading status line from remote server 172.22.1.31:80, referer: http://www.ambientebogota.gov.co/web/intranet/aplicaciones-para-acceder-fuera-de-la-sda
[Fri Jan 16 09:28:37.798470 2015] [proxy:error] [pid 7644:tid 1452] [client 201.245.192.253:47640] AH00898: Error reading from remote server returned by /isolucionsda/, referer: http://www.ambientebogota.gov.co/web/intranet/aplicaciones-para-acceder-fuera-de-la-sda
[Fri Jan 16 09:39:24.249006 2015] [proxy_http:error] [pid 7644:tid 1116] (OS 10054)An existing connection was forcibly closed by the remote host.  : [client 201.245.192.253:59366] AH01102: error reading status line from remote server 172.22.1.31:80, referer: http://190.27.245.106/isolucionsda/FrameSetGeneral.asp?Pagina=Menu.asp&IdModulo=17
[Fri Jan 16 09:39:24.249006 2015] [proxy:error] [pid 7644:tid 1116] [client 201.245.192.253:59366] AH00898: Error reading from remote server returned by /isolucionsda/Menu.asp, referer: http://190.27.245.106/isolucionsda/FrameSetGeneral.asp?Pagina=Menu.asp&IdModulo=17
[Fri Jan 16 10:10:27.672279 2015] [proxy_http:error] [pid 7644:tid 1212] (OS 10054)An existing connection was forcibly closed by the remote host.  : [client 201.245.192.253:47536] AH01102: error reading status line from remote server 172.22.1.31:80
[Fri Jan 16 10:10:27.672279 2015] [proxy:error] [pid 7644:tid 1212] [client 201.245.192.253:47536] AH00898: Error reading from remote server returned by /isolucionsda/Session.asp
[Fri Jan 16 10:24:53.317799 2015] [proxy_http:error] [pid 7644:tid 1872] (OS 10054)An existing connection was forcibly closed by the remote host.  : [client 201.245.192.253:56644] AH01102: error reading status line from remote server 172.22.1.31:80, referer: http://190.27.245.106/isolucionsda/FrameSetGeneral.asp?Pagina1=FrameSetGeneral.asp&
[Fri Jan 16 10:24:53.317799 2015] [proxy:error] [pid 7644:tid 1872] [client 201.245.192.253:56644] AH00898: Error reading from remote server returned by /isolucionsda/BarraTitulos.asp, referer: http://190.27.245.106/isolucionsda/FrameSetGeneral.asp?Pagina1=FrameSetGeneral.asp&
[Fri Jan 16 10:35:36.617129 2015] [proxy_http:error] [pid 7644:tid 1336] (20014)Internal error: [client 201.245.192.253:55604] AH01102: error reading status line from remote server 172.22.1.47:80
[Fri Jan 16 10:35:36.617129 2015] [proxy:error] [pid 7644:tid 1336] [client 201.245.192.253:55604] AH00898: Error reading from remote server returned by /forest/1ibre/protoaculous.js
[Fri Jan 16 10:35:37.958732 2015] [proxy_http:error] [pid 7644:tid 1220] (20014)Internal error: [client 201.245.192.253:55650] AH01102: error reading status line from remote server 172.22.1.47:80
[Fri Jan 16 10:35:37.958732 2015] [proxy:error] [pid 7644:tid 1220] [client 201.245.192.253:55650] AH00898: Error reading from remote server returned by /forest/1ibre/1ibre.js
[Fri Jan 16 10:39:02.147490 2015] [proxy_http:error] [pid 7644:tid 1128] (20014)Internal error: [client 201.245.192.253:53273] AH01102: error reading status line from remote server 172.22.1.47:80, referer: http://190.27.245.106/forest/reportes.do?group_system_actual=5&menu=1&tab=3
[Fri Jan 16 10:39:02.147490 2015] [proxy:error] [pid 7644:tid 1128] [client 201.245.192.253:53273] AH00898: Error reading from remote server returned by /forest/parameter, referer: http://190.27.245.106/forest/reportes.do?group_system_actual=5&menu=1&tab=3
[Fri Jan 16 10:42:34.027062 2015] [proxy_http:error] [pid 7644:tid 1212] (20014)Internal error: [client 201.245.192.253:50769] AH01102: error reading status line from remote server 172.22.1.47:80, referer: http://190.27.245.106/forest/buscar.do?type=procesos
[Fri Jan 16 10:44:01.839617 2015] [proxy_http:error] [pid 7644:tid 1600] (20014)Internal error: [client 201.245.192.253:55480] AH01102: error reading status line from remote server 172.22.1.47:80, referer: http://190.27.245.106/forest/
[Fri Jan 16 10:49:14.526566 2015] [proxy_http:error] [pid 7644:tid 1304] (20014)Internal error: [client 201.245.192.253:58694] AH01102: error reading status line from remote server 172.22.1.47:80, referer: http://190.27.245.106/forest/misactividades.do?group_system_actual=3&codPro=176&_a=0.1876442540251071
[Fri Jan 16 10:50:48.984732 2015] [proxy_http:error] [pid 7644:tid 1688] (20014)Internal error: [client 201.245.192.253:51998] AH01102: error reading status line from remote server 172.22.1.47:80, referer: http://190.27.245.106/forest/index2.jsp?a=0.9667807321600888
[Fri Jan 16 10:53:06.592573 2015] [proxy_http:error] [pid 7644:tid 1668] (20014)Internal error: [client 201.245.192.253:59909] AH01102: error reading status line from remote server 172.22.1.47:80, referer: http://190.27.245.106/forest/buscar.do
[Fri Jan 16 10:53:35.717825 2015] [proxy_http:error] [pid 7644:tid 1688] (20014)Internal error: [client 201.245.192.253:49440] AH01102: error reading status line from remote server 172.22.1.47:80, referer: http://190.27.245.106/forest/reportes.do?menu=1&group_system_actual=5
[Fri Jan 16 10:53:53.205455 2015] [proxy_http:error] [pid 7644:tid 1688] (20014)Internal error: [client 201.245.192.253:50840] AH01102: error reading status line from remote server 172.22.1.47:80, referer: http://190.27.245.106/forest/usutareas.do?group_system_actual=3&a=0.663517797132954
[Fri Jan 16 10:53:53.205455 2015] [proxy:error] [pid 7644:tid 1688] [client 201.245.192.253:50840] AH00898: Error reading from remote server returned by /forest/usutareas.do, referer: http://190.27.245.106/forest/usutareas.do?group_system_actual=3&a=0.663517797132954
[Fri Jan 16 10:54:58.694370 2015] [proxy_http:error] [pid 7644:tid 1872] (20014)Internal error: [client 201.245.192.253:54627] AH01102: error reading status line from remote server 172.22.1.47:80, referer: http://190.27.245.106/forest/reportes.do?menu=1&group_system_actual=5
[Fri Jan 16 10:55:50.346061 2015] [proxy_http:error] [pid 7644:tid 1552] (20014)Internal error: [client 201.245.192.253:57953] AH01102: error reading status line from remote server 172.22.1.47:80, referer: http://190.27.245.106/forest/reportes.do?menu=1&group_system_actual=5
[Fri Jan 16 10:56:34.197738 2015] [proxy_http:error] [pid 7644:tid 1608] (20014)Internal error: [client 201.245.192.253:48052] AH01102: error reading status line from remote server 172.22.1.47:80
[Fri Jan 16 10:56:34.197738 2015] [proxy:error] [pid 7644:tid 1608] [client 201.245.192.253:48052] AH00898: Error reading from remote server returned by /forest/img/forestIcon.gif
[Fri Jan 16 11:00:58.025402 2015] [proxy_http:error] [pid 7644:tid 1416] (20014)Internal error: [client 201.245.192.253:50848] AH01102: error reading status line from remote server 172.22.1.47:80, referer: http://190.27.245.106/forest/index2.jsp?a=0.9955947141667226
[Fri Jan 16 11:03:13.730040 2015] [proxy_http:error] [pid 7644:tid 1416] (20014)Internal error: [client 201.245.192.253:57260] AH01102: error reading status line from remote server 172.22.1.47:80, referer: http://190.27.245.106/forest/usutareas.do?_a=0.5929765090764173&group_system_actual=3
[Fri Jan 16 11:03:13.730040 2015] [proxy:error] [pid 7644:tid 1416] [client 201.245.192.253:57260] AH00898: Error reading from remote server returned by /forest/json.do, referer: http://190.27.245.106/forest/usutareas.do?_a=0.5929765090764173&group_system_actual=3
[Fri Jan 16 11:03:13.730040 2015] [negotiation:error] [pid 7644:tid 1416] [client 201.245.192.253:57260] AH00690: no acceptable variant: E:/nuevo/apache/error/HTTP_BAD_GATEWAY.html.var, referer: http://190.27.245.106/forest/usutareas.do?_a=0.5929765090764173&group_system_actual=3
[Fri Jan 16 11:03:14.166841 2015] [proxy_http:error] [pid 7644:tid 1856] (20014)Internal error: [client 201.245.192.253:57248] AH01102: error reading status line from remote server 172.22.1.47:80, referer: http://190.27.245.106/forest/usutareas.do?_a=0.5929765090764173&group_system_actual=3
[Fri Jan 16 11:03:14.572441 2015] [proxy_http:error] [pid 7644:tid 1856] (20014)Internal error: [client 201.245.192.253:57263] AH01102: error reading status line from remote server 172.22.1.47:80, referer: http://190.27.245.106/forest/usutareas.do?_a=0.5929765090764173&group_system_actual=3
[Fri Jan 16 11:03:14.572441 2015] [proxy:error] [pid 7644:tid 1856] [client 201.245.192.253:57263] AH00898: Error reading from remote server returned by /forest/json.do, referer: http://190.27.245.106/forest/usutareas.do?_a=0.5929765090764173&group_system_actual=3
[Fri Jan 16 11:03:14.572441 2015] [negotiation:error] [pid 7644:tid 1856] [client 201.245.192.253:57263] AH00690: no acceptable variant: E:/nuevo/apache/error/HTTP_BAD_GATEWAY.html.var, referer: http://190.27.245.106/forest/usutareas.do?_a=0.5929765090764173&group_system_actual=3
[Fri Jan 16 11:07:40.443708 2015] [:error] [pid 7644:tid 1312] [client 79.176.57.251:62316] script 'E:/nuevo/htdocs/xmlrpc.php' not found or unable to stat
[Fri Jan 16 11:08:42.843818 2015] [proxy_http:error] [pid 7644:tid 1524] (20014)Internal error: [client 201.245.192.253:51261] AH01102: error reading status line from remote server 172.22.1.47:80, referer: http://190.27.245.106/forest/buscar.do?type=documentos
[Fri Jan 16 11:10:01.499156 2015] [proxy_http:error] [pid 7644:tid 1524] (20014)Internal error: [client 201.245.192.253:56136] AH01102: error reading status line from remote server 172.22.1.47:80, referer: http://190.27.245.106/forest/index2.jsp?a=0.733576050503009
[Fri Jan 16 11:10:01.499156 2015] [proxy:error] [pid 7644:tid 1524] [client 201.245.192.253:56136] AH00898: Error reading from remote server returned by /forest/skins/gdocs-jar/css/menu.css, referer: http://190.27.245.106/forest/index2.jsp?a=0.733576050503009
[Fri Jan 16 11:10:01.499156 2015] [negotiation:error] [pid 7644:tid 1524] [client 201.245.192.253:56136] AH00690: no acceptable variant: E:/nuevo/apache/error/HTTP_BAD_GATEWAY.html.var, referer: http://190.27.245.106/forest/index2.jsp?a=0.733576050503009
[Fri Jan 16 11:10:32.948811 2015] [proxy_http:error] [pid 7644:tid 1600] (20014)Internal error: [client 201.245.192.253:57975] AH01102: error reading status line from remote server 172.22.1.47:80, referer: http://190.27.245.106/forest/frameset?
[Fri Jan 16 11:10:40.374424 2015] [proxy_http:error] [pid 7644:tid 1864] (20014)Internal error: [client 201.245.192.253:58422] AH01102: error reading status line from remote server 172.22.1.47:80, referer: http://190.27.245.106/forest/index2.jsp?a=0.3249172689982873
[Fri Jan 16 11:13:27.731518 2015] [core:error] [pid 7644:tid 1092] (22)Invalid argument: [client 180.76.6.146:6555] AH00127: Cannot map GET /Autoliquidacion/Grupo%20Forestal%20-%20Silvicultura/Solicitud%20y%20lista%20de%20chequeo%20Evaluaci%F3n%20Silvicultural.xlsx HTTP/1.1 to file
[Fri Jan 16 11:15:04.030487 2015] [proxy_http:error] [pid 7644:tid 1416] (20014)Internal error: [client 201.245.192.253:50338] AH01102: error reading status line from remote server 172.22.1.47:80
[Fri Jan 16 11:15:04.030487 2015] [proxy:error] [pid 7644:tid 1416] [client 201.245.192.253:50338] AH00898: Error reading from remote server returned by /forest/skins/gdocs-jar/css/forest.css
[Fri Jan 16 11:17:13.089514 2015] [proxy_http:error] [pid 7644:tid 1600] (20014)Internal error: [client 201.245.192.253:56923] AH01102: error reading status line from remote server 172.22.1.47:80
[Fri Jan 16 11:17:13.089514 2015] [proxy:error] [pid 7644:tid 1600] [client 201.245.192.253:56923] AH00898: Error reading from remote server returned by /forest/skins/gdocs-jar/js/xml_utilities.js
[Fri Jan 16 11:17:59.187595 2015] [proxy_http:error] [pid 7644:tid 1212] (20014)Internal error: [client 201.245.192.253:58872] AH01102: error reading status line from remote server 172.22.1.47:80, referer: http://190.27.245.106/forest/index2.jsp?a=0.694073440318248
[Fri Jan 16 11:25:25.691579 2015] [proxy_http:error] [pid 7644:tid 1084] (20014)Internal error: [client 190.158.102.179:52333] AH01102: error reading status line from remote server 172.22.1.47:80, referer: http://190.27.245.106/forest/index2.jsp?_a=0.8643157004844397
[Fri Jan 16 11:25:25.691579 2015] [proxy:error] [pid 7644:tid 1084] [client 190.158.102.179:52333] AH00898: Error reading from remote server returned by /forest/session.jsp, referer: http://190.27.245.106/forest/index2.jsp?_a=0.8643157004844397
[Fri Jan 16 11:25:25.691579 2015] [negotiation:error] [pid 7644:tid 1084] [client 190.158.102.179:52333] AH00690: no acceptable variant: E:/nuevo/apache/error/HTTP_BAD_GATEWAY.html.var, referer: http://190.27.245.106/forest/index2.jsp?_a=0.8643157004844397
[Fri Jan 16 11:25:43.539011 2015] [:error] [pid 7644:tid 1612] [client 5.11.36.140:34956] script 'E:/nuevo/htdocs/wp-login.php' not found or unable to stat
[Fri Jan 16 11:51:24.088517 2015] [access_compat:error] [pid 7644:tid 1864] [client 93.158.200.40:41461] AH01797: client denied by server configuration: E:/nuevo/htdocs/phpMyAdmin
[Fri Jan 16 11:51:24.462917 2015] [access_compat:error] [pid 7644:tid 1160] [client 93.158.200.40:41751] AH01797: client denied by server configuration: E:/nuevo/phpMyAdmin/scripts
[Fri Jan 16 11:54:04.768799 2015] [proxy_http:error] [pid 7644:tid 1856] (OS 10054)An existing connection was forcibly closed by the remote host.  : [client 190.27.199.123:31506] AH01102: error reading status line from remote server 172.22.1.31:80, referer: http://www.ambientebogota.gov.co/web/intranet/aplicaciones-para-acceder-fuera-de-la-sda
[Fri Jan 16 11:54:04.768799 2015] [proxy:error] [pid 7644:tid 1856] [client 190.27.199.123:31506] AH00898: Error reading from remote server returned by /isolucionsda/, referer: http://www.ambientebogota.gov.co/web/intranet/aplicaciones-para-acceder-fuera-de-la-sda
[Fri Jan 16 12:41:09.341960 2015] [proxy_http:error] [pid 7644:tid 1140] (20014)Internal error: [client 201.245.192.253:57733] AH01102: error reading status line from remote server 172.22.1.47:80
[Fri Jan 16 12:41:09.341960 2015] [proxy:error] [pid 7644:tid 1140] [client 201.245.192.253:57733] AH00898: Error reading from remote server returned by /forest/1ibre/jscalendar/calendar.js
[Fri Jan 16 12:42:38.574117 2015] [proxy_http:error] [pid 7644:tid 1092] (20014)Internal error: [client 201.245.192.253:49128] AH01102: error reading status line from remote server 172.22.1.47:80, referer: http://190.27.245.106/forest/buscar.do?
[Fri Jan 16 12:45:56.413664 2015] [proxy_http:error] [pid 7644:tid 1312] (20014)Internal error: [client 201.245.192.253:57065] AH01102: error reading status line from remote server 172.22.1.47:80
[Fri Jan 16 12:45:56.413664 2015] [proxy:error] [pid 7644:tid 1312] [client 201.245.192.253:57065] AH00898: Error reading from remote server returned by /forest/1ibre/jscalendar/calendar-setup.js
[Fri Jan 16 12:47:35.099437 2015] [proxy_http:error] [pid 7644:tid 1732] (20014)Internal error: [client 201.245.192.253:47653] AH01102: error reading status line from remote server 172.22.1.47:80, referer: http://190.27.245.106/forest/usutareas.do?group_system_actual=3&codAct=1477&numPro=2920886&codPro=134&fecTra=2014-12-30%2017:35:08.0&codInst=2952886&codTraEsc=17216925
[Fri Jan 16 12:55:24.083061 2015] [proxy_http:error] [pid 7644:tid 1856] (20014)Internal error: [client 201.245.192.253:51836] AH01102: error reading status line from remote server 172.22.1.47:80, referer: http://190.27.245.106/forest/usutareas.do?group_system_actual=3&codAct=1477&numPro=2956719&codPro=134&fecTra=2014-12-30%2016:42:38.0&codInst=2990423&codTraEsc=17216441
[Fri Jan 16 13:59:27.884013 2015] [proxy_http:error] [pid 7644:tid 1524] (OS 10054)An existing connection was forcibly closed by the remote host.  : [client 201.245.192.253:53728] AH01102: error reading status line from remote server 172.22.1.31:80, referer: http://190.27.245.106/isolucionsda/DetalleTareas.aspx?Number=69665154525052574568
[Fri Jan 16 14:02:08.923095 2015] [mpm_winnt:warn] [pid 7644:tid 3196] (OS 64)The specified network name is no longer available.  : AH00341: winnt_accept: Asynchronous AcceptEx failed.
[Fri Jan 16 14:09:48.655903 2015] [proxy_http:error] [pid 7644:tid 1452] (OS 10054)An existing connection was forcibly closed by the remote host.  : [client 201.245.192.253:57516] AH01102: error reading status line from remote server 172.22.1.31:80, referer: http://190.27.245.106/isolucionsda/FramesetArticulo.asp?Pagina=BancoConocimiento%2FI%2FIngresoyOrganizaciondelaDocumentacionalArchivoCentral%5Fv5%2FIngresoyOrganizaciondelaDocumentacionalArchivoCentral%5Fv5%2Easp&IdArticulo=5154
[Fri Jan 16 14:09:48.655903 2015] [proxy:error] [pid 7644:tid 1452] [client 201.245.192.253:57516] AH00898: Error reading from remote server returned by /isolucionsda/Arriba.asp, referer: http://190.27.245.106/isolucionsda/FramesetArticulo.asp?Pagina=BancoConocimiento%2FI%2FIngresoyOrganizaciondelaDocumentacionalArchivoCentral%5Fv5%2FIngresoyOrganizaciondelaDocumentacionalArchivoCentral%5Fv5%2Easp&IdArticulo=5154
[Fri Jan 16 14:15:13.043873 2015] [proxy_http:error] [pid 7644:tid 1596] (20014)Internal error: [client 201.245.192.253:50640] AH01102: error reading status line from remote server 172.22.1.47:80, referer: http://190.27.245.106/forest/buscar.do?type=procesos
[Fri Jan 16 14:15:13.043873 2015] [proxy:error] [pid 7644:tid 1596] [client 201.245.192.253:50640] AH00898: Error reading from remote server returned by /forest/1ibre/jscalendar/calendar.js, referer: http://190.27.245.106/forest/buscar.do?type=procesos
[Fri Jan 16 14:25:04.550112 2015] [proxy_http:error] [pid 7644:tid 1596] (OS 10054)An existing connection was forcibly closed by the remote host.  : [client 201.245.192.253:52402] AH01102: error reading status line from remote server 172.22.1.31:80, referer: http://190.27.245.106/isolucionsda/FrameSetGeneral.asp?Pagina1=FrameSetGeneral.asp&
[Fri Jan 16 14:25:04.550112 2015] [proxy:error] [pid 7644:tid 1596] [client 201.245.192.253:52402] AH00898: Error reading from remote server returned by /isolucionsda/BarraTitulos.asp, referer: http://190.27.245.106/isolucionsda/FrameSetGeneral.asp?Pagina1=FrameSetGeneral.asp&
[Fri Jan 16 14:33:16.840176 2015] [proxy_http:error] [pid 7644:tid 1596] (20014)Internal error: [client 181.50.92.73:62493] AH01102: error reading status line from remote server 172.22.1.47:80, referer: http://190.27.245.106/forest/index2.jsp?_a=0.9304022630676627
[Fri Jan 16 14:43:18.096432 2015] [proxy_http:error] [pid 7644:tid 1128] (20014)Internal error: [client 181.50.92.73:62633] AH01102: error reading status line from remote server 172.22.1.47:80, referer: http://190.27.245.106/forest/usutareas.do?group_system_actual=3&codTraEsc=17293254&_a=0.6470445722059591
[Fri Jan 16 14:56:41.513443 2015] [proxy_http:error] [pid 7644:tid 1212] (20014)Internal error: [client 190.84.185.167:57661] AH01102: error reading status line from remote server 172.22.1.47:80, referer: http://190.27.245.106/forest/usutareas.do?group_system_actual=3&codTraEsc=17254184&_a=0.6365367949883238
[Fri Jan 16 14:56:41.778644 2015] [proxy_http:error] [pid 7644:tid 1312] (20014)Internal error: [client 190.84.185.167:57658] AH01102: error reading status line from remote server 172.22.1.47:80, referer: http://190.27.245.106/forest/usutareas.do?group_system_actual=3&codTraEsc=17254184&_a=0.6365367949883238
[Fri Jan 16 14:58:01.775584 2015] [proxy_http:error] [pid 7644:tid 1108] (20014)Internal error: [client 181.50.92.73:62917] AH01102: error reading status line from remote server 172.22.1.47:80, referer: http://190.27.245.106/forest/usutareas.do?group_system_actual=3&codTraEsc=17236931&_a=0.19634353651003067
[Fri Jan 16 15:02:11.329223 2015] [proxy_http:error] [pid 7644:tid 1276] (20014)Internal error: [client 201.245.192.253:52871] AH01102: error reading status line from remote server 172.22.1.47:80
[Fri Jan 16 15:02:11.329223 2015] [proxy:error] [pid 7644:tid 1276] [client 201.245.192.253:52871] AH00898: Error reading from remote server returned by /forest/1ibre/1ibre.css
[Fri Jan 16 15:02:26.492449 2015] [proxy_http:error] [pid 7644:tid 1496] (20014)Internal error: [client 201.245.192.253:53737] AH01102: error reading status line from remote server 172.22.1.47:80, referer: http://190.27.245.106/forest/usutareas.do?codTraEsc=17272041
[Fri Jan 16 15:02:33.294061 2015] [proxy_http:error] [pid 7644:tid 1160] (20014)Internal error: [client 201.245.192.253:54327] AH01102: error reading status line from remote server 172.22.1.47:80
[Fri Jan 16 15:02:33.294061 2015] [proxy:error] [pid 7644:tid 1160] [client 201.245.192.253:54327] AH00898: Error reading from remote server returned by /forestReports/webcontent/birt/admin/img/popup/close.gif
[Fri Jan 16 15:02:45.524483 2015] [proxy_http:error] [pid 7644:tid 1516] (20014)Internal error: [client 201.245.192.253:55186] AH01102: error reading status line from remote server 172.22.1.47:80
[Fri Jan 16 15:02:45.524483 2015] [proxy:error] [pid 7644:tid 1516] [client 201.245.192.253:55186] AH00898: Error reading from remote server returned by /forestReports/webcontent/birt/images/Add.gif
[Fri Jan 16 15:06:04.831433 2015] [proxy_http:error] [pid 7644:tid 1776] (20014)Internal error: [client 172.22.2.1:38757] AH01102: error reading status line from remote server 172.22.1.47:80, referer: http://190.27.245.106/forest/radicacion.do?codMod=80&_a=0.5825746909655983&group_system_actual=4
[Fri Jan 16 15:27:31.490493 2015] [proxy_http:error] [pid 7644:tid 1612] (20014)Internal error: [client 201.245.192.253:50539] AH01102: error reading status line from remote server 172.22.1.47:80
[Fri Jan 16 15:27:31.490493 2015] [proxy:error] [pid 7644:tid 1612] [client 201.245.192.253:50539] AH00898: Error reading from remote server returned by /forest/skins/gdocs-jar/img/icon_document_completed.gif
[Fri Jan 16 15:42:59.270922 2015] [proxy_http:error] [pid 7644:tid 1504] (20014)Internal error: [client 201.245.192.253:53376] AH01102: error reading status line from remote server 172.22.1.47:80
[Fri Jan 16 15:42:59.270922 2015] [proxy:error] [pid 7644:tid 1504] [client 201.245.192.253:53376] AH00898: Error reading from remote server returned by /forestReports/webcontent/birt/ajax/ui/dialog/BirtExceptionDialog.js
[Fri Jan 16 15:45:39.483204 2015] [proxy_http:error] [pid 7644:tid 1192] (20014)Internal error: [client 201.245.192.253:48826] AH01102: error reading status line from remote server 172.22.1.47:80, referer: http://190.27.245.106/forest/frameset?
[Fri Jan 16 15:46:39.012908 2015] [proxy_http:error] [pid 7644:tid 1212] (20014)Internal error: [client 190.158.163.214:49949] AH01102: error reading status line from remote server 172.22.1.47:80, referer: http://190.27.245.106/forest/misactividades.do?group_system_actual=3&codPro=90&_a=0.561582044816686
[Fri Jan 16 15:48:27.308299 2015] [proxy_http:error] [pid 7644:tid 1312] (20014)Internal error: [client 201.245.192.253:57921] AH01102: error reading status line from remote server 172.22.1.47:80
[Fri Jan 16 15:48:27.308299 2015] [proxy:error] [pid 7644:tid 1312] [client 201.245.192.253:57921] AH00898: Error reading from remote server returned by /forest/skins/gdocs-jar/img/icons/doc.gif
[Fri Jan 16 15:52:10.373090 2015] [proxy_http:error] [pid 7644:tid 1092] (OS 10054)An existing connection was forcibly closed by the remote host.  : [client 186.83.244.148:49539] AH01102: error reading status line from remote server 172.22.1.31:80, referer: http://190.27.245.106/isolucionsda/Encabezado.asp?Pagina1=FrameSetGeneral.asp&&Pagina=MagazinHome.asp
[Fri Jan 16 15:53:14.832404 2015] [proxy_http:error] [pid 7644:tid 1596] (20014)Internal error: [client 201.245.192.253:49502] AH01102: error reading status line from remote server 172.22.1.47:80, referer: http://190.27.245.106/forest/index2.jsp?a=0.3249172689982873
[Fri Jan 16 15:57:10.268017 2015] [proxy_http:error] [pid 7644:tid 1848] (20014)Internal error: [client 201.245.192.253:53481] AH01102: error reading status line from remote server 172.22.1.47:80, referer: http://190.27.245.106/forest/usutareas.do?_a=0.20009541744366288&group_system_actual=3
[Fri Jan 16 15:57:35.602462 2015] [proxy_http:error] [pid 7644:tid 1116] (20014)Internal error: [client 201.245.192.253:55493] AH01102: error reading status line from remote server 172.22.1.47:80
[Fri Jan 16 15:57:35.602462 2015] [proxy:error] [pid 7644:tid 1116] [client 201.245.192.253:55493] AH00898: Error reading from remote server returned by /forest/js/jquery/plugins/jquery.contextmenu.js
[Fri Jan 16 15:57:36.257663 2015] [proxy_http:error] [pid 7644:tid 1192] (20014)Internal error: [client 201.245.192.253:55572] AH01102: error reading status line from remote server 172.22.1.47:80
[Fri Jan 16 15:57:36.257663 2015] [proxy:error] [pid 7644:tid 1192] [client 201.245.192.253:55572] AH00898: Error reading from remote server returned by /forest/img/jquery/ui-bg_glass_85_dfeffc_1x400.png
[Fri Jan 16 15:58:16.178133 2015] [:error] [pid 7644:tid 1152] [client 85.136.200.133:62986] script 'E:/nuevo/htdocs/xmlrpc.php' not found or unable to stat
[Fri Jan 16 16:02:29.133577 2015] [proxy_http:error] [pid 7644:tid 1076] (20014)Internal error: [client 190.84.185.167:57736] AH01102: error reading status line from remote server 172.22.1.47:80, referer: http://190.27.245.106/forest/usutareas.do?group_system_actual=3&codTraEsc=17254184&_a=0.451657107290691
[Fri Jan 16 16:06:00.326748 2015] [proxy_http:error] [pid 7644:tid 1116] (20014)Internal error: [client 201.245.192.253:47905] AH01102: error reading status line from remote server 172.22.1.47:80, referer: http://190.27.245.106/forest/index2.jsp?a=0.8347673173691184
[Fri Jan 16 16:07:15.550080 2015] [proxy_http:error] [pid 7644:tid 1288] (20014)Internal error: [client 201.245.192.253:55410] AH01102: error reading status line from remote server 172.22.1.47:80
[Fri Jan 16 16:07:15.550080 2015] [proxy:error] [pid 7644:tid 1288] [client 201.245.192.253:55410] AH00898: Error reading from remote server returned by /forest/skins/gdocs-jar/js/swfobject.js
[Fri Jan 16 16:15:03.956503 2015] [proxy_http:error] [pid 7644:tid 1624] (20014)Internal error: [client 181.50.92.73:64019] AH01102: error reading status line from remote server 172.22.1.47:80, referer: http://190.27.245.106/forest/usutareas.do?group_system_actual=3&codTraEsc=17293254&_a=0.5329662995552581
[Fri Jan 16 16:15:03.956503 2015] [proxy:error] [pid 7644:tid 1624] [client 181.50.92.73:64019] AH00898: Error reading from remote server returned by /forest/actions/forms.getList, referer: http://190.27.245.106/forest/usutareas.do?group_system_actual=3&codTraEsc=17293254&_a=0.5329662995552581
[Fri Jan 16 16:15:03.956503 2015] [negotiation:error] [pid 7644:tid 1624] [client 181.50.92.73:64019] AH00690: no acceptable variant: E:/nuevo/apache/error/HTTP_BAD_GATEWAY.html.var, referer: http://190.27.245.106/forest/usutareas.do?group_system_actual=3&codTraEsc=17293254&_a=0.5329662995552581
[Fri Jan 16 16:42:19.915776 2015] [proxy_http:error] [pid 7644:tid 1084] (20014)Internal error: [client 201.245.192.253:56222] AH01102: error reading status line from remote server 172.22.1.47:80
[Fri Jan 16 16:42:19.915776 2015] [proxy:error] [pid 7644:tid 1084] [client 201.245.192.253:56222] AH00898: Error reading from remote server returned by /forest/js/sarissa.js
[Fri Jan 16 16:43:16.247475 2015] [proxy_http:error] [pid 7644:tid 1756] (20014)Internal error: [client 201.245.192.253:59428] AH01102: error reading status line from remote server 172.22.1.47:80, referer: http://190.27.245.106/forest/usutareas.do?codTraEsc=17279909
[Fri Jan 16 16:43:16.247475 2015] [proxy:error] [pid 7644:tid 1756] [client 201.245.192.253:59428] AH00898: Error reading from remote server returned by /forest/session.jsp, referer: http://190.27.245.106/forest/usutareas.do?codTraEsc=17279909
[Fri Jan 16 16:43:16.247475 2015] [negotiation:error] [pid 7644:tid 1756] [client 201.245.192.253:59428] AH00690: no acceptable variant: E:/nuevo/apache/error/HTTP_BAD_GATEWAY.html.var, referer: http://190.27.245.106/forest/usutareas.do?codTraEsc=17279909
[Fri Jan 16 16:56:22.006255 2015] [proxy_http:error] [pid 7644:tid 1336] (20014)Internal error: [client 201.245.192.253:53698] AH01102: error reading status line from remote server 172.22.1.47:80, referer: http://190.27.245.106/forest/usutareas.do?group_system_actual=3&a=0.5118808647706493
[Fri Jan 16 17:32:49.270497 2015] [proxy_http:error] [pid 7644:tid 1228] (OS 10054)An existing connection was forcibly closed by the remote host.  : [client 201.244.55.205:28859] AH01102: error reading status line from remote server 172.22.1.31:80, referer: http://190.27.245.106/isolucionsda/Errores/SesionExpirada.asp?
[Fri Jan 16 17:32:49.270497 2015] [proxy:error] [pid 7644:tid 1228] [client 201.244.55.205:28859] AH00898: Error reading from remote server returned by /isolucionsda/ControlDeInicio.asp, referer: http://190.27.245.106/isolucionsda/Errores/SesionExpirada.asp?
[Fri Jan 16 20:04:36.241893 2015] [proxy_http:error] [pid 7644:tid 1752] (70008)Partial results are valid but processing is incomplete: [client 190.66.68.188:49450] AH01110: error reading response, referer: http://190.27.245.106/forest/system/document.jsp?codDoc=1449094
[Fri Jan 16 21:32:22.064342 2015] [cgi:error] [pid 7644:tid 1116] [client 94.228.215.83:42708] script not found or unable to stat: E:/nuevo/cgi-bin/help.cgi
[Fri Jan 16 21:47:29.736336 2015] [proxy_http:error] [pid 7644:tid 1116] (OS 10054)An existing connection was forcibly closed by the remote host.  : [client 181.61.197.193:50523] AH01102: error reading status line from remote server 172.22.1.31:80, referer: http://190.27.245.106/isolucionsda/FrameSetGeneral.asp?Pagina1=FrameSetGeneral.asp&
[Fri Jan 16 21:47:29.736336 2015] [proxy:error] [pid 7644:tid 1116] [client 181.61.197.193:50523] AH00898: Error reading from remote server returned by /isolucionsda/BarraFavoritos.asp, referer: http://190.27.245.106/isolucionsda/FrameSetGeneral.asp?Pagina1=FrameSetGeneral.asp&
[Fri Jan 16 21:47:29.985937 2015] [proxy_http:error] [pid 7644:tid 1600] (OS 10054)An existing connection was forcibly closed by the remote host.  : [client 181.61.197.193:50524] AH01102: error reading status line from remote server 172.22.1.31:80, referer: http://190.27.245.106/isolucionsda/Encabezado.asp?Pagina1=FrameSetGeneral.asp&&Pagina=MagazinHome.asp
[Fri Jan 16 21:47:29.985937 2015] [proxy:error] [pid 7644:tid 1600] [client 181.61.197.193:50524] AH00898: Error reading from remote server returned by /isolucionsda/Session.asp, referer: http://190.27.245.106/isolucionsda/Encabezado.asp?Pagina1=FrameSetGeneral.asp&&Pagina=MagazinHome.asp
[Fri Jan 16 23:09:31.578181 2015] [proxy_http:error] [pid 7644:tid 1456] (OS 10054)An existing connection was forcibly closed by the remote host.  : [client 181.130.206.220:61503] AH01102: error reading status line from remote server 172.22.1.31:80
[Fri Jan 16 23:09:31.578181 2015] [proxy:error] [pid 7644:tid 1456] [client 181.130.206.220:61503] AH00898: Error reading from remote server returned by /isolucionsda/FrameSetGeneral.asp
[Fri Jan 16 23:29:46.009114 2015] [core:error] [pid 7644:tid 1600] (22)Invalid argument: [client 180.76.5.150:33353] AH00127: Cannot map GET /POT-2013/Cartografia/21_Sistema%20General%20para%20la%20Gesti%F3n%20y%20Manejo%20Integral%20de%20Resi.pdf HTTP/1.1 to file
[Fri Jan 16 23:43:49.783396 2015] [mpm_winnt:warn] [pid 7644:tid 3196] (OS 64)The specified network name is no longer available.  : AH00341: winnt_accept: Asynchronous AcceptEx failed.
[Fri Jan 16 23:44:46.052695 2015] [core:error] [pid 7644:tid 1776] (22)Invalid argument: [client 202.46.61.104:6824] AH00127: Cannot map GET /POT-2013/Cartografia/21_Sistema%20General%20para%20la%20Gesti%F3n%20y%20Manejo%20Integral%20de%20Resi.pdf HTTP/1.1 to file

:: Command execute ::

Enter:
 
Select:
 

:: Search ::
regexp 

:: Upload ::
 
[ ok ]

:: Make Dir ::
 
[ ok ]
:: Make File ::
 
[ ok ]

:: Go Dir ::
 
:: Go File ::
 

--[ c99shell v. 1.0 pre-release build #13 powered by Captain Crunch Security Team | http://ccteam.ru | Generation time: 0.0312 ]--