!C99Shell v. 1.0 pre-release build #13!

Software: Apache. PHP/5.5.15 

uname -a: Windows NT SVR-DMZ 6.1 build 7600 (Windows Server 2008 R2 Enterprise Edition) i586 

SYSTEM 

Safe-mode: OFF (not secure)

E:\nuevo\apache\logs\   drwxrwxrwx
Free 5.02 GB of 239.26 GB (2.1%)
Detected drives: [ a ] [ c ] [ d ] [ e ] [ f ]
Home    Back    Forward    UPDIR    Refresh    Search    Buffer    Encoder    Tools    Proc.    FTP brute    Sec.    SQL    PHP-code    Update    Feedback    Self remove    Logout    


Viewing file:     error.2015.01.23.log (98.72 KB)      -rw-rw-rw-
Select action/file-type:
(+) | (+) | (+) | Code (+) | Session (+) | (+) | SDB (+) | (+) | (+) | (+) | (+) | (+) |
[Fri Jan 23 00:40:14.860718 2015] [mpm_winnt:warn] [pid 7644:tid 3196] (OS 64)The specified network name is no longer available.  : AH00341: winnt_accept: Asynchronous AcceptEx failed.
[Fri Jan 23 00:40:39.851962 2015] [mpm_winnt:warn] [pid 7644:tid 3196] (OS 64)The specified network name is no longer available.  : AH00341: winnt_accept: Asynchronous AcceptEx failed.
[Fri Jan 23 01:48:47.417942 2015] [:error] [pid 7644:tid 1848] [client 175.144.215.134:55354] script 'E:/nuevo/htdocs/xmlrpc.php' not found or unable to stat
[Fri Jan 23 02:10:30.847031 2015] [mpm_winnt:warn] [pid 7644:tid 3196] (OS 64)The specified network name is no longer available.  : AH00341: winnt_accept: Asynchronous AcceptEx failed.
[Fri Jan 23 06:28:20.910603 2015] [mpm_winnt:warn] [pid 7644:tid 3196] (OS 64)The specified network name is no longer available.  : AH00341: winnt_accept: Asynchronous AcceptEx failed.
[Fri Jan 23 07:04:43.916037 2015] [proxy_http:error] [pid 7644:tid 1632] (OS 10054)An existing connection was forcibly closed by the remote host.  : [client 201.245.192.253:50216] AH01102: error reading status line from remote server 172.22.1.31:80
[Fri Jan 23 07:04:43.916037 2015] [proxy:error] [pid 7644:tid 1632] [client 201.245.192.253:50216] AH00898: Error reading from remote server returned by /isolucionsda/g/Img_BordeTitulo02.jpg
[Fri Jan 23 07:36:59.037036 2015] [proxy_http:error] [pid 7644:tid 1796] (OS 10054)An existing connection was forcibly closed by the remote host.  : [client 201.245.192.253:54453] AH01102: error reading status line from remote server 172.22.1.31:80
[Fri Jan 23 07:36:59.037036 2015] [proxy:error] [pid 7644:tid 1796] [client 201.245.192.253:54453] AH00898: Error reading from remote server returned by /isolucionsda/
[Fri Jan 23 08:55:32.460515 2015] [mpm_winnt:warn] [pid 7644:tid 3196] (OS 64)The specified network name is no longer available.  : AH00341: winnt_accept: Asynchronous AcceptEx failed.
[Fri Jan 23 08:55:57.482959 2015] [mpm_winnt:warn] [pid 7644:tid 3196] (OS 64)The specified network name is no longer available.  : AH00341: winnt_accept: Asynchronous AcceptEx failed.
[Fri Jan 23 09:05:39.379581 2015] [proxy_http:error] [pid 7644:tid 1192] (OS 10054)An existing connection was forcibly closed by the remote host.  : [client 201.245.192.253:56255] AH01102: error reading status line from remote server 172.22.1.31:80, referer: http://190.27.245.106/isolucionsda/FrameSetGeneral.asp?Pagina1=FrameSetGeneral.asp&
[Fri Jan 23 09:05:39.379581 2015] [proxy:error] [pid 7644:tid 1192] [client 201.245.192.253:56255] AH00898: Error reading from remote server returned by /isolucionsda/BarraFavoritos.asp, referer: http://190.27.245.106/isolucionsda/FrameSetGeneral.asp?Pagina1=FrameSetGeneral.asp&
[Fri Jan 23 09:43:24.160359 2015] [mpm_winnt:warn] [pid 7644:tid 3196] (OS 64)The specified network name is no longer available.  : AH00341: winnt_accept: Asynchronous AcceptEx failed.
[Fri Jan 23 09:50:16.157082 2015] [mpm_winnt:warn] [pid 7644:tid 3196] (OS 64)The specified network name is no longer available.  : AH00341: winnt_accept: Asynchronous AcceptEx failed.
[Fri Jan 23 09:50:41.163926 2015] [mpm_winnt:warn] [pid 7644:tid 3196] (OS 64)The specified network name is no longer available.  : AH00341: winnt_accept: Asynchronous AcceptEx failed.
[Fri Jan 23 09:54:24.353518 2015] [negotiation:error] [pid 7644:tid 1796] [client 201.245.192.253:54736] AH00690: no acceptable variant: E:/nuevo/apache/error/HTTP_NOT_FOUND.html.var, referer: http://190.27.245.106/sia/
[Fri Jan 23 09:54:24.353518 2015] [negotiation:error] [pid 7644:tid 1228] [client 201.245.192.253:54661] AH00690: no acceptable variant: E:/nuevo/apache/error/HTTP_NOT_FOUND.html.var, referer: http://190.27.245.106/sia/
[Fri Jan 23 09:54:24.353518 2015] [negotiation:error] [pid 7644:tid 1496] [client 201.245.192.253:54941] AH00690: no acceptable variant: E:/nuevo/apache/error/HTTP_NOT_FOUND.html.var, referer: http://190.27.245.106/sia/
[Fri Jan 23 09:54:24.353518 2015] [negotiation:error] [pid 7644:tid 1336] [client 201.245.192.253:54944] AH00690: no acceptable variant: E:/nuevo/apache/error/HTTP_NOT_FOUND.html.var, referer: http://190.27.245.106/sia/
[Fri Jan 23 10:04:27.341377 2015] [proxy_http:error] [pid 7644:tid 1456] (20014)Internal error: [client 201.245.192.253:49323] AH01102: error reading status line from remote server 172.22.1.47:80, referer: http://190.27.245.106/forest/usutareas.do?_a=0.3097931749653071&group_system_actual=3
[Fri Jan 23 10:04:27.653378 2015] [proxy_http:error] [pid 7644:tid 1228] (20014)Internal error: [client 201.245.192.253:49441] AH01102: error reading status line from remote server 172.22.1.47:80, referer: http://190.27.245.106/forest/usutareas.do?group_system_actual=3&a=0.6349101525265723
[Fri Jan 23 10:04:27.653378 2015] [proxy:error] [pid 7644:tid 1228] [client 201.245.192.253:49441] AH00898: Error reading from remote server returned by /forest/session.jsp, referer: http://190.27.245.106/forest/usutareas.do?group_system_actual=3&a=0.6349101525265723
[Fri Jan 23 10:04:27.653378 2015] [negotiation:error] [pid 7644:tid 1228] [client 201.245.192.253:49441] AH00690: no acceptable variant: E:/nuevo/apache/error/HTTP_BAD_GATEWAY.html.var, referer: http://190.27.245.106/forest/usutareas.do?group_system_actual=3&a=0.6349101525265723
[Fri Jan 23 10:06:21.798778 2015] [negotiation:error] [pid 7644:tid 1516] [client 201.245.192.253:54235] AH00690: no acceptable variant: E:/nuevo/apache/error/HTTP_NOT_FOUND.html.var, referer: http://190.27.245.106/sia/
[Fri Jan 23 10:06:21.798778 2015] [negotiation:error] [pid 7644:tid 1084] [client 201.245.192.253:54360] AH00690: no acceptable variant: E:/nuevo/apache/error/HTTP_NOT_FOUND.html.var, referer: http://190.27.245.106/sia/
[Fri Jan 23 10:06:21.798778 2015] [negotiation:error] [pid 7644:tid 1572] [client 201.245.192.253:54359] AH00690: no acceptable variant: E:/nuevo/apache/error/HTTP_NOT_FOUND.html.var, referer: http://190.27.245.106/sia/
[Fri Jan 23 10:06:21.798778 2015] [negotiation:error] [pid 7644:tid 1576] [client 201.245.192.253:54361] AH00690: no acceptable variant: E:/nuevo/apache/error/HTTP_NOT_FOUND.html.var, referer: http://190.27.245.106/sia/
[Fri Jan 23 10:16:03.991801 2015] [proxy_http:error] [pid 7644:tid 1496] (20014)Internal error: [client 201.245.192.253:47640] AH01102: error reading status line from remote server 172.22.1.47:80
[Fri Jan 23 10:16:03.991801 2015] [proxy:error] [pid 7644:tid 1496] [client 201.245.192.253:47640] AH00898: Error reading from remote server returned by /forest/img/base/bsc2_r1_c3.gif
[Fri Jan 23 10:16:10.294212 2015] [proxy_http:error] [pid 7644:tid 1432] (20014)Internal error: [client 201.245.192.253:47918] AH01102: error reading status line from remote server 172.22.1.47:80
[Fri Jan 23 10:16:10.294212 2015] [proxy:error] [pid 7644:tid 1432] [client 201.245.192.253:47918] AH00898: Error reading from remote server returned by /forest/img/buscar_procesos.gif
[Fri Jan 23 10:22:03.650433 2015] [proxy_http:error] [pid 7644:tid 1388] (OS 10054)An existing connection was forcibly closed by the remote host.  : [client 190.26.119.3:27995] AH01102: error reading status line from remote server 172.22.1.31:80, referer: http://190.27.245.106/isolucionsda/Encabezado.asp?Pagina=ListadoMaestroDocumentos3.asp
[Fri Jan 23 10:22:03.650433 2015] [proxy:error] [pid 7644:tid 1388] [client 190.26.119.3:27995] AH00898: Error reading from remote server returned by /isolucionsda/g/Bot_SiguienteOver.jpg, referer: http://190.27.245.106/isolucionsda/Encabezado.asp?Pagina=ListadoMaestroDocumentos3.asp
[Fri Jan 23 10:22:26.052072 2015] [mpm_winnt:warn] [pid 7644:tid 3196] (OS 64)The specified network name is no longer available.  : AH00341: winnt_accept: Asynchronous AcceptEx failed.
[Fri Jan 23 10:22:51.043316 2015] [mpm_winnt:warn] [pid 7644:tid 3196] (OS 64)The specified network name is no longer available.  : AH00341: winnt_accept: Asynchronous AcceptEx failed.
[Fri Jan 23 10:27:54.994250 2015] [proxy_http:error] [pid 7644:tid 1432] (OS 10054)An existing connection was forcibly closed by the remote host.  : [client 190.26.119.3:28307] AH01102: error reading status line from remote server 172.22.1.31:80, referer: http://190.27.245.106/isolucionsda/Encabezado.asp?Pagina=ListadoMaestroDocumentos3.asp
[Fri Jan 23 10:27:54.994250 2015] [proxy:error] [pid 7644:tid 1432] [client 190.26.119.3:28307] AH00898: Error reading from remote server returned by /isolucionsda/g/Bot_HomeOver.jpg, referer: http://190.27.245.106/isolucionsda/Encabezado.asp?Pagina=ListadoMaestroDocumentos3.asp
[Fri Jan 23 10:32:59.709585 2015] [proxy_http:error] [pid 7644:tid 1388] (20014)Internal error: [client 201.245.192.253:47585] AH01102: error reading status line from remote server 172.22.1.47:80, referer: http://190.27.245.106/forest/usutareas.do?group_system_actual=3&a=0.8443550528027117
[Fri Jan 23 10:45:23.924492 2015] [mpm_winnt:warn] [pid 7644:tid 3196] (OS 64)The specified network name is no longer available.  : AH00341: winnt_accept: Asynchronous AcceptEx failed.
[Fri Jan 23 10:50:26.471423 2015] [proxy_http:error] [pid 7644:tid 1624] (20014)Internal error: [client 201.245.192.253:54711] AH01102: error reading status line from remote server 172.22.1.47:80
[Fri Jan 23 10:50:26.471423 2015] [proxy:error] [pid 7644:tid 1624] [client 201.245.192.253:54711] AH00898: Error reading from remote server returned by /forest/skins/gdocs-jar/css/forms.css
[Fri Jan 23 10:55:53.198397 2015] [proxy_http:error] [pid 7644:tid 1456] (OS 10054)An existing connection was forcibly closed by the remote host.  : [client 201.245.192.253:47792] AH01102: error reading status line from remote server 172.22.1.31:80, referer: http://190.27.245.106/isolucionsda/FrameSetGeneral.asp?Pagina=Menu.asp&IdModulo=7
[Fri Jan 23 10:55:53.198397 2015] [proxy:error] [pid 7644:tid 1456] [client 201.245.192.253:47792] AH00898: Error reading from remote server returned by /isolucionsda/BarraTitulos.asp, referer: http://190.27.245.106/isolucionsda/FrameSetGeneral.asp?Pagina=Menu.asp&IdModulo=7
[Fri Jan 23 10:55:55.304401 2015] [proxy_http:error] [pid 7644:tid 1208] (OS 10054)An existing connection was forcibly closed by the remote host.  : [client 201.245.192.253:47790] AH01102: error reading status line from remote server 172.22.1.31:80, referer: http://190.27.245.106/isolucionsda/FrameSetGeneral.asp?Pagina=FiltroNoConformidades.asp&CodTipoNoConf=13&EsAbierta=1&ConMenu=NO
[Fri Jan 23 11:04:26.985300 2015] [negotiation:error] [pid 7644:tid 1400] [client 190.143.111.130:48983] AH00690: no acceptable variant: E:/nuevo/apache/error/HTTP_NOT_FOUND.html.var
[Fri Jan 23 11:04:27.110100 2015] [negotiation:error] [pid 7644:tid 1400] [client 190.143.111.130:48983] AH00690: no acceptable variant: E:/nuevo/apache/error/HTTP_NOT_FOUND.html.var
[Fri Jan 23 11:04:27.250500 2015] [negotiation:error] [pid 7644:tid 1400] [client 190.143.111.130:48983] AH00690: no acceptable variant: E:/nuevo/apache/error/HTTP_NOT_FOUND.html.var
[Fri Jan 23 11:04:27.328500 2015] [negotiation:error] [pid 7644:tid 1400] [client 190.143.111.130:48983] AH00690: no acceptable variant: E:/nuevo/apache/error/HTTP_NOT_FOUND.html.var
[Fri Jan 23 11:12:47.683779 2015] [proxy_http:error] [pid 7644:tid 1856] (OS 10054)An existing connection was forcibly closed by the remote host.  : [client 201.245.192.253:56349] AH01102: error reading status line from remote server 172.22.1.31:80, referer: http://190.27.245.106/isolucionsda/FrameSetGeneral.asp?Pagina=Menu.asp&IdModulo=7
[Fri Jan 23 11:12:47.683779 2015] [proxy:error] [pid 7644:tid 1856] [client 201.245.192.253:56349] AH00898: Error reading from remote server returned by /isolucionsda/Menu.asp, referer: http://190.27.245.106/isolucionsda/FrameSetGeneral.asp?Pagina=Menu.asp&IdModulo=7
[Fri Jan 23 11:12:49.165782 2015] [proxy_http:error] [pid 7644:tid 1288] (OS 10054)An existing connection was forcibly closed by the remote host.  : [client 201.245.192.253:56552] AH01102: error reading status line from remote server 172.22.1.31:80, referer: http://190.27.245.106/isolucionsda/FrameSetGeneral.asp?Pagina=Menu.asp&IdModulo=7
[Fri Jan 23 11:12:49.165782 2015] [proxy:error] [pid 7644:tid 1288] [client 201.245.192.253:56552] AH00898: Error reading from remote server returned by /isolucionsda/Menu.asp, referer: http://190.27.245.106/isolucionsda/FrameSetGeneral.asp?Pagina=Menu.asp&IdModulo=7
[Fri Jan 23 11:13:11.536221 2015] [proxy_http:error] [pid 7644:tid 1400] (20014)Internal error: [client 181.50.92.73:61219] AH01102: error reading status line from remote server 172.22.1.47:80, referer: http://190.27.245.106/forest/buscar.do?type=documentos
[Fri Jan 23 11:13:11.536221 2015] [proxy:error] [pid 7644:tid 1400] [client 181.50.92.73:61219] AH00898: Error reading from remote server returned by /forest/skins/gdocs-jar/css/tree.css, referer: http://190.27.245.106/forest/buscar.do?type=documentos
[Fri Jan 23 11:13:43.469477 2015] [proxy_http:error] [pid 7644:tid 1224] (20014)Internal error: [client 201.245.192.253:59400] AH01102: error reading status line from remote server 172.22.1.47:80
[Fri Jan 23 11:13:43.469477 2015] [proxy:error] [pid 7644:tid 1224] [client 201.245.192.253:59400] AH00898: Error reading from remote server returned by /forest/img/instanciar.gif
[Fri Jan 23 11:13:43.547477 2015] [proxy_http:error] [pid 7644:tid 1228] (20014)Internal error: [client 201.245.192.253:59417] AH01102: error reading status line from remote server 172.22.1.47:80
[Fri Jan 23 11:13:43.547477 2015] [proxy:error] [pid 7644:tid 1228] [client 201.245.192.253:59417] AH00898: Error reading from remote server returned by /forest/img/base/bsc2_r1_c3.gif
[Fri Jan 23 11:14:12.064327 2015] [proxy_http:error] [pid 7644:tid 1584] (20014)Internal error: [client 186.154.253.106:51482] AH01102: error reading status line from remote server 172.22.1.47:80, referer: http://190.27.245.106/forest/radicacion.do?codMod=11&_a=0.480298820650205&group_system_actual=4
[Fri Jan 23 11:15:10.720430 2015] [proxy_http:error] [pid 7644:tid 1480] (20014)Internal error: [client 201.245.192.253:51426] AH01102: error reading status line from remote server 172.22.1.47:80, referer: http://190.27.245.106/forest/index2.jsp?a=0.7090368986010757
[Fri Jan 23 11:15:10.876431 2015] [proxy_http:error] [pid 7644:tid 1132] (20014)Internal error: [client 201.245.192.253:51430] AH01102: error reading status line from remote server 172.22.1.47:80, referer: http://190.27.245.106/forest/usutareas.do?group_system_actual=3&codTraEsc=17310316&_a=0.9823498370051118
[Fri Jan 23 11:15:10.876431 2015] [proxy:error] [pid 7644:tid 1132] [client 201.245.192.253:51430] AH00898: Error reading from remote server returned by /forest/skins/gdocs-jar/popup/popup.jsp, referer: http://190.27.245.106/forest/usutareas.do?group_system_actual=3&codTraEsc=17310316&_a=0.9823498370051118
[Fri Jan 23 11:18:14.629153 2015] [proxy_http:error] [pid 7644:tid 1076] (20014)Internal error: [client 201.245.192.253:51392] AH01102: error reading status line from remote server 172.22.1.47:80, referer: http://190.27.245.106/forest/index2.jsp?_a=0.5504146014313402
[Fri Jan 23 11:21:28.334694 2015] [proxy_http:error] [pid 7644:tid 1192] (20014)Internal error: [client 201.245.192.253:50210] AH01102: error reading status line from remote server 172.22.1.47:80, referer: http://190.27.245.106/forest/usutareas.do?group_system_actual=3&codTraEsc=17246500&_a=0.6212257835214562
[Fri Jan 23 11:23:31.153709 2015] [proxy_http:error] [pid 7644:tid 1836] (20014)Internal error: [client 201.245.192.253:57863] AH01102: error reading status line from remote server 172.22.1.47:80
[Fri Jan 23 11:23:31.153709 2015] [proxy:error] [pid 7644:tid 1836] [client 201.245.192.253:57863] AH00898: Error reading from remote server returned by /forest/1ibre/images/plus.gif
[Fri Jan 23 11:23:44.632133 2015] [proxy_http:error] [pid 7644:tid 1576] (20014)Internal error: [client 201.245.192.253:58801] AH01102: error reading status line from remote server 172.22.1.47:80
[Fri Jan 23 11:23:44.632133 2015] [proxy:error] [pid 7644:tid 1576] [client 201.245.192.253:58801] AH00898: Error reading from remote server returned by /forest/css/autocomplete.css
[Fri Jan 23 11:23:44.632133 2015] [proxy_http:error] [pid 7644:tid 1732] (20014)Internal error: [client 201.245.192.253:58806] AH01102: error reading status line from remote server 172.22.1.47:80
[Fri Jan 23 11:23:44.632133 2015] [proxy:error] [pid 7644:tid 1732] [client 201.245.192.253:58806] AH00898: Error reading from remote server returned by /forest/js/sarissa.js
[Fri Jan 23 11:24:30.168613 2015] [mpm_winnt:warn] [pid 7644:tid 3196] (OS 64)The specified network name is no longer available.  : AH00341: winnt_accept: Asynchronous AcceptEx failed.
[Fri Jan 23 11:24:55.159857 2015] [mpm_winnt:warn] [pid 7644:tid 3196] (OS 64)The specified network name is no longer available.  : AH00341: winnt_accept: Asynchronous AcceptEx failed.
[Fri Jan 23 11:26:21.365608 2015] [proxy_http:error] [pid 7644:tid 1432] (20014)Internal error: [client 201.245.192.253:55810] AH01102: error reading status line from remote server 172.22.1.47:80
[Fri Jan 23 11:26:21.365608 2015] [proxy:error] [pid 7644:tid 1432] [client 201.245.192.253:55810] AH00898: Error reading from remote server returned by /forest/skins/gdocs-jar/css/menu.css
[Fri Jan 23 11:26:21.365608 2015] [proxy_http:error] [pid 7644:tid 1432] (20014)Internal error: [client 201.245.192.253:55817] AH01102: error reading status line from remote server 172.22.1.47:80
[Fri Jan 23 11:26:21.365608 2015] [proxy:error] [pid 7644:tid 1432] [client 201.245.192.253:55817] AH00898: Error reading from remote server returned by /forest/skins/gdocs-jar/css/forms.css
[Fri Jan 23 11:33:48.462394 2015] [proxy_http:error] [pid 7644:tid 1388] (OS 10054)An existing connection was forcibly closed by the remote host.  : [client 201.245.192.253:56094] AH01102: error reading status line from remote server 172.22.1.31:80, referer: http://190.27.245.106/isolucionsda/FramesetArticulo.asp?Pagina=bancoconocimiento%2FP%2FPARTICIPACION%5Fv7%2FPARTICIPACION%5Fv7%2Easp&IdArticulo=6824
[Fri Jan 23 11:33:57.463609 2015] [proxy_http:error] [pid 7644:tid 1388] (20014)Internal error: [client 181.50.92.73:61418] AH01102: error reading status line from remote server 172.22.1.47:80, referer: http://190.27.245.106/forest/usutareas.do?_a=0.9406780514400452&group_system_actual=3
[Fri Jan 23 11:33:59.507213 2015] [proxy_http:error] [pid 7644:tid 1388] (20014)Internal error: [client 181.50.92.73:61419] AH01102: error reading status line from remote server 172.22.1.47:80, referer: http://190.27.245.106/forest/usutareas.do?_a=0.9406780514400452&group_system_actual=3
[Fri Jan 23 11:34:16.058842 2015] [proxy_http:error] [pid 7644:tid 1572] (OS 10054)An existing connection was forcibly closed by the remote host.  : [client 190.157.157.119:50476] AH01102: error reading status line from remote server 172.22.1.31:80, referer: http://190.27.245.106/isolucionsda/FrameSetGeneral.asp?Pagina1=FrameSetGeneral.asp&
[Fri Jan 23 11:34:16.074442 2015] [proxy:error] [pid 7644:tid 1572] [client 190.157.157.119:50476] AH00898: Error reading from remote server returned by /isolucionsda/BarraFavoritos.asp, referer: http://190.27.245.106/isolucionsda/FrameSetGeneral.asp?Pagina1=FrameSetGeneral.asp&
[Fri Jan 23 11:36:24.899468 2015] [proxy_http:error] [pid 7644:tid 1228] (20014)Internal error: [client 186.154.253.106:51706] AH01102: error reading status line from remote server 172.22.1.47:80, referer: http://190.27.245.106/forest/buscar.do?type=documentos
[Fri Jan 23 11:48:17.945521 2015] [proxy_http:error] [pid 7644:tid 1096] (OS 10054)An existing connection was forcibly closed by the remote host.  : [client 201.245.192.253:54913] AH01102: error reading status line from remote server 172.22.1.31:80, referer: http://190.27.245.106/isolucionsda/ListadoMaestroDocumentos3.asp
[Fri Jan 23 11:54:05.233331 2015] [proxy_http:error] [pid 7644:tid 1456] (20014)Internal error: [client 201.245.192.253:51702] AH01102: error reading status line from remote server 172.22.1.47:80, referer: http://190.27.245.106/forest/buscar.do?type=procesos
[Fri Jan 23 11:54:05.233331 2015] [proxy:error] [pid 7644:tid 1456] [client 201.245.192.253:51702] AH00898: Error reading from remote server returned by /forest/json.do, referer: http://190.27.245.106/forest/buscar.do?type=procesos
[Fri Jan 23 11:54:05.233331 2015] [negotiation:error] [pid 7644:tid 1456] [client 201.245.192.253:51702] AH00690: no acceptable variant: E:/nuevo/apache/error/HTTP_BAD_GATEWAY.html.var, referer: http://190.27.245.106/forest/buscar.do?type=procesos
[Fri Jan 23 12:02:17.258195 2015] [proxy_http:error] [pid 7644:tid 1336] (20014)Internal error: [client 201.245.192.253:57577] AH01102: error reading status line from remote server 172.22.1.47:80
[Fri Jan 23 12:02:17.258195 2015] [proxy:error] [pid 7644:tid 1336] [client 201.245.192.253:57577] AH00898: Error reading from remote server returned by /forest/skins/gdocs-jar/img/okey.gif
[Fri Jan 23 12:02:17.258195 2015] [proxy_http:error] [pid 7644:tid 1076] (20014)Internal error: [client 201.245.192.253:57578] AH01102: error reading status line from remote server 172.22.1.47:80
[Fri Jan 23 12:02:17.258195 2015] [proxy:error] [pid 7644:tid 1076] [client 201.245.192.253:57578] AH00898: Error reading from remote server returned by /forest/img/fondo-barra.gif
[Fri Jan 23 12:02:17.289395 2015] [proxy_http:error] [pid 7644:tid 1336] (20014)Internal error: [client 201.245.192.253:57600] AH01102: error reading status line from remote server 172.22.1.47:80
[Fri Jan 23 12:02:17.289395 2015] [proxy:error] [pid 7644:tid 1336] [client 201.245.192.253:57600] AH00898: Error reading from remote server returned by /forest/img/salir3.gif
[Fri Jan 23 12:03:07.802284 2015] [proxy_http:error] [pid 7644:tid 1336] (20014)Internal error: [client 201.245.192.253:49779] AH01102: error reading status line from remote server 172.22.1.47:80, referer: http://190.27.245.106/forest/misactividades.do?_a=0.10795446601696312&group_system_actual=3
[Fri Jan 23 12:03:37.239535 2015] [proxy_http:error] [pid 7644:tid 1688] (OS 10054)An existing connection was forcibly closed by the remote host.  : [client 201.245.192.253:51458] AH01102: error reading status line from remote server 172.22.1.31:80, referer: http://190.27.245.106/isolucionsda/Encabezado.asp?Pagina=ListadoMaestroDocumentos3.asp
[Fri Jan 23 12:08:13.110420 2015] [proxy_http:error] [pid 7644:tid 1084] (20014)Internal error: [client 201.245.192.253:56766] AH01102: error reading status line from remote server 172.22.1.47:80
[Fri Jan 23 12:08:13.110420 2015] [proxy:error] [pid 7644:tid 1084] [client 201.245.192.253:56766] AH00898: Error reading from remote server returned by /forest/js/dialog.js
[Fri Jan 23 12:13:42.239798 2015] [proxy_http:error] [pid 7644:tid 1220] (20014)Internal error: [client 201.245.192.253:48713] AH01102: error reading status line from remote server 172.22.1.47:80
[Fri Jan 23 12:13:42.239798 2015] [proxy:error] [pid 7644:tid 1220] [client 201.245.192.253:48713] AH00898: Error reading from remote server returned by /forest/css/escritorio.css
[Fri Jan 23 12:13:42.255398 2015] [proxy_http:error] [pid 7644:tid 1228] (20014)Internal error: [client 201.245.192.253:48723] AH01102: error reading status line from remote server 172.22.1.47:80
[Fri Jan 23 12:13:42.255398 2015] [proxy:error] [pid 7644:tid 1228] [client 201.245.192.253:48723] AH00898: Error reading from remote server returned by /forest/1ibre/jscalendar/calendar.js
[Fri Jan 23 12:16:05.869250 2015] [proxy_http:error] [pid 7644:tid 1848] (20014)Internal error: [client 201.245.192.253:55875] AH01102: error reading status line from remote server 172.22.1.47:80, referer: http://190.27.245.106/forest/buscar.do?type=procesos
[Fri Jan 23 12:16:05.947250 2015] [proxy_http:error] [pid 7644:tid 1848] (20014)Internal error: [client 201.245.192.253:55920] AH01102: error reading status line from remote server 172.22.1.47:80, referer: http://190.27.245.106/forest/buscar.do?type=procesos
[Fri Jan 23 12:16:05.947250 2015] [proxy_http:error] [pid 7644:tid 1848] (20014)Internal error: [client 201.245.192.253:55923] AH01102: error reading status line from remote server 172.22.1.47:80, referer: http://190.27.245.106/forest/buscar.do?type=procesos
[Fri Jan 23 12:16:05.947250 2015] [proxy:error] [pid 7644:tid 1848] [client 201.245.192.253:55923] AH00898: Error reading from remote server returned by /forest/json.do, referer: http://190.27.245.106/forest/buscar.do?type=procesos
[Fri Jan 23 12:16:05.947250 2015] [negotiation:error] [pid 7644:tid 1848] [client 201.245.192.253:55923] AH00690: no acceptable variant: E:/nuevo/apache/error/HTTP_BAD_GATEWAY.html.var, referer: http://190.27.245.106/forest/buscar.do?type=procesos
[Fri Jan 23 12:18:00.311051 2015] [proxy_http:error] [pid 7644:tid 1260] (20014)Internal error: [client 201.245.192.253:49016] AH01102: error reading status line from remote server 172.22.1.47:80
[Fri Jan 23 12:18:00.311051 2015] [proxy:error] [pid 7644:tid 1260] [client 201.245.192.253:49016] AH00898: Error reading from remote server returned by /forest/img/buscar_procesos.gif
[Fri Jan 23 12:18:00.326651 2015] [proxy_http:error] [pid 7644:tid 1516] (20014)Internal error: [client 201.245.192.253:49024] AH01102: error reading status line from remote server 172.22.1.47:80
[Fri Jan 23 12:18:00.326651 2015] [proxy:error] [pid 7644:tid 1516] [client 201.245.192.253:49024] AH00898: Error reading from remote server returned by /forest/img/buscar_documentos.gif
[Fri Jan 23 12:18:00.326651 2015] [proxy_http:error] [pid 7644:tid 1544] (20014)Internal error: [client 201.245.192.253:49026] AH01102: error reading status line from remote server 172.22.1.47:80
[Fri Jan 23 12:18:00.326651 2015] [proxy:error] [pid 7644:tid 1544] [client 201.245.192.253:49026] AH00898: Error reading from remote server returned by /forest/img/panel/menu/danger2.png
[Fri Jan 23 12:19:50.696845 2015] [proxy_http:error] [pid 7644:tid 1400] (20014)Internal error: [client 201.245.192.253:54051] AH01102: error reading status line from remote server 172.22.1.47:80
[Fri Jan 23 12:19:50.696845 2015] [proxy:error] [pid 7644:tid 1400] [client 201.245.192.253:54051] AH00898: Error reading from remote server returned by /forest/js/internJS.js
[Fri Jan 23 12:28:49.006991 2015] [proxy_http:error] [pid 7644:tid 1576] (20014)Internal error: [client 201.245.192.253:53358] AH01102: error reading status line from remote server 172.22.1.47:80, referer: http://190.27.245.106/forest/reportes.do?menu=1&group_system_actual=5
[Fri Jan 23 12:28:49.412591 2015] [proxy_http:error] [pid 7644:tid 1632] (20014)Internal error: [client 201.244.171.63:54747] AH01102: error reading status line from remote server 172.22.1.47:80, referer: http://190.27.245.106/forest/reportes.do?menu=1&group_system_actual=5
[Fri Jan 23 12:28:49.412591 2015] [proxy:error] [pid 7644:tid 1632] [client 201.244.171.63:54747] AH00898: Error reading from remote server returned by /forest/session.jsp, referer: http://190.27.245.106/forest/reportes.do?menu=1&group_system_actual=5
[Fri Jan 23 12:28:49.412591 2015] [negotiation:error] [pid 7644:tid 1632] [client 201.244.171.63:54747] AH00690: no acceptable variant: E:/nuevo/apache/error/HTTP_BAD_GATEWAY.html.var, referer: http://190.27.245.106/forest/reportes.do?menu=1&group_system_actual=5
[Fri Jan 23 12:30:28.082765 2015] [proxy_http:error] [pid 7644:tid 1084] (20014)Internal error: [client 201.245.192.253:57267] AH01102: error reading status line from remote server 172.22.1.47:80, referer: http://190.27.245.106/forest/reportes.do?menu=1&group_system_actual=5
[Fri Jan 23 12:31:50.825310 2015] [proxy_http:error] [pid 7644:tid 1576] (20014)Internal error: [client 186.154.84.82:55785] AH01102: error reading status line from remote server 172.22.1.47:80, referer: http://190.27.245.106/forest/usutareas.do?group_system_actual=3&a=0.6574841788969934
[Fri Jan 23 12:32:09.311342 2015] [proxy_http:error] [pid 7644:tid 1576] (20014)Internal error: [client 201.245.192.253:50091] AH01102: error reading status line from remote server 172.22.1.47:80, referer: http://190.27.245.106/forest/buscar.do?type=procesos
[Fri Jan 23 12:32:14.350151 2015] [proxy_http:error] [pid 7644:tid 1576] (20014)Internal error: [client 201.245.192.253:50346] AH01102: error reading status line from remote server 172.22.1.47:80
[Fri Jan 23 12:32:14.350151 2015] [proxy:error] [pid 7644:tid 1576] [client 201.245.192.253:50346] AH00898: Error reading from remote server returned by /forest/js/escritorio/escritorio.js
[Fri Jan 23 12:32:20.465362 2015] [proxy_http:error] [pid 7644:tid 1688] (20014)Internal error: [client 201.244.171.63:54782] AH01102: error reading status line from remote server 172.22.1.47:80, referer: http://190.27.245.106/forest/reportes.do?menu=1&group_system_actual=5
[Fri Jan 23 12:32:23.725768 2015] [proxy_http:error] [pid 7644:tid 1224] (OS 10054)An existing connection was forcibly closed by the remote host.  : [client 201.244.55.205:19896] AH01102: error reading status line from remote server 172.22.1.31:80, referer: http://190.27.245.106/isolucionsda/FrameSetGeneral.asp?Pagina=ListadoMaestroDocumentos3.asp
[Fri Jan 23 12:32:23.725768 2015] [proxy:error] [pid 7644:tid 1224] [client 201.244.55.205:19896] AH00898: Error reading from remote server returned by /isolucionsda/BarraTitulos.asp, referer: http://190.27.245.106/isolucionsda/FrameSetGeneral.asp?Pagina=ListadoMaestroDocumentos3.asp
[Fri Jan 23 12:40:28.231419 2015] [proxy_http:error] [pid 7644:tid 1228] (OS 10054)An existing connection was forcibly closed by the remote host.  : [client 190.27.96.37:25789] AH01102: error reading status line from remote server 172.22.1.31:80, referer: http://190.27.245.106/isolucionsda/Encabezado.asp?Pagina1=FrameSetGeneral.asp&&Pagina=MagazinHome.asp
[Fri Jan 23 12:51:13.339352 2015] [proxy_http:error] [pid 7644:tid 1688] (OS 10054)An existing connection was forcibly closed by the remote host.  : [client 201.245.192.253:50035] AH01102: error reading status line from remote server 172.22.1.31:80, referer: http://190.27.245.106/isolucionsda/Encabezado.asp?Pagina1=FrameSetGeneral.asp&&Pagina=MagazinHome.asp
[Fri Jan 23 12:51:13.339352 2015] [proxy:error] [pid 7644:tid 1688] [client 201.245.192.253:50035] AH00898: Error reading from remote server returned by /isolucionsda/Session.asp, referer: http://190.27.245.106/isolucionsda/Encabezado.asp?Pagina1=FrameSetGeneral.asp&&Pagina=MagazinHome.asp
[Fri Jan 23 12:54:16.982874 2015] [proxy_http:error] [pid 7644:tid 1096] (OS 10054)An existing connection was forcibly closed by the remote host.  : [client 201.245.192.253:58033] AH01102: error reading status line from remote server 172.22.1.31:80, referer: http://190.27.245.106/isolucionsda/Session.asp
[Fri Jan 23 12:54:16.982874 2015] [proxy:error] [pid 7644:tid 1096] [client 201.245.192.253:58033] AH00898: Error reading from remote server returned by /isolucionsda/Session.asp, referer: http://190.27.245.106/isolucionsda/Session.asp
[Fri Jan 23 13:07:54.861111 2015] [proxy_http:error] [pid 7644:tid 1732] (OS 10054)An existing connection was forcibly closed by the remote host.  : [client 201.245.192.253:59172] AH01102: error reading status line from remote server 172.22.1.31:80, referer: http://190.27.245.106/isolucionsda/FrameSetGeneral.asp?Pagina1=FrameSetGeneral.asp&
[Fri Jan 23 13:07:54.861111 2015] [proxy:error] [pid 7644:tid 1732] [client 201.245.192.253:59172] AH00898: Error reading from remote server returned by /isolucionsda/BarraFavoritos.asp, referer: http://190.27.245.106/isolucionsda/FrameSetGeneral.asp?Pagina1=FrameSetGeneral.asp&
[Fri Jan 23 13:07:56.686314 2015] [proxy_http:error] [pid 7644:tid 1096] (OS 10054)An existing connection was forcibly closed by the remote host.  : [client 201.245.192.253:59044] AH01102: error reading status line from remote server 172.22.1.31:80, referer: http://190.27.245.106/isolucionsda/FrameSetGeneral.asp?Pagina=Menu.asp&IdModulo=4
[Fri Jan 23 14:03:56.058615 2015] [proxy_http:error] [pid 7644:tid 1572] (OS 10054)An existing connection was forcibly closed by the remote host.  : [client 201.244.55.205:25474] AH01102: error reading status line from remote server 172.22.1.31:80, referer: http://190.27.245.106/isolucionsda/SesionExpira.asp
[Fri Jan 23 14:03:56.058615 2015] [proxy:error] [pid 7644:tid 1572] [client 201.244.55.205:25474] AH00898: Error reading from remote server returned by /isolucionsda/SesionTermina.asp, referer: http://190.27.245.106/isolucionsda/SesionExpira.asp
[Fri Jan 23 14:08:53.270337 2015] [proxy_http:error] [pid 7644:tid 1696] (OS 10054)An existing connection was forcibly closed by the remote host.  : [client 201.245.192.253:53948] AH01102: error reading status line from remote server 172.22.1.31:80, referer: http://190.27.245.106/isolucionsda/FrameSetGeneral.asp?Pagina1=FrameSetGeneral.asp&
[Fri Jan 23 14:08:53.270337 2015] [proxy:error] [pid 7644:tid 1696] [client 201.245.192.253:53948] AH00898: Error reading from remote server returned by /isolucionsda/BarraFavoritos.asp, referer: http://190.27.245.106/isolucionsda/FrameSetGeneral.asp?Pagina1=FrameSetGeneral.asp&
[Fri Jan 23 14:12:15.493492 2015] [proxy_http:error] [pid 7644:tid 1688] (20014)Internal error: [client 201.245.192.253:51480] AH01102: error reading status line from remote server 172.22.1.47:80, referer: http://190.27.245.106/forest/index2.jsp?a=0.3050605712265667
[Fri Jan 23 14:12:46.896347 2015] [proxy_http:error] [pid 7644:tid 1872] (20014)Internal error: [client 201.245.192.253:54019] AH01102: error reading status line from remote server 172.22.1.47:80
[Fri Jan 23 14:12:46.896347 2015] [proxy:error] [pid 7644:tid 1872] [client 201.245.192.253:54019] AH00898: Error reading from remote server returned by /forest/skins/gdocs-jar/img/itemlist.gif
[Fri Jan 23 14:12:46.927547 2015] [proxy_http:error] [pid 7644:tid 1752] (20014)Internal error: [client 201.245.192.253:54021] AH01102: error reading status line from remote server 172.22.1.47:80
[Fri Jan 23 14:12:46.927547 2015] [proxy:error] [pid 7644:tid 1752] [client 201.245.192.253:54021] AH00898: Error reading from remote server returned by /forest/skins/gdocs-jar/img/ok.gif
[Fri Jan 23 14:16:04.283494 2015] [proxy_http:error] [pid 7644:tid 1768] (OS 10054)An existing connection was forcibly closed by the remote host.  : [client 190.26.137.191:50376] AH01102: error reading status line from remote server 172.22.1.31:80
[Fri Jan 23 14:16:04.283494 2015] [proxy:error] [pid 7644:tid 1768] [client 190.26.137.191:50376] AH00898: Error reading from remote server returned by /isolucionsda/Session.asp
[Fri Jan 23 14:20:25.786753 2015] [proxy_http:error] [pid 7644:tid 1688] (20014)Internal error: [client 201.245.192.253:58554] AH01102: error reading status line from remote server 172.22.1.47:80
[Fri Jan 23 14:20:25.786753 2015] [proxy:error] [pid 7644:tid 1688] [client 201.245.192.253:58554] AH00898: Error reading from remote server returned by /forest/js/xml_utilities.js
[Fri Jan 23 14:20:25.786753 2015] [proxy_http:error] [pid 7644:tid 1752] (20014)Internal error: [client 201.245.192.253:58556] AH01102: error reading status line from remote server 172.22.1.47:80
[Fri Jan 23 14:20:25.786753 2015] [proxy:error] [pid 7644:tid 1752] [client 201.245.192.253:58556] AH00898: Error reading from remote server returned by /forest/skins/gdocs-jar/img/select.gif
[Fri Jan 23 14:20:35.302770 2015] [proxy_http:error] [pid 7644:tid 1752] (OS 10054)An existing connection was forcibly closed by the remote host.  : [client 186.31.226.118:12963] AH01102: error reading status line from remote server 172.22.1.31:80, referer: http://190.27.245.106/isolucionsda/FrameSetGeneral.asp?Pagina1=FrameSetGeneral.asp&
[Fri Jan 23 14:20:35.302770 2015] [proxy:error] [pid 7644:tid 1752] [client 186.31.226.118:12963] AH00898: Error reading from remote server returned by /isolucionsda/BarraFavoritos.asp, referer: http://190.27.245.106/isolucionsda/FrameSetGeneral.asp?Pagina1=FrameSetGeneral.asp&
[Fri Jan 23 14:22:52.645411 2015] [proxy_http:error] [pid 7644:tid 1132] (20014)Internal error: [client 201.245.192.253:53732] AH01102: error reading status line from remote server 172.22.1.47:80, referer: http://190.27.245.106/forest/system/process.jsp?numPro=2895588
[Fri Jan 23 14:22:54.829415 2015] [proxy_http:error] [pid 7644:tid 1312] (OS 10054)An existing connection was forcibly closed by the remote host.  : [client 172.22.2.1:43898] AH01102: error reading status line from remote server 172.22.1.31:80, referer: http://190.27.245.106/isolucionsda/Encabezado.asp?Pagina1=FrameSetGeneral.asp&&Pagina=MagazinHome.asp
[Fri Jan 23 14:25:13.342058 2015] [proxy:error] [pid 7644:tid 1768] (OS 10061)No connection could be made because the target machine actively refused it.  : AH00957: HTTP: attempt to connect to 172.22.1.36:8080 (172.22.1.36) failed
[Fri Jan 23 14:25:13.342058 2015] [proxy:error] [pid 7644:tid 1768] AH00959: ap_proxy_connect_backend disabling worker for (172.22.1.36) for 60s
[Fri Jan 23 14:25:13.342058 2015] [proxy_http:error] [pid 7644:tid 1768] [client 191.89.236.2:62977] AH01114: HTTP: failed to make connection to backend: 172.22.1.36
[Fri Jan 23 14:25:13.560458 2015] [proxy:error] [pid 7644:tid 1784] AH00940: HTTP: disabled connection for (172.22.1.36)
[Fri Jan 23 14:25:30.533288 2015] [proxy_http:error] [pid 7644:tid 1204] (20014)Internal error: [client 201.245.192.253:52324] AH01102: error reading status line from remote server 172.22.1.47:80
[Fri Jan 23 14:25:30.533288 2015] [proxy:error] [pid 7644:tid 1204] [client 201.245.192.253:52324] AH00898: Error reading from remote server returned by /forest/skins/gdocs-jar/css/switch.css
[Fri Jan 23 14:25:30.533288 2015] [proxy_http:error] [pid 7644:tid 1312] (20014)Internal error: [client 201.245.192.253:52325] AH01102: error reading status line from remote server 172.22.1.47:80
[Fri Jan 23 14:25:30.533288 2015] [proxy:error] [pid 7644:tid 1312] [client 201.245.192.253:52325] AH00898: Error reading from remote server returned by /forest/skins/gdocs-jar/js/popup.js
[Fri Jan 23 14:25:30.548888 2015] [proxy_http:error] [pid 7644:tid 1864] (20014)Internal error: [client 201.245.192.253:52327] AH01102: error reading status line from remote server 172.22.1.47:80
[Fri Jan 23 14:25:30.548888 2015] [proxy:error] [pid 7644:tid 1864] [client 201.245.192.253:52327] AH00898: Error reading from remote server returned by /forest/skins/gdocs-jar/img/edit.gif
[Fri Jan 23 14:25:30.580088 2015] [proxy_http:error] [pid 7644:tid 1204] (20014)Internal error: [client 201.245.192.253:52332] AH01102: error reading status line from remote server 172.22.1.47:80
[Fri Jan 23 14:25:30.580088 2015] [proxy:error] [pid 7644:tid 1204] [client 201.245.192.253:52332] AH00898: Error reading from remote server returned by /forest/skins/gdocs-jar/img/copy.gif
[Fri Jan 23 14:28:07.547564 2015] [proxy_http:error] [pid 7644:tid 1152] (20014)Internal error: [client 201.245.192.253:51504] AH01102: error reading status line from remote server 172.22.1.47:80
[Fri Jan 23 14:28:07.547564 2015] [proxy:error] [pid 7644:tid 1152] [client 201.245.192.253:51504] AH00898: Error reading from remote server returned by /forest/skins/gdocs-jar/js/graphicForm.js
[Fri Jan 23 14:30:55.091858 2015] [proxy_http:error] [pid 7644:tid 1260] (20014)Internal error: [client 201.245.192.253:49923] AH01102: error reading status line from remote server 172.22.1.47:80, referer: http://190.27.245.106/forest/buscar.do?type=procesos
[Fri Jan 23 14:30:55.107458 2015] [proxy_http:error] [pid 7644:tid 1116] (20014)Internal error: [client 201.245.192.253:50245] AH01102: error reading status line from remote server 172.22.1.47:80
[Fri Jan 23 14:30:55.107458 2015] [proxy:error] [pid 7644:tid 1116] [client 201.245.192.253:50245] AH00898: Error reading from remote server returned by /forest/1ibre/jscalendar/calendar-setup.js
[Fri Jan 23 14:31:21.783505 2015] [proxy_http:error] [pid 7644:tid 1864] (OS 10054)An existing connection was forcibly closed by the remote host.  : [client 201.245.192.253:51952] AH01102: error reading status line from remote server 172.22.1.31:80, referer: http://190.27.245.106/isolucionsda/Encabezado.asp?Pagina=Menu.asp&IdModulo=7
[Fri Jan 23 14:34:42.914658 2015] [proxy_http:error] [pid 7644:tid 1152] (20014)Internal error: [client 201.245.192.253:51198] AH01102: error reading status line from remote server 172.22.1.47:80, referer: http://190.27.245.106/forest/misactividades.do?group_system_actual=3&codPro=95&_a=0.7279301271125733
[Fri Jan 23 14:42:48.153511 2015] [proxy_http:error] [pid 7644:tid 1524] (OS 10054)An existing connection was forcibly closed by the remote host.  : [client 186.31.226.118:13081] AH01102: error reading status line from remote server 172.22.1.31:80, referer: http://190.27.245.106/isolucionsda/FrameSetArticulo.asp?Pagina=/isolucionsda/bancoconocimiento/A/Anexo4_Cronogramamensualdeactividades_v7_0/Anexo4_Cronogramamensualdeactividades_v7_0.asp?IdArticulo=6812
[Fri Jan 23 14:42:48.153511 2015] [proxy:error] [pid 7644:tid 1524] [client 186.31.226.118:13081] AH00898: Error reading from remote server returned by /isolucionsda/bancoconocimiento/A/Anexo4_Cronogramamensualdeactividades_v7_0/Anexo4_Cronogramamensualdeactividades_v7_0.asp, referer: http://190.27.245.106/isolucionsda/FrameSetArticulo.asp?Pagina=/isolucionsda/bancoconocimiento/A/Anexo4_Cronogramamensualdeactividades_v7_0/Anexo4_Cronogramamensualdeactividades_v7_0.asp?IdArticulo=6812
[Fri Jan 23 14:44:14.016061 2015] [proxy_http:error] [pid 7644:tid 1116] (20014)Internal error: [client 201.245.192.253:51181] AH01102: error reading status line from remote server 172.22.1.47:80
[Fri Jan 23 14:44:14.016061 2015] [proxy:error] [pid 7644:tid 1116] [client 201.245.192.253:51181] AH00898: Error reading from remote server returned by /forest/img/buscar.jpg
[Fri Jan 23 14:44:14.078462 2015] [proxy_http:error] [pid 7644:tid 1608] (20014)Internal error: [client 201.245.192.253:51193] AH01102: error reading status line from remote server 172.22.1.47:80
[Fri Jan 23 14:44:14.078462 2015] [proxy:error] [pid 7644:tid 1608] [client 201.245.192.253:51193] AH00898: Error reading from remote server returned by /forest/img/misdocumentos.gif
[Fri Jan 23 14:44:57.228137 2015] [proxy_http:error] [pid 7644:tid 1140] (OS 10054)An existing connection was forcibly closed by the remote host.  : [client 201.245.192.253:53120] AH01102: error reading status line from remote server 172.22.1.31:80, referer: http://190.27.245.106/isolucionsda/Encabezado.asp?Pagina1=FrameSetGeneral.asp&&Pagina=MagazinHome.asp
[Fri Jan 23 14:46:52.512340 2015] [proxy_http:error] [pid 7644:tid 1524] (20014)Internal error: [client 201.245.192.253:48168] AH01102: error reading status line from remote server 172.22.1.47:80, referer: http://190.27.245.106/forest/index2.jsp?a=0.6673340519506108
[Fri Jan 23 14:46:52.543540 2015] [proxy_http:error] [pid 7644:tid 1524] (20014)Internal error: [client 201.245.192.253:48348] AH01102: error reading status line from remote server 172.22.1.47:80, referer: http://190.27.245.106/forest/index2.jsp?a=0.6673340519506108
[Fri Jan 23 14:46:52.543540 2015] [proxy:error] [pid 7644:tid 1524] [client 201.245.192.253:48348] AH00898: Error reading from remote server returned by /forest/system/process.jsp, referer: http://190.27.245.106/forest/index2.jsp?a=0.6673340519506108
[Fri Jan 23 14:48:53.038152 2015] [proxy_http:error] [pid 7644:tid 1584] (20014)Internal error: [client 201.245.192.253:56712] AH01102: error reading status line from remote server 172.22.1.47:80, referer: http://190.27.245.106/forest/misactividades.do?group_system_actual=3&codPro=103&_a=0.7656241490650469
[Fri Jan 23 14:48:53.038152 2015] [proxy:error] [pid 7644:tid 1584] [client 201.245.192.253:56712] AH00898: Error reading from remote server returned by /forest/usutareas.do, referer: http://190.27.245.106/forest/misactividades.do?group_system_actual=3&codPro=103&_a=0.7656241490650469
[Fri Jan 23 14:48:54.676154 2015] [proxy_http:error] [pid 7644:tid 1504] (20014)Internal error: [client 201.245.192.253:56756] AH01102: error reading status line from remote server 172.22.1.47:80, referer: http://190.27.245.106/forest/misactividades.do?group_system_actual=3&codPro=90&_a=0.5491019630566574
[Fri Jan 23 14:48:54.676154 2015] [proxy:error] [pid 7644:tid 1504] [client 201.245.192.253:56756] AH00898: Error reading from remote server returned by /forest/usutareas.do, referer: http://190.27.245.106/forest/misactividades.do?group_system_actual=3&codPro=90&_a=0.5491019630566574
[Fri Jan 23 14:50:12.957092 2015] [proxy_http:error] [pid 7644:tid 1336] (20014)Internal error: [client 201.245.192.253:48800] AH01102: error reading status line from remote server 172.22.1.47:80, referer: http://190.27.245.106/forest/misactividades.do?group_system_actual=3&codPro=127&_a=0.15124335274999356
[Fri Jan 23 14:50:12.988292 2015] [proxy_http:error] [pid 7644:tid 1336] (20014)Internal error: [client 201.245.192.253:48810] AH01102: error reading status line from remote server 172.22.1.47:80, referer: http://190.27.245.106/forest/misactividades.do?group_system_actual=3&codPro=127&_a=0.15124335274999356
[Fri Jan 23 14:50:12.988292 2015] [proxy:error] [pid 7644:tid 1336] [client 201.245.192.253:48810] AH00898: Error reading from remote server returned by /forest/skins/gdocs-jar/jsp/cookie.jsp, referer: http://190.27.245.106/forest/misactividades.do?group_system_actual=3&codPro=127&_a=0.15124335274999356
[Fri Jan 23 14:51:51.143664 2015] [proxy_http:error] [pid 7644:tid 1120] (20014)Internal error: [client 201.245.192.253:56085] AH01102: error reading status line from remote server 172.22.1.47:80, referer: http://190.27.245.106/forest/index2.jsp?_a=0.6446588048711419
[Fri Jan 23 14:51:51.143664 2015] [proxy:error] [pid 7644:tid 1120] [client 201.245.192.253:56085] AH00898: Error reading from remote server returned by /forest/session.jsp, referer: http://190.27.245.106/forest/index2.jsp?_a=0.6446588048711419
[Fri Jan 23 14:51:51.143664 2015] [negotiation:error] [pid 7644:tid 1120] [client 201.245.192.253:56085] AH00690: no acceptable variant: E:/nuevo/apache/error/HTTP_BAD_GATEWAY.html.var, referer: http://190.27.245.106/forest/index2.jsp?_a=0.6446588048711419
[Fri Jan 23 14:51:51.159264 2015] [proxy_http:error] [pid 7644:tid 1140] (20014)Internal error: [client 201.245.192.253:56093] AH01102: error reading status line from remote server 172.22.1.47:80
[Fri Jan 23 14:51:51.159264 2015] [proxy:error] [pid 7644:tid 1140] [client 201.245.192.253:56093] AH00898: Error reading from remote server returned by /forest/img/notify.gif
[Fri Jan 23 14:55:04.318804 2015] [proxy_http:error] [pid 7644:tid 1640] (20014)Internal error: [client 201.245.192.253:55282] AH01102: error reading status line from remote server 172.22.1.47:80, referer: http://190.27.245.106/forest/usutareas.do?group_system_actual=3&a=0.42677263100631535
[Fri Jan 23 14:55:07.189209 2015] [proxy_http:error] [pid 7644:tid 1152] (20014)Internal error: [client 181.50.92.73:63466] AH01102: error reading status line from remote server 172.22.1.47:80, referer: http://190.27.245.106/forest/usutareas.do?_a=0.9663153605069965&group_system_actual=3
[Fri Jan 23 14:55:07.282809 2015] [proxy_http:error] [pid 7644:tid 1224] (20014)Internal error: [client 181.50.92.73:63467] AH01102: error reading status line from remote server 172.22.1.47:80, referer: http://190.27.245.106/forest/skins/gdocs-jar/popup/showformtocrudtwo.jsp?codForm=solicitar_correccion&numPro=3005482&codInst=3042275&codTraEsc=17347569&schema=&table=&column=
[Fri Jan 23 14:55:08.998812 2015] [proxy_http:error] [pid 7644:tid 1336] (20014)Internal error: [client 181.50.92.73:63468] AH01102: error reading status line from remote server 172.22.1.47:80, referer: http://190.27.245.106/forest/skins/gdocs-jar/popup/showformtocrudtwo.jsp?codForm=solicitar_correccion&numPro=3005482&codInst=3042275&codTraEsc=17347569&schema=&table=&column=
[Fri Jan 23 14:55:09.264012 2015] [proxy_http:error] [pid 7644:tid 1336] (20014)Internal error: [client 181.50.92.73:63469] AH01102: error reading status line from remote server 172.22.1.47:80, referer: http://190.27.245.106/forest/skins/gdocs-jar/popup/showformtocrudtwo.jsp?codForm=solicitar_correccion&numPro=3005482&codInst=3042275&codTraEsc=17347569&schema=&table=&column=
[Fri Jan 23 14:55:20.199632 2015] [proxy_http:error] [pid 7644:tid 1336] (20014)Internal error: [client 201.245.192.253:56207] AH01102: error reading status line from remote server 172.22.1.47:80
[Fri Jan 23 14:55:20.199632 2015] [proxy:error] [pid 7644:tid 1336] [client 201.245.192.253:56207] AH00898: Error reading from remote server returned by /forest/1ibre/protoaculous.js
[Fri Jan 23 14:55:20.308832 2015] [proxy_http:error] [pid 7644:tid 1752] (20014)Internal error: [client 201.245.192.253:56215] AH01102: error reading status line from remote server 172.22.1.47:80
[Fri Jan 23 14:55:20.308832 2015] [proxy:error] [pid 7644:tid 1752] [client 201.245.192.253:56215] AH00898: Error reading from remote server returned by /forest/skins/gdocs-jar/img/top-search-icon.gif
