[Wed Jan 28 15:45:40.800905 2015] [proxy_http:error] [pid 4428:tid 1416] (20014)Internal error: [client 201.245.192.253:31703] AH01102: error reading status line from remote server 172.22.1.47:80, referer: http://190.27.245.106/forest/buscar.do?type=documentos
[Wed Jan 28 15:45:40.800905 2015] [proxy:error] [pid 4428:tid 1416] [client 201.245.192.253:31703] AH00898: Error reading from remote server returned by /forest/1ibre/jscalendar/calendar-setup.js, referer: http://190.27.245.106/forest/buscar.do?type=documentos
[Wed Jan 28 15:45:40.847705 2015] [proxy_http:error] [pid 4428:tid 1668] (20014)Internal error: [client 201.245.192.253:31706] AH01102: error reading status line from remote server 172.22.1.47:80
[Wed Jan 28 15:45:40.847705 2015] [proxy:error] [pid 4428:tid 1668] [client 201.245.192.253:31706] AH00898: Error reading from remote server returned by /forest/js/xml_utilities.js
[Wed Jan 28 15:48:05.491159 2015] [proxy_http:error] [pid 4428:tid 1448] (20014)Internal error: [client 201.245.192.253:32191] AH01102: error reading status line from remote server 172.22.1.47:80
[Wed Jan 28 15:48:05.491159 2015] [proxy:error] [pid 4428:tid 1448] [client 201.245.192.253:32191] AH00898: Error reading from remote server returned by /forest/skins/gdocs-jar/img/disk.png
[Wed Jan 28 15:48:12.526771 2015] [proxy_http:error] [pid 4428:tid 1048] (20014)Internal error: [client 201.245.192.253:32234] AH01102: error reading status line from remote server 172.22.1.47:80, referer: http://190.27.245.106/forest/index2.jsp?_a=0.602036923897394
[Wed Jan 28 15:49:09.513671 2015] [proxy_http:error] [pid 4428:tid 1344] (20014)Internal error: [client 190.84.185.167:50310] AH01102: error reading status line from remote server 172.22.1.47:80, referer: http://190.27.245.106/forest/buscar.do?type=documentos
[Wed Jan 28 15:49:09.513671 2015] [proxy:error] [pid 4428:tid 1344] [client 190.84.185.167:50310] AH00898: Error reading from remote server returned by /forest/css/autocomplete.css, referer: http://190.27.245.106/forest/buscar.do?type=documentos
[Wed Jan 28 15:49:09.529271 2015] [proxy_http:error] [pid 4428:tid 1696] (20014)Internal error: [client 190.84.185.167:50309] AH01102: error reading status line from remote server 172.22.1.47:80, referer: http://190.27.245.106/forest/buscar.do?type=documentos
[Wed Jan 28 15:49:09.529271 2015] [proxy:error] [pid 4428:tid 1696] [client 190.84.185.167:50309] AH00898: Error reading from remote server returned by /forest/js/load_func.js, referer: http://190.27.245.106/forest/buscar.do?type=documentos
[Wed Jan 28 15:49:20.839291 2015] [proxy_http:error] [pid 4428:tid 1448] (20014)Internal error: [client 201.245.192.253:32503] AH01102: error reading status line from remote server 172.22.1.47:80, referer: http://190.27.245.106/forest/buscar.do?type=procesos
[Wed Jan 28 15:56:57.280493 2015] [proxy_http:error] [pid 4428:tid 1892] (20014)Internal error: [client 201.245.192.253:34765] AH01102: error reading status line from remote server 172.22.1.47:80
[Wed Jan 28 15:56:57.280493 2015] [proxy:error] [pid 4428:tid 1892] [client 201.245.192.253:34765] AH00898: Error reading from remote server returned by /forest/js/load_func.js
[Wed Jan 28 15:57:02.490902 2015] [proxy_http:error] [pid 4428:tid 1508] (20014)Internal error: [client 201.245.192.253:34786] AH01102: error reading status line from remote server 172.22.1.47:80, referer: http://190.27.245.106/forest/usutareas.do?group_system_actual=3&codAct=879&numPro=2981850&codPro=90&fecTra=2015-01-06%2011:28:24.777&codInst=3017482&codTraEsc=17236066
[Wed Jan 28 15:57:02.490902 2015] [proxy:error] [pid 4428:tid 1508] [client 201.245.192.253:34786] AH00898: Error reading from remote server returned by /forest/session.jsp, referer: http://190.27.245.106/forest/usutareas.do?group_system_actual=3&codAct=879&numPro=2981850&codPro=90&fecTra=2015-01-06%2011:28:24.777&codInst=3017482&codTraEsc=17236066
[Wed Jan 28 15:57:02.490902 2015] [negotiation:error] [pid 4428:tid 1508] [client 201.245.192.253:34786] AH00690: no acceptable variant: E:/nuevo/apache/error/HTTP_BAD_GATEWAY.html.var, referer: http://190.27.245.106/forest/usutareas.do?group_system_actual=3&codAct=879&numPro=2981850&codPro=90&fecTra=2015-01-06%2011:28:24.777&codInst=3017482&codTraEsc=17236066
[Wed Jan 28 15:57:44.907377 2015] [proxy_http:error] [pid 4428:tid 980] (20014)Internal error: [client 201.245.192.253:34940] AH01102: error reading status line from remote server 172.22.1.47:80
[Wed Jan 28 15:57:44.907377 2015] [proxy:error] [pid 4428:tid 980] [client 201.245.192.253:34940] AH00898: Error reading from remote server returned by /forest/js/jqGridConf.js
[Wed Jan 28 15:57:44.922977 2015] [proxy_http:error] [pid 4428:tid 1280] (20014)Internal error: [client 201.245.192.253:34947] AH01102: error reading status line from remote server 172.22.1.47:80
[Wed Jan 28 15:57:44.922977 2015] [proxy:error] [pid 4428:tid 1280] [client 201.245.192.253:34947] AH00898: Error reading from remote server returned by /forest/img/download_large.gif
[Wed Jan 28 15:58:43.875480 2015] [proxy_http:error] [pid 4428:tid 1084] (20014)Internal error: [client 186.154.84.82:53269] AH01102: error reading status line from remote server 172.22.1.47:80, referer: http://190.27.245.106/forest/
[Wed Jan 28 15:59:10.504727 2015] [proxy_http:error] [pid 4428:tid 1660] (20014)Internal error: [client 201.245.192.253:22805] AH01102: error reading status line from remote server 172.22.1.47:80, referer: http://190.27.245.106/forest/usutareas.do?group_system_actual=3&codAct=879&numPro=2880080&codPro=90&fecTra=2015-01-20%2015:46:15.15&codInst=2907505&codTraEsc=17319826
[Wed Jan 28 15:59:10.504727 2015] [proxy:error] [pid 4428:tid 1660] [client 201.245.192.253:22805] AH00898: Error reading from remote server returned by /forest/session.jsp, referer: http://190.27.245.106/forest/usutareas.do?group_system_actual=3&codAct=879&numPro=2880080&codPro=90&fecTra=2015-01-20%2015:46:15.15&codInst=2907505&codTraEsc=17319826
[Wed Jan 28 15:59:10.504727 2015] [negotiation:error] [pid 4428:tid 1660] [client 201.245.192.253:22805] AH00690: no acceptable variant: E:/nuevo/apache/error/HTTP_BAD_GATEWAY.html.var, referer: http://190.27.245.106/forest/usutareas.do?group_system_actual=3&codAct=879&numPro=2880080&codPro=90&fecTra=2015-01-20%2015:46:15.15&codInst=2907505&codTraEsc=17319826
[Wed Jan 28 16:05:15.919769 2015] [proxy_http:error] [pid 4428:tid 1856] (20014)Internal error: [client 190.24.129.28:9525] AH01102: error reading status line from remote server 172.22.1.47:80, referer: http://190.27.245.106/forest/
[Wed Jan 28 16:07:15.915180 2015] [proxy_http:error] [pid 4428:tid 1736] (20014)Internal error: [client 201.245.192.253:25274] AH01102: error reading status line from remote server 172.22.1.47:80, referer: http://190.27.245.106/forest/usutareas.do?group_system_actual=3&codAct=879&numPro=2985395&codPro=90&fecTra=2015-01-06%2010:22:08.439&codInst=3021317&codTraEsc=17235113
[Wed Jan 28 16:07:17.584383 2015] [proxy_http:error] [pid 4428:tid 1572] (20014)Internal error: [client 201.245.192.253:25343] AH01102: error reading status line from remote server 172.22.1.47:80, referer: http://190.27.245.106/forest/usutareas.do?group_system_actual=3&a=0.6897506939558579
[Wed Jan 28 16:07:17.677983 2015] [proxy_http:error] [pid 4428:tid 1572] (20014)Internal error: [client 201.245.192.253:25347] AH01102: error reading status line from remote server 172.22.1.47:80, referer: http://190.27.245.106/forest/usutareas.do?group_system_actual=3&a=0.6897506939558579
[Wed Jan 28 16:07:17.677983 2015] [proxy:error] [pid 4428:tid 1572] [client 201.245.192.253:25347] AH00898: Error reading from remote server returned by /forest/buscar.do, referer: http://190.27.245.106/forest/usutareas.do?group_system_actual=3&a=0.6897506939558579
[Wed Jan 28 16:08:16.068885 2015] [proxy_http:error] [pid 4428:tid 1104] (20014)Internal error: [client 201.245.192.253:25472] AH01102: error reading status line from remote server 172.22.1.47:80, referer: http://190.27.245.106/forest/usutareas.do?group_system_actual=3&codTraEsc=17315754&_a=0.6786056878391875
[Wed Jan 28 16:11:29.696425 2015] [proxy_http:error] [pid 4428:tid 1384] (20014)Internal error: [client 190.147.32.213:49554] AH01102: error reading status line from remote server 172.22.1.47:80, referer: http://190.27.245.106/forest/
[Wed Jan 28 16:11:55.857671 2015] [proxy_http:error] [pid 4428:tid 984] (20014)Internal error: [client 190.147.32.213:49567] AH01102: error reading status line from remote server 172.22.1.47:80, referer: http://190.27.245.106/forest/usutareas.do?group_system_actual=3&codTraEsc=17296415&_a=0.9784878787512276
[Wed Jan 28 16:11:55.857671 2015] [proxy:error] [pid 4428:tid 984] [client 190.147.32.213:49567] AH00898: Error reading from remote server returned by /forest/skins/gdocs-jar/js/grid.js, referer: http://190.27.245.106/forest/usutareas.do?group_system_actual=3&codTraEsc=17296415&_a=0.9784878787512276
[Wed Jan 28 16:12:22.814519 2015] [proxy_http:error] [pid 4428:tid 1384] (20014)Internal error: [client 201.245.192.253:26442] AH01102: error reading status line from remote server 172.22.1.47:80, referer: http://190.27.245.106/forest/usutareas.do?codTraEsc=17364898
[Wed Jan 28 16:13:09.396200 2015] [proxy_http:error] [pid 4428:tid 1448] (20014)Internal error: [client 190.147.32.213:49576] AH01102: error reading status line from remote server 172.22.1.47:80, referer: http://190.27.245.106/forest/usutareas.do?group_system_actual=3&codTraEsc=17296415&_a=0.9784878787512276
[Wed Jan 28 16:13:09.396200 2015] [proxy:error] [pid 4428:tid 1448] [client 190.147.32.213:49576] AH00898: Error reading from remote server returned by /forest/img/historial.gif, referer: http://190.27.245.106/forest/usutareas.do?group_system_actual=3&codTraEsc=17296415&_a=0.9784878787512276
[Wed Jan 28 16:13:09.396200 2015] [proxy_http:error] [pid 4428:tid 1472] (20014)Internal error: [client 190.147.32.213:49577] AH01102: error reading status line from remote server 172.22.1.47:80, referer: http://190.27.245.106/forest/usutareas.do?group_system_actual=3&codTraEsc=17296415&_a=0.9784878787512276
[Wed Jan 28 16:13:09.396200 2015] [proxy:error] [pid 4428:tid 1472] [client 190.147.32.213:49577] AH00898: Error reading from remote server returned by /forest/img/adduser.gif, referer: http://190.27.245.106/forest/usutareas.do?group_system_actual=3&codTraEsc=17296415&_a=0.9784878787512276
[Wed Jan 28 16:13:39.254653 2015] [proxy_http:error] [pid 4428:tid 1572] (20014)Internal error: [client 201.245.192.253:26755] AH01102: error reading status line from remote server 172.22.1.47:80
[Wed Jan 28 16:13:39.254653 2015] [proxy:error] [pid 4428:tid 1572] [client 201.245.192.253:26755] AH00898: Error reading from remote server returned by /forest/skins/gdocs-jar/img/edit.gif
[Wed Jan 28 16:13:39.317053 2015] [proxy_http:error] [pid 4428:tid 1736] (20014)Internal error: [client 201.245.192.253:26763] AH01102: error reading status line from remote server 172.22.1.47:80
[Wed Jan 28 16:13:39.317053 2015] [proxy:error] [pid 4428:tid 1736] [client 201.245.192.253:26763] AH00898: Error reading from remote server returned by /forest/skins/gdocs-jar/img/eliminar.gif
[Wed Jan 28 16:16:32.102956 2015] [proxy_http:error] [pid 4428:tid 972] (20014)Internal error: [client 201.245.192.253:27632] AH01102: error reading status line from remote server 172.22.1.47:80
[Wed Jan 28 16:16:32.102956 2015] [proxy:error] [pid 4428:tid 972] [client 201.245.192.253:27632] AH00898: Error reading from remote server returned by /forest/skins/gdocs-jar/img/user_search.gif
[Wed Jan 28 16:16:32.243357 2015] [proxy_http:error] [pid 4428:tid 1560] (20014)Internal error: [client 201.245.192.253:27641] AH01102: error reading status line from remote server 172.22.1.47:80
[Wed Jan 28 16:16:32.243357 2015] [proxy:error] [pid 4428:tid 1560] [client 201.245.192.253:27641] AH00898: Error reading from remote server returned by /forest/1ibre/images/plus.gif
[Wed Jan 28 16:16:55.487398 2015] [proxy_http:error] [pid 4428:tid 1736] (20014)Internal error: [client 201.245.192.253:27719] AH01102: error reading status line from remote server 172.22.1.47:80, referer: http://190.27.245.106/forest/usutareas.do?codTraEsc=17364901
[Wed Jan 28 16:17:52.973499 2015] [proxy_http:error] [pid 4428:tid 1344] (20014)Internal error: [client 201.245.192.253:27929] AH01102: error reading status line from remote server 172.22.1.47:80, referer: http://190.27.245.106/forest/usutareas.do?_a=0.716080519137904&group_system_actual=3
[Wed Jan 28 16:24:30.836597 2015] [proxy_http:error] [pid 4428:tid 984] (OS 10054)An existing connection was forcibly closed by the remote host.  : [client 201.244.55.205:15505] AH01102: error reading status line from remote server 172.22.1.31:80, referer: http://190.27.245.106/isolucionsda/Encabezado.asp?Pagina=ListadoMaestroDocumentos3.asp
[Wed Jan 28 16:24:30.836597 2015] [proxy:error] [pid 4428:tid 984] [client 201.244.55.205:15505] AH00898: Error reading from remote server returned by /isolucionsda/g/Bot_GlosarioOver.jpg, referer: http://190.27.245.106/isolucionsda/Encabezado.asp?Pagina=ListadoMaestroDocumentos3.asp
[Wed Jan 28 16:24:34.814604 2015] [proxy_http:error] [pid 4428:tid 1416] (OS 10054)An existing connection was forcibly closed by the remote host.  : [client 201.244.55.205:15508] AH01102: error reading status line from remote server 172.22.1.31:80, referer: http://190.27.245.106/isolucionsda/FrameSetGeneral.asp?Pagina=Menu.asp&IdModulo=4
[Wed Jan 28 16:24:34.814604 2015] [proxy:error] [pid 4428:tid 1416] [client 201.244.55.205:15508] AH00898: Error reading from remote server returned by /isolucionsda/BarraTitulos.asp, referer: http://190.27.245.106/isolucionsda/FrameSetGeneral.asp?Pagina=Menu.asp&IdModulo=4
[Wed Jan 28 16:27:11.563680 2015] [proxy_http:error] [pid 4428:tid 1516] (OS 10054)An existing connection was forcibly closed by the remote host.  : [client 201.245.192.253:30553] AH01102: error reading status line from remote server 172.22.1.31:80, referer: http://190.27.245.106/isolucionsda/FrameSetGeneral.asp?Pagina=Menu.asp&IdModulo=7
[Wed Jan 28 16:27:11.563680 2015] [proxy:error] [pid 4428:tid 1516] [client 201.245.192.253:30553] AH00898: Error reading from remote server returned by /isolucionsda/Menu.asp, referer: http://190.27.245.106/isolucionsda/FrameSetGeneral.asp?Pagina=Menu.asp&IdModulo=7
[Wed Jan 28 16:29:30.263523 2015] [proxy_http:error] [pid 4428:tid 1384] (20014)Internal error: [client 201.245.192.253:31252] AH01102: error reading status line from remote server 172.22.1.47:80, referer: http://190.27.245.106/forest/index2.jsp?_a=0.6486302702687681
[Wed Jan 28 16:31:29.385332 2015] [core:warn] [pid 2720:tid 300] AH00098: pid file E:/nuevo/apache/logs/httpd.pid overwritten -- Unclean shutdown of previous Apache run?
[Wed Jan 28 16:31:29.385332 2015] [auth_digest:notice] [pid 2720:tid 300] AH01757: generating secret for digest authentication ...
[Wed Jan 28 16:31:29.759733 2015] [mpm_winnt:notice] [pid 2720:tid 300] AH00455: Apache/2.4.10 (Win32) OpenSSL/1.0.1i PHP/5.5.15 configured -- resuming normal operations
[Wed Jan 28 16:31:29.759733 2015] [mpm_winnt:notice] [pid 2720:tid 300] AH00456: Apache Lounge VC11 Server built: Jul 17 2014 11:50:08
[Wed Jan 28 16:31:29.759733 2015] [core:notice] [pid 2720:tid 300] AH00094: Command line: 'e:\\nuevo\\apache\\bin\\httpd.exe -d E:/nuevo/apache'
[Wed Jan 28 16:31:29.759733 2015] [mpm_winnt:notice] [pid 2720:tid 300] AH00418: Parent: Created child process 7568
[Wed Jan 28 16:31:30.477334 2015] [auth_digest:notice] [pid 7568:tid 312] AH01757: generating secret for digest authentication ...
[Wed Jan 28 16:31:30.726935 2015] [mpm_winnt:notice] [pid 7568:tid 312] AH00354: Child: Starting 150 worker threads.
[Wed Jan 28 16:45:09.977974 2015] [proxy_http:error] [pid 7568:tid 1820] (20014)Internal error: [client 201.245.192.253:34779] AH01102: error reading status line from remote server 172.22.1.47:80
[Wed Jan 28 16:45:09.977974 2015] [proxy:error] [pid 7568:tid 1820] [client 201.245.192.253:34779] AH00898: Error reading from remote server returned by /forest/skins/gdocs-jar/img/reject.gif
[Wed Jan 28 16:45:10.055974 2015] [proxy_http:error] [pid 7568:tid 1820] (20014)Internal error: [client 201.245.192.253:34780] AH01102: error reading status line from remote server 172.22.1.47:80, referer: http://190.27.245.106/forest/suactividades.do?group_system_actual=3&_a=0.6919575262890273
[Wed Jan 28 17:05:06.375275 2015] [proxy_http:error] [pid 7568:tid 1828] (OS 10054)An existing connection was forcibly closed by the remote host.  : [client 201.245.192.253:27601] AH01102: error reading status line from remote server 172.22.1.31:80, referer: http://190.27.245.106/isolucionsda/FrameSetGeneral.asp?Pagina1=FrameSetGeneral.asp&
[Wed Jan 28 17:05:06.375275 2015] [proxy:error] [pid 7568:tid 1828] [client 201.245.192.253:27601] AH00898: Error reading from remote server returned by /isolucionsda/MagazinHome.asp, referer: http://190.27.245.106/isolucionsda/FrameSetGeneral.asp?Pagina1=FrameSetGeneral.asp&
[Wed Jan 28 17:26:13.409501 2015] [core:error] [pid 7568:tid 1820] (22)Invalid argument: [client 180.76.6.143:32737] AH00127: Cannot map GET /Autoliquidacion/Grupo%20Forestal%20-%20Silvicultura/Solicitud%20y%20lista%20de%20chequeo%20Evaluaci%F3n%20Silvicultural.xlsx HTTP/1.1 to file
[Wed Jan 28 17:30:50.543987 2015] [proxy_http:error] [pid 7568:tid 1828] (20014)Internal error: [client 201.245.192.253:32138] AH01102: error reading status line from remote server 172.22.1.47:80, referer: http://190.27.245.106/forest/usutareas.do?group_system_actual=3&a=0.2659962000325322
[Wed Jan 28 17:48:24.544239 2015] [cgi:error] [pid 7568:tid 1820] [client 213.136.71.178:55391] script not found or unable to stat: E:/nuevo/cgi-bin/php
[Wed Jan 28 17:48:24.715839 2015] [cgi:error] [pid 7568:tid 1820] [client 213.136.71.178:55391] script not found or unable to stat: E:/nuevo/cgi-bin/php5
[Wed Jan 28 17:48:24.887439 2015] [cgi:error] [pid 7568:tid 1820] [client 213.136.71.178:55391] script not found or unable to stat: E:/nuevo/cgi-bin/php-cgi
[Wed Jan 28 17:48:25.059039 2015] [cgi:error] [pid 7568:tid 1820] [client 213.136.71.178:55391] script not found or unable to stat: E:/nuevo/cgi-bin/php.cgi
[Wed Jan 28 17:48:25.246240 2015] [cgi:error] [pid 7568:tid 1820] [client 213.136.71.178:55391] script not found or unable to stat: E:/nuevo/cgi-bin/php4
[Wed Jan 28 18:28:11.769632 2015] [core:error] [pid 7568:tid 1660] (22)Invalid argument: [client 202.46.50.160:59862] AH00127: Cannot map GET /Autoliquidacion/Fauna%20Silvestre/LISTA%20DE%20CHEQUEO%20Y%20FORMATO%20DE%20SOLICITUD%20DE%20VERIFICACI%D3N%20DE%20EXPORTACIONES%20E%20IMPORTACIONES.xls HTTP/1.1 to file
[Wed Jan 28 18:38:21.059902 2015] [mpm_winnt:warn] [pid 7568:tid 2668] (OS 64)The specified network name is no longer available.  : AH00341: winnt_accept: Asynchronous AcceptEx failed.
[Wed Jan 28 18:39:05.426380 2015] [mpm_winnt:warn] [pid 7568:tid 2668] (OS 64)The specified network name is no longer available.  : AH00341: winnt_accept: Asynchronous AcceptEx failed.
[Wed Jan 28 19:11:05.883353 2015] [mpm_winnt:warn] [pid 7568:tid 2668] (OS 64)The specified network name is no longer available.  : AH00341: winnt_accept: Asynchronous AcceptEx failed.
[Wed Jan 28 21:31:46.418578 2015] [mpm_winnt:warn] [pid 7568:tid 2668] (OS 64)The specified network name is no longer available.  : AH00341: winnt_accept: Asynchronous AcceptEx failed.

:: Command execute ::

Enter:
 
Select:
 

:: Search ::
regexp 

:: Upload ::
 
[ ok ]

:: Make Dir ::
 
[ ok ]
:: Make File ::
 
[ ok ]

:: Go Dir ::
 
:: Go File ::
 

--[ c99shell v. 1.0 pre-release build #13 powered by Captain Crunch Security Team | http://ccteam.ru | Generation time: 0.0312 ]--