!C99Shell v. 1.0 pre-release build #13!

Software: Apache. PHP/5.5.15 

uname -a: Windows NT SVR-DMZ 6.1 build 7600 (Windows Server 2008 R2 Enterprise Edition) i586 

SYSTEM 

Safe-mode: OFF (not secure)

E:\nuevo\apache\logs\   drwxrwxrwx
Free 9.41 GB of 239.26 GB (3.93%)
Detected drives: [ a ] [ c ] [ d ] [ e ] [ f ]
Home    Back    Forward    UPDIR    Refresh    Search    Buffer    Encoder    Tools    Proc.    FTP brute    Sec.    SQL    PHP-code    Update    Feedback    Self remove    Logout    


Viewing file:     error.2015.02.05.log (56.67 KB)      -rw-rw-rw-
Select action/file-type:
(+) | (+) | (+) | Code (+) | Session (+) | (+) | SDB (+) | (+) | (+) | (+) | (+) | (+) |
[Thu Feb 05 01:14:53.530595 2015] [core:error] [pid 7568:tid 1540] (20024)The given path is misformatted or contained invalid characters: [client 198.228.90.228:38923] AH00127: Cannot map GET /galeria/carrusel/Carrusel/jquery-ui-%0A%0A1.8.13.custom.min.js HTTP/1.0 to file, referer: http://ambientebogota.gov.co/inicio
[Thu Feb 05 02:33:33.927285 2015] [mpm_winnt:warn] [pid 7568:tid 2668] (OS 64)The specified network name is no longer available.  : AH00341: winnt_accept: Asynchronous AcceptEx failed.
[Thu Feb 05 03:29:48.291212 2015] [mpm_winnt:warn] [pid 7568:tid 2668] (OS 64)The specified network name is no longer available.  : AH00341: winnt_accept: Asynchronous AcceptEx failed.
[Thu Feb 05 04:39:09.005720 2015] [:error] [pid 7568:tid 1812] [client 188.2.7.134:59781] script 'E:/nuevo/htdocs/xmlrpc.php' not found or unable to stat
[Thu Feb 05 04:39:23.825746 2015] [mpm_winnt:warn] [pid 7568:tid 2668] (OS 64)The specified network name is no longer available.  : AH00341: winnt_accept: Asynchronous AcceptEx failed.
[Thu Feb 05 05:32:40.037360 2015] [mpm_winnt:warn] [pid 7568:tid 2668] (OS 64)The specified network name is no longer available.  : AH00341: winnt_accept: Asynchronous AcceptEx failed.
[Thu Feb 05 06:10:05.037303 2015] [mpm_winnt:warn] [pid 7568:tid 2668] (OS 64)The specified network name is no longer available.  : AH00341: winnt_accept: Asynchronous AcceptEx failed.
[Thu Feb 05 06:23:42.385139 2015] [access_compat:error] [pid 7568:tid 1740] [client 202.100.219.52:11312] AH01797: client denied by server configuration: E:/nuevo/phpMyAdmin/translators.html
[Thu Feb 05 06:23:42.463139 2015] [access_compat:error] [pid 7568:tid 1580] [client 202.100.219.52:11318] AH01797: client denied by server configuration: E:/nuevo/phpMyAdmin/translators.html
[Thu Feb 05 06:35:43.746006 2015] [core:error] [pid 7568:tid 1812] [client 91.142.209.68:35891] AH00126: Invalid URI in request GET HTTP/1.1 HTTP/1.1
[Thu Feb 05 06:35:44.479207 2015] [cgi:error] [pid 7568:tid 1740] [client 91.142.209.68:37590] script not found or unable to stat: E:/nuevo/cgi-bin/bash
[Thu Feb 05 06:35:44.838008 2015] [cgi:error] [pid 7568:tid 1868] [client 91.142.209.68:38335] script not found or unable to stat: E:/nuevo/cgi-bin/contact.cgi
[Thu Feb 05 06:35:45.196808 2015] [cgi:error] [pid 7568:tid 1460] [client 91.142.209.68:39227] script not found or unable to stat: E:/nuevo/cgi-bin/defaultwebpage.cgi
[Thu Feb 05 06:35:45.571209 2015] [cgi:error] [pid 7568:tid 1524] [client 91.142.209.68:39990] script not found or unable to stat: E:/nuevo/cgi-bin/env.cgi
[Thu Feb 05 06:35:45.945610 2015] [cgi:error] [pid 7568:tid 1548] [client 91.142.209.68:40788] script not found or unable to stat: E:/nuevo/cgi-bin/fire.cgi
[Thu Feb 05 06:35:46.304410 2015] [cgi:error] [pid 7568:tid 1812] [client 91.142.209.68:41597] script not found or unable to stat: E:/nuevo/cgi-bin/forum.cgi
[Thu Feb 05 06:35:46.678811 2015] [cgi:error] [pid 7568:tid 1580] [client 91.142.209.68:42431] script not found or unable to stat: E:/nuevo/cgi-bin/hello.cgi
[Thu Feb 05 06:35:47.037612 2015] [cgi:error] [pid 7568:tid 1740] [client 91.142.209.68:43170] script not found or unable to stat: E:/nuevo/cgi-bin/index.cgi
[Thu Feb 05 06:35:47.412012 2015] [cgi:error] [pid 7568:tid 1868] [client 91.142.209.68:44106] script not found or unable to stat: E:/nuevo/cgi-bin/login.cgi
[Thu Feb 05 06:35:47.786413 2015] [cgi:error] [pid 7568:tid 1460] [client 91.142.209.68:44966] script not found or unable to stat: E:/nuevo/cgi-bin/main.cgi
[Thu Feb 05 06:35:48.145213 2015] [cgi:error] [pid 7568:tid 1524] [client 91.142.209.68:45727] script not found or unable to stat: E:/nuevo/cgi-bin/meme.cgi
[Thu Feb 05 06:35:48.504014 2015] [cgi:error] [pid 7568:tid 1548] [client 91.142.209.68:46574] script not found or unable to stat: E:/nuevo/cgi-bin/php
[Thu Feb 05 06:35:48.862815 2015] [cgi:error] [pid 7568:tid 1812] [client 91.142.209.68:47416] script not found or unable to stat: E:/nuevo/cgi-bin/php4
[Thu Feb 05 06:35:49.237215 2015] [cgi:error] [pid 7568:tid 1580] [client 91.142.209.68:48305] script not found or unable to stat: E:/nuevo/cgi-bin/php5
[Thu Feb 05 06:35:49.611616 2015] [cgi:error] [pid 7568:tid 1740] [client 91.142.209.68:49118] script not found or unable to stat: E:/nuevo/cgi-bin/php5-cli
[Thu Feb 05 06:35:49.986017 2015] [cgi:error] [pid 7568:tid 1868] [client 91.142.209.68:49879] script not found or unable to stat: E:/nuevo/cgi-bin/recent.cgi
[Thu Feb 05 06:35:50.360417 2015] [cgi:error] [pid 7568:tid 1460] [client 91.142.209.68:50755] script not found or unable to stat: E:/nuevo/cgi-bin/sat-ir-web.pl
[Thu Feb 05 06:35:51.093619 2015] [cgi:error] [pid 7568:tid 1548] [client 91.142.209.68:52335] script not found or unable to stat: E:/nuevo/cgi-bin/test-cgi
[Thu Feb 05 06:35:51.468019 2015] [cgi:error] [pid 7568:tid 1812] [client 91.142.209.68:53173] script not found or unable to stat: E:/nuevo/cgi-bin/test.cgi
[Thu Feb 05 06:35:51.826820 2015] [cgi:error] [pid 7568:tid 1580] [client 91.142.209.68:53923] script not found or unable to stat: E:/nuevo/cgi-bin/test-cgi.pl
[Thu Feb 05 06:35:52.185621 2015] [cgi:error] [pid 7568:tid 1740] [client 91.142.209.68:54716] script not found or unable to stat: E:/nuevo/cgi-bin/test.sh
[Thu Feb 05 06:35:52.560021 2015] [cgi:error] [pid 7568:tid 1868] [client 91.142.209.68:55466] script not found or unable to stat: E:/nuevo/cgi-bin/tools
[Thu Feb 05 07:06:20.290431 2015] [proxy_http:error] [pid 7568:tid 1396] (OS 10054)An existing connection was forcibly closed by the remote host.  : [client 201.245.192.253:28944] AH01102: error reading status line from remote server 172.22.1.31:80, referer: http://190.27.245.106/isolucionsda/FrameSetGeneral.asp?Pagina1=FrameSetGeneral.asp&
[Thu Feb 05 07:06:20.306031 2015] [proxy:error] [pid 7568:tid 1396] [client 201.245.192.253:28944] AH00898: Error reading from remote server returned by /isolucionsda/MagazinHome.asp, referer: http://190.27.245.106/isolucionsda/FrameSetGeneral.asp?Pagina1=FrameSetGeneral.asp&
[Thu Feb 05 07:06:20.306031 2015] [proxy_http:error] [pid 7568:tid 1548] (OS 10054)An existing connection was forcibly closed by the remote host.  : [client 201.245.192.253:28943] AH01102: error reading status line from remote server 172.22.1.31:80, referer: http://190.27.245.106/isolucionsda/FrameSetGeneral.asp?Pagina1=FrameSetGeneral.asp&
[Thu Feb 05 07:06:20.306031 2015] [proxy:error] [pid 7568:tid 1548] [client 201.245.192.253:28943] AH00898: Error reading from remote server returned by /isolucionsda/BarraTitulos.asp, referer: http://190.27.245.106/isolucionsda/FrameSetGeneral.asp?Pagina1=FrameSetGeneral.asp&
[Thu Feb 05 07:06:20.306031 2015] [proxy_http:error] [pid 7568:tid 1412] (OS 10054)An existing connection was forcibly closed by the remote host.  : [client 201.245.192.253:28945] AH01102: error reading status line from remote server 172.22.1.31:80, referer: http://190.27.245.106/isolucionsda/FrameSetGeneral.asp?Pagina1=FrameSetGeneral.asp&
[Thu Feb 05 07:06:20.306031 2015] [proxy:error] [pid 7568:tid 1412] [client 201.245.192.253:28945] AH00898: Error reading from remote server returned by /isolucionsda/BarraFavoritos.asp, referer: http://190.27.245.106/isolucionsda/FrameSetGeneral.asp?Pagina1=FrameSetGeneral.asp&
[Thu Feb 05 07:17:28.143204 2015] [proxy_http:error] [pid 7568:tid 1412] (OS 10054)An existing connection was forcibly closed by the remote host.  : [client 201.245.192.253:30299] AH01102: error reading status line from remote server 172.22.1.31:80, referer: http://190.27.245.106/isolucionsda/FrameSetGeneral.asp?Pagina=Menu.asp&IdModulo=4
[Thu Feb 05 07:17:28.143204 2015] [proxy:error] [pid 7568:tid 1412] [client 201.245.192.253:30299] AH00898: Error reading from remote server returned by /isolucionsda/BarraFavoritos.asp, referer: http://190.27.245.106/isolucionsda/FrameSetGeneral.asp?Pagina=Menu.asp&IdModulo=4
[Thu Feb 05 07:17:28.143204 2015] [proxy_http:error] [pid 7568:tid 1836] (OS 10054)An existing connection was forcibly closed by the remote host.  : [client 201.245.192.253:30297] AH01102: error reading status line from remote server 172.22.1.31:80, referer: http://190.27.245.106/isolucionsda/FrameSetGeneral.asp?Pagina=Menu.asp&IdModulo=4
[Thu Feb 05 07:17:28.158805 2015] [proxy:error] [pid 7568:tid 1836] [client 201.245.192.253:30297] AH00898: Error reading from remote server returned by /isolucionsda/BarraTitulos.asp, referer: http://190.27.245.106/isolucionsda/FrameSetGeneral.asp?Pagina=Menu.asp&IdModulo=4
[Thu Feb 05 08:04:57.254209 2015] [proxy_http:error] [pid 7568:tid 1764] (OS 10054)An existing connection was forcibly closed by the remote host.  : [client 190.26.119.3:18014] AH01102: error reading status line from remote server 172.22.1.31:80, referer: http://190.27.245.106/isolucionsda/Encabezado.asp?Pagina1=FrameSetGeneral.asp&&Pagina=MagazinHome.asp
[Thu Feb 05 08:21:16.904729 2015] [proxy_http:error] [pid 7568:tid 1764] (20014)Internal error: [client 201.245.192.253:30731] AH01102: error reading status line from remote server 172.22.1.47:80
[Thu Feb 05 08:21:16.904729 2015] [proxy:error] [pid 7568:tid 1764] [client 201.245.192.253:30731] AH00898: Error reading from remote server returned by /forest/skins/gdocs-jar/img/activity2.gif
[Thu Feb 05 08:26:54.848123 2015] [mpm_winnt:warn] [pid 7568:tid 2668] (OS 64)The specified network name is no longer available.  : AH00341: winnt_accept: Asynchronous AcceptEx failed.
[Thu Feb 05 08:58:44.587877 2015] [proxy_http:error] [pid 7568:tid 1452] (20014)Internal error: [client 181.50.181.12:52985] AH01102: error reading status line from remote server 172.22.1.47:80, referer: http://190.27.245.106/forest/buscar.do?
[Thu Feb 05 09:19:51.185302 2015] [proxy_http:error] [pid 7568:tid 1420] (OS 10054)An existing connection was forcibly closed by the remote host.  : [client 181.54.169.126:22827] AH01102: error reading status line from remote server 172.22.1.31:80, referer: http://190.27.245.106/isolucionsda/Encabezado.asp?Pagina1=FrameSetGeneral.asp&&Pagina=MagazinHome.asp
[Thu Feb 05 09:35:14.160923 2015] [proxy_http:error] [pid 7568:tid 1628] (20014)Internal error: [client 190.252.146.83:49548] AH01102: error reading status line from remote server 172.22.1.47:80, referer: http://190.27.245.106/forest/usutareas.do?_a=0.3486808849273063&group_system_actual=3
[Thu Feb 05 09:53:56.972895 2015] [proxy_http:error] [pid 7568:tid 1652] (OS 10054)An existing connection was forcibly closed by the remote host.  : [client 201.245.192.253:33138] AH01102: error reading status line from remote server 172.22.1.31:80, referer: http://190.27.245.106/isolucionsda/FrameSetGeneral.asp?Pagina=SucursalSeleccion.asp&CargaPagina=ModuloProcesos&IdModulo=3
[Thu Feb 05 09:53:56.972895 2015] [proxy:error] [pid 7568:tid 1652] [client 201.245.192.253:33138] AH00898: Error reading from remote server returned by /isolucionsda/SucursalSeleccion.asp, referer: http://190.27.245.106/isolucionsda/FrameSetGeneral.asp?Pagina=SucursalSeleccion.asp&CargaPagina=ModuloProcesos&IdModulo=3
[Thu Feb 05 09:59:01.345030 2015] [proxy_http:error] [pid 7568:tid 1636] (20014)Internal error: [client 201.245.192.253:34660] AH01102: error reading status line from remote server 172.22.1.47:80, referer: http://190.27.245.106/forest/index2.jsp?a=0.5730513533059818
[Thu Feb 05 09:59:01.516630 2015] [proxy_http:error] [pid 7568:tid 1756] (20014)Internal error: [client 201.245.192.253:34662] AH01102: error reading status line from remote server 172.22.1.47:80
[Thu Feb 05 09:59:01.516630 2015] [proxy:error] [pid 7568:tid 1756] [client 201.245.192.253:34662] AH00898: Error reading from remote server returned by /forest/css/escritorio.css
[Thu Feb 05 09:59:13.544251 2015] [proxy_http:error] [pid 7568:tid 1796] (20014)Internal error: [client 201.245.192.253:34721] AH01102: error reading status line from remote server 172.22.1.47:80, referer: http://190.27.245.106/forest/usutareas.do?group_system_actual=3&codAct=1477&numPro=2395149&codPro=134&fecTra=2015-02-03%2011:55:28.912&codInst=2399431&codTraEsc=17421092
[Thu Feb 05 09:59:13.544251 2015] [proxy:error] [pid 7568:tid 1796] [client 201.245.192.253:34721] AH00898: Error reading from remote server returned by /forest/skins/gdocs-jar/popup/escritorio/reasignar.jsp, referer: http://190.27.245.106/forest/usutareas.do?group_system_actual=3&codAct=1477&numPro=2395149&codPro=134&fecTra=2015-02-03%2011:55:28.912&codInst=2399431&codTraEsc=17421092
[Thu Feb 05 09:59:20.735864 2015] [proxy_http:error] [pid 7568:tid 1508] (20014)Internal error: [client 201.245.192.253:34804] AH01102: error reading status line from remote server 172.22.1.47:80
[Thu Feb 05 09:59:20.735864 2015] [proxy:error] [pid 7568:tid 1508] [client 201.245.192.253:34804] AH00898: Error reading from remote server returned by /forest/skins/gdocs-jar/img/comments.gif
[Thu Feb 05 10:00:25.678778 2015] [proxy_http:error] [pid 7568:tid 1372] (20014)Internal error: [client 201.245.192.253:22652] AH01102: error reading status line from remote server 172.22.1.47:80
[Thu Feb 05 10:00:25.678778 2015] [proxy:error] [pid 7568:tid 1372] [client 201.245.192.253:22652] AH00898: Error reading from remote server returned by /forest/skins/gdocs-jar/css/forms.css
[Thu Feb 05 10:13:22.310542 2015] [proxy:error] [pid 7568:tid 1684] (OS 10061)No connection could be made because the target machine actively refused it.  : AH00957: HTTP: attempt to connect to 172.22.1.36:8080 (172.22.1.36) failed
[Thu Feb 05 10:13:22.310542 2015] [proxy:error] [pid 7568:tid 1684] AH00959: ap_proxy_connect_backend disabling worker for (172.22.1.36) for 60s
[Thu Feb 05 10:13:22.310542 2015] [proxy_http:error] [pid 7568:tid 1684] [client 201.245.192.253:26796] AH01114: HTTP: failed to make connection to backend: 172.22.1.36
[Thu Feb 05 10:33:15.416237 2015] [proxy_http:error] [pid 7568:tid 1516] (OS 10054)An existing connection was forcibly closed by the remote host.  : [client 201.245.192.253:34113] AH01102: error reading status line from remote server 172.22.1.31:80, referer: http://190.27.245.106/isolucionsda/FramesetArticulo.asp?Pagina=bancoconocimiento%2FP%2FPlandeMejoramientoporprocesos%5Fv7%2FPlandeMejoramientoporprocesos%5Fv7%2Easp&IdArticulo=7460
[Thu Feb 05 10:33:15.416237 2015] [proxy:error] [pid 7568:tid 1516] [client 201.245.192.253:34113] AH00898: Error reading from remote server returned by /isolucionsda/bancoconocimiento/P/PlandeMejoramientoporprocesos_v7/PlandeMejoramientoporprocesos_v7.asp, referer: http://190.27.245.106/isolucionsda/FramesetArticulo.asp?Pagina=bancoconocimiento%2FP%2FPlandeMejoramientoporprocesos%5Fv7%2FPlandeMejoramientoporprocesos%5Fv7%2Easp&IdArticulo=7460
[Thu Feb 05 10:37:27.185080 2015] [proxy_http:error] [pid 7568:tid 1620] (OS 10054)An existing connection was forcibly closed by the remote host.  : [client 201.245.192.253:23053] AH01102: error reading status line from remote server 172.22.1.31:80, referer: http://190.27.245.106/isolucionsda/FrameSetGeneral.asp?Pagina=Menu.asp&IdModulo=4
[Thu Feb 05 10:37:27.185080 2015] [proxy:error] [pid 7568:tid 1620] [client 201.245.192.253:23053] AH00898: Error reading from remote server returned by /isolucionsda/Menu.asp, referer: http://190.27.245.106/isolucionsda/FrameSetGeneral.asp?Pagina=Menu.asp&IdModulo=4
[Thu Feb 05 10:52:59.505117 2015] [proxy_http:error] [pid 7568:tid 1860] (20014)Internal error: [client 201.245.192.253:28204] AH01102: error reading status line from remote server 172.22.1.47:80
[Thu Feb 05 10:52:59.505117 2015] [proxy:error] [pid 7568:tid 1860] [client 201.245.192.253:28204] AH00898: Error reading from remote server returned by /forest/1ibre/jscalendar/calendar-win2k-1.css
[Thu Feb 05 10:52:59.551917 2015] [proxy_http:error] [pid 7568:tid 1364] (20014)Internal error: [client 201.245.192.253:28224] AH01102: error reading status line from remote server 172.22.1.47:80
[Thu Feb 05 10:52:59.551917 2015] [proxy:error] [pid 7568:tid 1364] [client 201.245.192.253:28224] AH00898: Error reading from remote server returned by /forest/img/base/bsc2_r1_c1.gif
[Thu Feb 05 10:53:01.657921 2015] [proxy_http:error] [pid 7568:tid 1740] (20014)Internal error: [client 201.245.192.253:28247] AH01102: error reading status line from remote server 172.22.1.47:80
[Thu Feb 05 10:53:01.657921 2015] [proxy:error] [pid 7568:tid 1740] [client 201.245.192.253:28247] AH00898: Error reading from remote server returned by /forest/js/jquery/grid/css/ui.multiselect.css
[Thu Feb 05 10:53:01.673521 2015] [proxy_http:error] [pid 7568:tid 1740] (20014)Internal error: [client 201.245.192.253:28249] AH01102: error reading status line from remote server 172.22.1.47:80
[Thu Feb 05 10:53:01.673521 2015] [proxy:error] [pid 7568:tid 1740] [client 201.245.192.253:28249] AH00898: Error reading from remote server returned by /forest/js/jquery/i18n/grid.locale-en.js
[Thu Feb 05 10:53:20.596354 2015] [proxy_http:error] [pid 7568:tid 1300] (20014)Internal error: [client 201.245.192.253:28334] AH01102: error reading status line from remote server 172.22.1.47:80, referer: http://190.27.245.106/forest/buscar.do?type=documentos
[Thu Feb 05 10:53:23.685160 2015] [proxy_http:error] [pid 7568:tid 1300] (20014)Internal error: [client 201.245.192.253:28336] AH01102: error reading status line from remote server 172.22.1.47:80, referer: http://190.27.245.106/forest/buscar.do?type=documentos
[Thu Feb 05 10:55:07.986943 2015] [proxy_http:error] [pid 7568:tid 1604] (OS 10054)An existing connection was forcibly closed by the remote host.  : [client 201.245.192.253:28879] AH01102: error reading status line from remote server 172.22.1.31:80, referer: http://190.27.245.106/isolucionsda/FrameSetGeneral.asp?Pagina1=FrameSetGeneral.asp&
[Thu Feb 05 10:55:07.986943 2015] [proxy:error] [pid 7568:tid 1604] [client 201.245.192.253:28879] AH00898: Error reading from remote server returned by /isolucionsda/MagazinHome.asp, referer: http://190.27.245.106/isolucionsda/FrameSetGeneral.asp?Pagina1=FrameSetGeneral.asp&
[Thu Feb 05 11:00:16.025084 2015] [proxy_http:error] [pid 7568:tid 1692] (OS 10054)An existing connection was forcibly closed by the remote host.  : [client 201.245.192.253:30593] AH01102: error reading status line from remote server 172.22.1.31:80, referer: http://190.27.245.106/isolucionsda/bancoconocimiento/C/ClasificaciondeImpactoAmbientalparaLicenciasdeConstruccion_v5/ClasificaciondeImpactoAmbientalparaLicenciasdeConstruccion_v5.asp?Id_Articulo=4748
[Thu Feb 05 11:01:13.121184 2015] [proxy_http:error] [pid 7568:tid 1620] (20014)Internal error: [client 201.245.192.253:30920] AH01102: error reading status line from remote server 172.22.1.47:80, referer: http://190.27.245.106/forest/index2.jsp?_a=0.7644609983544797
[Thu Feb 05 11:04:11.507498 2015] [proxy_http:error] [pid 7568:tid 1644] (20014)Internal error: [client 201.245.192.253:32070] AH01102: error reading status line from remote server 172.22.1.47:80, referer: http://190.27.245.106/forest/usutareas.do?group_system_actual=3&codAct=1477&numPro=3004865&codPro=134&fecTra=2015-02-04%2015:42:52.924&codInst=3041628&codTraEsc=17434375
[Thu Feb 05 11:04:51.942769 2015] [proxy_http:error] [pid 7568:tid 1308] (20014)Internal error: [client 201.245.192.253:31886] AH01102: error reading status line from remote server 172.22.1.47:80, referer: http://190.27.245.106/forest/usutareas.do?group_system_actual=3&a=0.5930196715053171
[Thu Feb 05 11:04:54.485573 2015] [proxy_http:error] [pid 7568:tid 1756] (20014)Internal error: [client 201.245.192.253:32350] AH01102: error reading status line from remote server 172.22.1.47:80, referer: http://190.27.245.106/forest/usutareas.do?group_system_actual=3&a=0.5930196715053171
[Thu Feb 05 11:04:54.485573 2015] [proxy:error] [pid 7568:tid 1756] [client 201.245.192.253:32350] AH00898: Error reading from remote server returned by /forest/usutareas.do, referer: http://190.27.245.106/forest/usutareas.do?group_system_actual=3&a=0.5930196715053171
[Thu Feb 05 11:06:33.732947 2015] [proxy_http:error] [pid 7568:tid 1364] (20014)Internal error: [client 201.244.161.205:12035] AH01102: error reading status line from remote server 172.22.1.47:80, referer: http://190.27.245.106/forest/buscar.do?type=procesos
[Thu Feb 05 11:07:02.093797 2015] [proxy_http:error] [pid 7568:tid 1404] (20014)Internal error: [client 201.245.192.253:33241] AH01102: error reading status line from remote server 172.22.1.47:80, referer: http://190.27.245.106/forest/misactividades.do?group_system_actual=3&codPro=134&_a=0.7699937797510178
[Thu Feb 05 11:07:02.093797 2015] [proxy:error] [pid 7568:tid 1404] [client 201.245.192.253:33241] AH00898: Error reading from remote server returned by /forest/session.jsp, referer: http://190.27.245.106/forest/misactividades.do?group_system_actual=3&codPro=134&_a=0.7699937797510178
[Thu Feb 05 11:07:02.093797 2015] [negotiation:error] [pid 7568:tid 1404] [client 201.245.192.253:33241] AH00690: no acceptable variant: E:/nuevo/apache/error/HTTP_BAD_GATEWAY.html.var, referer: http://190.27.245.106/forest/misactividades.do?group_system_actual=3&codPro=134&_a=0.7699937797510178
[Thu Feb 05 11:08:40.311570 2015] [proxy_http:error] [pid 7568:tid 1804] (20014)Internal error: [client 201.245.192.253:33853] AH01102: error reading status line from remote server 172.22.1.47:80, referer: http://190.27.245.106/forest/
[Thu Feb 05 11:08:40.311570 2015] [proxy:error] [pid 7568:tid 1804] [client 201.245.192.253:33853] AH00898: Error reading from remote server returned by /forest/img/base/bsc2_r1_c1.gif, referer: http://190.27.245.106/forest/
[Thu Feb 05 11:09:12.759627 2015] [proxy_http:error] [pid 7568:tid 1612] (20014)Internal error: [client 201.245.192.253:34108] AH01102: error reading status line from remote server 172.22.1.47:80, referer: http://190.27.245.106/forest/usutareas.do?group_system_actual=3&codTraEsc=17440290&_a=0.9381483442449057
[Thu Feb 05 11:09:35.644867 2015] [proxy_http:error] [pid 7568:tid 1764] (20014)Internal error: [client 201.245.192.253:34350] AH01102: error reading status line from remote server 172.22.1.47:80
[Thu Feb 05 11:09:35.644867 2015] [proxy:error] [pid 7568:tid 1764] [client 201.245.192.253:34350] AH00898: Error reading from remote server returned by /forest/img/asociarUser.gif
[Thu Feb 05 11:09:35.769667 2015] [proxy_http:error] [pid 7568:tid 1580] (20014)Internal error: [client 201.245.192.253:34365] AH01102: error reading status line from remote server 172.22.1.47:80
[Thu Feb 05 11:09:35.769667 2015] [proxy:error] [pid 7568:tid 1580] [client 201.245.192.253:34365] AH00898: Error reading from remote server returned by /forest/skins/gdocs-jar/img/print.gif
[Thu Feb 05 11:09:35.769667 2015] [proxy_http:error] [pid 7568:tid 1428] (20014)Internal error: [client 201.245.192.253:34364] AH01102: error reading status line from remote server 172.22.1.47:80
[Thu Feb 05 11:09:35.769667 2015] [proxy:error] [pid 7568:tid 1428] [client 201.245.192.253:34364] AH00898: Error reading from remote server returned by /forest/skins/gdocs-jar/img/actividad2.gif
[Thu Feb 05 11:15:43.228312 2015] [proxy_http:error] [pid 7568:tid 1404] (20014)Internal error: [client 201.245.192.253:24184] AH01102: error reading status line from remote server 172.22.1.47:80, referer: http://190.27.245.106/forest/usutareas.do?_a=0.48497779783792794&group_system_actual=3
[Thu Feb 05 11:21:17.926900 2015] [proxy_http:error] [pid 7568:tid 1740] (20014)Internal error: [client 201.245.192.253:25790] AH01102: error reading status line from remote server 172.22.1.47:80, referer: http://190.27.245.106/forest/usutareas.do?group_system_actual=3&a=0.0674909136723727
[Thu Feb 05 11:23:33.007538 2015] [proxy_http:error] [pid 7568:tid 1860] (20014)Internal error: [client 201.245.192.253:26500] AH01102: error reading status line from remote server 172.22.1.47:80, referer: http://190.27.245.106/forest/index2.jsp?_a=0.44924046354778485
[Thu Feb 05 11:23:35.331942 2015] [proxy_http:error] [pid 7568:tid 1868] (20014)Internal error: [client 201.245.192.253:26522] AH01102: error reading status line from remote server 172.22.1.47:80
[Thu Feb 05 11:23:35.331942 2015] [proxy:error] [pid 7568:tid 1868] [client 201.245.192.253:26522] AH00898: Error reading from remote server returned by /forest/1ibre/protoaculous.js
[Thu Feb 05 11:24:07.374398 2015] [proxy_http:error] [pid 7568:tid 1852] (20014)Internal error: [client 201.245.192.253:26726] AH01102: error reading status line from remote server 172.22.1.47:80, referer: http://190.27.245.106/forest/reportes.do?menu=1&group_system_actual=5
[Thu Feb 05 11:24:07.389998 2015] [proxy_http:error] [pid 7568:tid 1852] (20014)Internal error: [client 201.245.192.253:26730] AH01102: error reading status line from remote server 172.22.1.47:80, referer: http://190.27.245.106/forest/reportes.do?menu=1&group_system_actual=5
[Thu Feb 05 11:24:07.389998 2015] [proxy:error] [pid 7568:tid 1852] [client 201.245.192.253:26730] AH00898: Error reading from remote server returned by /forest/buscar.do, referer: http://190.27.245.106/forest/reportes.do?menu=1&group_system_actual=5
[Thu Feb 05 11:24:10.868804 2015] [proxy_http:error] [pid 7568:tid 1860] (20014)Internal error: [client 201.245.192.253:26739] AH01102: error reading status line from remote server 172.22.1.47:80, referer: http://190.27.245.106/forest/reportes.do?menu=1&group_system_actual=5
[Thu Feb 05 11:24:11.570805 2015] [proxy_http:error] [pid 7568:tid 1852] (20014)Internal error: [client 201.245.192.253:26741] AH01102: error reading status line from remote server 172.22.1.47:80, referer: http://190.27.245.106/forest/buscar.do?type=procesos
[Thu Feb 05 11:24:11.602005 2015] [proxy_http:error] [pid 7568:tid 1524] (20014)Internal error: [client 201.245.192.253:26758] AH01102: error reading status line from remote server 172.22.1.47:80
[Thu Feb 05 11:24:11.602005 2015] [proxy:error] [pid 7568:tid 1524] [client 201.245.192.253:26758] AH00898: Error reading from remote server returned by /forest/skins/gdocs-jar/img/select.gif
[Thu Feb 05 11:24:14.675211 2015] [proxy_http:error] [pid 7568:tid 1524] (20014)Internal error: [client 201.245.192.253:26766] AH01102: error reading status line from remote server 172.22.1.47:80, referer: http://190.27.245.106/forest/buscar.do?type=procesos
[Thu Feb 05 11:37:15.082182 2015] [proxy_http:error] [pid 7568:tid 1644] (20014)Internal error: [client 201.245.192.253:30690] AH01102: error reading status line from remote server 172.22.1.47:80, referer: http://190.27.245.106/forest/usutareas.do?group_system_actual=3&a=0.10934725333936512
[Thu Feb 05 11:39:18.306798 2015] [proxy_http:error] [pid 7568:tid 1804] (20014)Internal error: [client 201.245.192.253:31443] AH01102: error reading status line from remote server 172.22.1.47:80
[Thu Feb 05 11:39:18.306798 2015] [proxy:error] [pid 7568:tid 1804] [client 201.245.192.253:31443] AH00898: Error reading from remote server returned by /forest/img/loading.gif
[Thu Feb 05 11:42:52.947575 2015] [proxy_http:error] [pid 7568:tid 1652] (20014)Internal error: [client 201.245.192.253:32825] AH01102: error reading status line from remote server 172.22.1.47:80, referer: http://190.27.245.106/forest/index2.jsp?_a=0.3140336899086833
[Thu Feb 05 11:42:57.783583 2015] [proxy_http:error] [pid 7568:tid 1308] (20014)Internal error: [client 201.245.192.253:32847] AH01102: error reading status line from remote server 172.22.1.47:80, referer: http://190.27.245.106/forest/index2.jsp?_a=0.3140336899086833
[Thu Feb 05 11:47:31.704465 2015] [proxy_http:error] [pid 7568:tid 1652] (OS 10054)An existing connection was forcibly closed by the remote host.  : [client 201.245.192.253:34164] AH01102: error reading status line from remote server 172.22.1.31:80, referer: http://190.27.245.106/isolucionsda/FrameSetGeneral.asp?Pagina1=FrameSetGeneral.asp&
[Thu Feb 05 11:56:53.648652 2015] [proxy_http:error] [pid 7568:tid 1444] (OS 10054)An existing connection was forcibly closed by the remote host.  : [client 201.245.192.253:24841] AH01102: error reading status line from remote server 172.22.1.31:80, referer: http://190.27.245.106/isolucionsda/FrameSetGeneral.asp?Pagina=Menu.asp&IdModulo=4
[Thu Feb 05 11:56:53.648652 2015] [proxy:error] [pid 7568:tid 1444] [client 201.245.192.253:24841] AH00898: Error reading from remote server returned by /isolucionsda/BarraTitulos.asp, referer: http://190.27.245.106/isolucionsda/FrameSetGeneral.asp?Pagina=Menu.asp&IdModulo=4
[Thu Feb 05 12:01:20.689921 2015] [proxy_http:error] [pid 7568:tid 1764] (OS 10054)An existing connection was forcibly closed by the remote host.  : [client 190.27.96.58:16167] AH01102: error reading status line from remote server 172.22.1.31:80, referer: http://190.27.245.106/isolucionsda/Encabezado.asp?Pagina1=FrameSetGeneral.asp&&Pagina=MagazinHome.asp
[Thu Feb 05 12:01:20.689921 2015] [proxy:error] [pid 7568:tid 1764] [client 190.27.96.58:16167] AH00898: Error reading from remote server returned by /isolucionsda/g/Bot_Siguiente.jpg, referer: http://190.27.245.106/isolucionsda/Encabezado.asp?Pagina1=FrameSetGeneral.asp&&Pagina=MagazinHome.asp
[Thu Feb 05 12:07:04.452124 2015] [proxy_http:error] [pid 7568:tid 1508] (20014)Internal error: [client 201.245.192.253:28424] AH01102: error reading status line from remote server 172.22.1.47:80, referer: http://190.27.245.106/forest/system/process.jsp?numPro=2830780
[Thu Feb 05 12:11:57.654639 2015] [proxy_http:error] [pid 7568:tid 1868] (OS 10054)An existing connection was forcibly closed by the remote host.  : [client 186.29.4.103:13063] AH01102: error reading status line from remote server 172.22.1.31:80, referer: http://190.27.245.106/isolucionsda/Encabezado.asp?Pagina=ListadoMaestroDocumentos3.asp
[Thu Feb 05 12:11:57.654639 2015] [proxy:error] [pid 7568:tid 1868] [client 186.29.4.103:13063] AH00898: Error reading from remote server returned by /isolucionsda/g/Bot_ManualOver_ESP.jpg, referer: http://190.27.245.106/isolucionsda/Encabezado.asp?Pagina=ListadoMaestroDocumentos3.asp
[Thu Feb 05 12:15:30.095812 2015] [proxy_http:error] [pid 7568:tid 1708] (20014)Internal error: [client 201.245.192.253:31341] AH01102: error reading status line from remote server 172.22.1.47:80, referer: http://190.27.245.106/forest/usutareas.do?group_system_actual=3&a=0.6497855747584254
[Thu Feb 05 12:26:25.827364 2015] [proxy_http:error] [pid 7568:tid 1404] (20014)Internal error: [client 201.245.192.253:34254] AH01102: error reading status line from remote server 172.22.1.47:80, referer: http://190.27.245.106/forest/usutareas.do?group_system_actual=3&codTraEsc=17440115&_a=0.5669944391401222
[Thu Feb 05 12:26:40.850191 2015] [proxy_http:error] [pid 7568:tid 1372] (20014)Internal error: [client 201.245.192.253:34303] AH01102: error reading status line from remote server 172.22.1.47:80, referer: http://190.27.245.106/forest/index2.jsp?_a=0.7321867633145303
[Thu Feb 05 12:32:48.839237 2015] [proxy_http:error] [pid 7568:tid 1516] (OS 10054)An existing connection was forcibly closed by the remote host.  : [client 201.245.192.253:23002] AH01102: error reading status line from remote server 172.22.1.31:80, referer: http://190.27.245.106/isolucionsda/FrameSetGeneral.asp?Pagina1=FrameSetGeneral.asp&
[Thu Feb 05 12:32:48.839237 2015] [proxy:error] [pid 7568:tid 1516] [client 201.245.192.253:23002] AH00898: Error reading from remote server returned by /isolucionsda/BarraFavoritos.asp, referer: http://190.27.245.106/isolucionsda/FrameSetGeneral.asp?Pagina1=FrameSetGeneral.asp&
[Thu Feb 05 12:34:09.085778 2015] [proxy_http:error] [pid 7568:tid 1756] (20014)Internal error: [client 201.245.192.253:23206] AH01102: error reading status line from remote server 172.22.1.47:80, referer: http://190.27.245.106/forest/buscar.do
[Thu Feb 05 12:39:33.940748 2015] [proxy_http:error] [pid 7568:tid 1372] (20014)Internal error: [client 201.244.161.205:14064] AH01102: error reading status line from remote server 172.22.1.47:80, referer: http://190.27.245.106/forest/usutareas.do?_a=0.2980881582479924&group_system_actual=3
[Thu Feb 05 12:43:04.915519 2015] [proxy:error] [pid 7568:tid 1556] (OS 10053)An established connection was aborted by the software in your host machine.  : [client 190.252.146.83:50402] AH01084: pass request body failed to 172.22.1.47:80 (172.22.1.47), referer: http://190.27.245.106/forest/usutareas.do?_a=0.4770653490083224&group_system_actual=3
[Thu Feb 05 12:43:04.915519 2015] [proxy_http:error] [pid 7568:tid 1556] [client 190.252.146.83:50402] AH01097: pass request body failed to 172.22.1.47:80 (172.22.1.47) from 190.252.146.83 (), referer: http://190.27.245.106/forest/usutareas.do?_a=0.4770653490083224&group_system_actual=3
[Thu Feb 05 12:44:21.230853 2015] [proxy_http:error] [pid 7568:tid 1476] (OS 10060)A connection attempt failed because the connected party did not properly respond after a period of time, or established connection failed because connected host has failed to respond.  : [client 190.252.146.83:50401] AH02609: read request body failed to 172.22.1.47:80 (172.22.1.47) from 190.252.146.83 (), referer: http://190.27.245.106/forest/usutareas.do?_a=0.4770653490083224&group_system_actual=3
[Thu Feb 05 12:44:21.230853 2015] [proxy_http:error] [pid 7568:tid 1476] [client 190.252.146.83:50401] AH01097: pass request body failed to 172.22.1.47:80 (172.22.1.47) from 190.252.146.83 (), referer: http://190.27.245.106/forest/usutareas.do?_a=0.4770653490083224&group_system_actual=3
[Thu Feb 05 12:55:36.696439 2015] [proxy_http:error] [pid 7568:tid 1412] (OS 10060)A connection attempt failed because the connected party did not properly respond after a period of time, or established connection failed because connected host has failed to respond.  : [client 190.252.146.83:50487] AH01095: prefetch request body failed to 172.22.1.47:80 (172.22.1.47) from 190.252.146.83 (), referer: http://190.27.245.106/forest/usutareas.do?_a=0.2740475331465021&group_system_actual=3
[Thu Feb 05 12:57:26.941833 2015] [proxy:error] [pid 7568:tid 1388] (OS 10053)An established connection was aborted by the software in your host machine.  : [client 190.252.146.83:50576] AH01084: pass request body failed to 172.22.1.47:80 (172.22.1.47), referer: http://190.27.245.106/forest/usutareas.do?_a=0.22456396360419806&group_system_actual=3
[Thu Feb 05 12:57:26.941833 2015] [proxy_http:error] [pid 7568:tid 1388] [client 190.252.146.83:50576] AH01097: pass request body failed to 172.22.1.47:80 (172.22.1.47) from 190.252.146.83 (), referer: http://190.27.245.106/forest/usutareas.do?_a=0.22456396360419806&group_system_actual=3
[Thu Feb 05 12:58:49.263178 2015] [proxy_http:error] [pid 7568:tid 1476] (OS 10060)A connection attempt failed because the connected party did not properly respond after a period of time, or established connection failed because connected host has failed to respond.  : [client 190.252.146.83:50494] AH02609: read request body failed to 172.22.1.47:80 (172.22.1.47) from 190.252.146.83 (), referer: http://190.27.245.106/forest/usutareas.do?_a=0.2740475331465021&group_system_actual=3
[Thu Feb 05 12:58:49.263178 2015] [proxy_http:error] [pid 7568:tid 1476] [client 190.252.146.83:50494] AH01097: pass request body failed to 172.22.1.47:80 (172.22.1.47) from 190.252.146.83 (), referer: http://190.27.245.106/forest/usutareas.do?_a=0.2740475331465021&group_system_actual=3
[Thu Feb 05 13:05:35.331891 2015] [proxy_http:error] [pid 7568:tid 1820] (20014)Internal error: [client 201.245.192.253:28672] AH01102: error reading status line from remote server 172.22.1.47:80
[Thu Feb 05 13:05:35.331891 2015] [proxy:error] [pid 7568:tid 1820] [client 201.245.192.253:28672] AH00898: Error reading from remote server returned by /forest/skins/gdocs-jar/img/veranexos.gif
[Thu Feb 05 13:05:49.902316 2015] [proxy_http:error] [pid 7568:tid 1444] (20014)Internal error: [client 201.245.192.253:28726] AH01102: error reading status line from remote server 172.22.1.47:80
[Thu Feb 05 13:05:49.902316 2015] [proxy:error] [pid 7568:tid 1444] [client 201.245.192.253:28726] AH00898: Error reading from remote server returned by /forest/skins/gdocs-jar/css/dialog.css
[Thu Feb 05 13:05:49.902316 2015] [proxy_http:error] [pid 7568:tid 1676] (20014)Internal error: [client 201.245.192.253:28727] AH01102: error reading status line from remote server 172.22.1.47:80
[Thu Feb 05 13:05:49.902316 2015] [proxy:error] [pid 7568:tid 1676] [client 201.245.192.253:28727] AH00898: Error reading from remote server returned by /forest/skins/gdocs-jar/css/forms.css
[Thu Feb 05 13:35:17.853422 2015] [proxy_http:error] [pid 7568:tid 1692] (20014)Internal error: [client 186.28.53.238:12882] AH01102: error reading status line from remote server 172.22.1.47:80, referer: http://190.27.245.106/forest/usutareas.do?group_system_actual=3&a=0.5780935591863601
[Thu Feb 05 13:46:02.212553 2015] [proxy_http:error] [pid 7568:tid 1428] (20014)Internal error: [client 186.28.53.238:13028] AH01102: error reading status line from remote server 172.22.1.47:80, referer: http://190.27.245.106/forest/usutareas.do?codTraEsc=17375331
[Thu Feb 05 13:46:02.212553 2015] [proxy:error] [pid 7568:tid 1428] [client 186.28.53.238:13028] AH00898: Error reading from remote server returned by /forest/skins/gdocs-jar/css/forest.css, referer: http://190.27.245.106/forest/usutareas.do?codTraEsc=17375331
[Thu Feb 05 14:09:20.911010 2015] [proxy_http:error] [pid 7568:tid 1868] (OS 10054)An existing connection was forcibly closed by the remote host.  : [client 201.245.192.253:31169] AH01102: error reading status line from remote server 172.22.1.31:80, referer: http://190.27.245.106/isolucionsda/FrameSetGeneral.asp?Pagina1=FrameSetGeneral.asp&
[Thu Feb 05 14:09:20.911010 2015] [proxy:error] [pid 7568:tid 1868] [client 201.245.192.253:31169] AH00898: Error reading from remote server returned by /isolucionsda/BarraTitulos.asp, referer: http://190.27.245.106/isolucionsda/FrameSetGeneral.asp?Pagina1=FrameSetGeneral.asp&
[Thu Feb 05 14:25:56.863559 2015] [proxy_http:error] [pid 7568:tid 1412] (20014)Internal error: [client 186.28.53.238:13695] AH01102: error reading status line from remote server 172.22.1.47:80, referer: http://190.27.245.106/forest/usutareas.do?group_system_actual=3&a=0.9342965088059664
[Thu Feb 05 14:37:53.903219 2015] [proxy_http:error] [pid 7568:tid 1876] (20014)Internal error: [client 201.245.192.253:27599] AH01102: error reading status line from remote server 172.22.1.47:80
[Thu Feb 05 14:37:53.903219 2015] [proxy:error] [pid 7568:tid 1876] [client 201.245.192.253:27599] AH00898: Error reading from remote server returned by /forest/img/jquery/quitarfiltrar.gif
[Thu Feb 05 14:40:49.668728 2015] [proxy_http:error] [pid 7568:tid 1300] (20014)Internal error: [client 201.245.192.253:28580] AH01102: error reading status line from remote server 172.22.1.47:80
[Thu Feb 05 14:40:49.668728 2015] [proxy:error] [pid 7568:tid 1300] [client 201.245.192.253:28580] AH00898: Error reading from remote server returned by /forest/img/jquery/ui-bg_glass_85_dfeffc_1x400.png
[Thu Feb 05 14:42:57.947753 2015] [core:error] [pid 7568:tid 1596] (22)Invalid argument: [client 180.76.6.146:10265] AH00127: Cannot map GET /Autoliquidacion/Fauna%20Silvestre/LISTA%20DE%20CHEQUEO%20Y%20FORMATO%20DE%20SOLICITUD%20DE%20SALVOCONDUCTOS%20DE%20MOVILIZACI%D3N.xls HTTP/1.1 to file
[Thu Feb 05 14:45:25.976413 2015] [proxy_http:error] [pid 7568:tid 1556] (20014)Internal error: [client 201.245.192.253:29825] AH01102: error reading status line from remote server 172.22.1.47:80
[Thu Feb 05 14:45:25.976413 2015] [proxy:error] [pid 7568:tid 1556] [client 201.245.192.253:29825] AH00898: Error reading from remote server returned by /forest/1ibre/images/plus.gif
[Thu Feb 05 14:46:58.999376 2015] [proxy_http:error] [pid 7568:tid 1684] (20014)Internal error: [client 201.245.192.253:30160] AH01102: error reading status line from remote server 172.22.1.47:80, referer: http://190.27.245.106/forest/index2.jsp?_a=0.22981345979496837
[Thu Feb 05 14:50:12.455316 2015] [proxy_http:error] [pid 7568:tid 1644] (20014)Internal error: [client 201.245.192.253:31174] AH01102: error reading status line from remote server 172.22.1.47:80, referer: http://190.27.245.106/forest/index2.jsp?group_system_actual=3&a=0.3527434275019914
[Thu Feb 05 14:50:14.264919 2015] [proxy_http:error] [pid 7568:tid 1556] (20014)Internal error: [client 201.245.192.253:31184] AH01102: error reading status line from remote server 172.22.1.47:80, referer: http://190.27.245.106/forest/index2.jsp?group_system_actual=3&a=0.3527434275019914
[Thu Feb 05 14:50:29.708946 2015] [proxy_http:error] [pid 7568:tid 1684] (20014)Internal error: [client 201.245.192.253:31359] AH01102: error reading status line from remote server 172.22.1.47:80
[Thu Feb 05 14:50:29.708946 2015] [proxy:error] [pid 7568:tid 1684] [client 201.245.192.253:31359] AH00898: Error reading from remote server returned by /forest/skins/gdocs-jar/css/menu.css
[Thu Feb 05 14:51:50.454688 2015] [proxy_http:error] [pid 7568:tid 1596] (20014)Internal error: [client 201.245.192.253:31742] AH01102: error reading status line from remote server 172.22.1.47:80, referer: http://190.27.245.106/forest/usutareas.do?group_system_actual=3&codAct=1505&numPro=2951821&codPro=136&fecTra=2015-01-30%2016:34:55.0&codInst=3048565&codTraEsc=17402751
[Thu Feb 05 14:52:13.995130 2015] [proxy_http:error] [pid 7568:tid 1820] (20014)Internal error: [client 190.252.146.83:51797] AH01102: error reading status line from remote server 172.22.1.47:80, referer: http://190.27.245.106/forest/usudocumentos.do?_a=0.6292985846307062&group_system_actual=3
[Thu Feb 05 14:53:03.868417 2015] [proxy_http:error] [pid 7568:tid 1732] (20014)Internal error: [client 201.245.192.253:32129] AH01102: error reading status line from remote server 172.22.1.47:80, referer: http://190.27.245.106/forest/usutareas.do?group_system_actual=3&a=0.574558621738106
[Thu Feb 05 14:53:50.918100 2015] [proxy_http:error] [pid 7568:tid 1676] (20014)Internal error: [client 190.252.146.83:51817] AH01102: error reading status line from remote server 172.22.1.47:80, referer: http://190.27.245.106/forest/usudocumentos.do?group_system_actual=3&a=0.3518505579837856
[Thu Feb 05 14:53:50.918100 2015] [proxy:error] [pid 7568:tid 1676] [client 190.252.146.83:51817] AH00898: Error reading from remote server returned by /forest/css/index.css, referer: http://190.27.245.106/forest/usudocumentos.do?group_system_actual=3&a=0.3518505579837856
[Thu Feb 05 15:04:17.586800 2015] [proxy_http:error] [pid 7568:tid 1444] (20014)Internal error: [client 201.245.192.253:59945] AH01102: error reading status line from remote server 172.22.1.47:80, referer: http://190.27.245.106/forest/usutareas.do?group_system_actual=3&a=0.34931688298477837
[Thu Feb 05 15:04:46.150451 2015] [proxy_http:error] [pid 7568:tid 1732] (20014)Internal error: [client 190.252.146.83:51849] AH01102: error reading status line from remote server 172.22.1.47:80, referer: http://190.27.245.106/forest/index2.jsp?_a=0.5827193007254008
[Thu Feb 05 15:22:56.545566 2015] [proxy_http:error] [pid 7568:tid 1596] (20014)Internal error: [client 186.181.71.123:49751] AH01102: error reading status line from remote server 172.22.1.47:80, referer: http://190.27.245.106/forest/usutareas.do?codTraEsc=17443661
[Thu Feb 05 15:28:57.280599 2015] [proxy_http:error] [pid 7568:tid 1620] (20014)Internal error: [client 201.245.192.253:54705] AH01102: error reading status line from remote server 172.22.1.47:80, referer: http://190.27.245.106/forest/suactividades.do?group_system_actual=3
[Thu Feb 05 15:28:57.280599 2015] [proxy:error] [pid 7568:tid 1620] [client 201.245.192.253:54705] AH00898: Error reading from remote server returned by /forest/session.jsp, referer: http://190.27.245.106/forest/suactividades.do?group_system_actual=3
[Thu Feb 05 15:28:57.296199 2015] [negotiation:error] [pid 7568:tid 1620] [client 201.245.192.253:54705] AH00690: no acceptable variant: E:/nuevo/apache/error/HTTP_BAD_GATEWAY.html.var, referer: http://190.27.245.106/forest/suactividades.do?group_system_actual=3
[Thu Feb 05 15:28:58.606602 2015] [proxy_http:error] [pid 7568:tid 1780] (20014)Internal error: [client 201.244.161.205:17031] AH01102: error reading status line from remote server 172.22.1.47:80, referer: http://190.27.245.106/forest/misactividades.do?group_system_actual=3&codPro=127&_a=0.33286946807066975
[Thu Feb 05 15:32:12.998543 2015] [proxy_http:error] [pid 7568:tid 1732] (20014)Internal error: [client 201.245.192.253:57104] AH01102: error reading status line from remote server 172.22.1.47:80, referer: http://190.27.245.106/forest/index2.jsp?group_system_actual=3&a=0.5191079555079341
[Thu Feb 05 15:32:53.667815 2015] [proxy_http:error] [pid 7568:tid 1412] (20014)Internal error: [client 201.245.192.253:57796] AH01102: error reading status line from remote server 172.22.1.47:80
[Thu Feb 05 15:32:53.667815 2015] [proxy:error] [pid 7568:tid 1412] [client 201.245.192.253:57796] AH00898: Error reading from remote server returned by /forest/skins/gdocs-jar/js/number-functions.js
[Thu Feb 05 15:32:54.276216 2015] [proxy_http:error] [pid 7568:tid 1692] (20014)Internal error: [client 201.245.192.253:57809] AH01102: error reading status line from remote server 172.22.1.47:80, referer: http://190.27.245.106/forest/index2.jsp?group_system_actual=3&a=0.5670193808618933
[Thu Feb 05 15:34:41.292404 2015] [proxy_http:error] [pid 7568:tid 1820] (20014)Internal error: [client 201.245.192.253:29602] AH01102: error reading status line from remote server 172.22.1.47:80, referer: http://190.27.245.106/forest/index2.jsp?group_system_actual=3&a=0.2656134571880102
[Thu Feb 05 15:35:39.995307 2015] [proxy_http:error] [pid 7568:tid 1516] (20014)Internal error: [client 201.245.192.253:30069] AH01102: error reading status line from remote server 172.22.1.47:80, referer: http://190.27.245.106/forest/misactividades.do?_a=0.08695103023310236&group_system_actual=3
[Thu Feb 05 15:35:41.165309 2015] [proxy_http:error] [pid 7568:tid 1388] (20014)Internal error: [client 201.244.161.205:17160] AH01102: error reading status line from remote server 172.22.1.47:80, referer: http://190.27.245.106/forest/usudocumentos.do?_a=0.4691909139510244&group_system_actual=3
[Thu Feb 05 15:35:41.165309 2015] [proxy:error] [pid 7568:tid 1388] [client 201.244.161.205:17160] AH00898: Error reading from remote server returned by /forest/skins/gdocs-jar/js/documentos.js, referer: http://190.27.245.106/forest/usudocumentos.do?_a=0.4691909139510244&group_system_actual=3
[Thu Feb 05 15:37:21.879086 2015] [proxy_http:error] [pid 7568:tid 1308] (20014)Internal error: [client 201.245.192.253:30730] AH01102: error reading status line from remote server 172.22.1.47:80, referer: http://190.27.245.106/forest/usutareas.do?codTraEsc=17348254
[Thu Feb 05 15:37:21.879086 2015] [proxy:error] [pid 7568:tid 1308] [client 201.245.192.253:30730] AH00898: Error reading from remote server returned by /forest/session.jsp, referer: http://190.27.245.106/forest/usutareas.do?codTraEsc=17348254
[Thu Feb 05 15:37:21.879086 2015] [negotiation:error] [pid 7568:tid 1308] [client 201.245.192.253:30730] AH00690: no acceptable variant: E:/nuevo/apache/error/HTTP_BAD_GATEWAY.html.var, referer: http://190.27.245.106/forest/usutareas.do?codTraEsc=17348254
[Thu Feb 05 15:37:32.081504 2015] [proxy_http:error] [pid 7568:tid 1508] (20014)Internal error: [client 201.245.192.253:30765] AH01102: error reading status line from remote server 172.22.1.47:80, referer: http://190.27.245.106/forest/buscar.do?type=procesos
[Thu Feb 05 15:37:32.081504 2015] [proxy:error] [pid 7568:tid 1508] [client 201.245.192.253:30765] AH00898: Error reading from remote server returned by /forest/json.do, referer: http://190.27.245.106/forest/buscar.do?type=procesos
[Thu Feb 05 15:37:32.081504 2015] [negotiation:error] [pid 7568:tid 1508] [client 201.245.192.253:30765] AH00690: no acceptable variant: E:/nuevo/apache/error/HTTP_BAD_GATEWAY.html.var, referer: http://190.27.245.106/forest/buscar.do?type=procesos
[Thu Feb 05 15:37:32.253104 2015] [proxy_http:error] [pid 7568:tid 1508] (20014)Internal error: [client 201.245.192.253:30765] AH01102: error reading status line from remote server 172.22.1.47:80, referer: http://190.27.245.106/forest/buscar.do?type=procesos
[Thu Feb 05 15:37:36.667912 2015] [proxy_http:error] [pid 7568:tid 1308] (20014)Internal error: [client 201.245.192.253:30776] AH01102: error reading status line from remote server 172.22.1.47:80, referer: http://190.27.245.106/forest/index2.jsp?a=0.8359990125527652
[Thu Feb 05 15:37:42.283922 2015] [proxy_http:error] [pid 7568:tid 1812] (20014)Internal error: [client 201.245.192.253:30826] AH01102: error reading status line from remote server 172.22.1.47:80
[Thu Feb 05 15:37:42.283922 2015] [proxy:error] [pid 7568:tid 1812] [client 201.245.192.253:30826] AH00898: Error reading from remote server returned by /forest/img/nav_prev.gif
[Thu Feb 05 15:37:42.330722 2015] [proxy_http:error] [pid 7568:tid 1556] (20014)Internal error: [client 201.245.192.253:30833] AH01102: error reading status line from remote server 172.22.1.47:80
[Thu Feb 05 15:37:42.330722 2015] [proxy:error] [pid 7568:tid 1556] [client 201.245.192.253:30833] AH00898: Error reading from remote server returned by /forest/skins/gdocs-jar/js/autocompletar2.js
