[Mon Feb 09 15:30:13.248947 2015] [proxy:error] [pid 7568:tid 1620] [client 201.245.192.253:24249] AH00898: Error reading from remote server returned by /forest/index2.jsp, referer: http://190.27.245.106/forest/usutareas.do?group_system_actual=3&a=0.36509816558100283
[Mon Feb 09 15:35:04.829059 2015] [proxy_http:error] [pid 7568:tid 1788] (20014)Internal error: [client 201.245.192.253:26603] AH01102: error reading status line from remote server 172.22.1.47:80, referer: http://190.27.245.106/forest/system/process.jsp?numPro=2983716
[Mon Feb 09 15:39:00.654674 2015] [proxy_http:error] [pid 7568:tid 912] (20014)Internal error: [client 201.245.192.253:28861] AH01102: error reading status line from remote server 172.22.1.47:80, referer: http://190.27.245.106/forest/usutareas.do?group_system_actual=3&a=0.7623700949232448
[Mon Feb 09 15:40:28.716828 2015] [proxy_http:error] [pid 7568:tid 1132] (20014)Internal error: [client 201.245.192.253:29728] AH01102: error reading status line from remote server 172.22.1.47:80, referer: http://190.27.245.106/forest/usutareas.do?group_system_actual=3&a=0.7623700949232448
[Mon Feb 09 15:42:30.740243 2015] [proxy_http:error] [pid 7568:tid 912] (OS 10054)An existing connection was forcibly closed by the remote host.  : [client 201.245.192.253:30614] AH01102: error reading status line from remote server 172.22.1.31:80, referer: http://190.27.245.106/isolucionsda/FrameSetGeneral.asp?Pagina=SucursalSeleccion.asp&CargaPagina=ModuloProcesos&IdModulo=3
[Mon Feb 09 15:43:47.601578 2015] [proxy_http:error] [pid 7568:tid 1008] (20014)Internal error: [client 201.245.192.253:31197] AH01102: error reading status line from remote server 172.22.1.47:80, referer: http://190.27.245.106/forest/usutareas.do?codTraEsc=17446240
[Mon Feb 09 15:43:47.601578 2015] [proxy:error] [pid 7568:tid 1008] [client 201.245.192.253:31197] AH00898: Error reading from remote server returned by /forest/session.jsp, referer: http://190.27.245.106/forest/usutareas.do?codTraEsc=17446240
[Mon Feb 09 15:43:47.601578 2015] [negotiation:error] [pid 7568:tid 1008] [client 201.245.192.253:31197] AH00690: no acceptable variant: E:/nuevo/apache/error/HTTP_BAD_GATEWAY.html.var, referer: http://190.27.245.106/forest/usutareas.do?codTraEsc=17446240
[Mon Feb 09 15:46:40.980282 2015] [proxy_http:error] [pid 7568:tid 1644] (20014)Internal error: [client 201.245.192.253:32286] AH01102: error reading status line from remote server 172.22.1.47:80
[Mon Feb 09 15:46:40.980282 2015] [proxy:error] [pid 7568:tid 1644] [client 201.245.192.253:32286] AH00898: Error reading from remote server returned by /forest/img/asociarUser.gif
[Mon Feb 09 15:46:40.995882 2015] [proxy_http:error] [pid 7568:tid 1772] (20014)Internal error: [client 201.245.192.253:32289] AH01102: error reading status line from remote server 172.22.1.47:80
[Mon Feb 09 15:46:40.995882 2015] [proxy:error] [pid 7568:tid 1772] [client 201.245.192.253:32289] AH00898: Error reading from remote server returned by /forest/skins/gdocs-jar/img/actividad2.gif
[Mon Feb 09 15:46:41.011482 2015] [proxy_http:error] [pid 7568:tid 1788] (20014)Internal error: [client 201.245.192.253:32291] AH01102: error reading status line from remote server 172.22.1.47:80, referer: http://190.27.245.106/forest/usutareas.do?_a=0.15581511124037206&group_system_actual=3
[Mon Feb 09 15:46:41.011482 2015] [proxy:error] [pid 7568:tid 1788] [client 201.245.192.253:32291] AH00898: Error reading from remote server returned by /forest/session.jsp, referer: http://190.27.245.106/forest/usutareas.do?_a=0.15581511124037206&group_system_actual=3
[Mon Feb 09 15:46:41.011482 2015] [negotiation:error] [pid 7568:tid 1788] [client 201.245.192.253:32291] AH00690: no acceptable variant: E:/nuevo/apache/error/HTTP_BAD_GATEWAY.html.var, referer: http://190.27.245.106/forest/usutareas.do?_a=0.15581511124037206&group_system_actual=3
[Mon Feb 09 15:47:05.191525 2015] [proxy_http:error] [pid 7568:tid 1444] (20014)Internal error: [client 201.245.192.253:32440] AH01102: error reading status line from remote server 172.22.1.47:80, referer: http://190.27.245.106/forest/index2.jsp?_a=0.1127350963652134
[Mon Feb 09 15:47:13.943140 2015] [proxy_http:error] [pid 7568:tid 944] (20014)Internal error: [client 186.29.242.243:18380] AH01102: error reading status line from remote server 172.22.1.47:80, referer: http://190.27.245.106/forest/index2.jsp?a=0.32698250271862905
[Mon Feb 09 15:49:42.907802 2015] [proxy_http:error] [pid 7568:tid 1620] (20014)Internal error: [client 201.245.192.253:33606] AH01102: error reading status line from remote server 172.22.1.47:80, referer: http://190.27.245.106/forest/usutareas.do?group_system_actual=3&a=0.5488434379984974
[Mon Feb 09 15:50:17.118662 2015] [proxy_http:error] [pid 7568:tid 1764] (20014)Internal error: [client 201.245.192.253:33901] AH01102: error reading status line from remote server 172.22.1.47:80, referer: http://190.27.245.106/forest/usutareas.do?group_system_actual=3&a=0.2923222630968787
[Mon Feb 09 15:50:17.118662 2015] [proxy:error] [pid 7568:tid 1764] [client 201.245.192.253:33901] AH00898: Error reading from remote server returned by /forest/json.do, referer: http://190.27.245.106/forest/usutareas.do?group_system_actual=3&a=0.2923222630968787
[Mon Feb 09 15:50:17.118662 2015] [negotiation:error] [pid 7568:tid 1764] [client 201.245.192.253:33901] AH00690: no acceptable variant: E:/nuevo/apache/error/HTTP_BAD_GATEWAY.html.var, referer: http://190.27.245.106/forest/usutareas.do?group_system_actual=3&a=0.2923222630968787
[Mon Feb 09 15:50:25.027876 2015] [proxy_http:error] [pid 7568:tid 1596] (20014)Internal error: [client 201.184.65.114:27611] AH01102: error reading status line from remote server 172.22.1.47:80, referer: http://190.27.245.106/forest/buscar.do
[Mon Feb 09 15:50:25.027876 2015] [proxy:error] [pid 7568:tid 1596] [client 201.184.65.114:27611] AH00898: Error reading from remote server returned by /forest/json.do, referer: http://190.27.245.106/forest/buscar.do
[Mon Feb 09 15:50:25.027876 2015] [negotiation:error] [pid 7568:tid 1596] [client 201.184.65.114:27611] AH00690: no acceptable variant: E:/nuevo/apache/error/HTTP_BAD_GATEWAY.html.var, referer: http://190.27.245.106/forest/buscar.do
[Mon Feb 09 15:51:07.693950 2015] [proxy_http:error] [pid 7568:tid 1492] (20014)Internal error: [client 201.245.192.253:34245] AH01102: error reading status line from remote server 172.22.1.47:80, referer: http://190.27.245.106/forest/usutareas.do?group_system_actual=3&a=0.8095933514164537
[Mon Feb 09 15:52:21.326080 2015] [proxy_http:error] [pid 7568:tid 1844] (20014)Internal error: [client 201.245.192.253:34811] AH01102: error reading status line from remote server 172.22.1.47:80, referer: http://190.27.245.106/forest/buscar.do?type=procesos
[Mon Feb 09 15:52:25.444487 2015] [proxy_http:error] [pid 7568:tid 1764] (20014)Internal error: [client 201.245.192.253:34858] AH01102: error reading status line from remote server 172.22.1.47:80
[Mon Feb 09 15:52:25.444487 2015] [proxy:error] [pid 7568:tid 1764] [client 201.245.192.253:34858] AH00898: Error reading from remote server returned by /forest/skins/gdocs-jar/img/comments.gif
[Mon Feb 09 15:52:43.680919 2015] [proxy_http:error] [pid 7568:tid 1008] (20014)Internal error: [client 201.245.192.253:34995] AH01102: error reading status line from remote server 172.22.1.47:80, referer: http://190.27.245.106/forest/index2.jsp?a=0.7002741314775178
[Mon Feb 09 15:53:03.071753 2015] [proxy_http:error] [pid 7568:tid 856] (20014)Internal error: [client 201.245.192.253:22616] AH01102: error reading status line from remote server 172.22.1.47:80
[Mon Feb 09 15:53:03.071753 2015] [proxy:error] [pid 7568:tid 856] [client 201.245.192.253:22616] AH00898: Error reading from remote server returned by /forest/skins/gdocs-jar/js/documentos.js
[Mon Feb 09 15:53:06.300959 2015] [proxy_http:error] [pid 7568:tid 1300] (20014)Internal error: [client 201.184.65.114:27653] AH01102: error reading status line from remote server 172.22.1.47:80, referer: http://190.27.245.106/forest/usutareas.do?group_system_actual=3&codTraEsc=14194309&_a=0.21434692650350418
[Mon Feb 09 15:53:06.300959 2015] [proxy:error] [pid 7568:tid 1300] [client 201.184.65.114:27653] AH00898: Error reading from remote server returned by /forest/session.jsp, referer: http://190.27.245.106/forest/usutareas.do?group_system_actual=3&codTraEsc=14194309&_a=0.21434692650350418
[Mon Feb 09 15:53:06.300959 2015] [negotiation:error] [pid 7568:tid 1300] [client 201.184.65.114:27653] AH00690: no acceptable variant: E:/nuevo/apache/error/HTTP_BAD_GATEWAY.html.var, referer: http://190.27.245.106/forest/usutareas.do?group_system_actual=3&codTraEsc=14194309&_a=0.21434692650350418
[Mon Feb 09 15:53:43.397824 2015] [proxy_http:error] [pid 7568:tid 1564] (OS 10054)An existing connection was forcibly closed by the remote host.  : [client 201.245.192.253:22936] AH01102: error reading status line from remote server 172.22.1.31:80, referer: http://190.27.245.106/isolucionsda/FrameSetGeneral.asp?Pagina=Menu.asp&IdModulo=5
[Mon Feb 09 15:53:43.397824 2015] [proxy:error] [pid 7568:tid 1564] [client 201.245.192.253:22936] AH00898: Error reading from remote server returned by /isolucionsda/BarraTitulos.asp, referer: http://190.27.245.106/isolucionsda/FrameSetGeneral.asp?Pagina=Menu.asp&IdModulo=5
[Mon Feb 09 15:53:53.288241 2015] [proxy_http:error] [pid 7568:tid 1380] (OS 10054)An existing connection was forcibly closed by the remote host.  : [client 201.245.192.253:23004] AH01102: error reading status line from remote server 172.22.1.31:80, referer: http://190.27.245.106/isolucionsda/FrameSetGeneral.asp?Pagina=IndicadorMedicion.asp
[Mon Feb 09 15:53:53.288241 2015] [proxy:error] [pid 7568:tid 1380] [client 201.245.192.253:23004] AH00898: Error reading from remote server returned by /isolucionsda/BarraTitulos.asp, referer: http://190.27.245.106/isolucionsda/FrameSetGeneral.asp?Pagina=IndicadorMedicion.asp
[Mon Feb 09 15:54:06.298664 2015] [proxy_http:error] [pid 7568:tid 1380] (20014)Internal error: [client 201.245.192.253:23105] AH01102: error reading status line from remote server 172.22.1.47:80, referer: http://190.27.245.106/forest/index2.jsp?group_system_actual=5&a=0.4762907400727272
[Mon Feb 09 15:56:20.552500 2015] [proxy_http:error] [pid 7568:tid 1108] (20014)Internal error: [client 201.184.65.114:27668] AH01102: error reading status line from remote server 172.22.1.47:80, referer: http://190.27.245.106/forest/usutareas.do?group_system_actual=3&codTraEsc=14194309&_a=0.21434692650350418
[Mon Feb 09 15:58:15.337502 2015] [proxy_http:error] [pid 7568:tid 1036] (20014)Internal error: [client 201.245.192.253:25546] AH01102: error reading status line from remote server 172.22.1.47:80, referer: http://190.27.245.106/forest/usutareas.do?group_system_actual=3&a=0.0471557944547385
[Mon Feb 09 15:58:15.446702 2015] [proxy_http:error] [pid 7568:tid 1036] (20014)Internal error: [client 201.245.192.253:25774] AH01102: error reading status line from remote server 172.22.1.47:80, referer: http://190.27.245.106/forest/usutareas.do?group_system_actual=3&a=0.0471557944547385
[Mon Feb 09 15:58:15.446702 2015] [proxy:error] [pid 7568:tid 1036] [client 201.245.192.253:25774] AH00898: Error reading from remote server returned by /forest/actions/forms.getList, referer: http://190.27.245.106/forest/usutareas.do?group_system_actual=3&a=0.0471557944547385
[Mon Feb 09 15:58:15.446702 2015] [negotiation:error] [pid 7568:tid 1036] [client 201.245.192.253:25774] AH00690: no acceptable variant: E:/nuevo/apache/error/HTTP_BAD_GATEWAY.html.var, referer: http://190.27.245.106/forest/usutareas.do?group_system_actual=3&a=0.0471557944547385
[Mon Feb 09 15:58:35.820338 2015] [proxy_http:error] [pid 7568:tid 864] (20014)Internal error: [client 201.245.192.253:26123] AH01102: error reading status line from remote server 172.22.1.47:80, referer: http://190.27.245.106/forest/buscar.do?type=procesos
[Mon Feb 09 15:58:41.451947 2015] [proxy_http:error] [pid 7568:tid 928] (20014)Internal error: [client 201.245.192.253:25938] AH01102: error reading status line from remote server 172.22.1.47:80, referer: http://190.27.245.106/forest/buscar.do?type=procesos
[Mon Feb 09 15:58:53.323568 2015] [proxy_http:error] [pid 7568:tid 928] (20014)Internal error: [client 201.245.192.253:26239] AH01102: error reading status line from remote server 172.22.1.47:80, referer: http://190.27.245.106/forest/system/process.jsp?numPro=2983716
[Mon Feb 09 15:58:56.927175 2015] [proxy_http:error] [pid 7568:tid 1348] (20014)Internal error: [client 201.245.192.253:26414] AH01102: error reading status line from remote server 172.22.1.47:80, referer: http://190.27.245.106/forest/usutareas.do?group_system_actual=3&codAct=1476&numPro=2652121&codPro=134&fecTra=2014-12-29%2011:43:19.279&codInst=2667565&codTraEsc=17200672
[Mon Feb 09 15:58:56.927175 2015] [proxy:error] [pid 7568:tid 1348] [client 201.245.192.253:26414] AH00898: Error reading from remote server returned by /forest/session.jsp, referer: http://190.27.245.106/forest/usutareas.do?group_system_actual=3&codAct=1476&numPro=2652121&codPro=134&fecTra=2014-12-29%2011:43:19.279&codInst=2667565&codTraEsc=17200672
[Mon Feb 09 15:58:56.942775 2015] [negotiation:error] [pid 7568:tid 1348] [client 201.245.192.253:26414] AH00690: no acceptable variant: E:/nuevo/apache/error/HTTP_BAD_GATEWAY.html.var, referer: http://190.27.245.106/forest/usutareas.do?group_system_actual=3&codAct=1476&numPro=2652121&codPro=134&fecTra=2014-12-29%2011:43:19.279&codInst=2667565&codTraEsc=17200672
[Mon Feb 09 15:58:57.301575 2015] [proxy_http:error] [pid 7568:tid 1564] (20014)Internal error: [client 190.147.32.213:59294] AH01102: error reading status line from remote server 172.22.1.47:80, referer: http://forest.ambientebogota.gov.co/forest/reportes.do?group_system_actual=5&menu=1&tab=3
[Mon Feb 09 15:59:00.671181 2015] [proxy_http:error] [pid 7568:tid 1524] (20014)Internal error: [client 190.147.32.213:59297] AH01102: error reading status line from remote server 172.22.1.47:80, referer: http://forest.ambientebogota.gov.co/forest/buscar.do?type=procesos
[Mon Feb 09 15:59:12.480402 2015] [proxy_http:error] [pid 7568:tid 1692] (20014)Internal error: [client 190.147.32.213:59305] AH01102: error reading status line from remote server 172.22.1.47:80, referer: http://forest.ambientebogota.gov.co/forest/system/process.jsp?numPro=2963823
[Mon Feb 09 15:59:12.480402 2015] [proxy:error] [pid 7568:tid 1692] [client 190.147.32.213:59305] AH00898: Error reading from remote server returned by /forest/skins/gdocs-jar/img/activity2.gif, referer: http://forest.ambientebogota.gov.co/forest/system/process.jsp?numPro=2963823
[Mon Feb 09 15:59:14.430405 2015] [proxy_http:error] [pid 7568:tid 1364] (20014)Internal error: [client 201.245.192.253:26522] AH01102: error reading status line from remote server 172.22.1.47:80, referer: http://190.27.245.106/forest/misactividades.do?_a=0.7695857742801309&group_system_actual=3
[Mon Feb 09 16:00:48.794971 2015] [proxy_http:error] [pid 7568:tid 920] (20014)Internal error: [client 190.147.32.213:59356] AH01102: error reading status line from remote server 172.22.1.47:80, referer: http://forest.ambientebogota.gov.co/forest/editProceso.do?_a=0.9288396404505165&group_system_actual=1
[Mon Feb 09 16:00:50.448574 2015] [proxy_http:error] [pid 7568:tid 864] (20014)Internal error: [client 201.245.192.253:27397] AH01102: error reading status line from remote server 172.22.1.47:80, referer: http://190.27.245.106/forest/reportes.do?menu=1&group_system_actual=5
[Mon Feb 09 16:00:50.760575 2015] [proxy_http:error] [pid 7568:tid 920] (20014)Internal error: [client 201.245.192.253:27432] AH01102: error reading status line from remote server 172.22.1.47:80, referer: http://190.27.245.106/forest/usutareas.do?group_system_actual=3&a=0.0471557944547385
[Mon Feb 09 16:00:50.916575 2015] [proxy_http:error] [pid 7568:tid 1160] (20014)Internal error: [client 201.245.192.253:27307] AH01102: error reading status line from remote server 172.22.1.47:80, referer: http://190.27.245.106/forest/usutareas.do?group_system_actual=3&a=0.0471557944547385
[Mon Feb 09 16:01:10.635010 2015] [proxy_http:error] [pid 7568:tid 1364] (20014)Internal error: [client 201.245.192.253:27693] AH01102: error reading status line from remote server 172.22.1.47:80, referer: http://190.27.245.106/forest/misactividades.do?_a=0.2450065478127591&group_system_actual=3
[Mon Feb 09 16:01:10.635010 2015] [proxy:error] [pid 7568:tid 1364] [client 201.245.192.253:27693] AH00898: Error reading from remote server returned by /forest/index2.jsp, referer: http://190.27.245.106/forest/misactividades.do?_a=0.2450065478127591&group_system_actual=3
[Mon Feb 09 16:01:26.921438 2015] [proxy_http:error] [pid 7568:tid 912] (20014)Internal error: [client 201.245.192.253:27817] AH01102: error reading status line from remote server 172.22.1.47:80, referer: http://190.27.245.106/forest/usutareas.do?group_system_actual=3&a=0.0471557944547385
[Mon Feb 09 16:01:39.214260 2015] [proxy_http:error] [pid 7568:tid 1276] (20014)Internal error: [client 201.245.192.253:27845] AH01102: error reading status line from remote server 172.22.1.47:80, referer: http://190.27.245.106/forest/usutareas.do?group_system_actual=3&a=0.6163848817814142
[Mon Feb 09 16:02:01.678299 2015] [proxy_http:error] [pid 7568:tid 912] (20014)Internal error: [client 201.245.192.253:28051] AH01102: error reading status line from remote server 172.22.1.47:80, referer: http://190.27.245.106/forest/index2.jsp?_a=0.18448361451737583
[Mon Feb 09 16:02:19.384330 2015] [proxy_http:error] [pid 7568:tid 896] (20014)Internal error: [client 201.245.192.253:28304] AH01102: error reading status line from remote server 172.22.1.47:80
[Mon Feb 09 16:02:19.384330 2015] [proxy:error] [pid 7568:tid 896] [client 201.245.192.253:28304] AH00898: Error reading from remote server returned by /forest/skins/gdocs-jar/js/autocompletar2.js
[Mon Feb 09 16:02:24.360739 2015] [proxy_http:error] [pid 7568:tid 1188] (20014)Internal error: [client 201.245.192.253:28307] AH01102: error reading status line from remote server 172.22.1.47:80, referer: http://190.27.245.106/forest/misactividades.do?tab=usutareas.do
[Mon Feb 09 16:02:44.047974 2015] [proxy_http:error] [pid 7568:tid 1524] (20014)Internal error: [client 201.245.192.253:28508] AH01102: error reading status line from remote server 172.22.1.47:80, referer: http://190.27.245.106/forest/usutareas.do?group_system_actual=3&a=0.0471557944547385
[Mon Feb 09 16:03:30.458055 2015] [proxy_http:error] [pid 7568:tid 1300] (20014)Internal error: [client 201.245.192.253:28992] AH01102: error reading status line from remote server 172.22.1.47:80, referer: http://190.27.245.106/forest/usutareas.do?group_system_actual=3&codTraEsc=17428946&_a=0.8002169806472399
[Mon Feb 09 16:03:32.330058 2015] [proxy_http:error] [pid 7568:tid 920] (20014)Internal error: [client 201.245.192.253:28933] AH01102: error reading status line from remote server 172.22.1.47:80, referer: http://190.27.245.106/forest/usutareas.do?group_system_actual=3&a=0.0471557944547385
[Mon Feb 09 16:04:33.294965 2015] [proxy_http:error] [pid 7568:tid 1620] (OS 10054)An existing connection was forcibly closed by the remote host.  : [client 201.245.192.253:29630] AH01102: error reading status line from remote server 172.22.1.31:80, referer: http://190.27.245.106/isolucionsda/FrameSetGeneral.asp?Pagina=Menu.asp&IdModulo=4
[Mon Feb 09 16:04:33.294965 2015] [proxy:error] [pid 7568:tid 1620] [client 201.245.192.253:29630] AH00898: Error reading from remote server returned by /isolucionsda/Menu.asp, referer: http://190.27.245.106/isolucionsda/FrameSetGeneral.asp?Pagina=Menu.asp&IdModulo=4
[Mon Feb 09 16:04:33.294965 2015] [proxy_http:error] [pid 7568:tid 1276] (OS 10054)An existing connection was forcibly closed by the remote host.  : [client 201.245.192.253:29631] AH01102: error reading status line from remote server 172.22.1.31:80, referer: http://190.27.245.106/isolucionsda/FrameSetGeneral.asp?Pagina=Menu.asp&IdModulo=4
[Mon Feb 09 16:04:33.294965 2015] [proxy:error] [pid 7568:tid 1276] [client 201.245.192.253:29631] AH00898: Error reading from remote server returned by /isolucionsda/BarraFavoritos.asp, referer: http://190.27.245.106/isolucionsda/FrameSetGeneral.asp?Pagina=Menu.asp&IdModulo=4
[Mon Feb 09 16:05:49.937900 2015] [proxy_http:error] [pid 7568:tid 1092] (20014)Internal error: [client 201.245.192.253:30228] AH01102: error reading status line from remote server 172.22.1.47:80, referer: http://190.27.245.106/forest/
[Mon Feb 09 16:05:49.937900 2015] [proxy:error] [pid 7568:tid 1092] [client 201.245.192.253:30228] AH00898: Error reading from remote server returned by /forest/session.jsp, referer: http://190.27.245.106/forest/
[Mon Feb 09 16:05:49.937900 2015] [negotiation:error] [pid 7568:tid 1092] [client 201.245.192.253:30228] AH00690: no acceptable variant: E:/nuevo/apache/error/HTTP_BAD_GATEWAY.html.var, referer: http://190.27.245.106/forest/
[Mon Feb 09 16:06:44.459996 2015] [proxy_http:error] [pid 7568:tid 920] (20014)Internal error: [client 201.245.192.253:30653] AH01102: error reading status line from remote server 172.22.1.47:80, referer: http://190.27.245.106/forest/usutareas.do?group_system_actual=3&a=0.7997740163387622
[Mon Feb 09 16:06:44.459996 2015] [proxy:error] [pid 7568:tid 920] [client 201.245.192.253:30653] AH00898: Error reading from remote server returned by /forest/index2.jsp, referer: http://190.27.245.106/forest/usutareas.do?group_system_actual=3&a=0.7997740163387622
[Mon Feb 09 16:12:20.640586 2015] [proxy_http:error] [pid 7568:tid 1036] (20014)Internal error: [client 201.245.192.253:34015] AH01102: error reading status line from remote server 172.22.1.47:80, referer: http://190.27.245.106/forest/buscar.do?type=procesos
[Mon Feb 09 16:12:23.729392 2015] [proxy_http:error] [pid 7568:tid 920] (20014)Internal error: [client 201.245.192.253:34118] AH01102: error reading status line from remote server 172.22.1.47:80
[Mon Feb 09 16:12:23.729392 2015] [proxy:error] [pid 7568:tid 920] [client 201.245.192.253:34118] AH00898: Error reading from remote server returned by /forest/skins/gdocs-jar/css/tree.css
[Mon Feb 09 16:12:23.744992 2015] [proxy_http:error] [pid 7568:tid 920] (20014)Internal error: [client 201.245.192.253:34124] AH01102: error reading status line from remote server 172.22.1.47:80
[Mon Feb 09 16:12:23.744992 2015] [proxy:error] [pid 7568:tid 920] [client 201.245.192.253:34124] AH00898: Error reading from remote server returned by /forest/js/xml_utilities.js
[Mon Feb 09 16:12:23.760592 2015] [proxy_http:error] [pid 7568:tid 1236] (20014)Internal error: [client 201.245.192.253:34123] AH01102: error reading status line from remote server 172.22.1.47:80
[Mon Feb 09 16:12:23.760592 2015] [proxy:error] [pid 7568:tid 1236] [client 201.245.192.253:34123] AH00898: Error reading from remote server returned by /forest/1ibre/1ibre.js
[Mon Feb 09 16:13:03.415861 2015] [proxy_http:error] [pid 7568:tid 1300] (20014)Internal error: [client 201.245.192.253:34570] AH01102: error reading status line from remote server 172.22.1.47:80
[Mon Feb 09 16:13:03.415861 2015] [proxy:error] [pid 7568:tid 1300] [client 201.245.192.253:34570] AH00898: Error reading from remote server returned by /forest/1ibre/jscalendar/calendar-setup.js
[Mon Feb 09 16:16:59.537876 2015] [proxy_http:error] [pid 7568:tid 1836] (20014)Internal error: [client 201.245.192.253:24066] AH01102: error reading status line from remote server 172.22.1.47:80, referer: http://190.27.245.106/forest/usutareas.do?group_system_actual=3&codTraEsc=17463004&_a=0.2199861325897764
[Mon Feb 09 16:16:59.584676 2015] [proxy_http:error] [pid 7568:tid 1364] (20014)Internal error: [client 201.245.192.253:24069] AH01102: error reading status line from remote server 172.22.1.47:80, referer: http://190.27.245.106/forest/usutareas.do?group_system_actual=3&codTraEsc=17463004&_a=0.2199861325897764
[Mon Feb 09 16:18:19.191616 2015] [proxy_http:error] [pid 7568:tid 1772] (20014)Internal error: [client 190.26.162.183:10255] AH01102: error reading status line from remote server 172.22.1.47:80, referer: http://190.27.245.106/forest/buscar.do?
[Mon Feb 09 16:18:19.191616 2015] [proxy:error] [pid 7568:tid 1772] [client 190.26.162.183:10255] AH00898: Error reading from remote server returned by /forest/buscar.do, referer: http://190.27.245.106/forest/buscar.do?
[Mon Feb 09 16:18:25.431627 2015] [proxy_http:error] [pid 7568:tid 1076] (20014)Internal error: [client 201.245.192.253:24791] AH01102: error reading status line from remote server 172.22.1.47:80, referer: http://190.27.245.106/forest/suactividades.do?group_system_actual=3
[Mon Feb 09 16:18:25.431627 2015] [proxy:error] [pid 7568:tid 1076] [client 201.245.192.253:24791] AH00898: Error reading from remote server returned by /forest/session.jsp, referer: http://190.27.245.106/forest/suactividades.do?group_system_actual=3
[Mon Feb 09 16:18:25.431627 2015] [negotiation:error] [pid 7568:tid 1076] [client 201.245.192.253:24791] AH00690: no acceptable variant: E:/nuevo/apache/error/HTTP_BAD_GATEWAY.html.var, referer: http://190.27.245.106/forest/suactividades.do?group_system_actual=3
[Mon Feb 09 16:18:34.666843 2015] [proxy_http:error] [pid 7568:tid 1076] (OS 10054)An existing connection was forcibly closed by the remote host.  : [client 201.245.192.253:24890] AH01102: error reading status line from remote server 172.22.1.31:80, referer: http://190.27.245.106/isolucionsda/FrameSetGeneral.asp?Pagina1=FrameSetGeneral.asp&
[Mon Feb 09 16:18:34.666843 2015] [proxy:error] [pid 7568:tid 1076] [client 201.245.192.253:24890] AH00898: Error reading from remote server returned by /isolucionsda/MagazinHome.asp, referer: http://190.27.245.106/isolucionsda/FrameSetGeneral.asp?Pagina1=FrameSetGeneral.asp&
[Mon Feb 09 16:23:01.910913 2015] [proxy_http:error] [pid 7568:tid 1276] (OS 10054)An existing connection was forcibly closed by the remote host.  : [client 201.245.192.253:27484] AH01102: error reading status line from remote server 172.22.1.31:80, referer: http://190.27.245.106/isolucionsda/FramesetArticulo.asp?Pagina=bancoconocimiento%2FF%2FFlujogramaCorresponsalesAmbientales%5Fv2%2FFlujogramaCorresponsalesAmbientales%5Fv2%2Easp&IdArticulo=6789
[Mon Feb 09 16:23:01.910913 2015] [proxy:error] [pid 7568:tid 1276] [client 201.245.192.253:27484] AH00898: Error reading from remote server returned by /isolucionsda/bancoconocimiento/F/FlujogramaCorresponsalesAmbientales_v2/FlujogramaCorresponsalesAmbientales_v2.asp, referer: http://190.27.245.106/isolucionsda/FramesetArticulo.asp?Pagina=bancoconocimiento%2FF%2FFlujogramaCorresponsalesAmbientales%5Fv2%2FFlujogramaCorresponsalesAmbientales%5Fv2%2Easp&IdArticulo=6789
[Mon Feb 09 16:26:01.451628 2015] [proxy_http:error] [pid 7568:tid 1308] (OS 10054)An existing connection was forcibly closed by the remote host.  : [client 201.245.192.253:29083] AH01102: error reading status line from remote server 172.22.1.31:80, referer: http://190.27.245.106/isolucionsda/ListadoMaestroDocumentos3.asp
[Mon Feb 09 16:30:54.420143 2015] [proxy_http:error] [pid 7568:tid 1852] (OS 10054)An existing connection was forcibly closed by the remote host.  : [client 201.245.192.253:31913] AH01102: error reading status line from remote server 172.22.1.31:80
[Mon Feb 09 16:34:27.001716 2015] [proxy_http:error] [pid 7568:tid 1788] (20014)Internal error: [client 201.245.192.253:33727] AH01102: error reading status line from remote server 172.22.1.47:80, referer: http://190.27.245.106/forest/usutareas.do?group_system_actual=3&a=0.8107985749375075
[Mon Feb 09 16:36:02.115083 2015] [proxy_http:error] [pid 7568:tid 704] (OS 10054)An existing connection was forcibly closed by the remote host.  : [client 201.245.192.253:34885] AH01102: error reading status line from remote server 172.22.1.31:80
[Mon Feb 09 16:36:02.115083 2015] [proxy:error] [pid 7568:tid 704] [client 201.245.192.253:34885] AH00898: Error reading from remote server returned by /isolucionsda/g/Bot_Home.jpg
[Mon Feb 09 16:36:02.115083 2015] [proxy_http:error] [pid 7568:tid 1308] (OS 10054)An existing connection was forcibly closed by the remote host.  : [client 201.245.192.253:34886] AH01102: error reading status line from remote server 172.22.1.31:80
[Mon Feb 09 16:36:02.115083 2015] [proxy:error] [pid 7568:tid 1308] [client 201.245.192.253:34886] AH00898: Error reading from remote server returned by /isolucionsda/g/Bgr_BarraBotPrins.jpg
[Mon Feb 09 16:36:02.130683 2015] [proxy_http:error] [pid 7568:tid 1476] (OS 10054)An existing connection was forcibly closed by the remote host.  : [client 201.245.192.253:34888] AH01102: error reading status line from remote server 172.22.1.31:80
[Mon Feb 09 16:36:02.130683 2015] [proxy:error] [pid 7568:tid 1476] [client 201.245.192.253:34888] AH00898: Error reading from remote server returned by /isolucionsda/g/Bot_Administrador.jpg
[Mon Feb 09 16:51:04.264668 2015] [proxy_http:error] [pid 7568:tid 1676] (70008)Partial results are valid but processing is incomplete: [client 186.29.242.243:19893] AH01110: error reading response, referer: http://190.27.245.106/forest/index2.jsp?a=0.32698250271862905
[Mon Feb 09 17:22:30.495181 2015] [:error] [pid 7568:tid 1772] [client 190.75.183.12:62989] script 'E:/nuevo/htdocs/xmlrpc.php' not found or unable to stat
[Mon Feb 09 17:32:27.882630 2015] [proxy_http:error] [pid 7568:tid 1676] (OS 10054)An existing connection was forcibly closed by the remote host.  : [client 201.245.192.253:33064] AH01102: error reading status line from remote server 172.22.1.31:80, referer: http://190.27.245.106/isolucionsda/FrameSetGeneral.asp?Pagina1=FrameSetGeneral.asp&
[Mon Feb 09 17:32:27.898230 2015] [proxy_http:error] [pid 7568:tid 928] (OS 10054)An existing connection was forcibly closed by the remote host.  : [client 201.245.192.253:33097] AH01102: error reading status line from remote server 172.22.1.31:80, referer: http://190.27.245.106/isolucionsda/FrameSetGeneral.asp?Pagina1=FrameSetGeneral.asp&
[Mon Feb 09 17:32:27.898230 2015] [proxy:error] [pid 7568:tid 928] [client 201.245.192.253:33097] AH00898: Error reading from remote server returned by /isolucionsda/BarraTitulos.asp, referer: http://190.27.245.106/isolucionsda/FrameSetGeneral.asp?Pagina1=FrameSetGeneral.asp&
[Mon Feb 09 17:33:24.775930 2015] [proxy_http:error] [pid 7568:tid 1852] (70008)Partial results are valid but processing is incomplete: [client 186.29.242.243:20813] AH01110: error reading response, referer: http://190.27.245.106/forest/index2.jsp?a=0.32698250271862905
[Mon Feb 09 18:12:34.514457 2015] [proxy_http:error] [pid 7568:tid 912] (70008)Partial results are valid but processing is incomplete: [client 186.29.242.243:21767] AH01110: error reading response, referer: http://190.27.245.106/forest/index2.jsp?a=0.32698250271862905
[Mon Feb 09 18:47:20.784121 2015] [mpm_winnt:warn] [pid 7568:tid 2668] (OS 64)The specified network name is no longer available.  : AH00341: winnt_accept: Asynchronous AcceptEx failed.
[Mon Feb 09 18:55:24.899771 2015] [proxy_http:error] [pid 7568:tid 1036] (70008)Partial results are valid but processing is incomplete: [client 186.29.242.243:22641] AH01110: error reading response, referer: http://190.27.245.106/forest/index2.jsp?a=0.32698250271862905
[Mon Feb 09 19:12:48.276404 2015] [mpm_winnt:warn] [pid 7568:tid 2668] (OS 64)The specified network name is no longer available.  : AH00341: winnt_accept: Asynchronous AcceptEx failed.
[Mon Feb 09 19:13:13.283248 2015] [mpm_winnt:warn] [pid 7568:tid 2668] (OS 64)The specified network name is no longer available.  : AH00341: winnt_accept: Asynchronous AcceptEx failed.
[Mon Feb 09 19:35:09.363960 2015] [:error] [pid 7568:tid 864] [client 157.55.39.136:8675] script 'E:/nuevo/htdocs/calendar.php' not found or unable to stat
[Mon Feb 09 19:35:09.504360 2015] [:error] [pid 7568:tid 864] [client 157.55.39.136:8675] script 'E:/nuevo/htdocs/index2.php' not found or unable to stat
[Mon Feb 09 19:35:09.644760 2015] [:error] [pid 7568:tid 864] [client 157.55.39.136:8675] script 'E:/nuevo/htdocs/phpinfo.php' not found or unable to stat
[Mon Feb 09 19:35:09.909960 2015] [:error] [pid 7568:tid 864] [client 157.55.39.136:8675] script 'E:/nuevo/htdocs/prueba2.php' not found or unable to stat
[Mon Feb 09 19:38:25.503104 2015] [:error] [pid 7568:tid 1644] [client 207.46.13.47:21077] script 'E:/nuevo/htdocs/dos.php' not found or unable to stat
[Mon Feb 09 19:38:25.768305 2015] [:error] [pid 7568:tid 1268] [client 157.55.39.194:45165] script 'E:/nuevo/htdocs/enviamail.php' not found or unable to stat
[Mon Feb 09 19:41:29.411827 2015] [:error] [pid 7568:tid 704] [client 157.55.39.157:16299] script 'E:/nuevo/htdocs/autentica.php' not found or unable to stat
[Mon Feb 09 20:41:32.284955 2015] [proxy_http:error] [pid 7568:tid 1540] (OS 10054)An existing connection was forcibly closed by the remote host.  : [client 186.80.252.248:55699] AH01102: error reading status line from remote server 172.22.1.31:80, referer: http://190.27.245.106/isolucionsda/FrameSetGeneral.asp?Pagina1=FrameSetGeneral.asp&
[Mon Feb 09 20:41:32.284955 2015] [proxy:error] [pid 7568:tid 1540] [client 186.80.252.248:55699] AH00898: Error reading from remote server returned by /isolucionsda/BarraFavoritos.asp, referer: http://190.27.245.106/isolucionsda/FrameSetGeneral.asp?Pagina1=FrameSetGeneral.asp&
[Mon Feb 09 20:43:11.563530 2015] [proxy_http:error] [pid 7568:tid 1684] (20014)Internal error: [client 190.27.140.234:20965] AH01102: error reading status line from remote server 172.22.1.47:80, referer: http://190.27.245.106/forest/usutareas.do?_a=0.4629560566972941&group_system_actual=3
[Mon Feb 09 20:44:02.872020 2015] [proxy_http:error] [pid 7568:tid 1132] (OS 10054)An existing connection was forcibly closed by the remote host.  : [client 186.80.252.248:55757] AH01102: error reading status line from remote server 172.22.1.31:80, referer: http://190.27.245.106/isolucionsda/FrameSetGeneral.asp?Pagina1=FrameSetGeneral.asp&
[Mon Feb 09 20:44:02.872020 2015] [proxy:error] [pid 7568:tid 1132] [client 186.80.252.248:55757] AH00898: Error reading from remote server returned by /isolucionsda/BarraTitulos.asp, referer: http://190.27.245.106/isolucionsda/FrameSetGeneral.asp?Pagina1=FrameSetGeneral.asp&
[Mon Feb 09 21:13:16.517900 2015] [mpm_winnt:warn] [pid 7568:tid 2668] (OS 64)The specified network name is no longer available.  : AH00341: winnt_accept: Asynchronous AcceptEx failed.
[Mon Feb 09 21:28:20.555088 2015] [mpm_winnt:warn] [pid 7568:tid 2668] (OS 64)The specified network name is no longer available.  : AH00341: winnt_accept: Asynchronous AcceptEx failed.
[Mon Feb 09 21:28:45.546332 2015] [mpm_winnt:warn] [pid 7568:tid 2668] (OS 64)The specified network name is no longer available.  : AH00341: winnt_accept: Asynchronous AcceptEx failed.
[Mon Feb 09 22:09:54.547068 2015] [mpm_winnt:warn] [pid 7568:tid 2668] (OS 64)The specified network name is no longer available.  : AH00341: winnt_accept: Asynchronous AcceptEx failed.
[Mon Feb 09 22:10:19.538312 2015] [mpm_winnt:warn] [pid 7568:tid 2668] (OS 64)The specified network name is no longer available.  : AH00341: winnt_accept: Asynchronous AcceptEx failed.
[Mon Feb 09 22:58:42.204210 2015] [mpm_winnt:warn] [pid 7568:tid 2668] (OS 64)The specified network name is no longer available.  : AH00341: winnt_accept: Asynchronous AcceptEx failed.
[Mon Feb 09 22:59:07.195454 2015] [mpm_winnt:warn] [pid 7568:tid 2668] (OS 64)The specified network name is no longer available.  : AH00341: winnt_accept: Asynchronous AcceptEx failed.
[Mon Feb 09 23:07:05.383094 2015] [proxy_http:error] [pid 7568:tid 920] (OS 10054)An existing connection was forcibly closed by the remote host.  : [client 201.184.127.171:57891] AH01102: error reading status line from remote server 172.22.1.31:80
[Mon Feb 09 23:07:05.383094 2015] [proxy:error] [pid 7568:tid 920] [client 201.184.127.171:57891] AH00898: Error reading from remote server returned by /isolucionsda/Session.asp
[Mon Feb 09 23:16:11.586853 2015] [mpm_winnt:warn] [pid 7568:tid 2668] (OS 64)The specified network name is no longer available.  : AH00341: winnt_accept: Asynchronous AcceptEx failed.
[Mon Feb 09 23:16:36.578097 2015] [mpm_winnt:warn] [pid 7568:tid 2668] (OS 64)The specified network name is no longer available.  : AH00341: winnt_accept: Asynchronous AcceptEx failed.
[Mon Feb 09 23:17:39.009407 2015] [mpm_winnt:warn] [pid 7568:tid 2668] (OS 64)The specified network name is no longer available.  : AH00341: winnt_accept: Asynchronous AcceptEx failed.
[Mon Feb 09 23:18:03.985051 2015] [mpm_winnt:warn] [pid 7568:tid 2668] (OS 64)The specified network name is no longer available.  : AH00341: winnt_accept: Asynchronous AcceptEx failed.

:: Command execute ::

Enter:
 
Select:
 

:: Search ::
regexp 

:: Upload ::
 
[ ok ]

:: Make Dir ::
 
[ ok ]
:: Make File ::
 
[ ok ]

:: Go Dir ::
 
:: Go File ::
 

--[ c99shell v. 1.0 pre-release build #13 powered by Captain Crunch Security Team | http://ccteam.ru | Generation time: 0.0624 ]--