!C99Shell v. 1.0 pre-release build #13!

Software: Apache. PHP/5.5.15 

uname -a: Windows NT SVR-DMZ 6.1 build 7600 (Windows Server 2008 R2 Enterprise Edition) i586 

SYSTEM 

Safe-mode: OFF (not secure)

E:\nuevo\apache\logs\   drwxrwxrwx
Free 9.41 GB of 239.26 GB (3.93%)
Detected drives: [ a ] [ c ] [ d ] [ e ] [ f ]
Home    Back    Forward    UPDIR    Refresh    Search    Buffer    Encoder    Tools    Proc.    FTP brute    Sec.    SQL    PHP-code    Update    Feedback    Self remove    Logout    


Viewing file:     error.2015.02.11.log (137.23 KB)      -rw-rw-rw-
Select action/file-type:
(+) | (+) | (+) | Code (+) | Session (+) | (+) | SDB (+) | (+) | (+) | (+) | (+) | (+) |
[Wed Feb 11 02:23:02.596298 2015] [mpm_winnt:warn] [pid 7568:tid 2668] (OS 64)The specified network name is no longer available.  : AH00341: winnt_accept: Asynchronous AcceptEx failed.
[Wed Feb 11 03:31:55.620757 2015] [:error] [pid 7568:tid 832] [client 94.23.210.101:55866] script 'E:/nuevo/htdocs/wp-login.php' not found or unable to stat
[Wed Feb 11 03:31:56.790759 2015] [:error] [pid 7568:tid 832] [client 94.23.210.101:55866] script 'E:/nuevo/htdocs/admin.php' not found or unable to stat
[Wed Feb 11 05:59:38.464324 2015] [mpm_winnt:warn] [pid 7568:tid 2668] (OS 64)The specified network name is no longer available.  : AH00341: winnt_accept: Asynchronous AcceptEx failed.
[Wed Feb 11 07:04:46.349188 2015] [cgi:error] [pid 7568:tid 704] [client 87.106.4.222:53984] script not found or unable to stat: E:/nuevo/cgi-bin/test-cgi
[Wed Feb 11 07:05:07.643225 2015] [access_compat:error] [pid 7568:tid 1348] [client 192.3.207.66:60000] AH01797: client denied by server configuration: E:/nuevo/htdocs/phpMyAdmin
[Wed Feb 11 07:43:52.593309 2015] [proxy_http:error] [pid 7568:tid 1644] (OS 10054)An existing connection was forcibly closed by the remote host.  : [client 201.245.192.253:53891] AH01102: error reading status line from remote server 172.22.1.31:80, referer: http://190.27.245.106/isolucionsda/FrameSetGeneral.asp?Pagina=Menu.asp&IdModulo=4
[Wed Feb 11 08:10:31.502517 2015] [proxy_http:error] [pid 7568:tid 1316] (OS 10054)An existing connection was forcibly closed by the remote host.  : [client 201.245.192.253:55758] AH01102: error reading status line from remote server 172.22.1.31:80, referer: http://190.27.245.106/isolucionsda/FrameSetGeneral.asp?Pagina=ListadoMaestroDocumentos3.asp
[Wed Feb 11 08:10:31.502517 2015] [proxy:error] [pid 7568:tid 1316] [client 201.245.192.253:55758] AH00898: Error reading from remote server returned by /isolucionsda/BarraTitulos.asp, referer: http://190.27.245.106/isolucionsda/FrameSetGeneral.asp?Pagina=ListadoMaestroDocumentos3.asp
[Wed Feb 11 08:45:37.194216 2015] [proxy_http:error] [pid 7568:tid 1220] (OS 10054)An existing connection was forcibly closed by the remote host.  : [client 201.245.192.253:53396] AH01102: error reading status line from remote server 172.22.1.31:80, referer: http://190.27.245.106/isolucionsda/FrameSetGeneral.asp?Pagina=ListadoMaestroDocumentos3.asp
[Wed Feb 11 08:45:37.194216 2015] [proxy:error] [pid 7568:tid 1220] [client 201.245.192.253:53396] AH00898: Error reading from remote server returned by /isolucionsda/BarraFavoritos.asp, referer: http://190.27.245.106/isolucionsda/FrameSetGeneral.asp?Pagina=ListadoMaestroDocumentos3.asp
[Wed Feb 11 08:48:30.635320 2015] [proxy_http:error] [pid 7568:tid 992] (20014)Internal error: [client 201.245.192.253:55382] AH01102: error reading status line from remote server 172.22.1.47:80
[Wed Feb 11 08:48:30.635320 2015] [proxy:error] [pid 7568:tid 992] [client 201.245.192.253:55382] AH00898: Error reading from remote server returned by /forest/js/jquery/plugins/ui.multiselect.js
[Wed Feb 11 08:50:34.234337 2015] [proxy_http:error] [pid 7568:tid 1356] (OS 10054)An existing connection was forcibly closed by the remote host.  : [client 201.245.192.253:57044] AH01102: error reading status line from remote server 172.22.1.31:80, referer: http://190.27.245.106/isolucionsda/FrameSetGeneral.asp?Pagina=FiltroNoConformidades.asp&Estado=Abiertas&PintarAuditorias=SI&EsAbierta=1&ConMenu=NO
[Wed Feb 11 08:52:51.124578 2015] [mpm_winnt:warn] [pid 7568:tid 2668] (OS 64)The specified network name is no longer available.  : AH00341: winnt_accept: Asynchronous AcceptEx failed.
[Wed Feb 11 09:00:22.714171 2015] [core:error] [pid 7568:tid 1540] (22)Invalid argument: [client 180.76.5.151:30833] AH00127: Cannot map GET /Autoliquidacion/TR%C1MITES%20ACEITES-RESIDUOS-ESTACIONES/Aplicativo%20Eval%202015.htm HTTP/1.1 to file
[Wed Feb 11 09:02:13.957966 2015] [mpm_winnt:warn] [pid 7568:tid 2668] (OS 64)The specified network name is no longer available.  : AH00341: winnt_accept: Asynchronous AcceptEx failed.
[Wed Feb 11 09:04:55.979851 2015] [proxy_http:error] [pid 7568:tid 1700] (20014)Internal error: [client 201.245.192.253:57973] AH01102: error reading status line from remote server 172.22.1.47:80, referer: http://190.27.245.106/forest/usutareas.do?_a=0.9934699712321162&group_system_actual=3
[Wed Feb 11 09:08:20.449410 2015] [proxy_http:error] [pid 7568:tid 1876] (20014)Internal error: [client 201.245.192.253:48521] AH01102: error reading status line from remote server 172.22.1.47:80, referer: http://190.27.245.106/forest/usutareas.do?codTraEsc=17407740
[Wed Feb 11 09:08:20.449410 2015] [proxy:error] [pid 7568:tid 1876] [client 201.245.192.253:48521] AH00898: Error reading from remote server returned by /forest/usutareas.do, referer: http://190.27.245.106/forest/usutareas.do?codTraEsc=17407740
[Wed Feb 11 09:08:58.575877 2015] [mpm_winnt:warn] [pid 7568:tid 2668] (OS 64)The specified network name is no longer available.  : AH00341: winnt_accept: Asynchronous AcceptEx failed.
[Wed Feb 11 09:22:47.842134 2015] [proxy_http:error] [pid 7568:tid 1276] (20014)Internal error: [client 201.245.192.253:49477] AH01102: error reading status line from remote server 172.22.1.47:80
[Wed Feb 11 09:22:47.842134 2015] [proxy:error] [pid 7568:tid 1276] [client 201.245.192.253:49477] AH00898: Error reading from remote server returned by /forest/js/jquery/jquery-latest.js
[Wed Feb 11 09:43:14.862289 2015] [proxy_http:error] [pid 7568:tid 744] (20014)Internal error: [client 190.156.8.56:56452] AH01102: error reading status line from remote server 172.22.1.47:80, referer: http://190.27.245.106/forest/usutareas.do?codTraEsc=17366182
[Wed Feb 11 10:07:57.878894 2015] [proxy_http:error] [pid 7568:tid 1876] (20014)Internal error: [client 201.245.192.253:58991] AH01102: error reading status line from remote server 172.22.1.47:80, referer: http://190.27.245.106/forest/usutareas.do?_a=0.5144069737678985&group_system_actual=3
[Wed Feb 11 10:07:57.878894 2015] [proxy:error] [pid 7568:tid 1876] [client 201.245.192.253:58991] AH00898: Error reading from remote server returned by /forest/session.jsp, referer: http://190.27.245.106/forest/usutareas.do?_a=0.5144069737678985&group_system_actual=3
[Wed Feb 11 10:07:57.878894 2015] [negotiation:error] [pid 7568:tid 1876] [client 201.245.192.253:58991] AH00690: no acceptable variant: E:/nuevo/apache/error/HTTP_BAD_GATEWAY.html.var, referer: http://190.27.245.106/forest/usutareas.do?_a=0.5144069737678985&group_system_actual=3
[Wed Feb 11 10:27:20.564536 2015] [proxy_http:error] [pid 7568:tid 1316] (20014)Internal error: [client 201.245.192.253:55171] AH01102: error reading status line from remote server 172.22.1.47:80
[Wed Feb 11 10:27:20.564536 2015] [proxy:error] [pid 7568:tid 1316] [client 201.245.192.253:55171] AH00898: Error reading from remote server returned by /forest/js/xml_utilities.js
[Wed Feb 11 10:27:20.564536 2015] [proxy_http:error] [pid 7568:tid 1188] (20014)Internal error: [client 201.245.192.253:55180] AH01102: error reading status line from remote server 172.22.1.47:80
[Wed Feb 11 10:27:20.564536 2015] [proxy:error] [pid 7568:tid 1188] [client 201.245.192.253:55180] AH00898: Error reading from remote server returned by /forest/1ibre/protoaculous.js
[Wed Feb 11 10:27:20.564536 2015] [proxy_http:error] [pid 7568:tid 928] (20014)Internal error: [client 201.245.192.253:55178] AH01102: error reading status line from remote server 172.22.1.47:80
[Wed Feb 11 10:27:20.564536 2015] [proxy:error] [pid 7568:tid 928] [client 201.245.192.253:55178] AH00898: Error reading from remote server returned by /forest/js/autocompletar2.js
[Wed Feb 11 10:35:14.072167 2015] [proxy_http:error] [pid 7568:tid 1284] (20014)Internal error: [client 201.245.192.253:51849] AH01102: error reading status line from remote server 172.22.1.47:80, referer: http://190.27.245.106/forest/usutareas.do?_a=0.054445563818646625&group_system_actual=3
[Wed Feb 11 10:36:54.895144 2015] [proxy_http:error] [pid 7568:tid 1492] (20014)Internal error: [client 201.245.192.253:53778] AH01102: error reading status line from remote server 172.22.1.47:80
[Wed Feb 11 10:36:54.895144 2015] [proxy:error] [pid 7568:tid 1492] [client 201.245.192.253:53778] AH00898: Error reading from remote server returned by /forest/img/forestIcon.gif
[Wed Feb 11 10:38:26.217705 2015] [proxy_http:error] [pid 7568:tid 1036] (20014)Internal error: [client 190.24.48.86:14766] AH01102: error reading status line from remote server 172.22.1.47:80, referer: http://190.27.245.106/forest/buscar.do?type=procesos
[Wed Feb 11 10:43:27.360634 2015] [proxy_http:error] [pid 7568:tid 1820] (20014)Internal error: [client 201.245.192.253:47650] AH01102: error reading status line from remote server 172.22.1.47:80
[Wed Feb 11 10:43:27.360634 2015] [proxy:error] [pid 7568:tid 1820] [client 201.245.192.253:47650] AH00898: Error reading from remote server returned by /forest/img/jquery/ui-icons_6da8d5_256x240.png
[Wed Feb 11 10:46:37.712168 2015] [proxy_http:error] [pid 7568:tid 864] (20014)Internal error: [client 201.245.192.253:51864] AH01102: error reading status line from remote server 172.22.1.47:80, referer: http://190.27.245.106/forest/system/process.jsp?numPro=2945052
[Wed Feb 11 10:46:41.549775 2015] [proxy_http:error] [pid 7568:tid 1188] (20014)Internal error: [client 201.245.192.253:51705] AH01102: error reading status line from remote server 172.22.1.47:80, referer: http://190.27.245.106/forest/index2.jsp?_a=0.7223072587072608
[Wed Feb 11 10:46:57.929804 2015] [proxy_http:error] [pid 7568:tid 744] (20014)Internal error: [client 201.245.192.253:52416] AH01102: error reading status line from remote server 172.22.1.47:80
[Wed Feb 11 10:46:57.929804 2015] [proxy:error] [pid 7568:tid 744] [client 201.245.192.253:52416] AH00898: Error reading from remote server returned by /forest/css/index.css
[Wed Feb 11 10:46:57.929804 2015] [proxy_http:error] [pid 7568:tid 1220] (20014)Internal error: [client 201.245.192.253:52420] AH01102: error reading status line from remote server 172.22.1.47:80
[Wed Feb 11 10:46:57.929804 2015] [proxy:error] [pid 7568:tid 1220] [client 201.245.192.253:52420] AH00898: Error reading from remote server returned by /forest/js/usutareas-docs.js
[Wed Feb 11 10:46:57.945404 2015] [proxy_http:error] [pid 7568:tid 928] (20014)Internal error: [client 201.245.192.253:52424] AH01102: error reading status line from remote server 172.22.1.47:80
[Wed Feb 11 10:46:57.945404 2015] [proxy:error] [pid 7568:tid 928] [client 201.245.192.253:52424] AH00898: Error reading from remote server returned by /forest/js/socketConnection.js
[Wed Feb 11 10:47:35.057869 2015] [proxy_http:error] [pid 7568:tid 1628] (20014)Internal error: [client 201.245.192.253:53367] AH01102: error reading status line from remote server 172.22.1.47:80, referer: http://190.27.245.106/forest/usutareas.do?_a=0.41052518496034673&group_system_actual=3
[Wed Feb 11 10:47:36.118671 2015] [proxy_http:error] [pid 7568:tid 1628] (20014)Internal error: [client 201.245.192.253:53391] AH01102: error reading status line from remote server 172.22.1.47:80
[Wed Feb 11 10:47:36.118671 2015] [proxy:error] [pid 7568:tid 1628] [client 201.245.192.253:53391] AH00898: Error reading from remote server returned by /forest/skins/gdocs-jar/css/forest.css
[Wed Feb 11 10:48:29.626765 2015] [proxy_http:error] [pid 7568:tid 1284] (20014)Internal error: [client 201.245.192.253:54465] AH01102: error reading status line from remote server 172.22.1.47:80
[Wed Feb 11 10:48:29.626765 2015] [proxy:error] [pid 7568:tid 1284] [client 201.245.192.253:54465] AH00898: Error reading from remote server returned by /forest/skins/gdocs-jar/css/forms.css
[Wed Feb 11 10:50:33.054181 2015] [proxy_http:error] [pid 7568:tid 1316] (20014)Internal error: [client 201.245.192.253:56775] AH01102: error reading status line from remote server 172.22.1.47:80
[Wed Feb 11 10:50:33.054181 2015] [proxy:error] [pid 7568:tid 1316] [client 201.245.192.253:56775] AH00898: Error reading from remote server returned by /forest/img/loading.gif
[Wed Feb 11 10:50:33.256982 2015] [proxy_http:error] [pid 7568:tid 1188] (20014)Internal error: [client 201.245.192.253:56817] AH01102: error reading status line from remote server 172.22.1.47:80
[Wed Feb 11 10:50:33.256982 2015] [proxy:error] [pid 7568:tid 1188] [client 201.245.192.253:56817] AH00898: Error reading from remote server returned by /forest/img/mplogo.gif
[Wed Feb 11 10:50:55.299821 2015] [proxy_http:error] [pid 7568:tid 1292] (20014)Internal error: [client 201.245.192.253:56901] AH01102: error reading status line from remote server 172.22.1.47:80, referer: http://190.27.245.106/forest/usutareas.do?_a=0.532836649399278&group_system_actual=3
[Wed Feb 11 10:55:29.423502 2015] [proxy_http:error] [pid 7568:tid 856] (20014)Internal error: [client 201.245.192.253:49837] AH01102: error reading status line from remote server 172.22.1.47:80
[Wed Feb 11 10:55:29.423502 2015] [proxy:error] [pid 7568:tid 856] [client 201.245.192.253:49837] AH00898: Error reading from remote server returned by /forest/skins/gdocs-jar/js/xml_utilities.js
[Wed Feb 11 10:55:29.439102 2015] [proxy_http:error] [pid 7568:tid 1684] (20014)Internal error: [client 201.245.192.253:49839] AH01102: error reading status line from remote server 172.22.1.47:80
[Wed Feb 11 10:55:29.439102 2015] [proxy:error] [pid 7568:tid 1684] [client 201.245.192.253:49839] AH00898: Error reading from remote server returned by /forest/img/asociarUser.gif
[Wed Feb 11 10:56:01.918359 2015] [proxy_http:error] [pid 7568:tid 1876] (20014)Internal error: [client 201.245.192.253:50624] AH01102: error reading status line from remote server 172.22.1.47:80, referer: http://190.27.245.106/forest/index2.jsp?_a=0.7316497366409749
[Wed Feb 11 11:05:10.961323 2015] [proxy_http:error] [pid 7568:tid 1476] (20014)Internal error: [client 201.245.192.253:48514] AH01102: error reading status line from remote server 172.22.1.47:80
[Wed Feb 11 11:05:10.961323 2015] [proxy:error] [pid 7568:tid 1476] [client 201.245.192.253:48514] AH00898: Error reading from remote server returned by /forest/js/internJS.js
[Wed Feb 11 11:35:00.393666 2015] [proxy_http:error] [pid 7568:tid 1588] (20014)Internal error: [client 190.156.8.56:59632] AH01102: error reading status line from remote server 172.22.1.47:80, referer: http://190.27.245.106/forest/misactividades.do?group_system_actual=3&codPro=226&_a=0.6087109587128757
[Wed Feb 11 11:35:00.393666 2015] [proxy:error] [pid 7568:tid 1588] [client 190.156.8.56:59632] AH00898: Error reading from remote server returned by /forest/1ibre/jscalendar/calendar-win2k-1.css, referer: http://190.27.245.106/forest/misactividades.do?group_system_actual=3&codPro=226&_a=0.6087109587128757
[Wed Feb 11 11:35:04.886474 2015] [proxy_http:error] [pid 7568:tid 1676] (20014)Internal error: [client 201.245.192.253:54473] AH01102: error reading status line from remote server 172.22.1.47:80, referer: http://190.27.245.106/forest/usutareas.do?group_system_actual=3&a=0.24055846515024792
[Wed Feb 11 11:35:04.886474 2015] [proxy:error] [pid 7568:tid 1676] [client 201.245.192.253:54473] AH00898: Error reading from remote server returned by /forest/session.jsp, referer: http://190.27.245.106/forest/usutareas.do?group_system_actual=3&a=0.24055846515024792
[Wed Feb 11 11:35:04.886474 2015] [negotiation:error] [pid 7568:tid 1676] [client 201.245.192.253:54473] AH00690: no acceptable variant: E:/nuevo/apache/error/HTTP_BAD_GATEWAY.html.var, referer: http://190.27.245.106/forest/usutareas.do?group_system_actual=3&a=0.24055846515024792
[Wed Feb 11 11:37:00.779078 2015] [proxy_http:error] [pid 7568:tid 1380] (20014)Internal error: [client 201.245.192.253:56310] AH01102: error reading status line from remote server 172.22.1.47:80
[Wed Feb 11 11:37:00.779078 2015] [proxy:error] [pid 7568:tid 1380] [client 201.245.192.253:56310] AH00898: Error reading from remote server returned by /forest/img/inicio/6.gif
[Wed Feb 11 11:43:18.970542 2015] [proxy_http:error] [pid 7568:tid 1684] (20014)Internal error: [client 201.245.192.253:51329] AH01102: error reading status line from remote server 172.22.1.47:80
[Wed Feb 11 11:43:18.970542 2015] [proxy:error] [pid 7568:tid 1684] [client 201.245.192.253:51329] AH00898: Error reading from remote server returned by /forest/1ibre/images/spacer.gif
[Wed Feb 11 11:43:24.648952 2015] [proxy_http:error] [pid 7568:tid 1388] (20014)Internal error: [client 201.245.192.253:51325] AH01102: error reading status line from remote server 172.22.1.47:80, referer: http://190.27.245.106/forest/misactividades.do?_a=0.01317480648867786&group_system_actual=3
[Wed Feb 11 11:43:40.108579 2015] [proxy_http:error] [pid 7568:tid 1372] (20014)Internal error: [client 201.245.192.253:51669] AH01102: error reading status line from remote server 172.22.1.47:80, referer: http://190.27.245.106/forest/usutareas.do?group_system_actual=3&codAct=1373&numPro=2625127&codPro=127&fecTra=2014-11-11 11:20:59.0&codInst=2639648&codTraEsc=16871519
[Wed Feb 11 11:43:40.108579 2015] [proxy:error] [pid 7568:tid 1372] [client 201.245.192.253:51669] AH00898: Error reading from remote server returned by /forest/json.do, referer: http://190.27.245.106/forest/usutareas.do?group_system_actual=3&codAct=1373&numPro=2625127&codPro=127&fecTra=2014-11-11 11:20:59.0&codInst=2639648&codTraEsc=16871519
[Wed Feb 11 11:43:40.108579 2015] [negotiation:error] [pid 7568:tid 1372] [client 201.245.192.253:51669] AH00690: no acceptable variant: E:/nuevo/apache/error/HTTP_BAD_GATEWAY.html.var, referer: http://190.27.245.106/forest/usutareas.do?group_system_actual=3&codAct=1373&numPro=2625127&codPro=127&fecTra=2014-11-11 11:20:59.0&codInst=2639648&codTraEsc=16871519
[Wed Feb 11 11:44:53.210308 2015] [proxy_http:error] [pid 7568:tid 1412] (20014)Internal error: [client 201.245.192.253:52871] AH01102: error reading status line from remote server 172.22.1.47:80
[Wed Feb 11 11:44:53.210308 2015] [proxy:error] [pid 7568:tid 1412] [client 201.245.192.253:52871] AH00898: Error reading from remote server returned by /forest/css/escritorio.css
[Wed Feb 11 11:44:53.225908 2015] [proxy_http:error] [pid 7568:tid 1388] (20014)Internal error: [client 201.245.192.253:52872] AH01102: error reading status line from remote server 172.22.1.47:80
[Wed Feb 11 11:44:53.225908 2015] [proxy:error] [pid 7568:tid 1388] [client 201.245.192.253:52872] AH00898: Error reading from remote server returned by /forest/skins/gdocs-jar/css/dialog.css
[Wed Feb 11 11:44:53.225908 2015] [proxy_http:error] [pid 7568:tid 1364] (20014)Internal error: [client 201.245.192.253:52881] AH01102: error reading status line from remote server 172.22.1.47:80
[Wed Feb 11 11:44:53.225908 2015] [proxy:error] [pid 7568:tid 1364] [client 201.245.192.253:52881] AH00898: Error reading from remote server returned by /forest/skins/gdocs-jar/js/graphicForm.js
[Wed Feb 11 11:45:07.234732 2015] [proxy_http:error] [pid 7568:tid 1292] (20014)Internal error: [client 201.245.192.253:53087] AH01102: error reading status line from remote server 172.22.1.47:80, referer: http://190.27.245.106/forest/buscar.do?
[Wed Feb 11 11:45:07.234732 2015] [proxy:error] [pid 7568:tid 1292] [client 201.245.192.253:53087] AH00898: Error reading from remote server returned by /forest/buscar.do, referer: http://190.27.245.106/forest/buscar.do?
[Wed Feb 11 11:45:26.516366 2015] [proxy_http:error] [pid 7568:tid 1316] (20014)Internal error: [client 201.245.192.253:53165] AH01102: error reading status line from remote server 172.22.1.47:80, referer: http://190.27.245.106/forest/usutareas.do?_a=0.2151848601642996&group_system_actual=3
[Wed Feb 11 11:45:26.625566 2015] [proxy_http:error] [pid 7568:tid 1316] (20014)Internal error: [client 201.245.192.253:53332] AH01102: error reading status line from remote server 172.22.1.47:80, referer: http://190.27.245.106/forest/usutareas.do?_a=0.2151848601642996&group_system_actual=3
[Wed Feb 11 11:45:26.625566 2015] [proxy:error] [pid 7568:tid 1316] [client 201.245.192.253:53332] AH00898: Error reading from remote server returned by /forest/json.do, referer: http://190.27.245.106/forest/usutareas.do?_a=0.2151848601642996&group_system_actual=3
[Wed Feb 11 11:45:26.625566 2015] [negotiation:error] [pid 7568:tid 1316] [client 201.245.192.253:53332] AH00690: no acceptable variant: E:/nuevo/apache/error/HTTP_BAD_GATEWAY.html.var, referer: http://190.27.245.106/forest/usutareas.do?_a=0.2151848601642996&group_system_actual=3
[Wed Feb 11 11:45:26.672366 2015] [proxy_http:error] [pid 7568:tid 1548] (20014)Internal error: [client 201.245.192.253:53333] AH01102: error reading status line from remote server 172.22.1.47:80, referer: http://190.27.245.106/forest/usutareas.do?_a=0.2151848601642996&group_system_actual=3
[Wed Feb 11 11:45:38.497187 2015] [proxy_http:error] [pid 7568:tid 1316] (20014)Internal error: [client 201.245.192.253:53332] AH01102: error reading status line from remote server 172.22.1.47:80, referer: http://190.27.245.106/forest/usudocumentos.do?_a=0.6507498715422064&group_system_actual=3
[Wed Feb 11 11:48:34.933497 2015] [proxy_http:error] [pid 7568:tid 880] (20014)Internal error: [client 201.245.192.253:56707] AH01102: error reading status line from remote server 172.22.1.47:80, referer: http://190.27.245.106/forest/buscar.do?type=procesos
[Wed Feb 11 11:48:48.489921 2015] [proxy_http:error] [pid 7568:tid 1492] (20014)Internal error: [client 201.245.192.253:56860] AH01102: error reading status line from remote server 172.22.1.47:80
[Wed Feb 11 11:49:28.020390 2015] [proxy_http:error] [pid 7568:tid 1364] (OS 10054)An existing connection was forcibly closed by the remote host.  : [client 201.245.192.253:57533] AH01102: error reading status line from remote server 172.22.1.31:80, referer: http://190.27.245.106/isolucionsda/FrameSetGeneral.asp?Pagina1=FrameSetGeneral.asp&
[Wed Feb 11 11:49:33.792400 2015] [proxy_http:error] [pid 7568:tid 1364] (OS 10054)An existing connection was forcibly closed by the remote host.  : [client 201.245.192.253:57712] AH01102: error reading status line from remote server 172.22.1.31:80, referer: http://190.27.245.106/isolucionsda/FrameSetGeneral.asp?Pagina=Menu.asp&IdModulo=4
[Wed Feb 11 11:50:03.650853 2015] [proxy_http:error] [pid 7568:tid 1644] (20014)Internal error: [client 201.245.192.253:58423] AH01102: error reading status line from remote server 172.22.1.47:80
[Wed Feb 11 11:50:03.650853 2015] [proxy:error] [pid 7568:tid 1644] [client 201.245.192.253:58423] AH00898: Error reading from remote server returned by /forest/img/mireparto.gif
[Wed Feb 11 11:55:54.698269 2015] [proxy_http:error] [pid 7568:tid 704] (20014)Internal error: [client 201.245.192.253:52085] AH01102: error reading status line from remote server 172.22.1.47:80, referer: http://190.27.245.106/forest/misactividades.do?group_system_actual=3&codPro=95&_a=0.2916105190396473
[Wed Feb 11 11:59:00.244995 2015] [proxy_http:error] [pid 7568:tid 1876] (20014)Internal error: [client 201.245.192.253:55056] AH01102: error reading status line from remote server 172.22.1.47:80
[Wed Feb 11 11:59:00.244995 2015] [proxy:error] [pid 7568:tid 1876] [client 201.245.192.253:55056] AH00898: Error reading from remote server returned by /forest/skins/gdocs-jar/js/grid.js
[Wed Feb 11 11:59:00.260595 2015] [proxy_http:error] [pid 7568:tid 1628] (20014)Internal error: [client 201.245.192.253:55057] AH01102: error reading status line from remote server 172.22.1.47:80
[Wed Feb 11 11:59:00.260595 2015] [proxy:error] [pid 7568:tid 1628] [client 201.245.192.253:55057] AH00898: Error reading from remote server returned by /forest/skins/gdocs-jar/js/number-functions.js
[Wed Feb 11 11:59:00.260595 2015] [proxy_http:error] [pid 7568:tid 1820] (20014)Internal error: [client 201.245.192.253:55058] AH01102: error reading status line from remote server 172.22.1.47:80
[Wed Feb 11 11:59:00.260595 2015] [proxy:error] [pid 7568:tid 1820] [client 201.245.192.253:55058] AH00898: Error reading from remote server returned by /forest/skins/gdocs-jar/js/formsBase.js
[Wed Feb 11 12:03:40.717888 2015] [proxy_http:error] [pid 7568:tid 968] (20014)Internal error: [client 201.245.192.253:59747] AH01102: error reading status line from remote server 172.22.1.47:80
[Wed Feb 11 12:03:40.717888 2015] [proxy:error] [pid 7568:tid 968] [client 201.245.192.253:59747] AH00898: Error reading from remote server returned by /forest/skins/gdocs-jar/css/autocomplete.css
[Wed Feb 11 12:04:45.848002 2015] [proxy_http:error] [pid 7568:tid 1388] (20014)Internal error: [client 201.245.192.253:48384] AH01102: error reading status line from remote server 172.22.1.47:80
[Wed Feb 11 12:04:45.848002 2015] [proxy:error] [pid 7568:tid 1388] [client 201.245.192.253:48384] AH00898: Error reading from remote server returned by /forest/skins/gdocs-jar/css/tree.css
[Wed Feb 11 12:04:46.222403 2015] [proxy_http:error] [pid 7568:tid 1188] (20014)Internal error: [client 201.245.192.253:48401] AH01102: error reading status line from remote server 172.22.1.47:80, referer: http://190.27.245.106/forest/usutareas.do?group_system_actual=3&a=0.5899237176503917
[Wed Feb 11 12:04:46.222403 2015] [proxy:error] [pid 7568:tid 1188] [client 201.245.192.253:48401] AH00898: Error reading from remote server returned by /forest/json.do, referer: http://190.27.245.106/forest/usutareas.do?group_system_actual=3&a=0.5899237176503917
[Wed Feb 11 12:04:46.222403 2015] [negotiation:error] [pid 7568:tid 1188] [client 201.245.192.253:48401] AH00690: no acceptable variant: E:/nuevo/apache/error/HTTP_BAD_GATEWAY.html.var, referer: http://190.27.245.106/forest/usutareas.do?group_system_actual=3&a=0.5899237176503917
[Wed Feb 11 12:05:22.118066 2015] [proxy_http:error] [pid 7568:tid 1188] (20014)Internal error: [client 201.245.192.253:49163] AH01102: error reading status line from remote server 172.22.1.47:80, referer: http://190.27.245.106/forest/
[Wed Feb 11 12:05:25.596872 2015] [proxy_http:error] [pid 7568:tid 1676] (20014)Internal error: [client 201.245.192.253:49216] AH01102: error reading status line from remote server 172.22.1.47:80, referer: http://190.27.245.106/forest/buscar.do?
[Wed Feb 11 12:05:25.596872 2015] [proxy:error] [pid 7568:tid 1676] [client 201.245.192.253:49216] AH00898: Error reading from remote server returned by /forest/usutareas.do, referer: http://190.27.245.106/forest/buscar.do?
[Wed Feb 11 12:05:43.583704 2015] [proxy_http:error] [pid 7568:tid 1644] (20014)Internal error: [client 201.245.192.253:49616] AH01102: error reading status line from remote server 172.22.1.47:80, referer: http://190.27.245.106/forest/usutareas.do?group_system_actual=3&codTraEsc=17479531&_a=0.6419369621440549
[Wed Feb 11 12:05:43.599304 2015] [proxy_http:error] [pid 7568:tid 1644] (20014)Internal error: [client 201.245.192.253:49636] AH01102: error reading status line from remote server 172.22.1.47:80, referer: http://190.27.245.106/forest/usutareas.do?group_system_actual=3&codTraEsc=17479531&_a=0.6419369621440549
[Wed Feb 11 12:05:43.599304 2015] [proxy:error] [pid 7568:tid 1644] [client 201.245.192.253:49636] AH00898: Error reading from remote server returned by /forest/json.do, referer: http://190.27.245.106/forest/usutareas.do?group_system_actual=3&codTraEsc=17479531&_a=0.6419369621440549
[Wed Feb 11 12:05:43.599304 2015] [negotiation:error] [pid 7568:tid 1644] [client 201.245.192.253:49636] AH00690: no acceptable variant: E:/nuevo/apache/error/HTTP_BAD_GATEWAY.html.var, referer: http://190.27.245.106/forest/usutareas.do?group_system_actual=3&codTraEsc=17479531&_a=0.6419369621440549
[Wed Feb 11 12:06:28.293382 2015] [proxy_http:error] [pid 7568:tid 1380] (20014)Internal error: [client 201.245.192.253:50443] AH01102: error reading status line from remote server 172.22.1.47:80
[Wed Feb 11 12:06:28.293382 2015] [proxy:error] [pid 7568:tid 1380] [client 201.245.192.253:50443] AH00898: Error reading from remote server returned by /forest/skins/gdocs-jar/js/autocompletar2.js
[Wed Feb 11 12:08:41.424016 2015] [proxy_http:error] [pid 7568:tid 1692] (20014)Internal error: [client 201.245.192.253:54459] AH01102: error reading status line from remote server 172.22.1.47:80
[Wed Feb 11 12:08:41.424016 2015] [proxy:error] [pid 7568:tid 1692] [client 201.245.192.253:54459] AH00898: Error reading from remote server returned by /forest/1ibre/jscalendar/calendar.js
[Wed Feb 11 12:08:46.821626 2015] [proxy_http:error] [pid 7568:tid 1188] (20014)Internal error: [client 201.245.192.253:54711] AH01102: error reading status line from remote server 172.22.1.47:80, referer: http://190.27.245.106/forest/buscar.do?type=procesos
[Wed Feb 11 12:08:46.821626 2015] [proxy:error] [pid 7568:tid 1188] [client 201.245.192.253:54711] AH00898: Error reading from remote server returned by /forest/buscar.do, referer: http://190.27.245.106/forest/buscar.do?type=procesos
[Wed Feb 11 12:08:58.786847 2015] [proxy_http:error] [pid 7568:tid 864] (20014)Internal error: [client 201.245.192.253:55142] AH01102: error reading status line from remote server 172.22.1.47:80
[Wed Feb 11 12:08:58.786847 2015] [proxy:error] [pid 7568:tid 864] [client 201.245.192.253:55142] AH00898: Error reading from remote server returned by /forest/skins/gdocs-jar/img/activity2.gif
[Wed Feb 11 12:08:58.786847 2015] [proxy_http:error] [pid 7568:tid 1692] (20014)Internal error: [client 201.245.192.253:55152] AH01102: error reading status line from remote server 172.22.1.47:80
[Wed Feb 11 12:08:58.786847 2015] [proxy:error] [pid 7568:tid 1692] [client 201.245.192.253:55152] AH00898: Error reading from remote server returned by /forest/skins/gdocs-jar/img/mueveactividad.gif
[Wed Feb 11 12:08:58.786847 2015] [proxy_http:error] [pid 7568:tid 1508] (20014)Internal error: [client 201.245.192.253:55157] AH01102: error reading status line from remote server 172.22.1.47:80
[Wed Feb 11 12:08:58.786847 2015] [proxy:error] [pid 7568:tid 1508] [client 201.245.192.253:55157] AH00898: Error reading from remote server returned by /forest/skins/gdocs-jar/img/itemlist.gif
[Wed Feb 11 12:08:59.426448 2015] [proxy_http:error] [pid 7568:tid 1364] (20014)Internal error: [client 201.245.192.253:55183] AH01102: error reading status line from remote server 172.22.1.47:80
[Wed Feb 11 12:08:59.426448 2015] [proxy:error] [pid 7568:tid 1364] [client 201.245.192.253:55183] AH00898: Error reading from remote server returned by /forest/js/escritorio/escritorio.js
[Wed Feb 11 12:09:02.874054 2015] [proxy_http:error] [pid 7568:tid 1780] (20014)Internal error: [client 201.245.192.253:55140] AH01102: error reading status line from remote server 172.22.1.47:80, referer: http://190.27.245.106/forest/buscar.do?type=procesos
[Wed Feb 11 12:09:07.912863 2015] [proxy_http:error] [pid 7568:tid 944] (20014)Internal error: [client 201.245.192.253:55190] AH01102: error reading status line from remote server 172.22.1.47:80, referer: http://190.27.245.106/forest/buscar.do?
[Wed Feb 11 12:09:08.911264 2015] [proxy_http:error] [pid 7568:tid 1780] (20014)Internal error: [client 201.245.192.253:55478] AH01102: error reading status line from remote server 172.22.1.47:80, referer: http://190.27.245.106/forest/usutareas.do?group_system_actual=3&codAct=1477&numPro=2922747&codPro=134&fecTra=2015-02-10%2016:15:25.0&codInst=2954864&codTraEsc=17474369
[Wed Feb 11 12:09:08.911264 2015] [proxy:error] [pid 7568:tid 1780] [client 201.245.192.253:55478] AH00898: Error reading from remote server returned by /forest/skins/gdocs-jar/js/autocompletar2.js, referer: http://190.27.245.106/forest/usutareas.do?group_system_actual=3&codAct=1477&numPro=2922747&codPro=134&fecTra=2015-02-10%2016:15:25.0&codInst=2954864&codTraEsc=17474369
[Wed Feb 11 12:09:45.259328 2015] [proxy_http:error] [pid 7568:tid 1876] (20014)Internal error: [client 201.245.192.253:56405] AH01102: error reading status line from remote server 172.22.1.47:80, referer: http://190.27.245.106/forest/usutareas.do?group_system_actual=3&codAct=1477&numPro=2944807&codPro=134&fecTra=2015-02-09%2017:12:52.0&codInst=2977557&codTraEsc=17466168
[Wed Feb 11 12:09:45.259328 2015] [proxy:error] [pid 7568:tid 1876] [client 201.245.192.253:56405] AH00898: Error reading from remote server returned by /forest/session.jsp, referer: http://190.27.245.106/forest/usutareas.do?group_system_actual=3&codAct=1477&numPro=2944807&codPro=134&fecTra=2015-02-09%2017:12:52.0&codInst=2977557&codTraEsc=17466168
[Wed Feb 11 12:09:45.259328 2015] [negotiation:error] [pid 7568:tid 1876] [client 201.245.192.253:56405] AH00690: no acceptable variant: E:/nuevo/apache/error/HTTP_BAD_GATEWAY.html.var, referer: http://190.27.245.106/forest/usutareas.do?group_system_actual=3&codAct=1477&numPro=2944807&codPro=134&fecTra=2015-02-09%2017:12:52.0&codInst=2977557&codTraEsc=17466168
[Wed Feb 11 12:09:46.663331 2015] [proxy_http:error] [pid 7568:tid 1876] (20014)Internal error: [client 201.245.192.253:56405] AH01102: error reading status line from remote server 172.22.1.47:80, referer: http://190.27.245.106/forest/usutareas.do?group_system_actual=3&codAct=1477&numPro=2944807&codPro=134&fecTra=2015-02-09%2017:12:52.0&codInst=2977557&codTraEsc=17466168
[Wed Feb 11 12:10:12.699776 2015] [proxy_http:error] [pid 7568:tid 1380] (20014)Internal error: [client 201.245.192.253:57015] AH01102: error reading status line from remote server 172.22.1.47:80
[Wed Feb 11 12:10:12.699776 2015] [proxy:error] [pid 7568:tid 1380] [client 201.245.192.253:57015] AH00898: Error reading from remote server returned by /forest/skins/gdocs-jar/css/dialog.css
[Wed Feb 11 12:10:19.672989 2015] [proxy_http:error] [pid 7568:tid 1540] (20014)Internal error: [client 201.245.192.253:57232] AH01102: error reading status line from remote server 172.22.1.47:80, referer: http://190.27.245.106/forest/usutareas.do?group_system_actual=3&codAct=1477&numPro=2951073&codPro=134&fecTra=2015-02-09%2017:11:53.0&codInst=2984254&codTraEsc=17466160
[Wed Feb 11 12:10:19.672989 2015] [proxy:error] [pid 7568:tid 1540] [client 201.245.192.253:57232] AH00898: Error reading from remote server returned by /ForestMSG_SDA/channelAsync/template_word_17466160, referer: http://190.27.245.106/forest/usutareas.do?group_system_actual=3&codAct=1477&numPro=2951073&codPro=134&fecTra=2015-02-09%2017:11:53.0&codInst=2984254&codTraEsc=17466160
[Wed Feb 11 12:10:22.761794 2015] [proxy_http:error] [pid 7568:tid 1132] (20014)Internal error: [client 201.245.192.253:57246] AH01102: error reading status line from remote server 172.22.1.47:80, referer: http://190.27.245.106/forest/misactividades.do?_a=0.11686869175992864&group_system_actual=3
[Wed Feb 11 12:10:24.118997 2015] [proxy_http:error] [pid 7568:tid 1036] (20014)Internal error: [client 201.245.192.253:57301] AH01102: error reading status line from remote server 172.22.1.47:80, referer: http://190.27.245.106/forest/usutareas.do?group_system_actual=3&codAct=1477&numPro=2951073&codPro=134&fecTra=2015-02-09%2017:11:53.0&codInst=2984254&codTraEsc=17466160
[Wed Feb 11 12:10:31.185809 2015] [proxy_http:error] [pid 7568:tid 1684] (20014)Internal error: [client 201.245.192.253:57524] AH01102: error reading status line from remote server 172.22.1.47:80
[Wed Feb 11 12:10:31.185809 2015] [proxy:error] [pid 7568:tid 1684] [client 201.245.192.253:57524] AH00898: Error reading from remote server returned by /forest/js/load_func.js
[Wed Feb 11 12:10:47.035437 2015] [proxy_http:error] [pid 7568:tid 1284] (20014)Internal error: [client 201.245.192.253:57899] AH01102: error reading status line from remote server 172.22.1.47:80, referer: http://190.27.245.106/forest/usutareas.do?group_system_actual=3&a=0.17413807867665443
[Wed Feb 11 12:10:47.706238 2015] [proxy_http:error] [pid 7568:tid 1644] (20014)Internal error: [client 201.245.192.253:57932] AH01102: error reading status line from remote server 172.22.1.47:80, referer: http://190.27.245.106/forest/buscar.do?type=procesos
[Wed Feb 11 12:10:47.706238 2015] [proxy:error] [pid 7568:tid 1644] [client 201.245.192.253:57932] AH00898: Error reading from remote server returned by /forest/js/load_func.js, referer: http://190.27.245.106/forest/buscar.do?type=procesos
[Wed Feb 11 12:10:47.706238 2015] [proxy_http:error] [pid 7568:tid 1276] (20014)Internal error: [client 201.245.192.253:57933] AH01102: error reading status line from remote server 172.22.1.47:80, referer: http://190.27.245.106/forest/buscar.do?type=procesos
[Wed Feb 11 12:10:47.706238 2015] [proxy:error] [pid 7568:tid 1276] [client 201.245.192.253:57933] AH00898: Error reading from remote server returned by /forest/1ibre/jscalendar/calendar.js, referer: http://190.27.245.106/forest/buscar.do?type=procesos
[Wed Feb 11 12:10:47.706238 2015] [proxy_http:error] [pid 7568:tid 1380] (20014)Internal error: [client 201.245.192.253:57941] AH01102: error reading status line from remote server 172.22.1.47:80
[Wed Feb 11 12:10:47.706238 2015] [proxy:error] [pid 7568:tid 1380] [client 201.245.192.253:57941] AH00898: Error reading from remote server returned by /forest/1ibre/jscalendar/lang/calendar-es.js
[Wed Feb 11 12:11:11.199879 2015] [proxy_http:error] [pid 7568:tid 992] (20014)Internal error: [client 201.245.192.253:58585] AH01102: error reading status line from remote server 172.22.1.47:80
[Wed Feb 11 12:11:11.199879 2015] [proxy:error] [pid 7568:tid 992] [client 201.245.192.253:58585] AH00898: Error reading from remote server returned by /forest/skins/gdocs-jar/js/xml_utilities.js
[Wed Feb 11 12:11:22.509899 2015] [proxy_http:error] [pid 7568:tid 1476] (20014)Internal error: [client 201.245.192.253:58800] AH01102: error reading status line from remote server 172.22.1.47:80, referer: http://190.27.245.106/forest/usutareas.do?group_system_actual=3&codAct=1477&numPro=2948960&codPro=134&fecTra=2015-02-09%2017:10:06.0&codInst=2981947&codTraEsc=17466148
[Wed Feb 11 12:11:44.599538 2015] [proxy_http:error] [pid 7568:tid 1692] (20014)Internal error: [client 201.245.192.253:59553] AH01102: error reading status line from remote server 172.22.1.47:80
[Wed Feb 11 12:11:44.599538 2015] [proxy:error] [pid 7568:tid 1692] [client 201.245.192.253:59553] AH00898: Error reading from remote server returned by /forest/js/dialog.js
[Wed Feb 11 12:11:48.593145 2015] [proxy_http:error] [pid 7568:tid 1284] (20014)Internal error: [client 201.245.192.253:59560] AH01102: error reading status line from remote server 172.22.1.47:80, referer: http://190.27.245.106/forest/buscar.do?
[Wed Feb 11 12:11:49.607147 2015] [proxy_http:error] [pid 7568:tid 1876] (20014)Internal error: [client 201.245.192.253:59693] AH01102: error reading status line from remote server 172.22.1.47:80
[Wed Feb 11 12:11:49.607147 2015] [proxy:error] [pid 7568:tid 1876] [client 201.245.192.253:59693] AH00898: Error reading from remote server returned by /forest/skins/gdocs-jar/js/swfobject.js
[Wed Feb 11 12:12:00.807966 2015] [proxy_http:error] [pid 7568:tid 1188] (20014)Internal error: [client 201.245.192.253:59953] AH01102: error reading status line from remote server 172.22.1.47:80, referer: http://190.27.245.106/forest/usutareas.do?group_system_actual=3&a=0.43294174366090954
[Wed Feb 11 12:12:00.807966 2015] [proxy:error] [pid 7568:tid 1188] [client 201.245.192.253:59953] AH00898: Error reading from remote server returned by /forest/session.jsp, referer: http://190.27.245.106/forest/usutareas.do?group_system_actual=3&a=0.43294174366090954
[Wed Feb 11 12:12:00.807966 2015] [negotiation:error] [pid 7568:tid 1188] [client 201.245.192.253:59953] AH00690: no acceptable variant: E:/nuevo/apache/error/HTTP_BAD_GATEWAY.html.var, referer: http://190.27.245.106/forest/usutareas.do?group_system_actual=3&a=0.43294174366090954
[Wed Feb 11 12:12:36.142028 2015] [proxy_http:error] [pid 7568:tid 1684] (20014)Internal error: [client 201.245.192.253:48372] AH01102: error reading status line from remote server 172.22.1.47:80, referer: http://190.27.245.106/forest/buscar.do?type=procesos
[Wed Feb 11 12:12:38.747233 2015] [proxy_http:error] [pid 7568:tid 1684] (20014)Internal error: [client 201.245.192.253:48498] AH01102: error reading status line from remote server 172.22.1.47:80, referer: http://190.27.245.106/forest/usutareas.do?group_system_actual=3&a=0.13349110913567852
[Wed Feb 11 12:12:38.981233 2015] [proxy_http:error] [pid 7568:tid 1364] (20014)Internal error: [client 201.245.192.253:48518] AH01102: error reading status line from remote server 172.22.1.47:80, referer: http://190.27.245.106/forest/buscar.do?type=procesos
[Wed Feb 11 12:12:38.996833 2015] [proxy_http:error] [pid 7568:tid 1364] (20014)Internal error: [client 201.245.192.253:48524] AH01102: error reading status line from remote server 172.22.1.47:80, referer: http://190.27.245.106/forest/buscar.do?type=procesos
[Wed Feb 11 12:12:38.996833 2015] [proxy:error] [pid 7568:tid 1364] [client 201.245.192.253:48524] AH00898: Error reading from remote server returned by /forest/js/escritorio/escritorio.js, referer: http://190.27.245.106/forest/buscar.do?type=procesos
[Wed Feb 11 12:12:43.177641 2015] [proxy_http:error] [pid 7568:tid 992] (20014)Internal error: [client 201.245.192.253:48638] AH01102: error reading status line from remote server 172.22.1.47:80, referer: http://190.27.245.106/forest/usutareas.do?group_system_actual=3&codAct=1477&numPro=2941201&codPro=134&fecTra=2015-02-09%2016:31:12.0&codInst=2973853&codTraEsc=17465627
[Wed Feb 11 12:12:43.177641 2015] [proxy:error] [pid 7568:tid 992] [client 201.245.192.253:48638] AH00898: Error reading from remote server returned by /forest/session.jsp, referer: http://190.27.245.106/forest/usutareas.do?group_system_actual=3&codAct=1477&numPro=2941201&codPro=134&fecTra=2015-02-09%2016:31:12.0&codInst=2973853&codTraEsc=17465627
[Wed Feb 11 12:12:43.177641 2015] [negotiation:error] [pid 7568:tid 992] [client 201.245.192.253:48638] AH00690: no acceptable variant: E:/nuevo/apache/error/HTTP_BAD_GATEWAY.html.var, referer: http://190.27.245.106/forest/usutareas.do?group_system_actual=3&codAct=1477&numPro=2941201&codPro=134&fecTra=2015-02-09%2016:31:12.0&codInst=2973853&codTraEsc=17465627
[Wed Feb 11 12:12:46.531647 2015] [proxy_http:error] [pid 7568:tid 992] (20014)Internal error: [client 201.245.192.253:48638] AH01102: error reading status line from remote server 172.22.1.47:80, referer: http://190.27.245.106/forest/usutareas.do?group_system_actual=3&codAct=1477&numPro=2941201&codPro=134&fecTra=2015-02-09%2016:31:12.0&codInst=2973853&codTraEsc=17465627
[Wed Feb 11 12:13:51.880161 2015] [proxy_http:error] [pid 7568:tid 1108] (20014)Internal error: [client 201.245.192.253:50615] AH01102: error reading status line from remote server 172.22.1.47:80, referer: http://190.27.245.106/forest/buscar.do?type=procesos
[Wed Feb 11 12:16:59.626491 2015] [proxy_http:error] [pid 7568:tid 1676] (20014)Internal error: [client 201.245.192.253:55124] AH01102: error reading status line from remote server 172.22.1.47:80, referer: http://190.27.245.106/forest/index2.jsp?_a=0.3792846621790805
[Wed Feb 11 12:16:59.626491 2015] [proxy:error] [pid 7568:tid 1676] [client 201.245.192.253:55124] AH00898: Error reading from remote server returned by /forest/skins/gdocs-jar/popup/popup.jsp, referer: http://190.27.245.106/forest/index2.jsp?_a=0.3792846621790805
[Wed Feb 11 12:17:50.326580 2015] [proxy_http:error] [pid 7568:tid 744] (20014)Internal error: [client 201.245.192.253:57921] AH01102: error reading status line from remote server 172.22.1.47:80, referer: http://190.27.245.106/forest/usutareas.do?group_system_actual=3&codTraEsc=17479966&_a=0.6762585095482321
[Wed Feb 11 12:17:53.181385 2015] [proxy_http:error] [pid 7568:tid 1676] (20014)Internal error: [client 201.245.192.253:58311] AH01102: error reading status line from remote server 172.22.1.47:80, referer: http://190.27.245.106/forest/buscar.do?type=procesos
[Wed Feb 11 12:17:53.181385 2015] [proxy:error] [pid 7568:tid 1676] [client 201.245.192.253:58311] AH00898: Error reading from remote server returned by /forest/json.do, referer: http://190.27.245.106/forest/buscar.do?type=procesos
[Wed Feb 11 12:17:53.181385 2015] [negotiation:error] [pid 7568:tid 1676] [client 201.245.192.253:58311] AH00690: no acceptable variant: E:/nuevo/apache/error/HTTP_BAD_GATEWAY.html.var, referer: http://190.27.245.106/forest/buscar.do?type=procesos
[Wed Feb 11 12:18:07.907811 2015] [proxy_http:error] [pid 7568:tid 1492] (20014)Internal error: [client 201.245.192.253:58690] AH01102: error reading status line from remote server 172.22.1.47:80, referer: http://190.27.245.106/forest/usutareas.do?group_system_actual=3&codAct=879&numPro=2935501&codPro=90&fecTra=2015-01-28%2011:05:36.75&codInst=2968038&codTraEsc=17377324
[Wed Feb 11 12:18:32.384254 2015] [proxy_http:error] [pid 7568:tid 880] (20014)Internal error: [client 201.245.192.253:59594] AH01102: error reading status line from remote server 172.22.1.47:80, referer: http://190.27.245.106/forest/usutareas.do?group_system_actual=3&a=0.8832839185857806
[Wed Feb 11 12:18:51.275887 2015] [proxy_http:error] [pid 7568:tid 1628] (20014)Internal error: [client 201.245.192.253:59979] AH01102: error reading status line from remote server 172.22.1.47:80, referer: http://190.27.245.106/forest/buscar.do?type=procesos
[Wed Feb 11 12:18:53.678292 2015] [proxy_http:error] [pid 7568:tid 1628] (20014)Internal error: [client 201.245.192.253:47845] AH01102: error reading status line from remote server 172.22.1.47:80, referer: http://190.27.245.106/forest/usutareas.do?group_system_actual=3&a=0.24372646405002785
[Wed Feb 11 12:18:53.725092 2015] [proxy_http:error] [pid 7568:tid 1628] (20014)Internal error: [client 201.245.192.253:47883] AH01102: error reading status line from remote server 172.22.1.47:80, referer: http://190.27.245.106/forest/usutareas.do?group_system_actual=3&a=0.24372646405002785
[Wed Feb 11 12:18:53.725092 2015] [proxy:error] [pid 7568:tid 1628] [client 201.245.192.253:47883] AH00898: Error reading from remote server returned by /forest/buscar.do, referer: http://190.27.245.106/forest/usutareas.do?group_system_actual=3&a=0.24372646405002785
[Wed Feb 11 12:18:53.896692 2015] [proxy_http:error] [pid 7568:tid 1628] (20014)Internal error: [client 201.245.192.253:47883] AH01102: error reading status line from remote server 172.22.1.47:80, referer: http://190.27.245.106/forest/buscar.do?type=procesos
[Wed Feb 11 12:19:08.311117 2015] [proxy_http:error] [pid 7568:tid 1188] (20014)Internal error: [client 201.245.192.253:48308] AH01102: error reading status line from remote server 172.22.1.47:80, referer: http://190.27.245.106/forest/buscar.do?type=procesos
[Wed Feb 11 12:19:08.326717 2015] [proxy_http:error] [pid 7568:tid 1188] (20014)Internal error: [client 201.245.192.253:48315] AH01102: error reading status line from remote server 172.22.1.47:80
[Wed Feb 11 12:19:08.326717 2015] [proxy:error] [pid 7568:tid 1188] [client 201.245.192.253:48315] AH00898: Error reading from remote server returned by /forest/css/autocomplete.css
[Wed Feb 11 12:19:23.630344 2015] [proxy_http:error] [pid 7568:tid 1276] (20014)Internal error: [client 201.245.192.253:48822] AH01102: error reading status line from remote server 172.22.1.47:80
[Wed Feb 11 12:19:23.630344 2015] [proxy:error] [pid 7568:tid 1276] [client 201.245.192.253:48822] AH00898: Error reading from remote server returned by /forest/skins/gdocs-jar/css/autocomplete.css
[Wed Feb 11 12:19:23.630344 2015] [proxy_http:error] [pid 7568:tid 1676] (20014)Internal error: [client 201.245.192.253:48823] AH01102: error reading status line from remote server 172.22.1.47:80
[Wed Feb 11 12:19:23.630344 2015] [proxy:error] [pid 7568:tid 1676] [client 201.245.192.253:48823] AH00898: Error reading from remote server returned by /forest/css/index.css
[Wed Feb 11 12:19:25.159147 2015] [proxy_http:error] [pid 7568:tid 704] (20014)Internal error: [client 201.245.192.253:48916] AH01102: error reading status line from remote server 172.22.1.47:80
[Wed Feb 11 12:19:25.159147 2015] [proxy:error] [pid 7568:tid 704] [client 201.245.192.253:48916] AH00898: Error reading from remote server returned by /forest/1ibre/1ibre.js
[Wed Feb 11 12:19:56.858403 2015] [proxy_http:error] [pid 7568:tid 744] (20014)Internal error: [client 201.245.192.253:49937] AH01102: error reading status line from remote server 172.22.1.47:80, referer: http://190.27.245.106/forest/usutareas.do?group_system_actual=3&codAct=879&numPro=2729533&codPro=90&fecTra=2015-01-22%2012:19:25.969&codInst=2748926&codTraEsc=17338628
[Wed Feb 11 12:19:58.730406 2015] [proxy_http:error] [pid 7568:tid 1540] (20014)Internal error: [client 201.245.192.253:50006] AH01102: error reading status line from remote server 172.22.1.47:80, referer: http://190.27.245.106/forest/buscar.do?type=procesos
[Wed Feb 11 12:19:58.730406 2015] [proxy:error] [pid 7568:tid 1540] [client 201.245.192.253:50006] AH00898: Error reading from remote server returned by /forest/1ibre/1ibre.js, referer: http://190.27.245.106/forest/buscar.do?type=procesos
[Wed Feb 11 12:20:03.566414 2015] [proxy_http:error] [pid 7568:tid 1380] (20014)Internal error: [client 201.245.192.253:50121] AH01102: error reading status line from remote server 172.22.1.47:80, referer: http://190.27.245.106/forest/usutareas.do?group_system_actual=3&codAct=880&numPro=2880695&codPro=90&fecTra=2015-02-03%2013:22:55.556&codInst=2908224&codTraEsc=17421981
