!C99Shell v. 1.0 pre-release build #13!

Software: Apache. PHP/5.5.15 

uname -a: Windows NT SVR-DMZ 6.1 build 7600 (Windows Server 2008 R2 Enterprise Edition) i586 

SYSTEM 

Safe-mode: OFF (not secure)

E:\nuevo\apache\logs\   drwxrwxrwx
Free 9.41 GB of 239.26 GB (3.93%)
Detected drives: [ a ] [ c ] [ d ] [ e ] [ f ]
Home    Back    Forward    UPDIR    Refresh    Search    Buffer    Encoder    Tools    Proc.    FTP brute    Sec.    SQL    PHP-code    Update    Feedback    Self remove    Logout    


Viewing file:     error.2015.02.12.log (68.79 KB)      -rw-rw-rw-
Select action/file-type:
(+) | (+) | (+) | Code (+) | Session (+) | (+) | SDB (+) | (+) | (+) | (+) | (+) | (+) |
[Thu Feb 12 01:31:45.493847 2015] [mpm_winnt:warn] [pid 7568:tid 2668] (OS 64)The specified network name is no longer available.  : AH00341: winnt_accept: Asynchronous AcceptEx failed.
[Thu Feb 12 02:22:13.209565 2015] [:error] [pid 7568:tid 1684] [client 118.92.105.150:65249] script 'E:/nuevo/htdocs/xmlrpc.php' not found or unable to stat
[Thu Feb 12 07:32:33.636270 2015] [proxy_http:error] [pid 7568:tid 1692] (OS 10054)An existing connection was forcibly closed by the remote host.  : [client 201.244.55.205:28174] AH01102: error reading status line from remote server 172.22.1.31:80, referer: http://190.27.245.106/isolucionsda/IdentificaUsuario.asp?Pagina1=FrameSetGeneral.asp&
[Thu Feb 12 07:32:33.636270 2015] [proxy:error] [pid 7568:tid 1692] [client 201.244.55.205:28174] AH00898: Error reading from remote server returned by /isolucionsda/g/Img_LogoIsoCabezote.jpg, referer: http://190.27.245.106/isolucionsda/IdentificaUsuario.asp?Pagina1=FrameSetGeneral.asp&
[Thu Feb 12 07:36:29.337084 2015] [proxy_http:error] [pid 7568:tid 1804] (OS 10054)An existing connection was forcibly closed by the remote host.  : [client 201.244.55.205:28409] AH01102: error reading status line from remote server 172.22.1.31:80, referer: http://190.27.245.106/isolucionsda/FrameSetGeneral.asp?Pagina=SucursalSeleccion.asp&CargaPagina=ModuloProcesos&IdModulo=3
[Thu Feb 12 07:36:29.337084 2015] [proxy:error] [pid 7568:tid 1804] [client 201.244.55.205:28409] AH00898: Error reading from remote server returned by /isolucionsda/BarraFavoritos.asp, referer: http://190.27.245.106/isolucionsda/FrameSetGeneral.asp?Pagina=SucursalSeleccion.asp&CargaPagina=ModuloProcesos&IdModulo=3
[Thu Feb 12 07:36:31.458688 2015] [proxy_http:error] [pid 7568:tid 1372] (OS 10054)An existing connection was forcibly closed by the remote host.  : [client 172.22.2.1:55859] AH01102: error reading status line from remote server 172.22.1.31:80, referer: http://190.27.245.106/isolucionsda/FrameSetGeneral.asp?Pagina=Menu.asp&IdModulo=4
[Thu Feb 12 07:36:31.458688 2015] [proxy:error] [pid 7568:tid 1372] [client 172.22.2.1:55859] AH00898: Error reading from remote server returned by /isolucionsda/BarraFavoritos.asp, referer: http://190.27.245.106/isolucionsda/FrameSetGeneral.asp?Pagina=Menu.asp&IdModulo=4
[Thu Feb 12 07:46:55.787384 2015] [proxy_http:error] [pid 7568:tid 1492] (OS 10054)An existing connection was forcibly closed by the remote host.  : [client 201.245.192.253:29556] AH01102: error reading status line from remote server 172.22.1.31:80, referer: http://www.ambientebogota.gov.co/web/intranet/aplicaciones-para-acceder-fuera-de-la-sda
[Thu Feb 12 07:46:55.787384 2015] [proxy:error] [pid 7568:tid 1492] [client 201.245.192.253:29556] AH00898: Error reading from remote server returned by /isolucionsda/, referer: http://www.ambientebogota.gov.co/web/intranet/aplicaciones-para-acceder-fuera-de-la-sda
[Thu Feb 12 08:36:53.722650 2015] [mpm_winnt:warn] [pid 7568:tid 2668] (OS 64)The specified network name is no longer available.  : AH00341: winnt_accept: Asynchronous AcceptEx failed.
[Thu Feb 12 09:30:38.232713 2015] [proxy_http:error] [pid 7568:tid 1284] (20014)Internal error: [client 201.245.192.253:31724] AH01102: error reading status line from remote server 172.22.1.47:80
[Thu Feb 12 09:30:38.232713 2015] [proxy:error] [pid 7568:tid 1284] [client 201.245.192.253:31724] AH00898: Error reading from remote server returned by /forest/skins/gdocs-jar/js/documentos.js
[Thu Feb 12 09:35:41.419246 2015] [proxy_http:error] [pid 7568:tid 1876] (OS 10054)An existing connection was forcibly closed by the remote host.  : [client 190.253.21.54:12655] AH01102: error reading status line from remote server 172.22.1.31:80, referer: http://190.27.245.106/isolucionsda/FrameSetGeneral.asp?Pagina1=FrameSetGeneral.asp&
[Thu Feb 12 09:35:41.419246 2015] [proxy:error] [pid 7568:tid 1876] [client 190.253.21.54:12655] AH00898: Error reading from remote server returned by /isolucionsda/BarraFavoritos.asp, referer: http://190.27.245.106/isolucionsda/FrameSetGeneral.asp?Pagina1=FrameSetGeneral.asp&
[Thu Feb 12 09:39:53.359688 2015] [mpm_winnt:warn] [pid 7568:tid 2668] (OS 64)The specified network name is no longer available.  : AH00341: winnt_accept: Asynchronous AcceptEx failed.
[Thu Feb 12 09:49:09.609865 2015] [proxy_http:error] [pid 7568:tid 1108] (20014)Internal error: [client 201.245.192.253:25894] AH01102: error reading status line from remote server 172.22.1.47:80
[Thu Feb 12 09:49:09.609865 2015] [proxy:error] [pid 7568:tid 1108] [client 201.245.192.253:25894] AH00898: Error reading from remote server returned by /forest/js/socketConnection.js
[Thu Feb 12 09:50:09.420370 2015] [proxy_http:error] [pid 7568:tid 864] (20014)Internal error: [client 201.245.192.253:26112] AH01102: error reading status line from remote server 172.22.1.47:80, referer: http://190.27.245.106/forest/misactividades.do?group_system_actual=3&codPro=176&_a=0.4806432240127477
[Thu Feb 12 09:51:34.752520 2015] [proxy_http:error] [pid 7568:tid 1780] (20014)Internal error: [client 201.245.192.253:26536] AH01102: error reading status line from remote server 172.22.1.47:80
[Thu Feb 12 09:51:34.752520 2015] [proxy:error] [pid 7568:tid 1780] [client 201.245.192.253:26536] AH00898: Error reading from remote server returned by /forest/skins/gdocs-jar/js/xml_utilities.js
[Thu Feb 12 09:51:35.111321 2015] [proxy_http:error] [pid 7568:tid 1780] (20014)Internal error: [client 201.245.192.253:26554] AH01102: error reading status line from remote server 172.22.1.47:80
[Thu Feb 12 09:51:35.111321 2015] [proxy:error] [pid 7568:tid 1780] [client 201.245.192.253:26554] AH00898: Error reading from remote server returned by /forest/img/panel/menu/add.png
[Thu Feb 12 09:52:07.044577 2015] [proxy_http:error] [pid 7568:tid 1108] (20014)Internal error: [client 181.50.92.73:55049] AH01102: error reading status line from remote server 172.22.1.47:80, referer: http://190.27.245.106/forest/system/process.jsp?numPro=2954325
[Thu Feb 12 09:52:36.060628 2015] [proxy_http:error] [pid 7568:tid 1108] (20014)Internal error: [client 201.245.192.253:27136] AH01102: error reading status line from remote server 172.22.1.47:80, referer: http://190.27.245.106/forest/index2.jsp?a=0.6895671432132382
[Thu Feb 12 09:57:48.248376 2015] [proxy_http:error] [pid 7568:tid 1484] (20014)Internal error: [client 201.245.192.253:28933] AH01102: error reading status line from remote server 172.22.1.47:80
[Thu Feb 12 09:57:48.248376 2015] [proxy:error] [pid 7568:tid 1484] [client 201.245.192.253:28933] AH00898: Error reading from remote server returned by /forest/skins/gdocs-jar/css/forest.css
[Thu Feb 12 09:57:48.903578 2015] [proxy_http:error] [pid 7568:tid 1268] (20014)Internal error: [client 201.245.192.253:28965] AH01102: error reading status line from remote server 172.22.1.47:80
[Thu Feb 12 09:57:48.903578 2015] [proxy:error] [pid 7568:tid 1268] [client 201.245.192.253:28965] AH00898: Error reading from remote server returned by /forest/skins/gdocs-jar/img/spacer.gif
[Thu Feb 12 10:03:03.665330 2015] [proxy_http:error] [pid 7568:tid 1804] (OS 10054)An existing connection was forcibly closed by the remote host.  : [client 201.245.192.253:30629] AH01102: error reading status line from remote server 172.22.1.31:80, referer: http://190.27.245.106/isolucionsda/FrameSetGeneral.asp?Pagina=BancoConocimiento/m/meci/meci.asp&IdModulo=16
[Thu Feb 12 10:32:57.496881 2015] [proxy_http:error] [pid 7568:tid 1700] (20014)Internal error: [client 201.245.192.253:29220] AH01102: error reading status line from remote server 172.22.1.47:80
[Thu Feb 12 10:32:57.496881 2015] [proxy:error] [pid 7568:tid 1700] [client 201.245.192.253:29220] AH00898: Error reading from remote server returned by /forest/img/jquery/ui-bg_gloss-wave_55_5c9ccc_500x100.png
[Thu Feb 12 10:35:34.292756 2015] [proxy_http:error] [pid 7568:tid 1276] (20014)Internal error: [client 201.245.192.253:30090] AH01102: error reading status line from remote server 172.22.1.47:80
[Thu Feb 12 10:35:34.292756 2015] [proxy:error] [pid 7568:tid 1276] [client 201.245.192.253:30090] AH00898: Error reading from remote server returned by /forest/skins/gdocs-jar/img/grid-next.gif
[Thu Feb 12 10:38:48.637898 2015] [proxy_http:error] [pid 7568:tid 1388] (OS 10054)An existing connection was forcibly closed by the remote host.  : [client 201.245.192.253:31242] AH01102: error reading status line from remote server 172.22.1.31:80, referer: http://www.ambientebogota.gov.co/web/intranet/aplicaciones-para-acceder-fuera-de-la-sda
[Thu Feb 12 10:38:54.753109 2015] [proxy_http:error] [pid 7568:tid 1284] (OS 10054)An existing connection was forcibly closed by the remote host.  : [client 201.245.192.253:31287] AH01102: error reading status line from remote server 172.22.1.31:80, referer: http://190.27.245.106/isolucionsda/FrameSetGeneral.asp?Pagina1=FrameSetGeneral.asp&
[Thu Feb 12 10:38:54.753109 2015] [proxy:error] [pid 7568:tid 1284] [client 201.245.192.253:31287] AH00898: Error reading from remote server returned by /isolucionsda/BarraTitulos.asp, referer: http://190.27.245.106/isolucionsda/FrameSetGeneral.asp?Pagina1=FrameSetGeneral.asp&
[Thu Feb 12 10:39:21.990756 2015] [proxy_http:error] [pid 7568:tid 1388] (20014)Internal error: [client 201.245.192.253:31505] AH01102: error reading status line from remote server 172.22.1.47:80, referer: http://190.27.245.106/forest/suactividades.do?group_system_actual=3
[Thu Feb 12 10:39:22.162357 2015] [proxy_http:error] [pid 7568:tid 1388] (20014)Internal error: [client 201.245.192.253:31509] AH01102: error reading status line from remote server 172.22.1.47:80, referer: http://190.27.245.106/forest/suactividades.do?group_system_actual=3
[Thu Feb 12 10:39:38.105585 2015] [proxy_http:error] [pid 7568:tid 1276] (20014)Internal error: [client 201.245.192.253:31597] AH01102: error reading status line from remote server 172.22.1.47:80, referer: http://190.27.245.106/forest/usutareas.do?group_system_actual=3&codAct=1505&numPro=2919902&codPro=136&fecTra=2015-02-03%2016:20:52.0&codInst=3051033&codTraEsc=17425276
[Thu Feb 12 10:40:02.067227 2015] [proxy_http:error] [pid 7568:tid 1348] (20014)Internal error: [client 201.245.192.253:31786] AH01102: error reading status line from remote server 172.22.1.47:80
[Thu Feb 12 10:40:02.067227 2015] [proxy:error] [pid 7568:tid 1348] [client 201.245.192.253:31786] AH00898: Error reading from remote server returned by /forest/img/misdocumentos.gif
[Thu Feb 12 10:48:07.836480 2015] [proxy_http:error] [pid 7568:tid 1036] (20014)Internal error: [client 201.245.192.253:34538] AH01102: error reading status line from remote server 172.22.1.47:80, referer: http://190.27.245.106/forest/index2.jsp?a=0.7834484349507375
[Thu Feb 12 10:49:31.000226 2015] [proxy_http:error] [pid 7568:tid 1276] (20014)Internal error: [client 201.245.192.253:34972] AH01102: error reading status line from remote server 172.22.1.47:80
[Thu Feb 12 10:49:31.000226 2015] [proxy:error] [pid 7568:tid 1276] [client 201.245.192.253:34972] AH00898: Error reading from remote server returned by /forest/js/jquery/i18n/grid.locale-en.js
[Thu Feb 12 10:49:31.047026 2015] [proxy_http:error] [pid 7568:tid 1780] (20014)Internal error: [client 201.245.192.253:34985] AH01102: error reading status line from remote server 172.22.1.47:80
[Thu Feb 12 10:49:31.047026 2015] [proxy:error] [pid 7568:tid 1780] [client 201.245.192.253:34985] AH00898: Error reading from remote server returned by /forest/js/jquery/jquery-ui-latest.js
[Thu Feb 12 10:49:31.249827 2015] [proxy_http:error] [pid 7568:tid 920] (20014)Internal error: [client 201.245.192.253:34994] AH01102: error reading status line from remote server 172.22.1.47:80
[Thu Feb 12 10:49:31.249827 2015] [proxy:error] [pid 7568:tid 920] [client 201.245.192.253:34994] AH00898: Error reading from remote server returned by /forest/img/jquery/ui-icons_d8e7f3_256x240.png
[Thu Feb 12 10:49:32.919029 2015] [proxy_http:error] [pid 7568:tid 1780] (20014)Internal error: [client 201.245.192.253:22512] AH01102: error reading status line from remote server 172.22.1.47:80
[Thu Feb 12 10:49:32.919029 2015] [proxy:error] [pid 7568:tid 1780] [client 201.245.192.253:22512] AH00898: Error reading from remote server returned by /forest/skins/gdocs-jar/js/number-functions.js
[Thu Feb 12 10:49:32.934629 2015] [proxy_http:error] [pid 7568:tid 1276] (20014)Internal error: [client 201.245.192.253:22515] AH01102: error reading status line from remote server 172.22.1.47:80
[Thu Feb 12 10:49:32.934629 2015] [proxy:error] [pid 7568:tid 1276] [client 201.245.192.253:22515] AH00898: Error reading from remote server returned by /forest/skins/gdocs-jar/js/graphicForm.js
[Thu Feb 12 10:51:42.258857 2015] [proxy_http:error] [pid 7568:tid 1276] (20014)Internal error: [client 201.245.192.253:23092] AH01102: error reading status line from remote server 172.22.1.47:80, referer: http://190.27.245.106/forest/index2.jsp?group_system_actual=5&a=0.25815974338911474
[Thu Feb 12 10:51:45.659663 2015] [proxy_http:error] [pid 7568:tid 704] (20014)Internal error: [client 201.245.192.253:22858] AH01102: error reading status line from remote server 172.22.1.47:80, referer: http://190.27.245.106/forest/usutareas.do?group_system_actual=3&a=0.32445798837579787
[Thu Feb 12 10:54:01.348701 2015] [proxy_http:error] [pid 7568:tid 864] (20014)Internal error: [client 201.245.192.253:23707] AH01102: error reading status line from remote server 172.22.1.47:80, referer: http://190.27.245.106/forest/usutareas.do?group_system_actual=3&codAct=1505&numPro=2857774&codPro=136&fecTra=2015-02-03%2016:07:23.0&codInst=3050979&codTraEsc=17424924
[Thu Feb 12 10:56:08.348524 2015] [proxy_http:error] [pid 7568:tid 864] (20014)Internal error: [client 201.245.192.253:24452] AH01102: error reading status line from remote server 172.22.1.47:80, referer: http://190.27.245.106/forest/index2.jsp?_a=0.7303323141135221
[Thu Feb 12 10:57:55.286712 2015] [proxy_http:error] [pid 7568:tid 968] (20014)Internal error: [client 201.245.192.253:25077] AH01102: error reading status line from remote server 172.22.1.47:80
[Thu Feb 12 10:57:55.286712 2015] [proxy:error] [pid 7568:tid 968] [client 201.245.192.253:25077] AH00898: Error reading from remote server returned by /forest/skins/gdocs-jar/css/tree.css
[Thu Feb 12 10:59:35.797688 2015] [proxy_http:error] [pid 7568:tid 1276] (20014)Internal error: [client 201.245.192.253:25631] AH01102: error reading status line from remote server 172.22.1.47:80, referer: http://190.27.245.106/forest/system/document.jsp?codDoc=1809910
[Thu Feb 12 11:01:36.432700 2015] [proxy_http:error] [pid 7568:tid 1508] (20014)Internal error: [client 201.245.192.253:26430] AH01102: error reading status line from remote server 172.22.1.47:80, referer: http://190.27.245.106/forest/index2.jsp?_a=0.01734147942624986
[Thu Feb 12 11:01:36.432700 2015] [proxy:error] [pid 7568:tid 1508] [client 201.245.192.253:26430] AH00898: Error reading from remote server returned by /forest/actions/forms.saveForm, referer: http://190.27.245.106/forest/index2.jsp?_a=0.01734147942624986
[Thu Feb 12 11:04:10.982172 2015] [proxy_http:error] [pid 7568:tid 1676] (20014)Internal error: [client 201.245.192.253:27269] AH01102: error reading status line from remote server 172.22.1.47:80, referer: http://190.27.245.106/forest/buscar.do?type=documentos
[Thu Feb 12 11:04:11.028972 2015] [proxy_http:error] [pid 7568:tid 1676] (20014)Internal error: [client 201.245.192.253:27287] AH01102: error reading status line from remote server 172.22.1.47:80, referer: http://190.27.245.106/forest/buscar.do?type=documentos
[Thu Feb 12 11:04:11.028972 2015] [proxy:error] [pid 7568:tid 1676] [client 201.245.192.253:27287] AH00898: Error reading from remote server returned by /forest/json.do, referer: http://190.27.245.106/forest/buscar.do?type=documentos
[Thu Feb 12 11:04:11.028972 2015] [negotiation:error] [pid 7568:tid 1676] [client 201.245.192.253:27287] AH00690: no acceptable variant: E:/nuevo/apache/error/HTTP_BAD_GATEWAY.html.var, referer: http://190.27.245.106/forest/buscar.do?type=documentos
[Thu Feb 12 11:07:42.190943 2015] [proxy_http:error] [pid 7568:tid 1388] (20014)Internal error: [client 201.245.192.253:28808] AH01102: error reading status line from remote server 172.22.1.47:80
[Thu Feb 12 11:07:42.190943 2015] [proxy:error] [pid 7568:tid 1388] [client 201.245.192.253:28808] AH00898: Error reading from remote server returned by /forest/js/inicio.js
[Thu Feb 12 11:07:42.190943 2015] [proxy_http:error] [pid 7568:tid 1364] (20014)Internal error: [client 201.245.192.253:28813] AH01102: error reading status line from remote server 172.22.1.47:80
[Thu Feb 12 11:07:42.190943 2015] [proxy:error] [pid 7568:tid 1364] [client 201.245.192.253:28813] AH00898: Error reading from remote server returned by /forest/img/ayuda.gif
[Thu Feb 12 11:07:42.190943 2015] [proxy_http:error] [pid 7568:tid 1812] (20014)Internal error: [client 201.245.192.253:28815] AH01102: error reading status line from remote server 172.22.1.47:80
[Thu Feb 12 11:07:42.190943 2015] [proxy:error] [pid 7568:tid 1812] [client 201.245.192.253:28815] AH00898: Error reading from remote server returned by /forest/img/salir3.gif
[Thu Feb 12 11:07:42.206543 2015] [proxy_http:error] [pid 7568:tid 1476] (20014)Internal error: [client 201.245.192.253:28819] AH01102: error reading status line from remote server 172.22.1.47:80
[Thu Feb 12 11:07:42.206543 2015] [proxy:error] [pid 7568:tid 1476] [client 201.245.192.253:28819] AH00898: Error reading from remote server returned by /forest/img/instanciar.gif
[Thu Feb 12 11:07:42.206543 2015] [proxy_http:error] [pid 7568:tid 1812] (20014)Internal error: [client 201.245.192.253:28822] AH01102: error reading status line from remote server 172.22.1.47:80
[Thu Feb 12 11:07:42.206543 2015] [proxy:error] [pid 7568:tid 1812] [client 201.245.192.253:28822] AH00898: Error reading from remote server returned by /forest/skins/gdocs-jar/img/icons/pdf.gif
[Thu Feb 12 11:09:16.243508 2015] [proxy_http:error] [pid 7568:tid 1676] (20014)Internal error: [client 201.245.192.253:29441] AH01102: error reading status line from remote server 172.22.1.47:80
[Thu Feb 12 11:09:16.243508 2015] [proxy:error] [pid 7568:tid 1676] [client 201.245.192.253:29441] AH00898: Error reading from remote server returned by /forest/img/jquery/ui-icons_217bc0_256x240.png
[Thu Feb 12 11:10:21.436022 2015] [proxy_http:error] [pid 7568:tid 704] (20014)Internal error: [client 201.245.192.253:29793] AH01102: error reading status line from remote server 172.22.1.47:80, referer: http://190.27.245.106/forest/index2.jsp?_a=0.8523005709011193
[Thu Feb 12 11:11:03.400096 2015] [proxy_http:error] [pid 7568:tid 704] (20014)Internal error: [client 201.245.192.253:30039] AH01102: error reading status line from remote server 172.22.1.47:80, referer: http://190.27.245.106/forest/usutareas.do?group_system_actual=3&codTraEsc=17489614&_a=0.9344307986009893
[Thu Feb 12 11:11:57.048590 2015] [proxy_http:error] [pid 7568:tid 1676] (20014)Internal error: [client 201.245.192.253:30417] AH01102: error reading status line from remote server 172.22.1.47:80, referer: http://190.27.245.106/forest/usutareas.do?group_system_actual=3&a=0.009661520189355843
[Thu Feb 12 11:11:57.048590 2015] [proxy:error] [pid 7568:tid 1676] [client 201.245.192.253:30417] AH00898: Error reading from remote server returned by /forest/usutareas.do, referer: http://190.27.245.106/forest/usutareas.do?group_system_actual=3&a=0.009661520189355843
[Thu Feb 12 11:13:39.993171 2015] [proxy_http:error] [pid 7568:tid 1676] (20014)Internal error: [client 201.245.192.253:31120] AH01102: error reading status line from remote server 172.22.1.47:80, referer: http://190.27.245.106/forest/usutareas.do?group_system_actual=3&codTraEsc=17192756&_a=0.42067512709542954
[Thu Feb 12 11:13:43.019576 2015] [proxy_http:error] [pid 7568:tid 1700] (20014)Internal error: [client 201.245.192.253:31144] AH01102: error reading status line from remote server 172.22.1.47:80
[Thu Feb 12 11:13:43.019576 2015] [proxy:error] [pid 7568:tid 1700] [client 201.245.192.253:31144] AH00898: Error reading from remote server returned by /forest/skins/gdocs-jar/css/menu.css
[Thu Feb 12 11:13:43.035176 2015] [proxy_http:error] [pid 7568:tid 1540] (20014)Internal error: [client 201.245.192.253:31147] AH01102: error reading status line from remote server 172.22.1.47:80
[Thu Feb 12 11:13:43.035176 2015] [proxy:error] [pid 7568:tid 1540] [client 201.245.192.253:31147] AH00898: Error reading from remote server returned by /forest/css/index.css
[Thu Feb 12 11:13:43.035176 2015] [proxy_http:error] [pid 7568:tid 1476] (20014)Internal error: [client 201.245.192.253:31149] AH01102: error reading status line from remote server 172.22.1.47:80
[Thu Feb 12 11:13:43.035176 2015] [proxy:error] [pid 7568:tid 1476] [client 201.245.192.253:31149] AH00898: Error reading from remote server returned by /forest/skins/gdocs-jar/css/forms.css
[Thu Feb 12 11:13:43.050776 2015] [proxy_http:error] [pid 7568:tid 1644] (20014)Internal error: [client 201.245.192.253:31151] AH01102: error reading status line from remote server 172.22.1.47:80
[Thu Feb 12 11:13:43.050776 2015] [proxy:error] [pid 7568:tid 1644] [client 201.245.192.253:31151] AH00898: Error reading from remote server returned by /forest/img/forestIcon.gif
[Thu Feb 12 11:13:43.050776 2015] [proxy_http:error] [pid 7568:tid 1684] (20014)Internal error: [client 201.245.192.253:31153] AH01102: error reading status line from remote server 172.22.1.47:80
[Thu Feb 12 11:13:43.050776 2015] [proxy:error] [pid 7568:tid 1684] [client 201.245.192.253:31153] AH00898: Error reading from remote server returned by /forest/skins/gdocs-jar/js/grid.js
[Thu Feb 12 11:14:08.806422 2015] [proxy_http:error] [pid 7568:tid 1668] (20014)Internal error: [client 201.245.192.253:31311] AH01102: error reading status line from remote server 172.22.1.47:80, referer: http://190.27.245.106/forest/index2.jsp?_a=0.5614755435381085
[Thu Feb 12 11:15:11.549732 2015] [proxy_http:error] [pid 7568:tid 1628] (20014)Internal error: [client 201.245.192.253:31631] AH01102: error reading status line from remote server 172.22.1.47:80, referer: http://190.27.245.106/forest/usutareas.do?group_system_actual=3&a=0.5613282996861012
[Thu Feb 12 11:15:48.771397 2015] [proxy_http:error] [pid 7568:tid 944] (20014)Internal error: [client 201.245.192.253:31820] AH01102: error reading status line from remote server 172.22.1.47:80, referer: http://190.27.245.106/forest/usutareas.do?group_system_actual=3&codAct=1505&numPro=2839980&codPro=136&fecTra=2015-02-03%2015:56:27.0&codInst=3050936&codTraEsc=17424618
[Thu Feb 12 11:16:01.688220 2015] [proxy_http:error] [pid 7568:tid 1188] (20014)Internal error: [client 201.245.192.253:31822] AH01102: error reading status line from remote server 172.22.1.47:80, referer: http://190.27.245.106/forest/usutareas.do?group_system_actual=3&codAct=1505&numPro=2839980&codPro=136&fecTra=2015-02-03%2015:56:27.0&codInst=3050936&codTraEsc=17424618
[Thu Feb 12 11:16:02.452621 2015] [proxy_http:error] [pid 7568:tid 1364] (20014)Internal error: [client 181.50.92.73:55712] AH01102: error reading status line from remote server 172.22.1.47:80, referer: http://190.27.245.106/forest/usutareas.do?group_system_actual=3&codTraEsc=17487045&_a=0.9044730754341265
[Thu Feb 12 11:17:10.515541 2015] [proxy_http:error] [pid 7568:tid 896] (20014)Internal error: [client 201.245.192.253:32180] AH01102: error reading status line from remote server 172.22.1.47:80
[Thu Feb 12 11:17:10.515541 2015] [proxy:error] [pid 7568:tid 896] [client 201.245.192.253:32180] AH00898: Error reading from remote server returned by /forest/js/usutareas-docs.js
[Thu Feb 12 11:17:40.857594 2015] [proxy_http:error] [pid 7568:tid 744] (20014)Internal error: [client 201.245.192.253:32382] AH01102: error reading status line from remote server 172.22.1.47:80, referer: http://190.27.245.106/forest/index2.jsp?_a=0.5614755435381085
[Thu Feb 12 11:17:57.487223 2015] [proxy_http:error] [pid 7568:tid 1644] (20014)Internal error: [client 201.245.192.253:32447] AH01102: error reading status line from remote server 172.22.1.47:80
[Thu Feb 12 11:19:39.199402 2015] [proxy_http:error] [pid 7568:tid 1812] (20014)Internal error: [client 190.90.158.187:51866] AH01102: error reading status line from remote server 172.22.1.47:80, referer: http://190.27.245.106/webfile/1ibre/print.html
[Thu Feb 12 11:19:39.199402 2015] [proxy:error] [pid 7568:tid 1812] [client 190.90.158.187:51866] AH00898: Error reading from remote server returned by /webfile/index.css, referer: http://190.27.245.106/webfile/1ibre/print.html
[Thu Feb 12 11:20:44.547917 2015] [proxy_http:error] [pid 7568:tid 1676] (20014)Internal error: [client 190.90.158.187:51881] AH01102: error reading status line from remote server 172.22.1.47:80, referer: http://190.27.245.106/webfile/actividad.jsp?codTraEsc=17489328&codInst=3058772&numPro=3020777&codForm=ESCOMBROS_ActualizacionProyecto
[Thu Feb 12 11:21:11.099163 2015] [proxy_http:error] [pid 7568:tid 1700] (20014)Internal error: [client 201.245.192.253:33424] AH01102: error reading status line from remote server 172.22.1.47:80, referer: http://190.27.245.106/forest/buscar.do?
[Thu Feb 12 11:23:37.489821 2015] [proxy_http:error] [pid 7568:tid 1564] (20014)Internal error: [client 201.245.192.253:33964] AH01102: error reading status line from remote server 172.22.1.47:80, referer: http://190.27.245.106/forest/index2.jsp?_a=0.5614755435381085
[Thu Feb 12 11:23:37.552221 2015] [proxy_http:error] [pid 7568:tid 1348] (20014)Internal error: [client 201.245.192.253:34006] AH01102: error reading status line from remote server 172.22.1.47:80, referer: http://190.27.245.106/forest/index2.jsp?_a=0.5614755435381085
[Thu Feb 12 11:23:37.552221 2015] [proxy:error] [pid 7568:tid 1348] [client 201.245.192.253:34006] AH00898: Error reading from remote server returned by /forest/system/document.jsp, referer: http://190.27.245.106/forest/index2.jsp?_a=0.5614755435381085
[Thu Feb 12 11:27:16.061804 2015] [proxy_http:error] [pid 7568:tid 1348] (20014)Internal error: [client 201.245.192.253:22637] AH01102: error reading status line from remote server 172.22.1.47:80, referer: http://190.27.245.106/forest/usutareas.do?codTraEsc=17443969
[Thu Feb 12 11:27:43.798653 2015] [proxy_http:error] [pid 7568:tid 1540] (20014)Internal error: [client 201.245.192.253:22807] AH01102: error reading status line from remote server 172.22.1.47:80, referer: http://190.27.245.106/forest/usutareas.do?group_system_actual=3&codAct=1505&numPro=2462029&codPro=136&fecTra=2015-02-03%2015:48:43.0&codInst=3050902&codTraEsc=17424395
[Thu Feb 12 11:29:30.331240 2015] [proxy_http:error] [pid 7568:tid 1676] (20014)Internal error: [client 190.24.129.28:37796] AH01102: error reading status line from remote server 172.22.1.47:80, referer: http://190.27.245.106/forest/
[Thu Feb 12 11:29:30.331240 2015] [proxy:error] [pid 7568:tid 1676] [client 190.24.129.28:37796] AH00898: Error reading from remote server returned by /forest/skins/gdocs-jar/css/forest.css, referer: http://190.27.245.106/forest/
[Thu Feb 12 11:29:30.424840 2015] [proxy_http:error] [pid 7568:tid 1700] (20014)Internal error: [client 190.24.129.28:18663] AH01102: error reading status line from remote server 172.22.1.47:80, referer: http://190.27.245.106/forest/
[Thu Feb 12 11:29:30.549641 2015] [proxy_http:error] [pid 7568:tid 1644] (20014)Internal error: [client 190.24.129.28:23228] AH01102: error reading status line from remote server 172.22.1.47:80, referer: http://190.27.245.106/forest/css/escritorio.css?version=1412.231748
[Thu Feb 12 11:34:24.516557 2015] [proxy:error] [pid 7568:tid 1076] (OS 10053)An established connection was aborted by the software in your host machine.  : [client 190.253.21.54:14587] AH01084: pass request body failed to 172.22.1.31:80 (172.22.1.31), referer: http://190.27.245.106/isolucionsda/Administracion/SalaEdicion/Articulo.asp?Id_Articulo=8220
[Thu Feb 12 11:34:24.516557 2015] [proxy_http:error] [pid 7568:tid 1076] [client 190.253.21.54:14587] AH01097: pass request body failed to 172.22.1.31:80 (172.22.1.31) from 190.253.21.54 (), referer: http://190.27.245.106/isolucionsda/Administracion/SalaEdicion/Articulo.asp?Id_Articulo=8220
[Thu Feb 12 11:34:55.342211 2015] [proxy_http:error] [pid 7568:tid 1564] (20014)Internal error: [client 201.245.192.253:25318] AH01102: error reading status line from remote server 172.22.1.47:80, referer: http://190.27.245.106/forest/usutareas.do?group_system_actual=3&a=0.8555197569075972
[Thu Feb 12 11:43:03.123868 2015] [proxy_http:error] [pid 7568:tid 1836] (20014)Internal error: [client 201.245.192.253:28320] AH01102: error reading status line from remote server 172.22.1.47:80, referer: http://190.27.245.106/forest/misactividades.do?_a=0.5044617024250329&group_system_actual=3
[Thu Feb 12 11:43:03.560669 2015] [proxy_http:error] [pid 7568:tid 1356] (20014)Internal error: [client 201.245.192.253:28322] AH01102: error reading status line from remote server 172.22.1.47:80, referer: http://190.27.245.106/forest/buscar.do?type=documentos
[Thu Feb 12 11:44:48.283653 2015] [proxy_http:error] [pid 7568:tid 1476] (20014)Internal error: [client 201.245.192.253:29108] AH01102: error reading status line from remote server 172.22.1.47:80, referer: http://190.27.245.106/forest/usutareas.do?group_system_actual=3&codAct=1505&numPro=2989734&codPro=136&fecTra=2015-02-06%2009:55:04.0&codInst=3053709&codTraEsc=17448279
[Thu Feb 12 11:44:50.920057 2015] [proxy_http:error] [pid 7568:tid 1644] (20014)Internal error: [client 201.245.192.253:29128] AH01102: error reading status line from remote server 172.22.1.47:80, referer: http://190.27.245.106/forest/usutareas.do?group_system_actual=3&codAct=1505&numPro=2989734&codPro=136&fecTra=2015-02-06%2009:55:04.0&codInst=3053709&codTraEsc=17448279
[Thu Feb 12 11:45:10.108091 2015] [proxy_http:error] [pid 7568:tid 1876] (20014)Internal error: [client 201.245.192.253:29305] AH01102: error reading status line from remote server 172.22.1.47:80
[Thu Feb 12 11:45:10.108091 2015] [proxy:error] [pid 7568:tid 1876] [client 201.245.192.253:29305] AH00898: Error reading from remote server returned by /forest/js/jquery/plugins/grid.setcolumns.js
[Thu Feb 12 11:45:15.302900 2015] [proxy_http:error] [pid 7568:tid 1076] (20014)Internal error: [client 201.245.192.253:29317] AH01102: error reading status line from remote server 172.22.1.47:80, referer: http://190.27.245.106/forest/usutareas.do?group_system_actual=3&codTraEsc=17473815&_a=0.4862572834379021
[Thu Feb 12 11:45:18.173305 2015] [proxy_http:error] [pid 7568:tid 1132] (20014)Internal error: [client 201.184.65.114:14246] AH01102: error reading status line from remote server 172.22.1.47:80, referer: http://190.27.245.106/forest/usutareas.do?group_system_actual=3&codTraEsc=14194309&_a=0.21434692650350418
[Thu Feb 12 11:46:08.810994 2015] [proxy_http:error] [pid 7568:tid 1356] (20014)Internal error: [client 201.245.192.253:29606] AH01102: error reading status line from remote server 172.22.1.47:80, referer: http://190.27.245.106/forest/usutareas.do?group_system_actual=3&a=0.005313771776854992
[Thu Feb 12 11:46:12.960601 2015] [proxy_http:error] [pid 7568:tid 968] (20014)Internal error: [client 201.245.192.253:29618] AH01102: error reading status line from remote server 172.22.1.47:80, referer: http://190.27.245.106/forest/usutareas.do?group_system_actual=3&a=0.9974057411309332
[Thu Feb 12 11:46:21.743417 2015] [proxy_http:error] [pid 7568:tid 1628] (20014)Internal error: [client 201.245.192.253:29716] AH01102: error reading status line from remote server 172.22.1.47:80
[Thu Feb 12 11:46:21.743417 2015] [proxy:error] [pid 7568:tid 1628] [client 201.245.192.253:29716] AH00898: Error reading from remote server returned by /forest/skins/gdocs-jar/js/popup.js
[Thu Feb 12 11:46:48.747064 2015] [proxy_http:error] [pid 7568:tid 1284] (20014)Internal error: [client 201.245.192.253:29892] AH01102: error reading status line from remote server 172.22.1.47:80
[Thu Feb 12 11:46:48.747064 2015] [proxy:error] [pid 7568:tid 1284] [client 201.245.192.253:29892] AH00898: Error reading from remote server returned by /forest/skins/gdocs-jar/css/dialog.css
[Thu Feb 12 11:47:24.471127 2015] [proxy_http:error] [pid 7568:tid 1876] (20014)Internal error: [client 201.245.192.253:29963] AH01102: error reading status line from remote server 172.22.1.47:80, referer: http://190.27.245.106/forest/misactividades.do?_a=0.5044617024250329&group_system_actual=3
[Thu Feb 12 11:51:12.995928 2015] [proxy_http:error] [pid 7568:tid 1772] (20014)Internal error: [client 201.245.192.253:31134] AH01102: error reading status line from remote server 172.22.1.47:80, referer: http://190.27.245.106/forest/usutareas.do?group_system_actual=3&a=0.9974057411309332
[Thu Feb 12 11:52:58.233713 2015] [proxy_http:error] [pid 7568:tid 1284] (20014)Internal error: [client 201.245.192.253:31643] AH01102: error reading status line from remote server 172.22.1.47:80, referer: http://190.27.245.106/forest/suactividades.do?group_system_actual=3
[Thu Feb 12 11:57:16.226966 2015] [proxy_http:error] [pid 7568:tid 864] (20014)Internal error: [client 201.245.192.253:33192] AH01102: error reading status line from remote server 172.22.1.47:80, referer: http://190.27.245.106/forest/buscar.do?
[Thu Feb 12 12:00:20.322890 2015] [proxy_http:error] [pid 7568:tid 1036] (20014)Internal error: [client 201.245.192.253:34285] AH01102: error reading status line from remote server 172.22.1.47:80, referer: http://190.27.245.106/forest/usutareas.do?_a=0.826457129092887&group_system_actual=3
[Thu Feb 12 12:02:29.553517 2015] [proxy_http:error] [pid 7568:tid 928] (20014)Internal error: [client 201.245.192.253:34624] AH01102: error reading status line from remote server 172.22.1.47:80
[Thu Feb 12 12:02:32.408322 2015] [proxy_http:error] [pid 7568:tid 1812] (20014)Internal error: [client 201.184.65.114:14531] AH01102: error reading status line from remote server 172.22.1.47:80, referer: http://190.27.245.106/forest/usutareas.do?group_system_actual=3&codTraEsc=14194309&_a=0.21434692650350418
[Thu Feb 12 12:02:32.408322 2015] [proxy:error] [pid 7568:tid 1812] [client 201.184.65.114:14531] AH00898: Error reading from remote server returned by /forest/session.jsp, referer: http://190.27.245.106/forest/usutareas.do?group_system_actual=3&codTraEsc=14194309&_a=0.21434692650350418
[Thu Feb 12 12:02:32.408322 2015] [negotiation:error] [pid 7568:tid 1812] [client 201.184.65.114:14531] AH00690: no acceptable variant: E:/nuevo/apache/error/HTTP_BAD_GATEWAY.html.var, referer: http://190.27.245.106/forest/usutareas.do?group_system_actual=3&codTraEsc=14194309&_a=0.21434692650350418
[Thu Feb 12 12:03:03.530376 2015] [proxy_http:error] [pid 7568:tid 1348] (20014)Internal error: [client 201.245.192.253:22644] AH01102: error reading status line from remote server 172.22.1.47:80, referer: http://190.27.245.106/forest/usutareas.do?group_system_actual=3&a=0.7901726385664147
[Thu Feb 12 12:03:03.530376 2015] [proxy:error] [pid 7568:tid 1348] [client 201.245.192.253:22644] AH00898: Error reading from remote server returned by /forest/skins/gdocs-jar/popup/escritorio/reasignar.jsp, referer: http://190.27.245.106/forest/usutareas.do?group_system_actual=3&a=0.7901726385664147
[Thu Feb 12 12:03:29.863223 2015] [proxy_http:error] [pid 7568:tid 1348] (20014)Internal error: [client 201.184.65.114:14539] AH01102: error reading status line from remote server 172.22.1.47:80, referer: http://190.27.245.106/forest/usutareas.do?group_system_actual=3&codTraEsc=14194309&_a=0.21434692650350418
[Thu Feb 12 12:03:36.524434 2015] [proxy_http:error] [pid 7568:tid 1564] (20014)Internal error: [client 172.22.2.1:56101] AH01102: error reading status line from remote server 172.22.1.47:80
[Thu Feb 12 12:04:48.253360 2015] [proxy_http:error] [pid 7568:tid 1564] (20014)Internal error: [client 201.245.192.253:23185] AH01102: error reading status line from remote server 172.22.1.47:80, referer: http://190.27.245.106/forest/usutareas.do?group_system_actual=3&a=0.9974057411309332
[Thu Feb 12 12:05:02.823786 2015] [proxy_http:error] [pid 7568:tid 1812] (20014)Internal error: [client 201.245.192.253:23330] AH01102: error reading status line from remote server 172.22.1.47:80
[Thu Feb 12 12:05:02.823786 2015] [proxy:error] [pid 7568:tid 1812] [client 201.245.192.253:23330] AH00898: Error reading from remote server returned by /forest/skins/gdocs-jar/js/misprocesos.js
[Thu Feb 12 12:05:36.379445 2015] [proxy_http:error] [pid 7568:tid 1492] (20014)Internal error: [client 201.245.192.253:23534] AH01102: error reading status line from remote server 172.22.1.47:80
[Thu Feb 12 12:05:36.379445 2015] [proxy:error] [pid 7568:tid 1492] [client 201.245.192.253:23534] AH00898: Error reading from remote server returned by /forest/img/jquery/ui-icons_469bdd_256x240.png
[Thu Feb 12 12:10:42.405182 2015] [proxy_http:error] [pid 7568:tid 1804] (20014)Internal error: [client 201.245.192.253:25145] AH01102: error reading status line from remote server 172.22.1.47:80, referer: http://190.27.245.106/forest/buscar.do
[Thu Feb 12 12:11:05.852023 2015] [proxy_http:error] [pid 7568:tid 1836] (20014)Internal error: [client 201.245.192.253:25144] AH01102: error reading status line from remote server 172.22.1.47:80, referer: http://190.27.245.106/forest/usutareas.do?codTraEsc=17443969
[Thu Feb 12 12:11:14.478839 2015] [proxy_http:error] [pid 7568:tid 1628] (20014)Internal error: [client 201.245.192.253:25297] AH01102: error reading status line from remote server 172.22.1.47:80, referer: http://190.27.245.106/forest/suactividades.do?group_system_actual=3
[Thu Feb 12 12:14:09.557946 2015] [proxy_http:error] [pid 7568:tid 1132] (20014)Internal error: [client 201.245.192.253:25884] AH01102: error reading status line from remote server 172.22.1.47:80, referer: http://190.27.245.106/forest/usutareas.do?_a=0.9021985454019159&group_system_actual=3
[Thu Feb 12 12:16:47.087023 2015] [proxy_http:error] [pid 7568:tid 1636] (20014)Internal error: [client 201.245.192.253:26486] AH01102: error reading status line from remote server 172.22.1.47:80, referer: http://190.27.245.106/forest/buscar.do?
[Thu Feb 12 12:20:20.526598 2015] [proxy_http:error] [pid 7568:tid 1700] (20014)Internal error: [client 201.245.192.253:27746] AH01102: error reading status line from remote server 172.22.1.47:80, referer: http://190.27.245.106/forest/misactividades.do?group_system_actual=3&codPro=226&todas=1
[Thu Feb 12 12:20:20.526598 2015] [proxy:error] [pid 7568:tid 1700] [client 201.245.192.253:27746] AH00898: Error reading from remote server returned by /forest/session.jsp, referer: http://190.27.245.106/forest/misactividades.do?group_system_actual=3&codPro=226&todas=1
[Thu Feb 12 12:20:20.526598 2015] [negotiation:error] [pid 7568:tid 1700] [client 201.245.192.253:27746] AH00690: no acceptable variant: E:/nuevo/apache/error/HTTP_BAD_GATEWAY.html.var, referer: http://190.27.245.106/forest/misactividades.do?group_system_actual=3&codPro=226&todas=1
[Thu Feb 12 12:22:54.420868 2015] [proxy_http:error] [pid 7568:tid 1508] (20014)Internal error: [client 201.245.192.253:28542] AH01102: error reading status line from remote server 172.22.1.47:80, referer: http://190.27.245.106/forest/index2.jsp?_a=0.19463835744772
[Thu Feb 12 12:36:49.037934 2015] [proxy_http:error] [pid 7568:tid 1364] (20014)Internal error: [client 201.245.192.253:32150] AH01102: error reading status line from remote server 172.22.1.47:80
[Thu Feb 12 12:36:49.037934 2015] [proxy:error] [pid 7568:tid 1364] [client 201.245.192.253:32150] AH00898: Error reading from remote server returned by /forest/img/jquery/save.gif
[Thu Feb 12 12:36:49.037934 2015] [proxy_http:error] [pid 7568:tid 1508] (20014)Internal error: [client 201.245.192.253:32144] AH01102: error reading status line from remote server 172.22.1.47:80
[Thu Feb 12 12:36:49.037934 2015] [proxy:error] [pid 7568:tid 1508] [client 201.245.192.253:32144] AH00898: Error reading from remote server returned by /forest/skins/gdocs-jar/img/clip.gif
[Thu Feb 12 12:39:11.902985 2015] [proxy_http:error] [pid 7568:tid 1492] (20014)Internal error: [client 201.245.192.253:32662] AH01102: error reading status line from remote server 172.22.1.47:80, referer: http://190.27.245.106/forest/usutareas.do?group_system_actual=3&codTraEsc=17491313&_a=0.7425633297301174
[Thu Feb 12 13:41:29.794350 2015] [core:error] [pid 7568:tid 1492] (22)Invalid argument: [client 180.76.6.144:3318] AH00127: Cannot map GET /Autoliquidacion/TR%C1MITES%20VERTIMIENTOS/Aplicativo%20Eval%202015.htm HTTP/1.1 to file
[Thu Feb 12 13:53:10.422781 2015] [proxy_http:error] [pid 7568:tid 1508] (20014)Internal error: [client 201.245.192.253:25193] AH01102: error reading status line from remote server 172.22.1.47:80, referer: http://190.27.245.106/forest/usutareas.do?group_system_actual=3&codTraEsc=17491161&_a=0.6695020968530456
[Thu Feb 12 13:53:10.422781 2015] [proxy:error] [pid 7568:tid 1508] [client 201.245.192.253:25193] AH00898: Error reading from remote server returned by /forest/usutareas.do, referer: http://190.27.245.106/forest/usutareas.do?group_system_actual=3&codTraEsc=17491161&_a=0.6695020968530456
[Thu Feb 12 14:05:26.837674 2015] [proxy_http:error] [pid 7568:tid 1492] (OS 10054)An existing connection was forcibly closed by the remote host.  : [client 201.245.192.253:29039] AH01102: error reading status line from remote server 172.22.1.31:80, referer: http://190.27.245.106/isolucionsda/Encabezado.asp?Pagina1=FrameSetGeneral.asp&&Pagina=MagazinHome.asp
[Thu Feb 12 14:08:10.263561 2015] [proxy_http:error] [pid 7568:tid 1508] (OS 10054)An existing connection was forcibly closed by the remote host.  : [client 186.31.3.41:28718] AH01102: error reading status line from remote server 172.22.1.31:80, referer: http://190.27.245.106/isolucionsda/Encabezado.asp?Pagina1=FrameSetGeneral.asp&&Pagina=MagazinHome.asp
[Thu Feb 12 14:26:03.826247 2015] [proxy_http:error] [pid 7568:tid 1508] (20014)Internal error: [client 201.184.110.49:16516] AH01102: error reading status line from remote server 172.22.1.47:80, referer: http://190.27.245.106/forest/index2.jsp?a=0.07177315372872928
[Thu Feb 12 14:26:03.997847 2015] [proxy_http:error] [pid 7568:tid 1700] (20014)Internal error: [client 201.184.110.49:16518] AH01102: error reading status line from remote server 172.22.1.47:80, referer: http://190.27.245.106/forest/index2.jsp?a=0.07177315372872928
[Thu Feb 12 14:27:00.251546 2015] [proxy_http:error] [pid 7568:tid 920] (20014)Internal error: [client 201.245.192.253:23128] AH01102: error reading status line from remote server 172.22.1.47:80, referer: http://190.27.245.106/forest/misactividades.do?group_system_actual=3&codPro=90&_a=0.11756983714564584
[Thu Feb 12 14:32:04.561280 2015] [proxy_http:error] [pid 7568:tid 1284] (OS 10054)An existing connection was forcibly closed by the remote host.  : [client 201.245.192.253:51312] AH01102: error reading status line from remote server 172.22.1.31:80, referer: http://190.27.245.106/isolucionsda/FrameSetGeneral.asp?Pagina1=FrameSetGeneral.asp&
[Thu Feb 12 14:32:04.561280 2015] [proxy:error] [pid 7568:tid 1284] [client 201.245.192.253:51312] AH00898: Error reading from remote server returned by /isolucionsda/BarraFavoritos.asp, referer: http://190.27.245.106/isolucionsda/FrameSetGeneral.asp?Pagina1=FrameSetGeneral.asp&
[Thu Feb 12 14:36:59.932199 2015] [:error] [pid 7568:tid 1268] [client 157.55.39.13:55445] script 'E:/nuevo/htdocs/autentica.php' not found or unable to stat
[Thu Feb 12 14:39:00.894812 2015] [mpm_winnt:warn] [pid 7568:tid 2668] (OS 64)The specified network name is no longer available.  : AH00341: winnt_accept: Asynchronous AcceptEx failed.
[Thu Feb 12 14:40:57.458216 2015] [proxy_http:error] [pid 7568:tid 1284] (20014)Internal error: [client 201.245.192.253:26797] AH01102: error reading status line from remote server 172.22.1.47:80
[Thu Feb 12 14:40:57.458216 2015] [proxy:error] [pid 7568:tid 1284] [client 201.245.192.253:26797] AH00898: Error reading from remote server returned by /forest/1ibre/images/spacer.gif
[Thu Feb 12 14:40:57.473816 2015] [proxy_http:error] [pid 7568:tid 1220] (20014)Internal error: [client 201.245.192.253:26798] AH01102: error reading status line from remote server 172.22.1.47:80
[Thu Feb 12 14:40:57.473816 2015] [proxy:error] [pid 7568:tid 1220] [client 201.245.192.253:26798] AH00898: Error reading from remote server returned by /forest/skins/gdocs-jar/img/dependencia-tree.gif
[Thu Feb 12 14:42:58.576829 2015] [proxy_http:error] [pid 7568:tid 1188] (20014)Internal error: [client 201.245.192.253:27347] AH01102: error reading status line from remote server 172.22.1.47:80, referer: http://190.27.245.106/forest/usutareas.do?group_system_actual=3&codAct=1505&numPro=2980836&codPro=136&fecTra=2015-02-06%2011:56:20.0&codInst=3054019&codTraEsc=17450398
[Thu Feb 12 14:43:21.976870 2015] [proxy_http:error] [pid 7568:tid 1780] (20014)Internal error: [client 190.157.153.111:51746] AH01102: error reading status line from remote server 172.22.1.47:80, referer: http://190.27.245.106/forest/usutareas.do?group_system_actual=3&a=0.9279694294706523
[Thu Feb 12 14:46:30.784002 2015] [proxy_http:error] [pid 7568:tid 1036] (OS 10054)An existing connection was forcibly closed by the remote host.  : [client 201.245.192.253:28504] AH01102: error reading status line from remote server 172.22.1.31:80, referer: http://190.27.245.106/isolucionsda/Encabezado.asp?Pagina1=FrameSetGeneral.asp&&Pagina=MagazinHome.asp
[Thu Feb 12 14:47:38.488121 2015] [proxy_http:error] [pid 7568:tid 1836] (20014)Internal error: [client 201.245.192.253:28839] AH01102: error reading status line from remote server 172.22.1.47:80
[Thu Feb 12 14:47:38.488121 2015] [proxy:error] [pid 7568:tid 1836] [client 201.245.192.253:28839] AH00898: Error reading from remote server returned by /forest/img/jquery/ui-bg_flat_55_fbec88_40x100.png
[Thu Feb 12 14:49:45.753144 2015] [proxy_http:error] [pid 7568:tid 1644] (20014)Internal error: [client 201.245.192.253:29548] AH01102: error reading status line from remote server 172.22.1.47:80
[Thu Feb 12 14:49:45.753144 2015] [proxy:error] [pid 7568:tid 1644] [client 201.245.192.253:29548] AH00898: Error reading from remote server returned by /forest/skins/gdocs-jar/js/formsBase.js
[Thu Feb 12 14:53:03.545892 2015] [proxy_http:error] [pid 7568:tid 1780] (OS 10054)An existing connection was forcibly closed by the remote host.  : [client 201.245.192.253:30523] AH01102: error reading status line from remote server 172.22.1.31:80, referer: http://190.27.245.106/isolucionsda/FrameSetGeneral.asp?Pagina=ListadoMaestroDocumentos3.asp
[Thu Feb 12 15:05:29.414402 2015] [proxy_http:error] [pid 7568:tid 1348] (20014)Internal error: [client 201.245.192.253:34583] AH01102: error reading status line from remote server 172.22.1.47:80, referer: http://190.27.245.106/forest/misactividades.do?group_system_actual=3&codPro=95&_a=0.9960763472209218
[Thu Feb 12 15:05:34.328410 2015] [proxy_http:error] [pid 7568:tid 1836] (20014)Internal error: [client 201.245.192.253:34629] AH01102: error reading status line from remote server 172.22.1.47:80, referer: http://190.27.245.106/forest/index2.jsp?a=0.30158714234230033
[Thu Feb 12 15:05:59.023254 2015] [proxy_http:error] [pid 7568:tid 1268] (20014)Internal error: [client 201.245.192.253:34802] AH01102: error reading status line from remote server 172.22.1.47:80
[Thu Feb 12 15:05:59.023254 2015] [proxy:error] [pid 7568:tid 1268] [client 201.245.192.253:34802] AH00898: Error reading from remote server returned by /forest/js/autocompletar2.js
[Thu Feb 12 15:08:59.858771 2015] [proxy_http:error] [pid 7568:tid 1388] (20014)Internal error: [client 201.245.192.253:23282] AH01102: error reading status line from remote server 172.22.1.47:80, referer: http://190.27.245.106/forest/misactividades.do?_a=0.5044617024250329&group_system_actual=3
[Thu Feb 12 15:08:59.858771 2015] [proxy:error] [pid 7568:tid 1388] [client 201.245.192.253:23282] AH00898: Error reading from remote server returned by /forest/session.jsp, referer: http://190.27.245.106/forest/misactividades.do?_a=0.5044617024250329&group_system_actual=3
[Thu Feb 12 15:08:59.858771 2015] [negotiation:error] [pid 7568:tid 1388] [client 201.245.192.253:23282] AH00690: no acceptable variant: E:/nuevo/apache/error/HTTP_BAD_GATEWAY.html.var, referer: http://190.27.245.106/forest/misactividades.do?_a=0.5044617024250329&group_system_actual=3
[Thu Feb 12 15:09:55.004868 2015] [proxy_http:error] [pid 7568:tid 704] (20014)Internal error: [client 201.245.192.253:23517] AH01102: error reading status line from remote server 172.22.1.47:80
[Thu Feb 12 15:09:55.004868 2015] [proxy:error] [pid 7568:tid 704] [client 201.245.192.253:23517] AH00898: Error reading from remote server returned by /forest/img/panel/docTramite.gif
[Thu Feb 12 15:10:33.302935 2015] [proxy_http:error] [pid 7568:tid 1836] (20014)Internal error: [client 201.245.192.253:23736] AH01102: error reading status line from remote server 172.22.1.47:80, referer: http://190.27.245.106/forest/misactividades.do?_a=0.6158586058299989&group_system_actual=3
