!C99Shell v. 1.0 pre-release build #13!

Software: Apache. PHP/5.5.15 

uname -a: Windows NT SVR-DMZ 6.1 build 7600 (Windows Server 2008 R2 Enterprise Edition) i586 

SYSTEM 

Safe-mode: OFF (not secure)

E:\nuevo\apache\logs\   drwxrwxrwx
Free 9.41 GB of 239.26 GB (3.93%)
Detected drives: [ a ] [ c ] [ d ] [ e ] [ f ]
Home    Back    Forward    UPDIR    Refresh    Search    Buffer    Encoder    Tools    Proc.    FTP brute    Sec.    SQL    PHP-code    Update    Feedback    Self remove    Logout    


Viewing file:     error.2015.02.19.log (74.25 KB)      -rw-rw-rw-
Select action/file-type:
(+) | (+) | (+) | Code (+) | Session (+) | (+) | SDB (+) | (+) | (+) | (+) | (+) | (+) |
[Thu Feb 19 00:47:57.643106 2015] [:error] [pid 7568:tid 1300] [client 203.215.118.145:62105] script 'E:/nuevo/htdocs/xmlrpc.php' not found or unable to stat
[Thu Feb 19 00:59:18.802703 2015] [:error] [pid 7568:tid 1580] [client 78.175.147.25:58191] script 'E:/nuevo/htdocs/wp-login.php' not found or unable to stat
[Thu Feb 19 00:59:19.582704 2015] [:error] [pid 7568:tid 1580] [client 78.175.147.25:58191] script 'E:/nuevo/htdocs/admin.php' not found or unable to stat
[Thu Feb 19 01:08:20.108054 2015] [mpm_winnt:warn] [pid 7568:tid 2668] (OS 64)The specified network name is no longer available.  : AH00341: winnt_accept: Asynchronous AcceptEx failed.
[Thu Feb 19 04:51:28.581969 2015] [core:error] [pid 7568:tid 1580] (22)Invalid argument: [client 180.76.5.27:8991] AH00127: Cannot map GET /Autoliquidacion/Fauna%20Silvestre/APLICATIVO%20DE%20LIQUIDACI%D3N%20COSTOS%20(FAUNA%20SILVESTRE%202015%20DEFINITIVO).xls HTTP/1.1 to file
[Thu Feb 19 05:56:28.932020 2015] [mpm_winnt:warn] [pid 7568:tid 2668] (OS 64)The specified network name is no longer available.  : AH00341: winnt_accept: Asynchronous AcceptEx failed.
[Thu Feb 19 06:05:14.262943 2015] [mpm_winnt:warn] [pid 7568:tid 2668] (OS 64)The specified network name is no longer available.  : AH00341: winnt_accept: Asynchronous AcceptEx failed.
[Thu Feb 19 06:06:52.231115 2015] [core:error] [pid 7568:tid 1828] (20024)The given path is misformatted or contained invalid characters: [client 144.76.156.213:56179] AH00127: Cannot map GET /galeria/carrusel/Carrusel/jquery-ui-%0A%0A1.8.13.custom.min.js HTTP/1.1 to file, referer: http://www.ambientebogota.gov.co/
[Thu Feb 19 07:15:31.433950 2015] [proxy_http:error] [pid 7568:tid 720] (OS 10054)An existing connection was forcibly closed by the remote host.  : [client 190.158.118.213:49749] AH01102: error reading status line from remote server 172.22.1.31:80, referer: http://190.27.245.106/isolucionsda/IdentificaUsuario.asp?Pagina1=FrameSetGeneral.asp&
[Thu Feb 19 07:15:31.433950 2015] [proxy:error] [pid 7568:tid 720] [client 190.158.118.213:49749] AH00898: Error reading from remote server returned by /isolucionsda/g/Img_LogoIsoCabezote.jpg, referer: http://190.27.245.106/isolucionsda/IdentificaUsuario.asp?Pagina1=FrameSetGeneral.asp&
[Thu Feb 19 07:15:31.433950 2015] [proxy_http:error] [pid 7568:tid 1300] (OS 10054)An existing connection was forcibly closed by the remote host.  : [client 190.158.118.213:49750] AH01102: error reading status line from remote server 172.22.1.31:80, referer: http://190.27.245.106/isolucionsda/IdentificaUsuario.asp?Pagina1=FrameSetGeneral.asp&
[Thu Feb 19 07:15:31.433950 2015] [proxy:error] [pid 7568:tid 1300] [client 190.158.118.213:49750] AH00898: Error reading from remote server returned by /isolucionsda/g/shim.gif, referer: http://190.27.245.106/isolucionsda/IdentificaUsuario.asp?Pagina1=FrameSetGeneral.asp&
[Thu Feb 19 07:15:36.925159 2015] [proxy_http:error] [pid 7568:tid 1188] (OS 10054)An existing connection was forcibly closed by the remote host.  : [client 190.158.118.213:49754] AH01102: error reading status line from remote server 172.22.1.31:80, referer: http://190.27.245.106/isolucionsda/FrameSetGeneral.asp?Pagina1=FrameSetGeneral.asp&
[Thu Feb 19 07:15:36.925159 2015] [proxy:error] [pid 7568:tid 1188] [client 190.158.118.213:49754] AH00898: Error reading from remote server returned by /isolucionsda/BarraFavoritos.asp, referer: http://190.27.245.106/isolucionsda/FrameSetGeneral.asp?Pagina1=FrameSetGeneral.asp&
[Thu Feb 19 07:15:37.065560 2015] [proxy_http:error] [pid 7568:tid 1540] (OS 10054)An existing connection was forcibly closed by the remote host.  : [client 190.158.118.213:49757] AH01102: error reading status line from remote server 172.22.1.31:80, referer: http://190.27.245.106/isolucionsda/Encabezado.asp?Pagina1=FrameSetGeneral.asp&&Pagina=MagazinHome.asp
[Thu Feb 19 07:15:37.065560 2015] [proxy_http:error] [pid 7568:tid 1188] (OS 10054)An existing connection was forcibly closed by the remote host.  : [client 190.158.118.213:49754] AH01102: error reading status line from remote server 172.22.1.31:80, referer: http://190.27.245.106/isolucionsda/Encabezado.asp?Pagina1=FrameSetGeneral.asp&&Pagina=MagazinHome.asp
[Thu Feb 19 08:01:45.274822 2015] [proxy_http:error] [pid 7568:tid 1540] (OS 10054)An existing connection was forcibly closed by the remote host.  : [client 201.245.192.253:52714] AH01102: error reading status line from remote server 172.22.1.31:80, referer: http://190.27.245.106/isolucionsda/FrameSetGeneral.asp?Pagina1=FrameSetGeneral.asp&
[Thu Feb 19 08:01:45.274822 2015] [proxy:error] [pid 7568:tid 1540] [client 201.245.192.253:52714] AH00898: Error reading from remote server returned by /isolucionsda/MagazinHome.asp, referer: http://190.27.245.106/isolucionsda/FrameSetGeneral.asp?Pagina1=FrameSetGeneral.asp&
[Thu Feb 19 08:13:48.320492 2015] [proxy_http:error] [pid 7568:tid 1228] (20014)Internal error: [client 201.245.192.253:58616] AH01102: error reading status line from remote server 172.22.1.47:80
[Thu Feb 19 08:13:48.320492 2015] [proxy:error] [pid 7568:tid 1228] [client 201.245.192.253:58616] AH00898: Error reading from remote server returned by /forest/skins/gdocs-jar/js/tareas.js
[Thu Feb 19 08:14:53.341406 2015] [proxy_http:error] [pid 7568:tid 1160] (OS 10054)An existing connection was forcibly closed by the remote host.  : [client 201.245.192.253:59237] AH01102: error reading status line from remote server 172.22.1.31:80
[Thu Feb 19 08:15:01.125819 2015] [proxy_http:error] [pid 7568:tid 1196] (OS 10054)An existing connection was forcibly closed by the remote host.  : [client 201.245.192.253:59446] AH01102: error reading status line from remote server 172.22.1.31:80, referer: http://190.27.245.106/isolucionsda/FrameSetGeneral.asp?Pagina1=FrameSetGeneral.asp&
[Thu Feb 19 08:15:01.125819 2015] [proxy:error] [pid 7568:tid 1196] [client 201.245.192.253:59446] AH00898: Error reading from remote server returned by /isolucionsda/BarraFavoritos.asp, referer: http://190.27.245.106/isolucionsda/FrameSetGeneral.asp?Pagina1=FrameSetGeneral.asp&
[Thu Feb 19 08:26:41.738650 2015] [mpm_winnt:warn] [pid 7568:tid 2668] (OS 64)The specified network name is no longer available.  : AH00341: winnt_accept: Asynchronous AcceptEx failed.
[Thu Feb 19 08:45:56.125078 2015] [proxy_http:error] [pid 7568:tid 1284] (OS 10054)An existing connection was forcibly closed by the remote host.  : [client 201.245.192.253:54256] AH01102: error reading status line from remote server 172.22.1.31:80
[Thu Feb 19 08:45:56.125078 2015] [proxy:error] [pid 7568:tid 1284] [client 201.245.192.253:54256] AH00898: Error reading from remote server returned by /isolucionsda/g/Img_LogoIsoCabezote.jpg
[Thu Feb 19 08:46:08.807900 2015] [proxy_http:error] [pid 7568:tid 1388] (OS 10054)An existing connection was forcibly closed by the remote host.  : [client 201.245.192.253:54438] AH01102: error reading status line from remote server 172.22.1.31:80, referer: http://190.27.245.106/isolucionsda/FrameSetGeneral.asp?Pagina1=FrameSetGeneral.asp&
[Thu Feb 19 08:46:08.807900 2015] [proxy:error] [pid 7568:tid 1388] [client 201.245.192.253:54438] AH00898: Error reading from remote server returned by /isolucionsda/MagazinHome.asp, referer: http://190.27.245.106/isolucionsda/FrameSetGeneral.asp?Pagina1=FrameSetGeneral.asp&
[Thu Feb 19 08:52:55.157414 2015] [proxy_http:error] [pid 7568:tid 1284] (OS 10054)An existing connection was forcibly closed by the remote host.  : [client 201.245.192.253:59975] AH01102: error reading status line from remote server 172.22.1.31:80, referer: http://190.27.245.106/isolucionsda/FrameSetGeneral.asp?Pagina=ListadoMaestroDocumentos3.asp
[Thu Feb 19 08:52:55.157414 2015] [proxy:error] [pid 7568:tid 1284] [client 201.245.192.253:59975] AH00898: Error reading from remote server returned by /isolucionsda/BarraFavoritos.asp, referer: http://190.27.245.106/isolucionsda/FrameSetGeneral.asp?Pagina=ListadoMaestroDocumentos3.asp
[Thu Feb 19 08:56:31.826194 2015] [proxy_http:error] [pid 7568:tid 968] (OS 10054)An existing connection was forcibly closed by the remote host.  : [client 201.245.192.253:50247] AH01102: error reading status line from remote server 172.22.1.31:80, referer: http://190.27.245.106/isolucionsda/FrameSetGeneral.asp?Pagina1=FrameSetGeneral.asp&
[Thu Feb 19 08:56:31.841794 2015] [proxy_http:error] [pid 7568:tid 1076] (OS 10054)An existing connection was forcibly closed by the remote host.  : [client 201.245.192.253:50314] AH01102: error reading status line from remote server 172.22.1.31:80, referer: http://190.27.245.106/isolucionsda/FrameSetGeneral.asp?Pagina1=FrameSetGeneral.asp&
[Thu Feb 19 08:56:31.841794 2015] [proxy:error] [pid 7568:tid 1076] [client 201.245.192.253:50314] AH00898: Error reading from remote server returned by /isolucionsda/BarraTitulos.asp, referer: http://190.27.245.106/isolucionsda/FrameSetGeneral.asp?Pagina1=FrameSetGeneral.asp&
[Thu Feb 19 09:01:07.322678 2015] [proxy_http:error] [pid 7568:tid 872] (OS 10054)An existing connection was forcibly closed by the remote host.  : [client 201.245.192.253:55485] AH01102: error reading status line from remote server 172.22.1.31:80, referer: http://190.27.245.106/isolucionsda/FrameSetGeneral.asp?Pagina1=FrameSetGeneral.asp&
[Thu Feb 19 09:01:07.322678 2015] [proxy:error] [pid 7568:tid 872] [client 201.245.192.253:55485] AH00898: Error reading from remote server returned by /isolucionsda/MagazinHome.asp, referer: http://190.27.245.106/isolucionsda/FrameSetGeneral.asp?Pagina1=FrameSetGeneral.asp&
[Thu Feb 19 09:08:00.973005 2015] [core:error] [pid 7568:tid 1116] (22)Invalid argument: [client 180.76.6.232:24880] AH00127: Cannot map GET /Autoliquidacion/TR%C1MITES%20AGUAS%20SUBTERR%C1NEAS/126PM04-PR92-%20PERMISO%20EXPLORACI%D3N%20AGUAS%20SUBTERRANEAS/-PR92-F-A2-V1.0(1)-lista%20de%20chequeo.xls HTTP/1.1 to file
[Thu Feb 19 09:28:08.664726 2015] [proxy_http:error] [pid 7568:tid 848] (20014)Internal error: [client 190.159.73.67:50628] AH01102: error reading status line from remote server 172.22.1.47:80, referer: http://190.27.245.106/forest/usutareas.do?_a=0.519585657864809&group_system_actual=3
[Thu Feb 19 09:28:08.664726 2015] [proxy:error] [pid 7568:tid 848] [client 190.159.73.67:50628] AH00898: Error reading from remote server returned by /forest/usutareas.do, referer: http://190.27.245.106/forest/usutareas.do?_a=0.519585657864809&group_system_actual=3
[Thu Feb 19 09:41:05.436890 2015] [proxy_http:error] [pid 7568:tid 1636] (OS 10054)An existing connection was forcibly closed by the remote host.  : [client 201.245.192.253:58187] AH01102: error reading status line from remote server 172.22.1.31:80, referer: http://190.27.245.106/isolucionsda/FrameSetGeneral.asp?Pagina=SucursalSeleccion.asp&CargaPagina=ModuloProcesos&IdModulo=3
[Thu Feb 19 09:41:41.004953 2015] [proxy_http:error] [pid 7568:tid 912] (OS 10054)An existing connection was forcibly closed by the remote host.  : [client 201.245.192.253:58731] AH01102: error reading status line from remote server 172.22.1.31:80, referer: http://190.27.245.106/isolucionsda/FrameSetGeneral.asp?Pagina1=FrameSetGeneral.asp&
[Thu Feb 19 09:41:41.004953 2015] [proxy_http:error] [pid 7568:tid 856] (OS 10054)An existing connection was forcibly closed by the remote host.  : [client 201.245.192.253:58730] AH01102: error reading status line from remote server 172.22.1.31:80, referer: http://190.27.245.106/isolucionsda/FrameSetGeneral.asp?Pagina1=FrameSetGeneral.asp&
[Thu Feb 19 09:46:09.933825 2015] [proxy_http:error] [pid 7568:tid 1008] (20014)Internal error: [client 201.245.192.253:50446] AH01102: error reading status line from remote server 172.22.1.47:80, referer: http://190.27.245.106/forest/usutareas.do?group_system_actual=3&a=0.8173582564367113
[Thu Feb 19 09:50:34.385489 2015] [proxy_http:error] [pid 7568:tid 1132] (20014)Internal error: [client 201.245.192.253:55698] AH01102: error reading status line from remote server 172.22.1.47:80, referer: http://190.27.245.106/forest/index2.jsp?group_system_actual=5&a=0.6994812488555908
[Thu Feb 19 09:55:26.870403 2015] [proxy_http:error] [pid 7568:tid 776] (20014)Internal error: [client 201.245.192.253:59934] AH01102: error reading status line from remote server 172.22.1.47:80
[Thu Feb 19 09:55:26.870403 2015] [proxy:error] [pid 7568:tid 776] [client 201.245.192.253:59934] AH00898: Error reading from remote server returned by /forest/skins/gdocs-jar/css/dialog.css
[Thu Feb 19 10:03:49.316086 2015] [proxy_http:error] [pid 7568:tid 1196] (OS 10054)An existing connection was forcibly closed by the remote host.  : [client 201.245.192.253:54981] AH01102: error reading status line from remote server 172.22.1.31:80, referer: http://190.27.245.106/isolucionsda/Session.asp
[Thu Feb 19 10:05:12.152231 2015] [proxy_http:error] [pid 7568:tid 856] (20014)Internal error: [client 186.28.139.184:11342] AH01102: error reading status line from remote server 172.22.1.47:80, referer: http://190.27.245.106/forest/usutareas.do?group_system_actual=3&a=0.6362662607003651
[Thu Feb 19 10:05:12.152231 2015] [proxy:error] [pid 7568:tid 856] [client 186.28.139.184:11342] AH00898: Error reading from remote server returned by /forest/skins/gdocs-jar/css/forest.css, referer: http://190.27.245.106/forest/usutareas.do?group_system_actual=3&a=0.6362662607003651
[Thu Feb 19 10:05:55.847908 2015] [proxy_http:error] [pid 7568:tid 856] (20014)Internal error: [client 201.245.192.253:56962] AH01102: error reading status line from remote server 172.22.1.47:80
[Thu Feb 19 10:05:55.847908 2015] [proxy:error] [pid 7568:tid 856] [client 201.245.192.253:56962] AH00898: Error reading from remote server returned by /forest/img/pantalla.gif
[Thu Feb 19 10:05:55.863508 2015] [proxy_http:error] [pid 7568:tid 1196] (20014)Internal error: [client 201.245.192.253:56970] AH01102: error reading status line from remote server 172.22.1.47:80
[Thu Feb 19 10:05:55.863508 2015] [proxy:error] [pid 7568:tid 1196] [client 201.245.192.253:56970] AH00898: Error reading from remote server returned by /forest/img/panel/menu/hoy.png
[Thu Feb 19 10:10:12.405958 2015] [proxy_http:error] [pid 7568:tid 1780] (20014)Internal error: [client 201.245.192.253:48038] AH01102: error reading status line from remote server 172.22.1.47:80
[Thu Feb 19 10:10:12.405958 2015] [proxy:error] [pid 7568:tid 1780] [client 201.245.192.253:48038] AH00898: Error reading from remote server returned by /forest/skins/gdocs-jar/img/splitter.gif
[Thu Feb 19 10:11:04.946851 2015] [proxy_http:error] [pid 7568:tid 1008] (20014)Internal error: [client 201.245.192.253:49086] AH01102: error reading status line from remote server 172.22.1.47:80, referer: http://190.27.245.106/forest/usutareas.do?group_system_actual=3&a=0.9076685195262951
[Thu Feb 19 10:11:46.037323 2015] [proxy_http:error] [pid 7568:tid 1780] (20014)Internal error: [client 201.245.192.253:49772] AH01102: error reading status line from remote server 172.22.1.47:80
[Thu Feb 19 10:11:46.037323 2015] [proxy:error] [pid 7568:tid 1780] [client 201.245.192.253:49772] AH00898: Error reading from remote server returned by /forest/skins/gdocs-jar/img/error.gif
[Thu Feb 19 10:12:41.526620 2015] [proxy_http:error] [pid 7568:tid 1212] (20014)Internal error: [client 201.245.192.253:50388] AH01102: error reading status line from remote server 172.22.1.47:80, referer: http://190.27.245.106/forest/usutareas.do?_a=0.07106193214064715&group_system_actual=3
[Thu Feb 19 10:14:28.090408 2015] [proxy_http:error] [pid 7568:tid 1652] (20014)Internal error: [client 201.245.192.253:52274] AH01102: error reading status line from remote server 172.22.1.47:80
[Thu Feb 19 10:14:28.090408 2015] [proxy:error] [pid 7568:tid 1652] [client 201.245.192.253:52274] AH00898: Error reading from remote server returned by /forest/skins/gdocs-jar/img/grid-first.gif
[Thu Feb 19 10:21:40.445167 2015] [proxy_http:error] [pid 7568:tid 1652] (20014)Internal error: [client 201.245.192.253:59894] AH01102: error reading status line from remote server 172.22.1.47:80
[Thu Feb 19 10:21:40.445167 2015] [proxy:error] [pid 7568:tid 1652] [client 201.245.192.253:59894] AH00898: Error reading from remote server returned by /forest/img/spacer.gif
[Thu Feb 19 10:21:40.725967 2015] [proxy_http:error] [pid 7568:tid 1116] (20014)Internal error: [client 201.245.192.253:59943] AH01102: error reading status line from remote server 172.22.1.47:80
[Thu Feb 19 10:21:40.725967 2015] [proxy:error] [pid 7568:tid 1116] [client 201.245.192.253:59943] AH00898: Error reading from remote server returned by /forest/img/base/bsc2_r1_c2.gif
[Thu Feb 19 10:22:51.472092 2015] [proxy_http:error] [pid 7568:tid 1748] (20014)Internal error: [client 186.28.139.184:11496] AH01102: error reading status line from remote server 172.22.1.47:80, referer: http://190.27.245.106/forest/misactividades.do?_a=0.4170957163239949&group_system_actual=3
[Thu Feb 19 10:22:51.472092 2015] [proxy:error] [pid 7568:tid 1748] [client 186.28.139.184:11496] AH00898: Error reading from remote server returned by /forest/skins/gdocs-jar/css/menu.css, referer: http://190.27.245.106/forest/misactividades.do?_a=0.4170957163239949&group_system_actual=3
[Thu Feb 19 10:23:26.197753 2015] [proxy_http:error] [pid 7568:tid 1828] (20014)Internal error: [client 201.245.192.253:49309] AH01102: error reading status line from remote server 172.22.1.47:80
[Thu Feb 19 10:23:26.197753 2015] [proxy:error] [pid 7568:tid 1828] [client 201.245.192.253:49309] AH00898: Error reading from remote server returned by /forest/js/load_func.js
[Thu Feb 19 10:23:26.213353 2015] [proxy_http:error] [pid 7568:tid 856] (20014)Internal error: [client 201.245.192.253:49311] AH01102: error reading status line from remote server 172.22.1.47:80
[Thu Feb 19 10:23:26.213353 2015] [proxy:error] [pid 7568:tid 856] [client 201.245.192.253:49311] AH00898: Error reading from remote server returned by /forest/js/sarissa.js
[Thu Feb 19 10:26:43.756500 2015] [proxy_http:error] [pid 7568:tid 1588] (20014)Internal error: [client 201.245.192.253:52237] AH01102: error reading status line from remote server 172.22.1.47:80, referer: http://190.27.245.106/forest/index2.jsp?a=0.1632576430492061
[Thu Feb 19 10:27:06.189339 2015] [proxy_http:error] [pid 7568:tid 1732] (20014)Internal error: [client 186.28.139.184:11534] AH01102: error reading status line from remote server 172.22.1.47:80, referer: http://190.27.245.106/forest/usutareas.do?codTraEsc=17360601
[Thu Feb 19 10:27:09.777345 2015] [proxy_http:error] [pid 7568:tid 1468] (20014)Internal error: [client 186.28.139.184:11533] AH01102: error reading status line from remote server 172.22.1.47:80, referer: http://190.27.245.106/forest/usutareas.do?codTraEsc=17360601
[Thu Feb 19 10:27:43.520205 2015] [proxy_http:error] [pid 7568:tid 1484] (20014)Internal error: [client 190.158.163.214:53015] AH01102: error reading status line from remote server 172.22.1.47:80, referer: http://190.27.245.106/forest/login.do
[Thu Feb 19 10:32:51.168345 2015] [proxy_http:error] [pid 7568:tid 1076] (20014)Internal error: [client 201.245.192.253:58990] AH01102: error reading status line from remote server 172.22.1.47:80
[Thu Feb 19 10:32:51.168345 2015] [proxy:error] [pid 7568:tid 1076] [client 201.245.192.253:58990] AH00898: Error reading from remote server returned by /forest/img/jquery/quitarfiltrar.gif
[Thu Feb 19 10:34:52.255758 2015] [proxy_http:error] [pid 7568:tid 888] (20014)Internal error: [client 201.245.192.253:48612] AH01102: error reading status line from remote server 172.22.1.47:80
[Thu Feb 19 10:34:52.255758 2015] [proxy:error] [pid 7568:tid 888] [client 201.245.192.253:48612] AH00898: Error reading from remote server returned by /forest/js/inicio.js
[Thu Feb 19 10:35:32.269828 2015] [proxy_http:error] [pid 7568:tid 1588] (20014)Internal error: [client 201.245.192.253:49075] AH01102: error reading status line from remote server 172.22.1.47:80
[Thu Feb 19 10:35:32.269828 2015] [proxy:error] [pid 7568:tid 1588] [client 201.245.192.253:49075] AH00898: Error reading from remote server returned by /forest/skins/gdocs-jar/css/forest.css
[Thu Feb 19 10:35:32.285428 2015] [proxy_http:error] [pid 7568:tid 1116] (20014)Internal error: [client 201.245.192.253:49079] AH01102: error reading status line from remote server 172.22.1.47:80
[Thu Feb 19 10:35:32.285428 2015] [proxy:error] [pid 7568:tid 1116] [client 201.245.192.253:49079] AH00898: Error reading from remote server returned by /forest/css/index.css
[Thu Feb 19 10:35:32.285428 2015] [proxy_http:error] [pid 7568:tid 1092] (20014)Internal error: [client 201.245.192.253:49090] AH01102: error reading status line from remote server 172.22.1.47:80
[Thu Feb 19 10:35:32.285428 2015] [proxy:error] [pid 7568:tid 1092] [client 201.245.192.253:49090] AH00898: Error reading from remote server returned by /forest/skins/gdocs-jar/js/graphicForm.js
[Thu Feb 19 10:36:48.600762 2015] [proxy_http:error] [pid 7568:tid 1008] (20014)Internal error: [client 201.245.192.253:49937] AH01102: error reading status line from remote server 172.22.1.47:80, referer: http://190.27.245.106/forest/index2.jsp?_a=0.9380707039963454
[Thu Feb 19 10:36:48.600762 2015] [proxy:error] [pid 7568:tid 1008] [client 201.245.192.253:49937] AH00898: Error reading from remote server returned by /forest/session.jsp, referer: http://190.27.245.106/forest/index2.jsp?_a=0.9380707039963454
[Thu Feb 19 10:36:48.600762 2015] [negotiation:error] [pid 7568:tid 1008] [client 201.245.192.253:49937] AH00690: no acceptable variant: E:/nuevo/apache/error/HTTP_BAD_GATEWAY.html.var, referer: http://190.27.245.106/forest/index2.jsp?_a=0.9380707039963454
[Thu Feb 19 10:51:39.627527 2015] [proxy_http:error] [pid 7568:tid 1076] (20014)Internal error: [client 201.245.192.253:51275] AH01102: error reading status line from remote server 172.22.1.47:80
[Thu Feb 19 10:51:39.627527 2015] [proxy:error] [pid 7568:tid 1076] [client 201.245.192.253:51275] AH00898: Error reading from remote server returned by /forest/skins/gdocs-jar/img/user_search.gif
[Thu Feb 19 10:52:34.976424 2015] [proxy_http:error] [pid 7568:tid 1708] (OS 10054)An existing connection was forcibly closed by the remote host.  : [client 201.245.192.253:52098] AH01102: error reading status line from remote server 172.22.1.31:80
[Thu Feb 19 10:52:34.976424 2015] [proxy:error] [pid 7568:tid 1708] [client 201.245.192.253:52098] AH00898: Error reading from remote server returned by /isolucionsda/g/Bot_TareasOff_ESP.jpg
[Thu Feb 19 10:52:34.976424 2015] [proxy_http:error] [pid 7568:tid 1636] (OS 10054)An existing connection was forcibly closed by the remote host.  : [client 201.245.192.253:52100] AH01102: error reading status line from remote server 172.22.1.31:80
[Thu Feb 19 10:52:34.976424 2015] [proxy:error] [pid 7568:tid 1636] [client 201.245.192.253:52100] AH00898: Error reading from remote server returned by /isolucionsda/g/Bot_Mejoramiento_ESP.jpg
[Thu Feb 19 10:52:34.976424 2015] [proxy_http:error] [pid 7568:tid 1580] (OS 10054)An existing connection was forcibly closed by the remote host.  : [client 201.245.192.253:52101] AH01102: error reading status line from remote server 172.22.1.31:80
[Thu Feb 19 10:52:34.976424 2015] [proxy:error] [pid 7568:tid 1580] [client 201.245.192.253:52101] AH00898: Error reading from remote server returned by /isolucionsda/g/Img_BarraCurva.jpg
[Thu Feb 19 10:52:34.976424 2015] [proxy_http:error] [pid 7568:tid 1148] (OS 10054)An existing connection was forcibly closed by the remote host.  : [client 201.245.192.253:52103] AH01102: error reading status line from remote server 172.22.1.31:80
[Thu Feb 19 10:52:34.976424 2015] [proxy:error] [pid 7568:tid 1148] [client 201.245.192.253:52103] AH00898: Error reading from remote server returned by /isolucionsda/g/Bgr_BarraCurva.jpg
[Thu Feb 19 10:52:56.348462 2015] [proxy_http:error] [pid 7568:tid 1508] (20014)Internal error: [client 201.245.192.253:52569] AH01102: error reading status line from remote server 172.22.1.47:80, referer: http://190.27.245.106/forest/usutareas.do?_a=0.6114744985389917&group_system_actual=3
[Thu Feb 19 10:52:56.348462 2015] [proxy:error] [pid 7568:tid 1508] [client 201.245.192.253:52569] AH00898: Error reading from remote server returned by /forest/borrador/1646942/Formato Oficio Salida (CON LOGO) Feb 18.docx, referer: http://190.27.245.106/forest/usutareas.do?_a=0.6114744985389917&group_system_actual=3
[Thu Feb 19 10:52:57.736864 2015] [proxy_http:error] [pid 7568:tid 1508] (20014)Internal error: [client 201.245.192.253:52569] AH01102: error reading status line from remote server 172.22.1.47:80, referer: http://190.27.245.106/forest/index2.jsp?a=0.06353501830637376
[Thu Feb 19 10:52:57.846064 2015] [proxy_http:error] [pid 7568:tid 1428] (20014)Internal error: [client 201.245.192.253:52580] AH01102: error reading status line from remote server 172.22.1.47:80, referer: http://190.27.245.106/forest/index2.jsp?a=0.06353501830637376
[Thu Feb 19 10:52:57.846064 2015] [proxy:error] [pid 7568:tid 1428] [client 201.245.192.253:52580] AH00898: Error reading from remote server returned by /forest/system/document.jsp, referer: http://190.27.245.106/forest/index2.jsp?a=0.06353501830637376
[Thu Feb 19 10:56:19.507619 2015] [proxy_http:error] [pid 7568:tid 728] (20014)Internal error: [client 201.245.192.253:55891] AH01102: error reading status line from remote server 172.22.1.47:80
[Thu Feb 19 10:56:19.507619 2015] [proxy:error] [pid 7568:tid 728] [client 201.245.192.253:55891] AH00898: Error reading from remote server returned by /forest/skins/gdocs-jar/img/ok.gif
[Thu Feb 19 10:56:55.730882 2015] [proxy_http:error] [pid 7568:tid 700] (20014)Internal error: [client 201.245.192.253:56824] AH01102: error reading status line from remote server 172.22.1.47:80, referer: http://190.27.245.106/forest/usutareas.do?_a=0.3628232137281219&group_system_actual=3
[Thu Feb 19 10:58:09.035411 2015] [proxy_http:error] [pid 7568:tid 1748] (20014)Internal error: [client 201.245.192.253:58627] AH01102: error reading status line from remote server 172.22.1.47:80
[Thu Feb 19 10:58:09.035411 2015] [proxy:error] [pid 7568:tid 1748] [client 201.245.192.253:58627] AH00898: Error reading from remote server returned by /forest/skins/gdocs-jar/css/forms.css
[Thu Feb 19 10:58:40.017065 2015] [proxy_http:error] [pid 7568:tid 1700] (20014)Internal error: [client 201.245.192.253:58927] AH01102: error reading status line from remote server 172.22.1.47:80
[Thu Feb 19 10:58:40.017065 2015] [proxy:error] [pid 7568:tid 1700] [client 201.245.192.253:58927] AH00898: Error reading from remote server returned by /forest/1ibre/jscalendar/lang/calendar-es.js
[Thu Feb 19 10:58:56.100694 2015] [proxy_http:error] [pid 7568:tid 768] (20014)Internal error: [client 201.245.192.253:59168] AH01102: error reading status line from remote server 172.22.1.47:80
[Thu Feb 19 10:58:56.100694 2015] [proxy:error] [pid 7568:tid 768] [client 201.245.192.253:59168] AH00898: Error reading from remote server returned by /forest/1ibre/1ibre.js
[Thu Feb 19 10:59:09.173517 2015] [proxy_http:error] [pid 7568:tid 888] (20014)Internal error: [client 201.245.192.253:59556] AH01102: error reading status line from remote server 172.22.1.47:80, referer: http://190.27.245.106/forest/buscar.do?type=procesos
[Thu Feb 19 10:59:23.229141 2015] [proxy_http:error] [pid 7568:tid 1388] (20014)Internal error: [client 201.245.192.253:59795] AH01102: error reading status line from remote server 172.22.1.47:80, referer: http://190.27.245.106/forest/buscar.do?type=procesos
[Thu Feb 19 10:59:23.338342 2015] [proxy_http:error] [pid 7568:tid 1160] (20014)Internal error: [client 201.245.192.253:59823] AH01102: error reading status line from remote server 172.22.1.47:80, referer: http://190.27.245.106/forest/buscar.do?type=procesos
[Thu Feb 19 10:59:23.463142 2015] [proxy_http:error] [pid 7568:tid 1160] (20014)Internal error: [client 201.245.192.253:59825] AH01102: error reading status line from remote server 172.22.1.47:80, referer: http://190.27.245.106/forest/buscar.do?type=procesos
[Thu Feb 19 10:59:23.463142 2015] [proxy:error] [pid 7568:tid 1160] [client 201.245.192.253:59825] AH00898: Error reading from remote server returned by /forest/json.do, referer: http://190.27.245.106/forest/buscar.do?type=procesos
[Thu Feb 19 10:59:23.463142 2015] [negotiation:error] [pid 7568:tid 1160] [client 201.245.192.253:59825] AH00690: no acceptable variant: E:/nuevo/apache/error/HTTP_BAD_GATEWAY.html.var, referer: http://190.27.245.106/forest/buscar.do?type=procesos
[Thu Feb 19 10:59:36.520365 2015] [proxy_http:error] [pid 7568:tid 1160] (20014)Internal error: [client 201.245.192.253:47585] AH01102: error reading status line from remote server 172.22.1.47:80, referer: http://190.27.245.106/forest/usutareas.do?group_system_actual=3&codAct=919&numPro=3026467&codPro=95&fecTra=2015-02-19%2010:35:39.0&codInst=3064665&codTraEsc=17546559
[Thu Feb 19 10:59:36.707565 2015] [proxy_http:error] [pid 7568:tid 1008] (20014)Internal error: [client 201.245.192.253:47609] AH01102: error reading status line from remote server 172.22.1.47:80
[Thu Feb 19 10:59:36.707565 2015] [proxy:error] [pid 7568:tid 1008] [client 201.245.192.253:47609] AH00898: Error reading from remote server returned by /forest/js/usutareas-docs.js
[Thu Feb 19 10:59:36.769965 2015] [proxy_http:error] [pid 7568:tid 1388] (20014)Internal error: [client 201.245.192.253:47619] AH01102: error reading status line from remote server 172.22.1.47:80
[Thu Feb 19 10:59:36.769965 2015] [proxy:error] [pid 7568:tid 1388] [client 201.245.192.253:47619] AH00898: Error reading from remote server returned by /forest/img/forestIcon.gif
[Thu Feb 19 10:59:36.769965 2015] [proxy_http:error] [pid 7568:tid 888] (20014)Internal error: [client 201.245.192.253:47622] AH01102: error reading status line from remote server 172.22.1.47:80
[Thu Feb 19 10:59:36.769965 2015] [proxy:error] [pid 7568:tid 888] [client 201.245.192.253:47622] AH00898: Error reading from remote server returned by /forest/skins/gdocs-jar/img/print.gif
[Thu Feb 19 10:59:47.830385 2015] [proxy_http:error] [pid 7568:tid 1008] (20014)Internal error: [client 201.245.192.253:47872] AH01102: error reading status line from remote server 172.22.1.47:80, referer: http://190.27.245.106/forest/index2.jsp?_a=0.371855857625462
[Thu Feb 19 11:01:26.157357 2015] [proxy_http:error] [pid 7568:tid 712] (20014)Internal error: [client 201.245.192.253:49667] AH01102: error reading status line from remote server 172.22.1.47:80, referer: http://190.27.245.106/forest/buscar.do?type=procesos
[Thu Feb 19 11:01:46.000592 2015] [proxy_http:error] [pid 7568:tid 1652] (20014)Internal error: [client 201.245.192.253:50002] AH01102: error reading status line from remote server 172.22.1.47:80, referer: http://190.27.245.106/forest/usutareas.do?group_system_actual=3&a=0.11760883987881243
[Thu Feb 19 11:03:29.849974 2015] [proxy_http:error] [pid 7568:tid 1732] (20014)Internal error: [client 201.245.192.253:51769] AH01102: error reading status line from remote server 172.22.1.47:80
[Thu Feb 19 11:03:29.849974 2015] [proxy:error] [pid 7568:tid 1732] [client 201.245.192.253:51769] AH00898: Error reading from remote server returned by /forest/js/jquery/jquery.jqGrid.src.js
[Thu Feb 19 11:06:55.801536 2015] [proxy_http:error] [pid 7568:tid 1196] (20014)Internal error: [client 201.245.192.253:54675] AH01102: error reading status line from remote server 172.22.1.47:80
[Thu Feb 19 11:06:55.801536 2015] [proxy:error] [pid 7568:tid 1196] [client 201.245.192.253:54675] AH00898: Error reading from remote server returned by /forest/img/download_large.gif
[Thu Feb 19 11:06:55.817136 2015] [proxy_http:error] [pid 7568:tid 1300] (20014)Internal error: [client 201.245.192.253:54678] AH01102: error reading status line from remote server 172.22.1.47:80
[Thu Feb 19 11:06:55.817136 2015] [proxy:error] [pid 7568:tid 1300] [client 201.245.192.253:54678] AH00898: Error reading from remote server returned by /forest/img/buscar_documentos.gif
[Thu Feb 19 11:06:57.985540 2015] [proxy_http:error] [pid 7568:tid 840] (20014)Internal error: [client 201.245.192.253:54696] AH01102: error reading status line from remote server 172.22.1.47:80, referer: http://190.27.245.106/forest/usutareas.do?_a=0.3173137541477329&group_system_actual=3
[Thu Feb 19 11:10:34.061520 2015] [proxy_http:error] [pid 7568:tid 848] (20014)Internal error: [client 201.245.192.253:58025] AH01102: error reading status line from remote server 172.22.1.47:80, referer: http://190.27.245.106/forest/radicacion.do?codMod=11&_a=0.1476386333797134&group_system_actual=4
[Thu Feb 19 11:10:34.061520 2015] [proxy:error] [pid 7568:tid 848] [client 201.245.192.253:58025] AH00898: Error reading from remote server returned by /forest/xmlresponse.do, referer: http://190.27.245.106/forest/radicacion.do?codMod=11&_a=0.1476386333797134&group_system_actual=4
[Thu Feb 19 11:18:40.345574 2015] [mpm_winnt:warn] [pid 7568:tid 2668] (OS 64)The specified network name is no longer available.  : AH00341: winnt_accept: Asynchronous AcceptEx failed.
[Thu Feb 19 11:24:46.228616 2015] [proxy_http:error] [pid 7568:tid 1160] (20014)Internal error: [client 201.245.192.253:48702] AH01102: error reading status line from remote server 172.22.1.47:80, referer: http://190.27.245.106/forest/index2.jsp?a=0.6052643963965557
[Thu Feb 19 11:25:00.019041 2015] [proxy_http:error] [pid 7568:tid 1436] (20014)Internal error: [client 201.245.192.253:48885] AH01102: error reading status line from remote server 172.22.1.47:80, referer: http://190.27.245.106/forest/js/jquery/css/jquery-ui-1.8.1.custom.css
[Thu Feb 19 11:25:46.226322 2015] [proxy_http:error] [pid 7568:tid 1828] (20014)Internal error: [client 201.245.192.253:49490] AH01102: error reading status line from remote server 172.22.1.47:80, referer: http://190.27.245.106/forest/usutareas.do?_a=0.8185359793715179&group_system_actual=3
[Thu Feb 19 11:31:35.573335 2015] [proxy_http:error] [pid 7568:tid 768] (20014)Internal error: [client 201.245.192.253:55600] AH01102: error reading status line from remote server 172.22.1.47:80
[Thu Feb 19 11:31:35.573335 2015] [proxy:error] [pid 7568:tid 768] [client 201.245.192.253:55600] AH00898: Error reading from remote server returned by /forest/js/dialog.js
[Thu Feb 19 11:38:51.282101 2015] [:error] [pid 7568:tid 1204] [client 46.118.121.161:54392] script 'E:/nuevo/htdocs/wp-login.php' not found or unable to stat
[Thu Feb 19 11:40:03.619428 2015] [proxy_http:error] [pid 7568:tid 1268] (20014)Internal error: [client 201.245.192.253:51281] AH01102: error reading status line from remote server 172.22.1.47:80, referer: http://190.27.245.106/forest/usutareas.do?_a=0.30637975025596265&group_system_actual=3
[Thu Feb 19 11:41:15.176753 2015] [proxy_http:error] [pid 7568:tid 1180] (20014)Internal error: [client 201.245.192.253:52253] AH01102: error reading status line from remote server 172.22.1.47:80, referer: http://190.27.245.106/forest/usutareas.do?group_system_actual=3&a=0.8702115500345826
[Thu Feb 19 11:42:49.775319 2015] [proxy_http:error] [pid 7568:tid 1732] (20014)Internal error: [client 201.245.192.253:54035] AH01102: error reading status line from remote server 172.22.1.47:80
[Thu Feb 19 11:42:49.775319 2015] [proxy:error] [pid 7568:tid 1732] [client 201.245.192.253:54035] AH00898: Error reading from remote server returned by /forest/skins/gdocs-jar/js/autocompletar2.js
[Thu Feb 19 11:42:50.040520 2015] [proxy_http:error] [pid 7568:tid 1676] (20014)Internal error: [client 201.245.192.253:54046] AH01102: error reading status line from remote server 172.22.1.47:80, referer: http://190.27.245.106/forest/usutareas.do?_a=0.9007742381606647&group_system_actual=3
[Thu Feb 19 11:42:50.040520 2015] [proxy:error] [pid 7568:tid 1676] [client 201.245.192.253:54046] AH00898: Error reading from remote server returned by /forest/session.jsp, referer: http://190.27.245.106/forest/usutareas.do?_a=0.9007742381606647&group_system_actual=3
[Thu Feb 19 11:42:50.040520 2015] [negotiation:error] [pid 7568:tid 1676] [client 201.245.192.253:54046] AH00690: no acceptable variant: E:/nuevo/apache/error/HTTP_BAD_GATEWAY.html.var, referer: http://190.27.245.106/forest/usutareas.do?_a=0.9007742381606647&group_system_actual=3
[Thu Feb 19 11:49:34.377630 2015] [proxy_http:error] [pid 7568:tid 1148] (20014)Internal error: [client 201.245.192.253:47859] AH01102: error reading status line from remote server 172.22.1.47:80
[Thu Feb 19 11:49:34.377630 2015] [proxy:error] [pid 7568:tid 1148] [client 201.245.192.253:47859] AH00898: Error reading from remote server returned by /forest/skins/gdocs-jar/img/document_add.gif
[Thu Feb 19 11:50:04.626083 2015] [proxy_http:error] [pid 7568:tid 1008] (20014)Internal error: [client 201.245.192.253:48220] AH01102: error reading status line from remote server 172.22.1.47:80, referer: http://190.27.245.106/forest/usutareas.do?_a=0.4037296175956726&group_system_actual=3
[Thu Feb 19 11:51:32.173437 2015] [proxy_http:error] [pid 7568:tid 1436] (20014)Internal error: [client 186.82.82.190:54448] AH01102: error reading status line from remote server 172.22.1.47:80, referer: http://190.27.245.106/forest/js/jquery/css/jquery-ui-1.8.1.custom.css
[Thu Feb 19 11:51:32.547838 2015] [proxy_http:error] [pid 7568:tid 1116] (20014)Internal error: [client 186.82.82.190:54449] AH01102: error reading status line from remote server 172.22.1.47:80, referer: http://190.27.245.106/forest/misactividades.do?group_system_actual=3&codPro=95&_a=0.32458930873433856
[Thu Feb 19 11:51:34.295041 2015] [proxy_http:error] [pid 7568:tid 1828] (20014)Internal error: [client 201.245.192.253:49809] AH01102: error reading status line from remote server 172.22.1.47:80, referer: http://190.27.245.106/forest/usutareas.do?_a=0.6330153588205576&group_system_actual=3
[Thu Feb 19 11:51:34.295041 2015] [proxy:error] [pid 7568:tid 1828] [client 201.245.192.253:49809] AH00898: Error reading from remote server returned by /forest/session.jsp, referer: http://190.27.245.106/forest/usutareas.do?_a=0.6330153588205576&group_system_actual=3
[Thu Feb 19 11:51:34.295041 2015] [negotiation:error] [pid 7568:tid 1828] [client 201.245.192.253:49809] AH00690: no acceptable variant: E:/nuevo/apache/error/HTTP_BAD_GATEWAY.html.var, referer: http://190.27.245.106/forest/usutareas.do?_a=0.6330153588205576&group_system_actual=3
[Thu Feb 19 11:51:50.815470 2015] [proxy_http:error] [pid 7568:tid 1788] (20014)Internal error: [client 186.82.82.190:54457] AH01102: error reading status line from remote server 172.22.1.47:80, referer: http://190.27.245.106/forest/usutareas.do?_a=0.0555452685803175&group_system_actual=3
[Thu Feb 19 11:51:50.893470 2015] [proxy_http:error] [pid 7568:tid 1788] (20014)Internal error: [client 186.82.82.190:54462] AH01102: error reading status line from remote server 172.22.1.47:80, referer: http://190.27.245.106/forest/usutareas.do?_a=0.0555452685803175&group_system_actual=3
[Thu Feb 19 11:51:50.893470 2015] [proxy:error] [pid 7568:tid 1788] [client 186.82.82.190:54462] AH00898: Error reading from remote server returned by /forest/img/asociarUser.gif, referer: http://190.27.245.106/forest/usutareas.do?_a=0.0555452685803175&group_system_actual=3
[Thu Feb 19 11:52:03.857093 2015] [proxy_http:error] [pid 7568:tid 1676] (20014)Internal error: [client 201.245.192.253:50101] AH01102: error reading status line from remote server 172.22.1.47:80, referer: http://190.27.245.106/forest/usutareas.do?_a=0.6330153588205576&group_system_actual=3
[Thu Feb 19 11:53:47.644075 2015] [proxy_http:error] [pid 7568:tid 1388] (20014)Internal error: [client 201.245.192.253:51460] AH01102: error reading status line from remote server 172.22.1.47:80, referer: http://190.27.245.106/forest/index2.jsp?selected=tab_init&tab=1
[Thu Feb 19 11:53:59.687296 2015] [proxy_http:error] [pid 7568:tid 928] (20014)Internal error: [client 201.245.192.253:51734] AH01102: error reading status line from remote server 172.22.1.47:80
[Thu Feb 19 11:53:59.687296 2015] [proxy:error] [pid 7568:tid 928] [client 201.245.192.253:51734] AH00898: Error reading from remote server returned by /forest/skins/gdocs-jar/js/xml_utilities.js
[Thu Feb 19 11:54:12.494919 2015] [proxy_http:error] [pid 7568:tid 1300] (20014)Internal error: [client 201.245.192.253:51950] AH01102: error reading status line from remote server 172.22.1.47:80, referer: http://190.27.245.106/forest/index2.jsp?selected=tab_init&tab=1
[Thu Feb 19 11:54:12.494919 2015] [proxy:error] [pid 7568:tid 1300] [client 201.245.192.253:51950] AH00898: Error reading from remote server returned by /forest/session.jsp, referer: http://190.27.245.106/forest/index2.jsp?selected=tab_init&tab=1
[Thu Feb 19 11:54:12.494919 2015] [negotiation:error] [pid 7568:tid 1300] [client 201.245.192.253:51950] AH00690: no acceptable variant: E:/nuevo/apache/error/HTTP_BAD_GATEWAY.html.var, referer: http://190.27.245.106/forest/index2.jsp?selected=tab_init&tab=1
[Thu Feb 19 11:55:08.327417 2015] [proxy_http:error] [pid 7568:tid 928] (20014)Internal error: [client 201.245.192.253:52641] AH01102: error reading status line from remote server 172.22.1.47:80, referer: http://190.27.245.106/forest/usutareas.do?group_system_actual=3&a=0.15141835863219955
[Thu Feb 19 11:55:18.186634 2015] [proxy_http:error] [pid 7568:tid 1484] (20014)Internal error: [client 201.245.192.253:52902] AH01102: error reading status line from remote server 172.22.1.47:80
[Thu Feb 19 11:55:18.186634 2015] [proxy:error] [pid 7568:tid 1484] [client 201.245.192.253:52902] AH00898: Error reading from remote server returned by /forest/skins/gdocs-jar/css/autocomplete.css
[Thu Feb 19 11:56:16.078336 2015] [proxy_http:error] [pid 7568:tid 1844] (20014)Internal error: [client 201.245.192.253:53752] AH01102: error reading status line from remote server 172.22.1.47:80, referer: http://190.27.245.106/forest/buscar.do?type=procesos
[Thu Feb 19 11:56:16.078336 2015] [proxy:error] [pid 7568:tid 1844] [client 201.245.192.253:53752] AH00898: Error reading from remote server returned by /forest/json.do, referer: http://190.27.245.106/forest/buscar.do?type=procesos
[Thu Feb 19 11:56:16.078336 2015] [negotiation:error] [pid 7568:tid 1844] [client 201.245.192.253:53752] AH00690: no acceptable variant: E:/nuevo/apache/error/HTTP_BAD_GATEWAY.html.var, referer: http://190.27.245.106/forest/buscar.do?type=procesos
[Thu Feb 19 11:56:16.218736 2015] [proxy_http:error] [pid 7568:tid 1844] (20014)Internal error: [client 201.245.192.253:53752] AH01102: error reading status line from remote server 172.22.1.47:80, referer: http://190.27.245.106/forest/buscar.do?type=procesos
[Thu Feb 19 11:56:16.234336 2015] [proxy_http:error] [pid 7568:tid 1844] (20014)Internal error: [client 201.245.192.253:53758] AH01102: error reading status line from remote server 172.22.1.47:80, referer: http://190.27.245.106/forest/buscar.do?type=procesos
[Thu Feb 19 11:56:16.234336 2015] [proxy:error] [pid 7568:tid 1844] [client 201.245.192.253:53758] AH00898: Error reading from remote server returned by /forest/json.do, referer: http://190.27.245.106/forest/buscar.do?type=procesos
[Thu Feb 19 11:56:16.234336 2015] [negotiation:error] [pid 7568:tid 1844] [client 201.245.192.253:53758] AH00690: no acceptable variant: E:/nuevo/apache/error/HTTP_BAD_GATEWAY.html.var, referer: http://190.27.245.106/forest/buscar.do?type=procesos
[Thu Feb 19 11:58:39.021387 2015] [proxy_http:error] [pid 7568:tid 856] (20014)Internal error: [client 201.245.192.253:55469] AH01102: error reading status line from remote server 172.22.1.47:80, referer: http://190.27.245.106/forest/usutareas.do?_a=0.9112698037390331&group_system_actual=3
[Thu Feb 19 11:58:40.643790 2015] [proxy_http:error] [pid 7568:tid 1780] (20014)Internal error: [client 201.245.192.253:55482] AH01102: error reading status line from remote server 172.22.1.47:80
[Thu Feb 19 11:58:40.643790 2015] [proxy:error] [pid 7568:tid 1780] [client 201.245.192.253:55482] AH00898: Error reading from remote server returned by /forest/img/adduser.gif
[Thu Feb 19 11:59:32.108280 2015] [proxy_http:error] [pid 7568:tid 1844] (20014)Internal error: [client 201.245.192.253:56245] AH01102: error reading status line from remote server 172.22.1.47:80, referer: http://190.27.245.106/forest/usutareas.do?group_system_actual=3&a=0.7405041309544617
[Thu Feb 19 12:00:06.631141 2015] [proxy_http:error] [pid 7568:tid 776] (20014)Internal error: [client 201.245.192.253:56659] AH01102: error reading status line from remote server 172.22.1.47:80
[Thu Feb 19 12:00:06.631141 2015] [proxy:error] [pid 7568:tid 776] [client 201.245.192.253:56659] AH00898: Error reading from remote server returned by /forest/js/jquery/plugins/ui.multiselect.js
[Thu Feb 19 12:00:06.709141 2015] [proxy_http:error] [pid 7568:tid 1008] (20014)Internal error: [client 201.245.192.253:56662] AH01102: error reading status line from remote server 172.22.1.47:80, referer: http://190.27.245.106/forest/suactividades.do?group_system_actual=3
[Thu Feb 19 12:00:06.709141 2015] [proxy:error] [pid 7568:tid 1008] [client 201.245.192.253:56662] AH00898: Error reading from remote server returned by /forest/system/process.jsp, referer: http://190.27.245.106/forest/suactividades.do?group_system_actual=3
[Thu Feb 19 12:02:49.542227 2015] [proxy_http:error] [pid 7568:tid 1636] (OS 10054)An existing connection was forcibly closed by the remote host.  : [client 201.245.192.253:59018] AH01102: error reading status line from remote server 172.22.1.31:80, referer: http://190.27.245.106/isolucionsda/FrameSetGeneral.asp?Pagina1=FrameSetGeneral.asp&
[Thu Feb 19 12:02:49.542227 2015] [proxy:error] [pid 7568:tid 1636] [client 201.245.192.253:59018] AH00898: Error reading from remote server returned by /isolucionsda/MagazinHome.asp, referer: http://190.27.245.106/isolucionsda/FrameSetGeneral.asp?Pagina1=FrameSetGeneral.asp&
[Thu Feb 19 12:02:49.542227 2015] [proxy_http:error] [pid 7568:tid 1748] (OS 10054)An existing connection was forcibly closed by the remote host.  : [client 201.245.192.253:59017] AH01102: error reading status line from remote server 172.22.1.31:80, referer: http://190.27.245.106/isolucionsda/FrameSetGeneral.asp?Pagina1=FrameSetGeneral.asp&
[Thu Feb 19 12:02:49.542227 2015] [proxy:error] [pid 7568:tid 1748] [client 201.245.192.253:59017] AH00898: Error reading from remote server returned by /isolucionsda/BarraTitulos.asp, referer: http://190.27.245.106/isolucionsda/FrameSetGeneral.asp?Pagina1=FrameSetGeneral.asp&
[Thu Feb 19 12:18:27.306674 2015] [proxy_http:error] [pid 7568:tid 1788] (20014)Internal error: [client 201.245.192.253:57964] AH01102: error reading status line from remote server 172.22.1.47:80, referer: http://190.27.245.106/forest/radicacion.do?codMod=11&_a=0.0008443973505786184&group_system_actual=4
[Thu Feb 19 12:18:27.306674 2015] [proxy:error] [pid 7568:tid 1788] [client 201.245.192.253:57964] AH00898: Error reading from remote server returned by /forest/xmlresponse.do, referer: http://190.27.245.106/forest/radicacion.do?codMod=11&_a=0.0008443973505786184&group_system_actual=4
[Thu Feb 19 12:22:17.765879 2015] [proxy_http:error] [pid 7568:tid 1436] (20014)Internal error: [client 201.245.192.253:47501] AH01102: error reading status line from remote server 172.22.1.47:80, referer: http://190.27.245.106/forest/radicacion.do?codMod=11&_a=0.06659081356415253&group_system_actual=4
[Thu Feb 19 12:43:17.639691 2015] [proxy_http:error] [pid 7568:tid 1604] (OS 10054)An existing connection was forcibly closed by the remote host.  : [client 201.245.192.253:59275] AH01102: error reading status line from remote server 172.22.1.31:80, referer: http://190.27.245.106/isolucionsda/FrameSetGeneral.asp?Pagina1=FrameSetGeneral.asp&
[Thu Feb 19 12:43:22.116899 2015] [proxy_http:error] [pid 7568:tid 944] (OS 10054)An existing connection was forcibly closed by the remote host.  : [client 201.245.192.253:59323] AH01102: error reading status line from remote server 172.22.1.31:80, referer: http://190.27.245.106/isolucionsda/FrameSetGeneral.asp?Pagina=Menu.asp&IdModulo=4
[Thu Feb 19 12:43:22.116899 2015] [proxy:error] [pid 7568:tid 944] [client 201.245.192.253:59323] AH00898: Error reading from remote server returned by /isolucionsda/BarraFavoritos.asp, referer: http://190.27.245.106/isolucionsda/FrameSetGeneral.asp?Pagina=Menu.asp&IdModulo=4
[Thu Feb 19 12:47:47.098965 2015] [proxy_http:error] [pid 7568:tid 1700] (OS 10054)An existing connection was forcibly closed by the remote host.  : [client 201.245.192.253:49316] AH01102: error reading status line from remote server 172.22.1.31:80, referer: http://190.27.245.106/isolucionsda/bancoconocimiento/O/OrientacionparalaFormulaciondeInstrumentosdePlaneacion_v6/OrientacionparalaFormulaciondeInstrumentosdePlaneacion_v6.asp?Id_Articulo=5817
[Thu Feb 19 12:47:47.098965 2015] [proxy:error] [pid 7568:tid 1700] [client 201.245.192.253:49316] AH00898: Error reading from remote server returned by /isolucionsda/FrameSetArticulo.asp, referer: http://190.27.245.106/isolucionsda/bancoconocimiento/O/OrientacionparalaFormulaciondeInstrumentosdePlaneacion_v6/OrientacionparalaFormulaciondeInstrumentosdePlaneacion_v6.asp?Id_Articulo=5817
