[Thu Feb 19 12:51:46.403385 2015] [proxy_http:error] [pid 7568:tid 1008] (OS 10054)An existing connection was forcibly closed by the remote host.  : [client 201.245.192.253:51252] AH01102: error reading status line from remote server 172.22.1.31:80
[Thu Feb 19 13:58:48.293249 2015] [proxy_http:error] [pid 7568:tid 1796] (OS 10054)An existing connection was forcibly closed by the remote host.  : [client 201.245.192.253:54355] AH01102: error reading status line from remote server 172.22.1.31:80, referer: http://190.27.245.106/isolucionsda/FrameSetGeneral.asp?Pagina1=FrameSetGeneral.asp&
[Thu Feb 19 13:58:48.293249 2015] [proxy:error] [pid 7568:tid 1796] [client 201.245.192.253:54355] AH00898: Error reading from remote server returned by /isolucionsda/BarraFavoritos.asp, referer: http://190.27.245.106/isolucionsda/FrameSetGeneral.asp?Pagina1=FrameSetGeneral.asp&
[Thu Feb 19 14:01:33.700340 2015] [:error] [pid 7568:tid 1428] [client 37.59.138.117:60113] script 'E:/nuevo/htdocs/wp-login.php' not found or unable to stat
[Thu Feb 19 14:01:34.979542 2015] [:error] [pid 7568:tid 1428] [client 37.59.138.117:60113] script 'E:/nuevo/htdocs/admin.php' not found or unable to stat
[Thu Feb 19 14:02:44.103263 2015] [proxy_http:error] [pid 7568:tid 1428] (OS 10054)An existing connection was forcibly closed by the remote host.  : [client 201.245.192.253:57735] AH01102: error reading status line from remote server 172.22.1.31:80, referer: http://190.27.245.106/isolucionsda/FrameSetGeneral.asp?Pagina1=FrameSetGeneral.asp&
[Thu Feb 19 14:02:44.103263 2015] [proxy:error] [pid 7568:tid 1428] [client 201.245.192.253:57735] AH00898: Error reading from remote server returned by /isolucionsda/BarraTitulos.asp, referer: http://190.27.245.106/isolucionsda/FrameSetGeneral.asp?Pagina1=FrameSetGeneral.asp&
[Thu Feb 19 14:07:05.091722 2015] [proxy_http:error] [pid 7568:tid 888] (OS 10054)An existing connection was forcibly closed by the remote host.  : [client 201.244.55.205:14587] AH01102: error reading status line from remote server 172.22.1.31:80, referer: http://190.27.245.106/isolucionsda/Encabezado.asp?Pagina1=FrameSetGeneral.asp&&Pagina=MagazinHome.asp
[Thu Feb 19 14:07:05.091722 2015] [proxy:error] [pid 7568:tid 888] [client 201.244.55.205:14587] AH00898: Error reading from remote server returned by /isolucionsda/g/Bgr_BarraBotPrins.jpg, referer: http://190.27.245.106/isolucionsda/Encabezado.asp?Pagina1=FrameSetGeneral.asp&&Pagina=MagazinHome.asp
[Thu Feb 19 14:08:08.693033 2015] [proxy_http:error] [pid 7568:tid 728] (20014)Internal error: [client 201.245.192.253:49917] AH01102: error reading status line from remote server 172.22.1.47:80, referer: http://190.27.245.106/forest/usutareas.do?group_system_actual=3&codAct=908&numPro=3007634&codPro=95&fecTra=2015-02-02%2016:46:41.491&codInst=3044595&codTraEsc=17415145
[Thu Feb 19 14:21:51.844079 2015] [proxy_http:error] [pid 7568:tid 1076] (OS 10054)An existing connection was forcibly closed by the remote host.  : [client 201.245.192.253:50088] AH01102: error reading status line from remote server 172.22.1.31:80
[Thu Feb 19 14:22:54.743390 2015] [proxy_http:error] [pid 7568:tid 1444] (20014)Internal error: [client 201.245.192.253:51073] AH01102: error reading status line from remote server 172.22.1.47:80
[Thu Feb 19 14:22:54.743390 2015] [proxy:error] [pid 7568:tid 1444] [client 201.245.192.253:51073] AH00898: Error reading from remote server returned by /forest/skins/gdocs-jar/js/grid.js
[Thu Feb 19 14:32:29.744800 2015] [proxy_http:error] [pid 7568:tid 712] (20014)Internal error: [client 201.245.192.253:58784] AH01102: error reading status line from remote server 172.22.1.47:80, referer: http://190.27.245.106/forest/index2.jsp?group_system_actual=5&a=0.9213254847563803
[Thu Feb 19 14:35:45.103943 2015] [proxy_http:error] [pid 7568:tid 1284] (20014)Internal error: [client 201.245.192.253:49074] AH01102: error reading status line from remote server 172.22.1.47:80, referer: http://190.27.245.106/forest/radicacion.do?codMod=11&_a=0.7914035006207648&group_system_actual=4
[Thu Feb 19 14:45:35.689780 2015] [proxy_http:error] [pid 7568:tid 944] (20014)Internal error: [client 190.24.80.69:14112] AH01102: error reading status line from remote server 172.22.1.47:80, referer: http://190.27.245.106/forest/usutareas.do?group_system_actual=3&a=0.8416751036420465
[Thu Feb 19 14:53:13.597384 2015] [proxy:error] [pid 7568:tid 1160] (OS 10061)No connection could be made because the target machine actively refused it.  : AH00957: HTTP: attempt to connect to 172.22.1.36:8080 (172.22.1.36) failed
[Thu Feb 19 14:53:13.597384 2015] [proxy:error] [pid 7568:tid 1160] AH00959: ap_proxy_connect_backend disabling worker for (172.22.1.36) for 60s
[Thu Feb 19 14:53:13.597384 2015] [proxy_http:error] [pid 7568:tid 1160] [client 201.245.192.253:51481] AH01114: HTTP: failed to make connection to backend: 172.22.1.36
[Thu Feb 19 15:07:09.072452 2015] [proxy_http:error] [pid 7568:tid 1860] (20014)Internal error: [client 190.252.233.115:58252] AH01102: error reading status line from remote server 172.22.1.47:80, referer: http://190.27.245.106/forest/
[Thu Feb 19 15:08:54.591037 2015] [proxy_http:error] [pid 7568:tid 1604] (20014)Internal error: [client 181.50.92.73:57655] AH01102: error reading status line from remote server 172.22.1.47:80, referer: http://190.27.245.106/forest/usutareas.do?group_system_actual=3&codTraEsc=17490842&_a=0.23379453797040795
[Thu Feb 19 15:08:54.591037 2015] [proxy:error] [pid 7568:tid 1604] [client 181.50.92.73:57655] AH00898: Error reading from remote server returned by /forest/skins/gdocs-jar/img/expandido.gif, referer: http://190.27.245.106/forest/usutareas.do?group_system_actual=3&codTraEsc=17490842&_a=0.23379453797040795
[Thu Feb 19 15:09:32.062303 2015] [proxy_http:error] [pid 7568:tid 968] (20014)Internal error: [client 181.50.92.73:57668] AH01102: error reading status line from remote server 172.22.1.47:80, referer: http://190.27.245.106/forest/usutareas.do?group_system_actual=3&a=0.20560634648427367
[Thu Feb 19 15:09:32.155903 2015] [proxy_http:error] [pid 7568:tid 968] (20014)Internal error: [client 181.50.92.73:57674] AH01102: error reading status line from remote server 172.22.1.47:80, referer: http://190.27.245.106/forest/skins/gdocs-jar/popup/showformtocrudtwo.jsp?codForm=solicitar_correccion&numPro=3020995&codInst=3058990&codTraEsc=17490842&schema=&table=&column=
[Thu Feb 19 15:10:16.896782 2015] [proxy_http:error] [pid 7568:tid 1180] (20014)Internal error: [client 181.50.92.73:57692] AH01102: error reading status line from remote server 172.22.1.47:80, referer: http://190.27.245.106/forest/js/jquery/css/jquery-ui-1.8.1.custom.css
[Thu Feb 19 15:11:15.147284 2015] [proxy_http:error] [pid 7568:tid 1468] (20014)Internal error: [client 201.245.192.253:54087] AH01102: error reading status line from remote server 172.22.1.47:80, referer: http://190.27.245.106/forest/radicacion.do?codMod=11&_a=0.7914035006207648&group_system_actual=4
[Thu Feb 19 15:12:41.836636 2015] [proxy_http:error] [pid 7568:tid 1508] (20014)Internal error: [client 181.50.92.73:57736] AH01102: error reading status line from remote server 172.22.1.47:80, referer: http://190.27.245.106/forest/usutareas.do?_a=0.6640094458125532&group_system_actual=3
[Thu Feb 19 15:13:01.539471 2015] [proxy_http:error] [pid 7568:tid 1140] (20014)Internal error: [client 181.50.92.73:57741] AH01102: error reading status line from remote server 172.22.1.47:80, referer: http://190.27.245.106/forest/usutareas.do?group_system_actual=3&a=0.5065272101201117
[Thu Feb 19 15:13:38.573936 2015] [proxy_http:error] [pid 7568:tid 1468] (20014)Internal error: [client 201.245.192.253:56593] AH01102: error reading status line from remote server 172.22.1.47:80
[Thu Feb 19 15:13:38.573936 2015] [proxy:error] [pid 7568:tid 1468] [client 201.245.192.253:56593] AH00898: Error reading from remote server returned by /forest/skins/gdocs-jar/img/minus.png
[Thu Feb 19 15:14:31.660829 2015] [proxy_http:error] [pid 7568:tid 1428] (20014)Internal error: [client 201.245.192.253:57237] AH01102: error reading status line from remote server 172.22.1.47:80
[Thu Feb 19 15:14:31.660829 2015] [proxy:error] [pid 7568:tid 1428] [client 201.245.192.253:57237] AH00898: Error reading from remote server returned by /forest/skins/gdocs-jar/js/tareas.js
[Thu Feb 19 15:14:34.656034 2015] [proxy_http:error] [pid 7568:tid 1380] (20014)Internal error: [client 201.245.192.253:57280] AH01102: error reading status line from remote server 172.22.1.47:80
[Thu Feb 19 15:14:34.656034 2015] [proxy:error] [pid 7568:tid 1380] [client 201.245.192.253:57280] AH00898: Error reading from remote server returned by /forest/js/jquery/i18n/grid.locale-en.js
[Thu Feb 19 15:19:48.684586 2015] [proxy_http:error] [pid 7568:tid 1796] (OS 10054)An existing connection was forcibly closed by the remote host.  : [client 186.30.90.93:19136] AH01102: error reading status line from remote server 172.22.1.31:80, referer: http://190.27.245.106/isolucionsda/Encabezado.asp?Pagina=ListadoMaestroDocumentos3.asp
[Thu Feb 19 15:19:48.684586 2015] [proxy:error] [pid 7568:tid 1796] [client 186.30.90.93:19136] AH00898: Error reading from remote server returned by /isolucionsda/g/Bot_ManualOver_ESP.jpg, referer: http://190.27.245.106/isolucionsda/Encabezado.asp?Pagina=ListadoMaestroDocumentos3.asp
[Thu Feb 19 15:25:23.227174 2015] [proxy_http:error] [pid 7568:tid 728] (20014)Internal error: [client 190.252.233.115:60872] AH01102: error reading status line from remote server 172.22.1.47:80, referer: http://190.27.245.106/forest/usudocumentos.do?_a=0.7023412338458002&group_system_actual=3
[Thu Feb 19 15:31:23.275806 2015] [proxy_http:error] [pid 7568:tid 1788] (20014)Internal error: [client 201.245.192.253:27356] AH01102: error reading status line from remote server 172.22.1.47:80, referer: http://190.27.245.106/forest/usutareas.do?group_system_actual=3&a=0.9421751294285059
[Thu Feb 19 15:42:55.620622 2015] [proxy_http:error] [pid 7568:tid 712] (OS 10054)An existing connection was forcibly closed by the remote host.  : [client 190.25.133.164:51025] AH01102: error reading status line from remote server 172.22.1.31:80, referer: http://190.27.245.106/isolucionsda/Encabezado.asp?Pagina1=FrameSetGeneral.asp&&Pagina=MagazinHome.asp
[Thu Feb 19 15:42:55.620622 2015] [proxy:error] [pid 7568:tid 712] [client 190.25.133.164:51025] AH00898: Error reading from remote server returned by /isolucionsda/g/Bot_Administrador.jpg, referer: http://190.27.245.106/isolucionsda/Encabezado.asp?Pagina1=FrameSetGeneral.asp&&Pagina=MagazinHome.asp
[Thu Feb 19 15:45:25.677286 2015] [proxy_http:error] [pid 7568:tid 1796] (20014)Internal error: [client 201.245.192.253:31641] AH01102: error reading status line from remote server 172.22.1.47:80, referer: http://190.27.245.106/forest/radicacion.do?codMod=11&_a=0.5638871663369213&group_system_actual=4
[Thu Feb 19 15:45:25.802086 2015] [proxy_http:error] [pid 7568:tid 912] (20014)Internal error: [client 201.245.192.253:31645] AH01102: error reading status line from remote server 172.22.1.47:80, referer: http://190.27.245.106/forest/index2.jsp?group_system_actual=5&a=0.1932931060437113
[Thu Feb 19 15:47:54.688747 2015] [proxy_http:error] [pid 7568:tid 1700] (20014)Internal error: [client 186.82.245.177:45705] AH01102: error reading status line from remote server 172.22.1.47:80, referer: http://190.27.245.106/forest/index2.jsp?a=0.19255685234064068
[Thu Feb 19 15:49:23.796104 2015] [proxy_http:error] [pid 7568:tid 1268] (20014)Internal error: [client 201.245.192.253:33045] AH01102: error reading status line from remote server 172.22.1.47:80, referer: http://190.27.245.106/forest/suactividades.do?_a=0.3608239462147952&group_system_actual=3
[Thu Feb 19 15:49:23.874104 2015] [proxy_http:error] [pid 7568:tid 720] (20014)Internal error: [client 201.245.192.253:33048] AH01102: error reading status line from remote server 172.22.1.47:80, referer: http://190.27.245.106/forest/suactividades.do?_a=0.3608239462147952&group_system_actual=3
[Thu Feb 19 15:49:23.874104 2015] [proxy:error] [pid 7568:tid 720] [client 201.245.192.253:33048] AH00898: Error reading from remote server returned by /forest/buscar.do, referer: http://190.27.245.106/forest/suactividades.do?_a=0.3608239462147952&group_system_actual=3
[Thu Feb 19 16:09:54.170265 2015] [proxy_http:error] [pid 7568:tid 1300] (20014)Internal error: [client 201.245.192.253:27781] AH01102: error reading status line from remote server 172.22.1.47:80
[Thu Feb 19 16:09:54.170265 2015] [proxy:error] [pid 7568:tid 1300] [client 201.245.192.253:27781] AH00898: Error reading from remote server returned by /forestReports/webcontent/birt/ajax/ui/app/AbstractBaseToc.js
[Thu Feb 19 16:09:54.419865 2015] [proxy_http:error] [pid 7568:tid 1172] (20014)Internal error: [client 201.245.192.253:27792] AH01102: error reading status line from remote server 172.22.1.47:80
[Thu Feb 19 16:09:54.419865 2015] [proxy:error] [pid 7568:tid 1172] [client 201.245.192.253:27792] AH00898: Error reading from remote server returned by /forestReports/webcontent/birt/ajax/ui/dialog/BirtExportReportDialog.js
[Thu Feb 19 16:13:12.914614 2015] [proxy_http:error] [pid 7568:tid 968] (OS 10054)An existing connection was forcibly closed by the remote host.  : [client 201.245.192.253:28946] AH01102: error reading status line from remote server 172.22.1.31:80
[Thu Feb 19 16:13:12.914614 2015] [proxy:error] [pid 7568:tid 968] [client 201.245.192.253:28946] AH00898: Error reading from remote server returned by /isolucionsda/g/Bot_Indicadores_ESP.jpg
[Thu Feb 19 16:18:31.045973 2015] [mpm_winnt:warn] [pid 7568:tid 2668] (OS 64)The specified network name is no longer available.  : AH00341: winnt_accept: Asynchronous AcceptEx failed.
[Thu Feb 19 16:40:21.775875 2015] [proxy_http:error] [pid 7568:tid 1300] (20014)Internal error: [client 201.245.192.253:57442] AH01102: error reading status line from remote server 172.22.1.47:80
[Thu Feb 19 16:40:21.775875 2015] [proxy:error] [pid 7568:tid 1300] [client 201.245.192.253:57442] AH00898: Error reading from remote server returned by /forest/skins/gdocs-jar/js/formsBase.js
[Thu Feb 19 16:40:26.705484 2015] [proxy_http:error] [pid 7568:tid 944] (20014)Internal error: [client 201.245.192.253:57438] AH01102: error reading status line from remote server 172.22.1.47:80, referer: http://190.27.245.106/forest/skins/gdocs-jar/popup/FileViewer.jsp?codDoc=1599247&ext=pdf&codfile=-1&iscodfile=false&nombre=2013ER010519.pdf
[Thu Feb 19 16:44:01.595861 2015] [proxy_http:error] [pid 7568:tid 944] (20014)Internal error: [client 201.245.192.253:59405] AH01102: error reading status line from remote server 172.22.1.47:80, referer: http://190.27.245.106/forest/usutareas.do?codTraEsc=17515638
[Thu Feb 19 16:44:01.627061 2015] [proxy_http:error] [pid 7568:tid 760] (20014)Internal error: [client 201.245.192.253:59408] AH01102: error reading status line from remote server 172.22.1.47:80
[Thu Feb 19 16:44:01.627061 2015] [proxy:error] [pid 7568:tid 760] [client 201.245.192.253:59408] AH00898: Error reading from remote server returned by /forest/skins/gdocs-jar/img/pencil.png
[Thu Feb 19 16:45:22.762804 2015] [proxy_http:error] [pid 7568:tid 1508] (20014)Internal error: [client 201.245.192.253:47737] AH01102: error reading status line from remote server 172.22.1.47:80, referer: http://190.27.245.106/forest/index2.jsp?a=0.6351547920889357
[Thu Feb 19 16:45:31.530019 2015] [proxy_http:error] [pid 7568:tid 1588] (20014)Internal error: [client 201.245.192.253:47828] AH01102: error reading status line from remote server 172.22.1.47:80
[Thu Feb 19 16:45:31.530019 2015] [proxy:error] [pid 7568:tid 1588] [client 201.245.192.253:47828] AH00898: Error reading from remote server returned by /forest/skins/gdocs-jar/css/forms.css
[Thu Feb 19 16:47:45.128654 2015] [proxy_http:error] [pid 7568:tid 1540] (20014)Internal error: [client 190.158.102.179:57835] AH01102: error reading status line from remote server 172.22.1.47:80, referer: http://190.27.245.106/forest/login.do
[Thu Feb 19 16:48:02.210684 2015] [proxy_http:error] [pid 7568:tid 888] (20014)Internal error: [client 201.245.192.253:49847] AH01102: error reading status line from remote server 172.22.1.47:80, referer: http://190.27.245.106/forest/usutareas.do?_a=0.2888776365325866&group_system_actual=3
[Thu Feb 19 16:48:02.382284 2015] [proxy_http:error] [pid 7568:tid 888] (20014)Internal error: [client 201.245.192.253:49888] AH01102: error reading status line from remote server 172.22.1.47:80, referer: http://190.27.245.106/forest/usutareas.do?_a=0.2888776365325866&group_system_actual=3
[Thu Feb 19 16:48:02.382284 2015] [proxy:error] [pid 7568:tid 888] [client 201.245.192.253:49888] AH00898: Error reading from remote server returned by /forest/json.do, referer: http://190.27.245.106/forest/usutareas.do?_a=0.2888776365325866&group_system_actual=3
[Thu Feb 19 16:48:02.382284 2015] [negotiation:error] [pid 7568:tid 888] [client 201.245.192.253:49888] AH00690: no acceptable variant: E:/nuevo/apache/error/HTTP_BAD_GATEWAY.html.var, referer: http://190.27.245.106/forest/usutareas.do?_a=0.2888776365325866&group_system_actual=3
[Thu Feb 19 16:48:02.413484 2015] [proxy_http:error] [pid 7568:tid 1172] (20014)Internal error: [client 201.245.192.253:49889] AH01102: error reading status line from remote server 172.22.1.47:80, referer: http://190.27.245.106/forest/usutareas.do?_a=0.2888776365325866&group_system_actual=3
[Thu Feb 19 16:48:02.460284 2015] [proxy_http:error] [pid 7568:tid 888] (20014)Internal error: [client 201.245.192.253:49888] AH01102: error reading status line from remote server 172.22.1.47:80, referer: http://190.27.245.106/forest/usutareas.do?_a=0.2888776365325866&group_system_actual=3
[Thu Feb 19 16:49:32.815643 2015] [proxy_http:error] [pid 7568:tid 1748] (20014)Internal error: [client 201.245.192.253:51013] AH01102: error reading status line from remote server 172.22.1.47:80, referer: http://190.27.245.106/forest/buscar.do
[Thu Feb 19 16:49:33.174443 2015] [proxy_http:error] [pid 7568:tid 928] (20014)Internal error: [client 201.245.192.253:51024] AH01102: error reading status line from remote server 172.22.1.47:80
[Thu Feb 19 16:49:33.174443 2015] [proxy:error] [pid 7568:tid 928] [client 201.245.192.253:51024] AH00898: Error reading from remote server returned by /forest/js/socketConnection.js
[Thu Feb 19 16:49:41.926059 2015] [proxy_http:error] [pid 7568:tid 1508] (20014)Internal error: [client 201.245.192.253:51111] AH01102: error reading status line from remote server 172.22.1.47:80, referer: http://190.27.245.106/forest/usutareas.do?group_system_actual=3&a=0.16383052145491195
[Thu Feb 19 16:49:41.941659 2015] [proxy_http:error] [pid 7568:tid 1508] (20014)Internal error: [client 201.245.192.253:51120] AH01102: error reading status line from remote server 172.22.1.47:80, referer: http://190.27.245.106/forest/usutareas.do?group_system_actual=3&a=0.16383052145491195
[Thu Feb 19 16:49:41.941659 2015] [proxy:error] [pid 7568:tid 1508] [client 201.245.192.253:51120] AH00898: Error reading from remote server returned by /forest/actions/forms.getList, referer: http://190.27.245.106/forest/usutareas.do?group_system_actual=3&a=0.16383052145491195
[Thu Feb 19 16:49:41.941659 2015] [negotiation:error] [pid 7568:tid 1508] [client 201.245.192.253:51120] AH00690: no acceptable variant: E:/nuevo/apache/error/HTTP_BAD_GATEWAY.html.var, referer: http://190.27.245.106/forest/usutareas.do?group_system_actual=3&a=0.16383052145491195
[Thu Feb 19 16:49:43.704462 2015] [proxy_http:error] [pid 7568:tid 1540] (20014)Internal error: [client 201.245.192.253:51140] AH01102: error reading status line from remote server 172.22.1.47:80
[Thu Feb 19 16:49:43.704462 2015] [proxy:error] [pid 7568:tid 1540] [client 201.245.192.253:51140] AH00898: Error reading from remote server returned by /forest/1ibre/protoaculous.js
[Thu Feb 19 16:50:50.254179 2015] [proxy_http:error] [pid 7568:tid 1708] (20014)Internal error: [client 190.158.102.179:57996] AH01102: error reading status line from remote server 172.22.1.47:80, referer: http://190.27.245.106/forest/buscar.do?type=procesos
[Thu Feb 19 16:50:50.285379 2015] [proxy_http:error] [pid 7568:tid 1076] (20014)Internal error: [client 190.158.102.179:58000] AH01102: error reading status line from remote server 172.22.1.47:80, referer: http://190.27.245.106/forest/buscar.do?type=procesos
[Thu Feb 19 16:50:50.285379 2015] [proxy:error] [pid 7568:tid 1076] [client 190.158.102.179:58000] AH00898: Error reading from remote server returned by /forest/json.do, referer: http://190.27.245.106/forest/buscar.do?type=procesos
[Thu Feb 19 16:50:50.285379 2015] [negotiation:error] [pid 7568:tid 1076] [client 190.158.102.179:58000] AH00690: no acceptable variant: E:/nuevo/apache/error/HTTP_BAD_GATEWAY.html.var, referer: http://190.27.245.106/forest/buscar.do?type=procesos
[Thu Feb 19 16:51:04.668604 2015] [proxy_http:error] [pid 7568:tid 1732] (20014)Internal error: [client 201.245.192.253:52461] AH01102: error reading status line from remote server 172.22.1.47:80, referer: http://190.27.245.106/forest/radicacion.do?codMod=80&_a=0.5543847958831519&group_system_actual=4
[Thu Feb 19 16:51:04.668604 2015] [proxy:error] [pid 7568:tid 1732] [client 201.245.192.253:52461] AH00898: Error reading from remote server returned by /forest/radicacion.do, referer: http://190.27.245.106/forest/radicacion.do?codMod=80&_a=0.5543847958831519&group_system_actual=4
[Thu Feb 19 17:01:28.997301 2015] [proxy_http:error] [pid 7568:tid 1388] (20014)Internal error: [client 201.245.192.253:28637] AH01102: error reading status line from remote server 172.22.1.47:80
[Thu Feb 19 17:01:28.997301 2015] [proxy:error] [pid 7568:tid 1388] [client 201.245.192.253:28637] AH00898: Error reading from remote server returned by /forest/js/autocompletar2.js
[Thu Feb 19 17:01:33.022108 2015] [proxy_http:error] [pid 7568:tid 1708] (20014)Internal error: [client 201.245.192.253:28664] AH01102: error reading status line from remote server 172.22.1.47:80, referer: http://190.27.245.106/forest/buscar.do
[Thu Feb 19 17:01:33.022108 2015] [proxy:error] [pid 7568:tid 1708] [client 201.245.192.253:28664] AH00898: Error reading from remote server returned by /forest/js/autocompletar2.js, referer: http://190.27.245.106/forest/buscar.do
[Thu Feb 19 17:01:37.171715 2015] [proxy_http:error] [pid 7568:tid 1092] (20014)Internal error: [client 201.245.192.253:28670] AH01102: error reading status line from remote server 172.22.1.47:80, referer: http://190.27.245.106/forest/buscar.do
[Thu Feb 19 17:02:48.089440 2015] [proxy_http:error] [pid 7568:tid 768] (20014)Internal error: [client 201.245.192.253:28961] AH01102: error reading status line from remote server 172.22.1.47:80, referer: http://190.27.245.106/forest/usutareas.do?_a=0.665579950699215&group_system_actual=3
[Thu Feb 19 17:02:48.089440 2015] [proxy:error] [pid 7568:tid 768] [client 201.245.192.253:28961] AH00898: Error reading from remote server returned by /forest/actions/forms.getList, referer: http://190.27.245.106/forest/usutareas.do?_a=0.665579950699215&group_system_actual=3
[Thu Feb 19 17:02:48.089440 2015] [negotiation:error] [pid 7568:tid 768] [client 201.245.192.253:28961] AH00690: no acceptable variant: E:/nuevo/apache/error/HTTP_BAD_GATEWAY.html.var, referer: http://190.27.245.106/forest/usutareas.do?_a=0.665579950699215&group_system_actual=3
[Thu Feb 19 17:03:39.273129 2015] [proxy_http:error] [pid 7568:tid 720] (20014)Internal error: [client 201.245.192.253:29117] AH01102: error reading status line from remote server 172.22.1.47:80, referer: http://190.27.245.106/forest/usutareas.do?_a=0.40716948779299855&group_system_actual=3
[Thu Feb 19 17:14:04.319427 2015] [mpm_winnt:warn] [pid 7568:tid 2668] (OS 64)The specified network name is no longer available.  : AH00341: winnt_accept: Asynchronous AcceptEx failed.
[Thu Feb 19 18:02:55.626976 2015] [proxy_http:error] [pid 7568:tid 768] (OS 10054)An existing connection was forcibly closed by the remote host.  : [client 201.245.192.253:39545] AH01102: error reading status line from remote server 172.22.1.31:80, referer: http://190.27.245.106/isolucionsda/FrameSetGeneral.asp?Pagina1=FrameSetGeneral.asp&
[Thu Feb 19 18:02:55.626976 2015] [proxy:error] [pid 7568:tid 768] [client 201.245.192.253:39545] AH00898: Error reading from remote server returned by /isolucionsda/BarraTitulos.asp, referer: http://190.27.245.106/isolucionsda/FrameSetGeneral.asp?Pagina1=FrameSetGeneral.asp&
[Thu Feb 19 19:13:40.269631 2015] [proxy_http:error] [pid 7568:tid 1700] (70008)Partial results are valid but processing is incomplete: [client 201.184.129.33:14201] AH01110: error reading response, referer: http://190.27.245.106/forest/system/process.jsp?numPro=2775798
[Thu Feb 19 20:33:05.095200 2015] [proxy_http:error] [pid 7568:tid 1116] (OS 10060)A connection attempt failed because the connected party did not properly respond after a period of time, or established connection failed because connected host has failed to respond.  : [client 181.55.230.68:49944] AH01095: prefetch request body failed to 172.22.1.47:80 (172.22.1.47) from 181.55.230.68 (), referer: http://190.27.245.106/forest/usutareas.do?group_system_actual=3&codTraEsc=17537161&_a=0.7793592534929532
[Thu Feb 19 20:48:48.179257 2015] [core:error] [pid 7568:tid 1148] (20024)The given path is misformatted or contained invalid characters: [client 144.76.156.212:40676] AH00127: Cannot map GET /galeria/carrusel/Carrusel/jquery-ui-%0A%0A1.8.13.custom.min.js HTTP/1.1 to file, referer: http://www.ambientebogota.gov.co/
[Thu Feb 19 20:51:06.161499 2015] [:error] [pid 7568:tid 872] [client 121.6.31.182:35347] script 'E:/nuevo/htdocs/xmlrpc.php' not found or unable to stat
[Thu Feb 19 20:54:23.501846 2015] [core:error] [pid 7568:tid 928] (22)Invalid argument: [client 202.46.55.109:6897] AH00127: Cannot map GET /Autoliquidacion/TR%C1MITES%20ACEITES-RESIDUOS-ESTACIONES/Aplicativo%20Eval%202015.htm HTTP/1.1 to file
[Thu Feb 19 21:32:15.848637 2015] [mpm_winnt:warn] [pid 7568:tid 2668] (OS 64)The specified network name is no longer available.  : AH00341: winnt_accept: Asynchronous AcceptEx failed.
[Thu Feb 19 21:43:29.317420 2015] [core:error] [pid 7568:tid 1316] (22)Invalid argument: [client 202.46.56.162:3626] AH00127: Cannot map GET /Autoliquidacion/TR%C1MITES%20AGUAS%20SUBTERR%C1NEAS/126PM04-PR92-%20PERMISO%20EXPLORACI%D3N%20AGUAS%20SUBTERRANEAS/-PR92-F-A2-V1.0(1)-lista%20de%20chequeo.xls HTTP/1.1 to file

:: Command execute ::

Enter:
 
Select:
 

:: Search ::
regexp 

:: Upload ::
 
[ ok ]

:: Make Dir ::
 
[ ok ]
:: Make File ::
 
[ ok ]

:: Go Dir ::
 
:: Go File ::
 

--[ c99shell v. 1.0 pre-release build #13 powered by Captain Crunch Security Team | http://ccteam.ru | Generation time: 0.0624 ]--