[Mon Feb 23 11:50:58.410549 2015] [proxy:error] [pid 7568:tid 768] [client 201.245.192.253:26172] AH00898: Error reading from remote server returned by /forest/js/load_func.js
[Mon Feb 23 11:50:59.018950 2015] [proxy_http:error] [pid 7568:tid 1008] (20014)Internal error: [client 201.245.192.253:26180] AH01102: error reading status line from remote server 172.22.1.47:80, referer: http://190.27.245.106/forest/usutareas.do?_a=0.6292905353475362&group_system_actual=3
[Mon Feb 23 11:52:55.972356 2015] [proxy_http:error] [pid 7568:tid 1268] (20014)Internal error: [client 201.245.192.253:27495] AH01102: error reading status line from remote server 172.22.1.47:80, referer: http://190.27.245.106/forest/buscar.do?type=procesos
[Mon Feb 23 11:52:56.362356 2015] [proxy_http:error] [pid 7568:tid 1268] (20014)Internal error: [client 201.245.192.253:27515] AH01102: error reading status line from remote server 172.22.1.47:80, referer: http://190.27.245.106/forest/index2.jsp?a=0.7842667989760033
[Mon Feb 23 11:52:56.362356 2015] [proxy:error] [pid 7568:tid 1268] [client 201.245.192.253:27515] AH00898: Error reading from remote server returned by /forest/session.jsp, referer: http://190.27.245.106/forest/index2.jsp?a=0.7842667989760033
[Mon Feb 23 11:52:56.362356 2015] [negotiation:error] [pid 7568:tid 1268] [client 201.245.192.253:27515] AH00690: no acceptable variant: E:/nuevo/apache/error/HTTP_BAD_GATEWAY.html.var, referer: http://190.27.245.106/forest/index2.jsp?a=0.7842667989760033
[Mon Feb 23 11:52:58.374760 2015] [proxy_http:error] [pid 7568:tid 1268] (20014)Internal error: [client 201.245.192.253:27515] AH01102: error reading status line from remote server 172.22.1.47:80, referer: http://190.27.245.106/forest/usutareas.do?group_system_actual=3&codAct=1505&numPro=2877277&codPro=136&fecTra=2015-02-17%2016:28:58.0&codInst=3062928&codTraEsc=17523164
[Mon Feb 23 11:53:03.179568 2015] [proxy_http:error] [pid 7568:tid 1300] (20014)Internal error: [client 201.245.192.253:27560] AH01102: error reading status line from remote server 172.22.1.47:80
[Mon Feb 23 11:53:03.179568 2015] [proxy:error] [pid 7568:tid 1300] [client 201.245.192.253:27560] AH00898: Error reading from remote server returned by /forest/skins/gdocs-jar/js/graphicForm.js
[Mon Feb 23 11:53:12.243184 2015] [proxy_http:error] [pid 7568:tid 912] (20014)Internal error: [client 201.245.192.253:27695] AH01102: error reading status line from remote server 172.22.1.47:80
[Mon Feb 23 11:53:12.243184 2015] [proxy:error] [pid 7568:tid 912] [client 201.245.192.253:27695] AH00898: Error reading from remote server returned by /forest/js/jqGridConf.js
[Mon Feb 23 11:55:17.932605 2015] [proxy_http:error] [pid 7568:tid 1732] (20014)Internal error: [client 201.245.192.253:28920] AH01102: error reading status line from remote server 172.22.1.47:80, referer: http://190.27.245.106/forest/usutareas.do?codTraEsc=17561780
[Mon Feb 23 11:55:17.932605 2015] [proxy:error] [pid 7568:tid 1732] [client 201.245.192.253:28920] AH00898: Error reading from remote server returned by /forest/session.jsp, referer: http://190.27.245.106/forest/usutareas.do?codTraEsc=17561780
[Mon Feb 23 11:55:17.932605 2015] [negotiation:error] [pid 7568:tid 1732] [client 201.245.192.253:28920] AH00690: no acceptable variant: E:/nuevo/apache/error/HTTP_BAD_GATEWAY.html.var, referer: http://190.27.245.106/forest/usutareas.do?codTraEsc=17561780
[Mon Feb 23 11:55:17.995005 2015] [proxy_http:error] [pid 7568:tid 1652] (20014)Internal error: [client 201.245.192.253:28922] AH01102: error reading status line from remote server 172.22.1.47:80
[Mon Feb 23 11:55:17.995005 2015] [proxy:error] [pid 7568:tid 1652] [client 201.245.192.253:28922] AH00898: Error reading from remote server returned by /forest/1ibre/jscalendar/img.gif
[Mon Feb 23 11:56:11.955500 2015] [proxy_http:error] [pid 7568:tid 1132] (20014)Internal error: [client 186.154.216.114:49808] AH01102: error reading status line from remote server 172.22.1.47:80, referer: http://190.27.245.106/webfile/actividad.jsp?codTraEsc=17521500&codInst=3062682&numPro=3024556&codForm=ESCOMBROS_ActualizacionProyecto
[Mon Feb 23 11:56:41.096351 2015] [proxy_http:error] [pid 7568:tid 1160] (20014)Internal error: [client 201.245.192.253:29552] AH01102: error reading status line from remote server 172.22.1.47:80, referer: http://190.27.245.106/forest/buscar.do?type=procesos
[Mon Feb 23 11:59:33.024253 2015] [proxy_http:error] [pid 7568:tid 1588] (20014)Internal error: [client 201.245.192.253:30856] AH01102: error reading status line from remote server 172.22.1.47:80, referer: http://190.27.245.106/forest/usutareas.do?group_system_actual=3&codAct=919&numPro=3027979&codPro=95&fecTra=2015-02-23%2011:46:39.0&codInst=3066189&codTraEsc=17567681
[Mon Feb 23 12:01:31.007260 2015] [proxy_http:error] [pid 7568:tid 1228] (20014)Internal error: [client 201.245.192.253:31584] AH01102: error reading status line from remote server 172.22.1.47:80, referer: http://190.27.245.106/forest/index2.jsp?a=0.8833174238088571
[Mon Feb 23 12:01:31.007260 2015] [proxy:error] [pid 7568:tid 1228] [client 201.245.192.253:31584] AH00898: Error reading from remote server returned by /forest/buscar.do, referer: http://190.27.245.106/forest/index2.jsp?a=0.8833174238088571
[Mon Feb 23 12:01:31.225661 2015] [proxy_http:error] [pid 7568:tid 1228] (20014)Internal error: [client 201.245.192.253:31587] AH01102: error reading status line from remote server 172.22.1.47:80, referer: http://190.27.245.106/forest/buscar.do?type=procesos
[Mon Feb 23 12:01:31.225661 2015] [proxy:error] [pid 7568:tid 1228] [client 201.245.192.253:31587] AH00898: Error reading from remote server returned by /forest/json.do, referer: http://190.27.245.106/forest/buscar.do?type=procesos
[Mon Feb 23 12:01:31.225661 2015] [negotiation:error] [pid 7568:tid 1228] [client 201.245.192.253:31587] AH00690: no acceptable variant: E:/nuevo/apache/error/HTTP_BAD_GATEWAY.html.var, referer: http://190.27.245.106/forest/buscar.do?type=procesos
[Mon Feb 23 12:01:31.256861 2015] [proxy_http:error] [pid 7568:tid 784] (20014)Internal error: [client 201.245.192.253:31579] AH01102: error reading status line from remote server 172.22.1.47:80, referer: http://190.27.245.106/forest/buscar.do?type=procesos
[Mon Feb 23 12:02:03.439717 2015] [proxy_http:error] [pid 7568:tid 1828] (20014)Internal error: [client 201.245.192.253:31749] AH01102: error reading status line from remote server 172.22.1.47:80, referer: http://190.27.245.106/forest/usutareas.do?group_system_actual=3&a=0.4389710614923388
[Mon Feb 23 12:02:03.938918 2015] [proxy_http:error] [pid 7568:tid 1828] (20014)Internal error: [client 201.245.192.253:31796] AH01102: error reading status line from remote server 172.22.1.47:80
[Mon Feb 23 12:02:03.938918 2015] [proxy:error] [pid 7568:tid 1828] [client 201.245.192.253:31796] AH00898: Error reading from remote server returned by /forest/css/dialog.css
[Mon Feb 23 12:03:06.822629 2015] [proxy_http:error] [pid 7568:tid 768] (20014)Internal error: [client 201.245.192.253:32103] AH01102: error reading status line from remote server 172.22.1.47:80, referer: http://190.27.245.106/forest/index2.jsp?_a=0.3302764354501402
[Mon Feb 23 12:05:43.712104 2015] [proxy_http:error] [pid 7568:tid 1732] (20014)Internal error: [client 201.245.192.253:33221] AH01102: error reading status line from remote server 172.22.1.47:80, referer: http://190.27.245.106/forest/index2.jsp?a=0.8833174238088571
[Mon Feb 23 12:08:20.414379 2015] [proxy_http:error] [pid 7568:tid 1828] (20014)Internal error: [client 201.245.192.253:34555] AH01102: error reading status line from remote server 172.22.1.47:80, referer: http://190.27.245.106/forest/index2.jsp?_a=0.3302764354501402
[Mon Feb 23 12:15:41.473954 2015] [proxy_http:error] [pid 7568:tid 1588] (20014)Internal error: [client 186.155.141.222:27264] AH01102: error reading status line from remote server 172.22.1.47:80, referer: http://190.27.245.106/forest/js/jquery/grid/css/ui.jqgrid.css
[Mon Feb 23 12:15:41.489554 2015] [proxy_http:error] [pid 7568:tid 1132] (20014)Internal error: [client 186.155.141.222:27263] AH01102: error reading status line from remote server 172.22.1.47:80, referer: http://190.27.245.106/forest/js/jquery/css/jquery-ui-1.8.1.custom.css
[Mon Feb 23 12:16:38.476454 2015] [proxy_http:error] [pid 7568:tid 1588] (20014)Internal error: [client 186.155.141.222:27275] AH01102: error reading status line from remote server 172.22.1.47:80, referer: http://190.27.245.106/forest/usutareas.do?codTraEsc=17564286
[Mon Feb 23 12:16:38.476454 2015] [proxy:error] [pid 7568:tid 1588] [client 186.155.141.222:27275] AH00898: Error reading from remote server returned by /forest/actions/forms.getList, referer: http://190.27.245.106/forest/usutareas.do?codTraEsc=17564286
[Mon Feb 23 12:16:38.476454 2015] [negotiation:error] [pid 7568:tid 1588] [client 186.155.141.222:27275] AH00690: no acceptable variant: E:/nuevo/apache/error/HTTP_BAD_GATEWAY.html.var, referer: http://190.27.245.106/forest/usutareas.do?codTraEsc=17564286
[Mon Feb 23 12:16:42.797662 2015] [proxy_http:error] [pid 7568:tid 1436] (20014)Internal error: [client 186.155.141.222:27272] AH01102: error reading status line from remote server 172.22.1.47:80, referer: http://190.27.245.106/forest/usutareas.do?codTraEsc=17564286
[Mon Feb 23 12:16:43.172063 2015] [proxy_http:error] [pid 7568:tid 1436] (20014)Internal error: [client 186.155.141.222:27276] AH01102: error reading status line from remote server 172.22.1.47:80, referer: http://190.27.245.106/forest/usutareas.do?codTraEsc=17564286
[Mon Feb 23 12:16:43.172063 2015] [proxy:error] [pid 7568:tid 1436] [client 186.155.141.222:27276] AH00898: Error reading from remote server returned by /forest/actions/forms.getList, referer: http://190.27.245.106/forest/usutareas.do?codTraEsc=17564286
[Mon Feb 23 12:16:43.172063 2015] [negotiation:error] [pid 7568:tid 1436] [client 186.155.141.222:27276] AH00690: no acceptable variant: E:/nuevo/apache/error/HTTP_BAD_GATEWAY.html.var, referer: http://190.27.245.106/forest/usutareas.do?codTraEsc=17564286
[Mon Feb 23 12:16:53.468081 2015] [proxy_http:error] [pid 7568:tid 1540] (20014)Internal error: [client 201.245.192.253:24615] AH01102: error reading status line from remote server 172.22.1.47:80, referer: http://190.27.245.106/forest/index2.jsp?_a=0.5900665058288723
[Mon Feb 23 12:25:06.101346 2015] [proxy_http:error] [pid 7568:tid 1300] (20014)Internal error: [client 201.245.192.253:27024] AH01102: error reading status line from remote server 172.22.1.47:80
[Mon Feb 23 12:25:06.101346 2015] [proxy:error] [pid 7568:tid 1300] [client 201.245.192.253:27024] AH00898: Error reading from remote server returned by /forest/js/sarissa.js
[Mon Feb 23 12:25:15.773363 2015] [proxy_http:error] [pid 7568:tid 1388] (20014)Internal error: [client 201.245.192.253:27167] AH01102: error reading status line from remote server 172.22.1.47:80, referer: http://190.27.245.106/forest/index2.jsp?a=0.8833174238088571
[Mon Feb 23 12:25:56.536234 2015] [proxy_http:error] [pid 7568:tid 1284] (20014)Internal error: [client 201.245.192.253:27325] AH01102: error reading status line from remote server 172.22.1.47:80, referer: http://190.27.245.106/forest/misactividades.do?group_system_actual=3&codPro=95&_a=0.0513233725688057
[Mon Feb 23 12:26:18.267073 2015] [proxy_http:error] [pid 7568:tid 1828] (20014)Internal error: [client 201.245.192.253:27392] AH01102: error reading status line from remote server 172.22.1.47:80, referer: http://190.27.245.106/forest/buscar.do
[Mon Feb 23 12:32:18.362505 2015] [proxy_http:error] [pid 7568:tid 1300] (20014)Internal error: [client 201.245.192.253:29000] AH01102: error reading status line from remote server 172.22.1.47:80, referer: http://190.27.245.106/forest/buscar.do?type=procesos
[Mon Feb 23 13:43:18.885988 2015] [proxy_http:error] [pid 7568:tid 968] (20014)Internal error: [client 186.154.216.114:49990] AH01102: error reading status line from remote server 172.22.1.47:80, referer: http://190.27.245.106/webfile/
[Mon Feb 23 13:45:19.786201 2015] [proxy_http:error] [pid 7568:tid 1652] (20014)Internal error: [client 201.184.129.33:12619] AH01102: error reading status line from remote server 172.22.1.47:80, referer: http://190.27.245.106/forest/index2.jsp?a=0.39115832141978646
[Mon Feb 23 13:46:02.655076 2015] [proxy_http:error] [pid 7568:tid 1860] (20014)Internal error: [client 201.245.192.253:33815] AH01102: error reading status line from remote server 172.22.1.47:80, referer: http://190.27.245.106/forest/usutareas.do?group_system_actual=3&a=0.3579035159093288
[Mon Feb 23 13:46:02.779876 2015] [proxy_http:error] [pid 7568:tid 1860] (20014)Internal error: [client 201.245.192.253:33871] AH01102: error reading status line from remote server 172.22.1.47:80
[Mon Feb 23 13:46:02.779876 2015] [proxy:error] [pid 7568:tid 1860] [client 201.245.192.253:33871] AH00898: Error reading from remote server returned by /forest/css/index.css
[Mon Feb 23 13:46:13.263095 2015] [proxy_http:error] [pid 7568:tid 1380] (20014)Internal error: [client 201.245.192.253:33929] AH01102: error reading status line from remote server 172.22.1.47:80, referer: http://190.27.245.106/forest/usutareas.do?_a=0.42384454961648965&group_system_actual=3
[Mon Feb 23 13:49:12.226609 2015] [proxy_http:error] [pid 7568:tid 1132] (20014)Internal error: [client 201.245.192.253:34826] AH01102: error reading status line from remote server 172.22.1.47:80
[Mon Feb 23 13:49:12.226609 2015] [proxy:error] [pid 7568:tid 1132] [client 201.245.192.253:34826] AH00898: Error reading from remote server returned by /forest/skins/gdocs-jar/img/vertodossubprocesos.gif
[Mon Feb 23 13:49:44.955466 2015] [proxy_http:error] [pid 7568:tid 784] (20014)Internal error: [client 201.245.192.253:34967] AH01102: error reading status line from remote server 172.22.1.47:80, referer: http://190.27.245.106/forest/buscar.do?type=documentos
[Mon Feb 23 13:49:45.314267 2015] [proxy_http:error] [pid 7568:tid 1860] (20014)Internal error: [client 201.245.192.253:34964] AH01102: error reading status line from remote server 172.22.1.47:80, referer: http://190.27.245.106/forest/usutareas.do?group_system_actual=3&codAct=1505&numPro=2977605&codPro=136&fecTra=2015-02-17%2015:56:02.0&codInst=3062796&codTraEsc=17522375
[Mon Feb 23 13:49:45.907068 2015] [proxy_http:error] [pid 7568:tid 1860] (20014)Internal error: [client 201.245.192.253:34974] AH01102: error reading status line from remote server 172.22.1.47:80, referer: http://190.27.245.106/forest/usutareas.do?group_system_actual=3&codAct=1505&numPro=2977605&codPro=136&fecTra=2015-02-17%2015:56:02.0&codInst=3062796&codTraEsc=17522375
[Mon Feb 23 13:49:45.907068 2015] [proxy:error] [pid 7568:tid 1860] [client 201.245.192.253:34974] AH00898: Error reading from remote server returned by /forest/actions/forms.getList, referer: http://190.27.245.106/forest/usutareas.do?group_system_actual=3&codAct=1505&numPro=2977605&codPro=136&fecTra=2015-02-17%2015:56:02.0&codInst=3062796&codTraEsc=17522375
[Mon Feb 23 13:49:45.907068 2015] [negotiation:error] [pid 7568:tid 1860] [client 201.245.192.253:34974] AH00690: no acceptable variant: E:/nuevo/apache/error/HTTP_BAD_GATEWAY.html.var, referer: http://190.27.245.106/forest/usutareas.do?group_system_actual=3&codAct=1505&numPro=2977605&codPro=136&fecTra=2015-02-17%2015:56:02.0&codInst=3062796&codTraEsc=17522375
[Mon Feb 23 13:54:12.402336 2015] [proxy_http:error] [pid 7568:tid 1212] (20014)Internal error: [client 201.245.192.253:23747] AH01102: error reading status line from remote server 172.22.1.47:80, referer: http://190.27.245.106/forest/usutareas.do?_a=0.7885363909881562&group_system_actual=3
[Mon Feb 23 13:57:42.394305 2015] [proxy_http:error] [pid 7568:tid 700] (20014)Internal error: [client 201.245.192.253:24630] AH01102: error reading status line from remote server 172.22.1.47:80, referer: http://190.27.245.106/forest/index2.jsp?_a=0.37361698523414943
[Mon Feb 23 14:04:26.903015 2015] [proxy_http:error] [pid 7568:tid 1008] (20014)Internal error: [client 201.245.192.253:29160] AH01102: error reading status line from remote server 172.22.1.47:80
[Mon Feb 23 14:04:26.903015 2015] [proxy:error] [pid 7568:tid 1008] [client 201.245.192.253:29160] AH00898: Error reading from remote server returned by /forest/skins/gdocs-jar/img/spacer.gif
[Mon Feb 23 14:17:11.054758 2015] [proxy_http:error] [pid 7568:tid 1260] (20014)Internal error: [client 201.245.192.253:33705] AH01102: error reading status line from remote server 172.22.1.47:80, referer: http://190.27.245.106/forest/index2.jsp?a=0.6982430078788286
[Mon Feb 23 14:20:15.181881 2015] [proxy_http:error] [pid 7568:tid 1388] (20014)Internal error: [client 201.245.192.253:22716] AH01102: error reading status line from remote server 172.22.1.47:80, referer: http://190.27.245.106/forest/index2.jsp?_a=0.40321372100152075
[Mon Feb 23 14:20:19.830689 2015] [proxy_http:error] [pid 7568:tid 1380] (20014)Internal error: [client 201.245.192.253:22736] AH01102: error reading status line from remote server 172.22.1.47:80, referer: http://190.27.245.106/forest/usutareas.do?group_system_actual=3&a=0.6212473351042718
[Mon Feb 23 14:21:54.366855 2015] [proxy_http:error] [pid 7568:tid 1436] (20014)Internal error: [client 201.245.192.253:23589] AH01102: error reading status line from remote server 172.22.1.47:80
[Mon Feb 23 14:21:54.366855 2015] [proxy:error] [pid 7568:tid 1436] [client 201.245.192.253:23589] AH00898: Error reading from remote server returned by /forest/img/inicio/1.gif
[Mon Feb 23 14:22:06.768877 2015] [proxy_http:error] [pid 7568:tid 784] (20014)Internal error: [client 201.245.192.253:23720] AH01102: error reading status line from remote server 172.22.1.47:80
[Mon Feb 23 14:22:06.768877 2015] [proxy:error] [pid 7568:tid 784] [client 201.245.192.253:23720] AH00898: Error reading from remote server returned by /forest/img/users/7.gif
[Mon Feb 23 14:23:19.855005 2015] [proxy_http:error] [pid 7568:tid 1316] (20014)Internal error: [client 201.245.192.253:24178] AH01102: error reading status line from remote server 172.22.1.47:80, referer: http://190.27.245.106/forest/reportes.do?menu=1&group_system_actual=5
[Mon Feb 23 14:23:51.164260 2015] [proxy_http:error] [pid 7568:tid 1260] (20014)Internal error: [client 201.245.192.253:24571] AH01102: error reading status line from remote server 172.22.1.47:80
[Mon Feb 23 14:23:51.164260 2015] [proxy:error] [pid 7568:tid 1260] [client 201.245.192.253:24571] AH00898: Error reading from remote server returned by /forest/skins/gdocs-jar/img/itemlist.gif
[Mon Feb 23 14:24:03.644282 2015] [proxy_http:error] [pid 7568:tid 856] (20014)Internal error: [client 201.245.192.253:24674] AH01102: error reading status line from remote server 172.22.1.47:80, referer: http://190.27.245.106/forest/usutareas.do?group_system_actual=3&codTraEsc=17552466&_a=0.6546744154566876
[Mon Feb 23 14:24:03.644282 2015] [proxy:error] [pid 7568:tid 856] [client 201.245.192.253:24674] AH00898: Error reading from remote server returned by /forest/usutareas.do, referer: http://190.27.245.106/forest/usutareas.do?group_system_actual=3&codTraEsc=17552466&_a=0.6546744154566876
[Mon Feb 23 14:25:00.334782 2015] [proxy_http:error] [pid 7568:tid 1588] (20014)Internal error: [client 201.245.192.253:25009] AH01102: error reading status line from remote server 172.22.1.47:80, referer: http://190.27.245.106/forest/misactividades.do?group_system_actual=3&codPro=176&_a=0.11938212797107339
[Mon Feb 23 14:25:00.334782 2015] [proxy:error] [pid 7568:tid 1588] [client 201.245.192.253:25009] AH00898: Error reading from remote server returned by /forest/skins/gdocs-jar/jsp/cookie.jsp, referer: http://190.27.245.106/forest/misactividades.do?group_system_actual=3&codPro=176&_a=0.11938212797107339
[Mon Feb 23 14:25:00.490782 2015] [proxy_http:error] [pid 7568:tid 1652] (20014)Internal error: [client 201.245.192.253:25004] AH01102: error reading status line from remote server 172.22.1.47:80, referer: http://190.27.245.106/forest/misactividades.do?group_system_actual=3&codPro=176&_a=0.11938212797107339
[Mon Feb 23 14:25:01.738784 2015] [proxy_http:error] [pid 7568:tid 968] (OS 10054)An existing connection was forcibly closed by the remote host.  : [client 201.245.192.253:25013] AH01102: error reading status line from remote server 172.22.1.31:80, referer: http://190.27.245.106/isolucionsda/FrameSetGeneral.asp?Pagina1=FrameSetGeneral.asp&
[Mon Feb 23 14:25:01.738784 2015] [proxy:error] [pid 7568:tid 968] [client 201.245.192.253:25013] AH00898: Error reading from remote server returned by /isolucionsda/MagazinHome.asp, referer: http://190.27.245.106/isolucionsda/FrameSetGeneral.asp?Pagina1=FrameSetGeneral.asp&
[Mon Feb 23 14:25:22.174820 2015] [proxy_http:error] [pid 7568:tid 1444] (20014)Internal error: [client 201.245.192.253:25160] AH01102: error reading status line from remote server 172.22.1.47:80, referer: http://190.27.245.106/forest/misactividades.do?group_system_actual=3&codPro=176&_a=0.7664032866835042
[Mon Feb 23 14:25:22.174820 2015] [proxy:error] [pid 7568:tid 1444] [client 201.245.192.253:25160] AH00898: Error reading from remote server returned by /forest/session.jsp, referer: http://190.27.245.106/forest/misactividades.do?group_system_actual=3&codPro=176&_a=0.7664032866835042
[Mon Feb 23 14:25:22.174820 2015] [negotiation:error] [pid 7568:tid 1444] [client 201.245.192.253:25160] AH00690: no acceptable variant: E:/nuevo/apache/error/HTTP_BAD_GATEWAY.html.var, referer: http://190.27.245.106/forest/misactividades.do?group_system_actual=3&codPro=176&_a=0.7664032866835042
[Mon Feb 23 14:26:13.842111 2015] [proxy_http:error] [pid 7568:tid 1708] (20014)Internal error: [client 201.245.192.253:25552] AH01102: error reading status line from remote server 172.22.1.47:80
[Mon Feb 23 14:26:13.842111 2015] [proxy:error] [pid 7568:tid 1708] [client 201.245.192.253:25552] AH00898: Error reading from remote server returned by /forest/skins/gdocs-jar/img/desasociarUser.gif
[Mon Feb 23 14:26:50.096575 2015] [proxy_http:error] [pid 7568:tid 1140] (20014)Internal error: [client 201.245.192.253:25814] AH01102: error reading status line from remote server 172.22.1.47:80, referer: http://190.27.245.106/forest/index2.jsp?a=0.6982430078788286
[Mon Feb 23 14:27:19.190626 2015] [proxy_http:error] [pid 7568:tid 1828] (20014)Internal error: [client 186.155.141.222:27990] AH01102: error reading status line from remote server 172.22.1.47:80, referer: http://190.27.245.106/forest/usutareas.do?group_system_actual=3&a=0.5311053059995174
[Mon Feb 23 14:27:19.190626 2015] [proxy:error] [pid 7568:tid 1828] [client 186.155.141.222:27990] AH00898: Error reading from remote server returned by /forest/file/3855005, referer: http://190.27.245.106/forest/usutareas.do?group_system_actual=3&a=0.5311053059995174
[Mon Feb 23 14:27:19.315426 2015] [proxy_http:error] [pid 7568:tid 1260] (20014)Internal error: [client 186.155.141.222:27986] AH01102: error reading status line from remote server 172.22.1.47:80, referer: http://190.27.245.106/forest/usutareas.do?group_system_actual=3&a=0.5311053059995174
[Mon Feb 23 14:27:19.502626 2015] [proxy_http:error] [pid 7568:tid 1212] (20014)Internal error: [client 186.155.141.222:27988] AH01102: error reading status line from remote server 172.22.1.47:80, referer: http://190.27.245.106/forest/usutareas.do?group_system_actual=3&a=0.5311053059995174
[Mon Feb 23 14:27:19.611827 2015] [proxy_http:error] [pid 7568:tid 1828] (20014)Internal error: [client 186.155.141.222:27990] AH01102: error reading status line from remote server 172.22.1.47:80, referer: http://190.27.245.106/forest/usutareas.do?group_system_actual=3&a=0.5311053059995174
[Mon Feb 23 14:27:19.721027 2015] [proxy_http:error] [pid 7568:tid 968] (20014)Internal error: [client 186.155.141.222:27989] AH01102: error reading status line from remote server 172.22.1.47:80, referer: http://190.27.245.106/forest/usutareas.do?group_system_actual=3&a=0.5311053059995174
[Mon Feb 23 14:27:19.830227 2015] [proxy_http:error] [pid 7568:tid 1132] (20014)Internal error: [client 186.155.141.222:27984] AH01102: error reading status line from remote server 172.22.1.47:80, referer: http://190.27.245.106/forest/usutareas.do?group_system_actual=3&a=0.5311053059995174
[Mon Feb 23 14:27:20.017427 2015] [proxy_http:error] [pid 7568:tid 1444] (20014)Internal error: [client 186.155.141.222:27987] AH01102: error reading status line from remote server 172.22.1.47:80, referer: http://190.27.245.106/forest/usutareas.do?group_system_actual=3&a=0.5311053059995174
[Mon Feb 23 14:27:33.511451 2015] [proxy_http:error] [pid 7568:tid 784] (20014)Internal error: [client 186.155.141.222:27994] AH01102: error reading status line from remote server 172.22.1.47:80, referer: http://190.27.245.106/forest/usutareas.do?group_system_actual=3&a=0.7622383199632168
[Mon Feb 23 14:27:48.861878 2015] [proxy_http:error] [pid 7568:tid 1212] (20014)Internal error: [client 201.245.192.253:26123] AH01102: error reading status line from remote server 172.22.1.47:80, referer: http://190.27.245.106/forest/usutareas.do?_a=0.8804567996412516&group_system_actual=3
[Mon Feb 23 14:32:27.384767 2015] [proxy_http:error] [pid 7568:tid 1732] (20014)Internal error: [client 201.245.192.253:28469] AH01102: error reading status line from remote server 172.22.1.47:80
[Mon Feb 23 14:32:27.384767 2015] [proxy:error] [pid 7568:tid 1732] [client 201.245.192.253:28469] AH00898: Error reading from remote server returned by /forest/img/inicio/6.gif
[Mon Feb 23 14:32:27.400367 2015] [proxy_http:error] [pid 7568:tid 912] (20014)Internal error: [client 201.245.192.253:28474] AH01102: error reading status line from remote server 172.22.1.47:80
[Mon Feb 23 14:32:27.400367 2015] [proxy:error] [pid 7568:tid 912] [client 201.245.192.253:28474] AH00898: Error reading from remote server returned by /forest/img/inicio/7.gif
[Mon Feb 23 14:32:27.837168 2015] [proxy_http:error] [pid 7568:tid 912] (20014)Internal error: [client 201.245.192.253:28475] AH01102: error reading status line from remote server 172.22.1.47:80, referer: http://190.27.245.106/forest/misactividades.do?_a=0.3025812890846282&group_system_actual=3
[Mon Feb 23 14:33:22.593264 2015] [proxy_http:error] [pid 7568:tid 712] (20014)Internal error: [client 201.245.192.253:29135] AH01102: error reading status line from remote server 172.22.1.47:80, referer: http://190.27.245.106/forest/usutareas.do?group_system_actual=3&codAct=919&numPro=2883250&codPro=95&fecTra=2014-12-28%2009:54:57.0&codInst=2911104&codTraEsc=17194488
[Mon Feb 23 14:33:22.593264 2015] [proxy:error] [pid 7568:tid 712] [client 201.245.192.253:29135] AH00898: Error reading from remote server returned by /forest/json.do, referer: http://190.27.245.106/forest/usutareas.do?group_system_actual=3&codAct=919&numPro=2883250&codPro=95&fecTra=2014-12-28%2009:54:57.0&codInst=2911104&codTraEsc=17194488
[Mon Feb 23 14:33:22.593264 2015] [negotiation:error] [pid 7568:tid 712] [client 201.245.192.253:29135] AH00690: no acceptable variant: E:/nuevo/apache/error/HTTP_BAD_GATEWAY.html.var, referer: http://190.27.245.106/forest/usutareas.do?group_system_actual=3&codAct=919&numPro=2883250&codPro=95&fecTra=2014-12-28%2009:54:57.0&codInst=2911104&codTraEsc=17194488
[Mon Feb 23 14:50:10.121034 2015] [proxy_http:error] [pid 7568:tid 1380] (20014)Internal error: [client 186.81.156.228:49715] AH01102: error reading status line from remote server 172.22.1.47:80, referer: http://190.27.245.106/forest/usutareas.do?_a=0.9021087600849569&group_system_actual=3
[Mon Feb 23 14:51:20.648758 2015] [proxy_http:error] [pid 7568:tid 1268] (20014)Internal error: [client 201.245.192.253:24719] AH01102: error reading status line from remote server 172.22.1.47:80
[Mon Feb 23 14:51:20.648758 2015] [proxy:error] [pid 7568:tid 1268] [client 201.245.192.253:24719] AH00898: Error reading from remote server returned by /forest/skins/gdocs-jar/css/forms.css
[Mon Feb 23 14:54:31.561893 2015] [proxy_http:error] [pid 7568:tid 1436] (20014)Internal error: [client 200.93.167.254:49648] AH01102: error reading status line from remote server 172.22.1.47:80, referer: http://190.27.245.106/forest/index2.jsp?a=0.28232066274714596
[Mon Feb 23 14:58:09.135475 2015] [proxy_http:error] [pid 7568:tid 1380] (20014)Internal error: [client 201.245.192.253:27977] AH01102: error reading status line from remote server 172.22.1.47:80
[Mon Feb 23 14:58:09.135475 2015] [proxy:error] [pid 7568:tid 1380] [client 201.245.192.253:27977] AH00898: Error reading from remote server returned by /forest/skins/gdocs-jar/js/formsBase.js
[Mon Feb 23 15:17:07.282274 2015] [proxy_http:error] [pid 7568:tid 1788] (20014)Internal error: [client 201.245.192.253:23400] AH01102: error reading status line from remote server 172.22.1.47:80, referer: http://190.27.245.106/forest/usutareas.do?_a=0.459017202956602&group_system_actual=3
[Mon Feb 23 15:17:07.297874 2015] [proxy_http:error] [pid 7568:tid 1092] (20014)Internal error: [client 201.245.192.253:23403] AH01102: error reading status line from remote server 172.22.1.47:80, referer: http://190.27.245.106/forest/usutareas.do?_a=0.459017202956602&group_system_actual=3
[Mon Feb 23 15:17:07.297874 2015] [proxy:error] [pid 7568:tid 1092] [client 201.245.192.253:23403] AH00898: Error reading from remote server returned by /forest/json.do, referer: http://190.27.245.106/forest/usutareas.do?_a=0.459017202956602&group_system_actual=3
[Mon Feb 23 15:17:07.297874 2015] [negotiation:error] [pid 7568:tid 1092] [client 201.245.192.253:23403] AH00690: no acceptable variant: E:/nuevo/apache/error/HTTP_BAD_GATEWAY.html.var, referer: http://190.27.245.106/forest/usutareas.do?_a=0.459017202956602&group_system_actual=3
[Mon Feb 23 15:17:10.059079 2015] [proxy_http:error] [pid 7568:tid 1284] (20014)Internal error: [client 201.245.192.253:23451] AH01102: error reading status line from remote server 172.22.1.47:80
[Mon Feb 23 15:17:10.059079 2015] [proxy:error] [pid 7568:tid 1284] [client 201.245.192.253:23451] AH00898: Error reading from remote server returned by /forest/skins/gdocs-jar/js/grid.js
[Mon Feb 23 15:17:11.572282 2015] [proxy_http:error] [pid 7568:tid 1284] (20014)Internal error: [client 201.245.192.253:23466] AH01102: error reading status line from remote server 172.22.1.47:80
[Mon Feb 23 15:17:11.572282 2015] [proxy:error] [pid 7568:tid 1284] [client 201.245.192.253:23466] AH00898: Error reading from remote server returned by /forest/img/jquery/ui-bg_glass_85_dfeffc_1x400.png
[Mon Feb 23 15:20:35.027839 2015] [proxy_http:error] [pid 7568:tid 1436] (OS 10054)An existing connection was forcibly closed by the remote host.  : [client 201.245.192.253:24839] AH01102: error reading status line from remote server 172.22.1.31:80, referer: http://190.27.245.106/isolucionsda/Encabezado.asp?Pagina=BancoConocimiento/s/SistemadeGestionAmbiental_v0/SistemadeGestionAmbiental_v0.asp?&IdModulo=19
[Mon Feb 23 15:29:12.933149 2015] [proxy_http:error] [pid 7568:tid 1300] (20014)Internal error: [client 186.81.156.228:50381] AH01102: error reading status line from remote server 172.22.1.47:80, referer: http://190.27.245.106/forest/buscar.do?type=documentos
[Mon Feb 23 15:29:14.571151 2015] [proxy_http:error] [pid 7568:tid 840] (20014)Internal error: [client 201.245.192.253:29057] AH01102: error reading status line from remote server 172.22.1.47:80
[Mon Feb 23 15:29:14.571151 2015] [proxy:error] [pid 7568:tid 840] [client 201.245.192.253:29057] AH00898: Error reading from remote server returned by /forest/skins/gdocs-jar/css/menu.css
[Mon Feb 23 15:32:54.578338 2015] [proxy_http:error] [pid 7568:tid 872] (70008)Partial results are valid but processing is incomplete: [client 201.245.192.253:30473] AH02609: read request body failed to 172.22.1.31:80 (172.22.1.31) from 201.245.192.253 (), referer: http://190.27.245.106/isolucionsda//Administracion/Upload/Upload.asp?Id_Articulo=8269&UPLDQuerystring=Id_Articulo=8269&UPLDMODO=SubirArchivoADocumento&UPLDRuta=C:\\ISOlucion\\Web\\BancoConocimiento\\R\\Resolucion011del28defebrero2014\\&UPLDAtras=http://190.27.245.106/isolucionsda/Administracion/SalaEdicion/Articulo.asp&UPLDAdelante=http://190.27.245.106/isolucionsda/Administracion/SalaEdicion/Articulo.asp
[Mon Feb 23 15:32:54.578338 2015] [proxy_http:error] [pid 7568:tid 872] [client 201.245.192.253:30473] AH01097: pass request body failed to 172.22.1.31:80 (172.22.1.31) from 201.245.192.253 (), referer: http://190.27.245.106/isolucionsda//Administracion/Upload/Upload.asp?Id_Articulo=8269&UPLDQuerystring=Id_Articulo=8269&UPLDMODO=SubirArchivoADocumento&UPLDRuta=C:\\ISOlucion\\Web\\BancoConocimiento\\R\\Resolucion011del28defebrero2014\\&UPLDAtras=http://190.27.245.106/isolucionsda/Administracion/SalaEdicion/Articulo.asp&UPLDAdelante=http://190.27.245.106/isolucionsda/Administracion/SalaEdicion/Articulo.asp
[Mon Feb 23 15:35:38.160225 2015] [proxy_http:error] [pid 7568:tid 1700] (70008)Partial results are valid but processing is incomplete: [client 201.245.192.253:29934] AH01110: error reading response, referer: http://190.27.245.106/forest/misactividades.do?group_system_actual=3&codPro=176&_a=0.7664032866835042
[Mon Feb 23 15:37:39.372438 2015] [proxy_http:error] [pid 7568:tid 1860] (70008)Partial results are valid but processing is incomplete: [client 201.245.192.253:31899] AH01110: error reading response, referer: http://190.27.245.106/forest/misactividades.do?group_system_actual=3&codPro=176&_a=0.7664032866835042
[Mon Feb 23 15:40:20.770322 2015] [mpm_winnt:warn] [pid 7568:tid 2668] (OS 64)The specified network name is no longer available.  : AH00341: winnt_accept: Asynchronous AcceptEx failed.
[Mon Feb 23 15:55:07.117078 2015] [proxy_http:error] [pid 7568:tid 1652] (70008)Partial results are valid but processing is incomplete: [client 201.245.192.253:48456] AH01110: error reading response, referer: http://190.27.245.106/forest/misactividades.do?group_system_actual=3&codPro=176&_a=0.7664032866835042
[Mon Feb 23 16:04:08.547229 2015] [proxy_http:error] [pid 7568:tid 1748] (20014)Internal error: [client 201.245.192.253:57857] AH01102: error reading status line from remote server 172.22.1.47:80
[Mon Feb 23 16:04:08.547229 2015] [proxy:error] [pid 7568:tid 1748] [client 201.245.192.253:57857] AH00898: Error reading from remote server returned by /forest/skins/gdocs-jar/js/autocompletar2.js
[Mon Feb 23 16:04:59.699719 2015] [proxy_http:error] [pid 7568:tid 1436] (20014)Internal error: [client 201.245.192.253:58863] AH01102: error reading status line from remote server 172.22.1.47:80, referer: http://190.27.245.106/forest/usutareas.do?group_system_actual=3&a=0.5102723644982147
[Mon Feb 23 16:07:52.875623 2015] [proxy_http:error] [pid 7568:tid 856] (20014)Internal error: [client 201.245.192.253:48716] AH01102: error reading status line from remote server 172.22.1.47:80, referer: http://190.27.245.106/forest/buscar.do?type=procesos
[Mon Feb 23 16:08:38.692904 2015] [proxy_http:error] [pid 7568:tid 1436] (20014)Internal error: [client 201.245.192.253:49981] AH01102: error reading status line from remote server 172.22.1.47:80
[Mon Feb 23 16:08:38.692904 2015] [proxy:error] [pid 7568:tid 1436] [client 201.245.192.253:49981] AH00898: Error reading from remote server returned by /forest/js/inicio.js
[Mon Feb 23 16:10:09.407063 2015] [proxy_http:error] [pid 7568:tid 1468] (20014)Internal error: [client 201.245.192.253:51815] AH01102: error reading status line from remote server 172.22.1.47:80, referer: http://190.27.245.106/forest/usutareas.do?group_system_actual=3&a=0.1319506331346929
[Mon Feb 23 16:18:59.714395 2015] [proxy_http:error] [pid 7568:tid 1316] (20014)Internal error: [client 201.245.192.253:48068] AH01102: error reading status line from remote server 172.22.1.47:80, referer: http://190.27.245.106/forest/
[Mon Feb 23 16:18:59.714395 2015] [proxy:error] [pid 7568:tid 1316] [client 201.245.192.253:48068] AH00898: Error reading from remote server returned by /forest/skins/gdocs-jar/js/misprocesos.js, referer: http://190.27.245.106/forest/
[Mon Feb 23 16:32:19.668200 2015] [proxy_http:error] [pid 7568:tid 1260] (20014)Internal error: [client 201.245.192.253:59232] AH01102: error reading status line from remote server 172.22.1.47:80, referer: http://190.27.245.106/forest/usutareas.do?group_system_actual=3&a=0.9923820409450912
[Mon Feb 23 16:42:43.372895 2015] [proxy_http:error] [pid 7568:tid 1508] (20014)Internal error: [client 201.245.192.253:55444] AH01102: error reading status line from remote server 172.22.1.47:80, referer: http://190.27.245.106/forest/misactividades.do?group_system_actual=3&codPro=134&_a=0.8387614326594307
[Mon Feb 23 16:42:43.372895 2015] [proxy:error] [pid 7568:tid 1508] [client 201.245.192.253:55444] AH00898: Error reading from remote server returned by /forest/session.jsp, referer: http://190.27.245.106/forest/misactividades.do?group_system_actual=3&codPro=134&_a=0.8387614326594307
[Mon Feb 23 16:42:43.388495 2015] [negotiation:error] [pid 7568:tid 1508] [client 201.245.192.253:55444] AH00690: no acceptable variant: E:/nuevo/apache/error/HTTP_BAD_GATEWAY.html.var, referer: http://190.27.245.106/forest/misactividades.do?group_system_actual=3&codPro=134&_a=0.8387614326594307
[Mon Feb 23 16:43:04.526532 2015] [proxy_http:error] [pid 7568:tid 776] (20014)Internal error: [client 201.245.192.253:55686] AH01102: error reading status line from remote server 172.22.1.47:80, referer: http://190.27.245.106/forest/usudocumentos.do?copyDoc=1&numRad=2013ER120679&codDoc=1709434&codAct=1346&numPro=2649662&codPro=127&codInst=2664995&fecTra=2015-02-18%2011:55:58.031&codTraEsc=17537689&tipo=move&_a=0.2993233735205274
[Mon Feb 23 16:43:04.526532 2015] [proxy:error] [pid 7568:tid 776] [client 201.245.192.253:55686] AH00898: Error reading from remote server returned by /forest/json.do, referer: http://190.27.245.106/forest/usudocumentos.do?copyDoc=1&numRad=2013ER120679&codDoc=1709434&codAct=1346&numPro=2649662&codPro=127&codInst=2664995&fecTra=2015-02-18%2011:55:58.031&codTraEsc=17537689&tipo=move&_a=0.2993233735205274
[Mon Feb 23 16:43:04.526532 2015] [negotiation:error] [pid 7568:tid 776] [client 201.245.192.253:55686] AH00690: no acceptable variant: E:/nuevo/apache/error/HTTP_BAD_GATEWAY.html.var, referer: http://190.27.245.106/forest/usudocumentos.do?copyDoc=1&numRad=2013ER120679&codDoc=1709434&codAct=1346&numPro=2649662&codPro=127&codInst=2664995&fecTra=2015-02-18%2011:55:58.031&codTraEsc=17537689&tipo=move&_a=0.2993233735205274
[Mon Feb 23 16:43:04.620132 2015] [proxy_http:error] [pid 7568:tid 1604] (20014)Internal error: [client 201.245.192.253:55687] AH01102: error reading status line from remote server 172.22.1.47:80, referer: http://190.27.245.106/forest/usutareas.do?codTraEsc=17571559
[Mon Feb 23 16:43:04.620132 2015] [proxy:error] [pid 7568:tid 1604] [client 201.245.192.253:55687] AH00898: Error reading from remote server returned by /forest/actions/forms.getMappedValues, referer: http://190.27.245.106/forest/usutareas.do?codTraEsc=17571559
[Mon Feb 23 16:43:04.620132 2015] [negotiation:error] [pid 7568:tid 1604] [client 201.245.192.253:55687] AH00690: no acceptable variant: E:/nuevo/apache/error/HTTP_BAD_GATEWAY.html.var, referer: http://190.27.245.106/forest/usutareas.do?codTraEsc=17571559
[Mon Feb 23 16:43:07.209737 2015] [proxy_http:error] [pid 7568:tid 1604] (20014)Internal error: [client 201.245.192.253:55687] AH01102: error reading status line from remote server 172.22.1.47:80, referer: http://190.27.245.106/forest/usugrafico.do?_a=0.09565772968269437&group_system_actual=3
[Mon Feb 23 16:43:17.599355 2015] [proxy_http:error] [pid 7568:tid 856] (20014)Internal error: [client 201.245.192.253:55777] AH01102: error reading status line from remote server 172.22.1.47:80, referer: http://190.27.245.106/forest/index2.jsp?_a=0.6754421577788889
[Mon Feb 23 16:43:17.599355 2015] [proxy:error] [pid 7568:tid 856] [client 201.245.192.253:55777] AH00898: Error reading from remote server returned by /forest/buscar.do, referer: http://190.27.245.106/forest/index2.jsp?_a=0.6754421577788889
[Mon Feb 23 16:43:28.706575 2015] [proxy_http:error] [pid 7568:tid 1652] (20014)Internal error: [client 201.245.192.253:55939] AH01102: error reading status line from remote server 172.22.1.47:80
[Mon Feb 23 16:43:28.706575 2015] [proxy:error] [pid 7568:tid 1652] [client 201.245.192.253:55939] AH00898: Error reading from remote server returned by /forest/js/jquery/grid/css/ui.multiselect.css
[Mon Feb 23 16:43:31.358579 2015] [proxy_http:error] [pid 7568:tid 1708] (20014)Internal error: [client 201.245.192.253:55984] AH01102: error reading status line from remote server 172.22.1.47:80, referer: http://190.27.245.106/forest/usutareas.do?group_system_actual=3&codAct=2977&numPro=2995106&codPro=226&fecTra=2015-01-14%2009:36:19.016&codInst=3031636&codTraEsc=17273558
[Mon Feb 23 16:43:31.358579 2015] [proxy:error] [pid 7568:tid 1708] [client 201.245.192.253:55984] AH00898: Error reading from remote server returned by /forest/usutareas.do, referer: http://190.27.245.106/forest/usutareas.do?group_system_actual=3&codAct=2977&numPro=2995106&codPro=226&fecTra=2015-01-14%2009:36:19.016&codInst=3031636&codTraEsc=17273558
[Mon Feb 23 16:44:33.727489 2015] [proxy_http:error] [pid 7568:tid 1180] (20014)Internal error: [client 201.245.192.253:56833] AH01102: error reading status line from remote server 172.22.1.47:80, referer: http://190.27.245.106/forest/usutareas.do?group_system_actual=3&a=0.34032046535726146
[Mon Feb 23 16:45:18.905168 2015] [proxy_http:error] [pid 7568:tid 1436] (20014)Internal error: [client 201.184.129.33:15692] AH01102: error reading status line from remote server 172.22.1.47:80, referer: http://190.27.245.106/forest/index2.jsp?a=0.39115832141978646
[Mon Feb 23 16:48:20.520687 2015] [proxy_http:error] [pid 7568:tid 1148] (20014)Internal error: [client 201.245.192.253:59395] AH01102: error reading status line from remote server 172.22.1.47:80, referer: http://190.27.245.106/forest/buscar.do
[Mon Feb 23 16:52:15.971901 2015] [proxy_http:error] [pid 7568:tid 1732] (20014)Internal error: [client 201.245.192.253:49321] AH01102: error reading status line from remote server 172.22.1.47:80, referer: http://190.27.245.106/forest/usutareas.do?_a=0.40665691741742194&group_system_actual=3
[Mon Feb 23 17:12:58.623283 2015] [proxy_http:error] [pid 7568:tid 856] (70008)Partial results are valid but processing is incomplete: [client 201.184.129.33:16177] AH01110: error reading response, referer: http://190.27.245.106/forest/index2.jsp?a=0.39115832141978646
[Mon Feb 23 17:17:21.171745 2015] [core:error] [pid 7568:tid 1148] (22)Invalid argument: [client 202.46.56.144:5306] AH00127: Cannot map GET /Autoliquidacion/TR%C1MITES%20ACEITES-RESIDUOS-ESTACIONES/REG.%20GENERADOR/126PM04-PR75-F-A3-V2.0%20oficio%20Solicitud%20inscripci%F3n.doc HTTP/1.1 to file
[Mon Feb 23 17:36:59.036213 2015] [proxy_http:error] [pid 7568:tid 1436] (OS 10054)An existing connection was forcibly closed by the remote host.  : [client 186.80.30.102:52285] AH01102: error reading status line from remote server 172.22.1.31:80, referer: http://190.27.245.106/isolucionsda/Encabezado.asp?Pagina1=FrameSetGeneral.asp&&Pagina=MagazinHome.asp
[Mon Feb 23 17:36:59.036213 2015] [proxy:error] [pid 7568:tid 1436] [client 186.80.30.102:52285] AH00898: Error reading from remote server returned by /isolucionsda/FrameSetGeneral.asp, referer: http://190.27.245.106/isolucionsda/Encabezado.asp?Pagina1=FrameSetGeneral.asp&&Pagina=MagazinHome.asp
[Mon Feb 23 17:37:34.183075 2015] [proxy_http:error] [pid 7568:tid 1132] (OS 10054)An existing connection was forcibly closed by the remote host.  : [client 186.80.30.102:52298] AH01102: error reading status line from remote server 172.22.1.31:80, referer: http://190.27.245.106/isolucionsda/FrameSetGeneral.asp?Pagina1=FrameSetGeneral.asp&
[Mon Feb 23 17:37:34.183075 2015] [proxy:error] [pid 7568:tid 1132] [client 186.80.30.102:52298] AH00898: Error reading from remote server returned by /isolucionsda/MagazinHome.asp, referer: http://190.27.245.106/isolucionsda/FrameSetGeneral.asp?Pagina1=FrameSetGeneral.asp&
[Mon Feb 23 17:39:33.741685 2015] [proxy_http:error] [pid 7568:tid 1788] (70008)Partial results are valid but processing is incomplete: [client 201.184.129.33:16684] AH01110: error reading response, referer: http://190.27.245.106/forest/system/process.jsp?numPro=2541637
[Mon Feb 23 18:16:03.501931 2015] [proxy_http:error] [pid 7568:tid 776] (OS 10054)An existing connection was forcibly closed by the remote host.  : [client 190.60.115.195:60084] AH01102: error reading status line from remote server 172.22.1.31:80
[Mon Feb 23 18:16:03.501931 2015] [proxy:error] [pid 7568:tid 776] [client 190.60.115.195:60084] AH00898: Error reading from remote server returned by /isolucionsda/
[Mon Feb 23 19:57:15.625396 2015] [proxy:error] [pid 7568:tid 1732] (OS 10061)No connection could be made because the target machine actively refused it.  : AH00957: HTTP: attempt to connect to 172.22.1.36:8080 (172.22.1.36) failed
[Mon Feb 23 19:57:15.625396 2015] [proxy:error] [pid 7568:tid 1732] AH00959: ap_proxy_connect_backend disabling worker for (172.22.1.36) for 60s
[Mon Feb 23 19:57:15.625396 2015] [proxy_http:error] [pid 7568:tid 1732] [client 66.249.73.171:43006] AH01114: HTTP: failed to make connection to backend: 172.22.1.36
[Mon Feb 23 21:56:49.391596 2015] [proxy_http:error] [pid 7568:tid 1844] (20014)Internal error: [client 181.50.92.73:54198] AH01102: error reading status line from remote server 172.22.1.47:80, referer: http://190.27.245.106/forest/usutareas.do?_a=0.8626085827127099&group_system_actual=3
[Mon Feb 23 21:56:49.391596 2015] [proxy:error] [pid 7568:tid 1844] [client 181.50.92.73:54198] AH00898: Error reading from remote server returned by /forest/usutareas.do, referer: http://190.27.245.106/forest/usutareas.do?_a=0.8626085827127099&group_system_actual=3
[Mon Feb 23 22:30:13.995117 2015] [proxy_http:error] [pid 7568:tid 1468] (OS 10054)An existing connection was forcibly closed by the remote host.  : [client 186.155.161.11:18224] AH01102: error reading status line from remote server 172.22.1.31:80, referer: http://ambientebogota.gov.co/web/intranet/aplicaciones-para-acceder-fuera-de-la-sda
[Mon Feb 23 22:30:13.995117 2015] [proxy:error] [pid 7568:tid 1468] [client 186.155.161.11:18224] AH00898: Error reading from remote server returned by /isolucionsda/, referer: http://ambientebogota.gov.co/web/intranet/aplicaciones-para-acceder-fuera-de-la-sda
[Mon Feb 23 22:30:40.125163 2015] [proxy_http:error] [pid 7568:tid 1748] (OS 10054)An existing connection was forcibly closed by the remote host.  : [client 186.155.161.11:18272] AH01102: error reading status line from remote server 172.22.1.31:80, referer: http://190.27.245.106/isolucionsda/BarraTitulos.asp?Pagina1=FrameSetGeneral.asp&&Pagina=MagazinHome.asp
[Mon Feb 23 23:24:57.239284 2015] [proxy_http:error] [pid 7568:tid 700] (OS 10054)An existing connection was forcibly closed by the remote host.  : [client 190.157.153.111:50095] AH01095: prefetch request body failed to 172.22.1.47:80 (172.22.1.47) from 190.157.153.111 (), referer: http://190.27.245.106/forest/reportes.do?menu=1&group_system_actual=5
[Mon Feb 23 23:42:21.021517 2015] [:error] [pid 7568:tid 1228] [client 179.99.200.39:37481] script 'E:/nuevo/htdocs/ip_json.php' not found or unable to stat, referer: none

:: Command execute ::

Enter:
 
Select:
 

:: Search ::
regexp 

:: Upload ::
 
[ ok ]

:: Make Dir ::
 
[ ok ]
:: Make File ::
 
[ ok ]

:: Go Dir ::
 
:: Go File ::
 

--[ c99shell v. 1.0 pre-release build #13 powered by Captain Crunch Security Team | http://ccteam.ru | Generation time: 0.0468 ]--