!C99Shell v. 1.0 pre-release build #13!

Software: Apache. PHP/5.5.15 

uname -a: Windows NT SVR-DMZ 6.1 build 7600 (Windows Server 2008 R2 Enterprise Edition) i586 

SYSTEM 

Safe-mode: OFF (not secure)

E:\nuevo\apache\logs\   drwxrwxrwx
Free 5.02 GB of 239.26 GB (2.1%)
Detected drives: [ a ] [ c ] [ d ] [ e ] [ f ]
Home    Back    Forward    UPDIR    Refresh    Search    Buffer    Encoder    Tools    Proc.    FTP brute    Sec.    SQL    PHP-code    Update    Feedback    Self remove    Logout    


Viewing file:     error.2015.02.25.log (134.41 KB)      -rw-rw-rw-
Select action/file-type:
(+) | (+) | (+) | Code (+) | Session (+) | (+) | SDB (+) | (+) | (+) | (+) | (+) | (+) |
[Wed Feb 25 01:02:23.258906 2015] [proxy_http:error] [pid 7568:tid 1316] (OS 10060)A connection attempt failed because the connected party did not properly respond after a period of time, or established connection failed because connected host has failed to respond.  : [client 190.158.137.142:52208] AH01095: prefetch request body failed to 172.22.1.47:80 (172.22.1.47) from 190.158.137.142 (), referer: http://190.27.245.106/forest/usutareas.do?_a=0.3704914471076506&group_system_actual=3
[Wed Feb 25 02:34:43.905037 2015] [mpm_winnt:warn] [pid 7568:tid 2668] (OS 64)The specified network name is no longer available.  : AH00341: winnt_accept: Asynchronous AcceptEx failed.
[Wed Feb 25 02:42:47.568287 2015] [core:error] [pid 7568:tid 1228] (22)Invalid argument: [client 180.76.5.78:31233] AH00127: Cannot map GET /Autoliquidacion/TR%C1MITES%20AGUAS%20SUBTERR%C1NEAS/126PM04-PR92-%20PERMISO%20EXPLORACI%D3N%20AGUAS%20SUBTERRANEAS/-PR92-F-A2-V1.0(1)-lista%20de%20chequeo.xls HTTP/1.1 to file
[Wed Feb 25 03:37:52.933292 2015] [mpm_winnt:warn] [pid 7568:tid 2668] (OS 64)The specified network name is no longer available.  : AH00341: winnt_accept: Asynchronous AcceptEx failed.
[Wed Feb 25 03:37:52.933292 2015] [mpm_winnt:warn] [pid 7568:tid 2668] (OS 64)The specified network name is no longer available.  : AH00341: winnt_accept: Asynchronous AcceptEx failed.
[Wed Feb 25 03:42:24.638970 2015] [mpm_winnt:warn] [pid 7568:tid 2668] (OS 64)The specified network name is no longer available.  : AH00341: winnt_accept: Asynchronous AcceptEx failed.
[Wed Feb 25 03:46:04.833356 2015] [access_compat:error] [pid 7568:tid 928] [client 193.171.252.193:55370] AH01797: client denied by server configuration: E:/nuevo/phpMyAdmin/index.php
[Wed Feb 25 03:46:05.020557 2015] [access_compat:error] [pid 7568:tid 928] [client 193.171.252.193:55370] AH01797: client denied by server configuration: E:/nuevo/phpMyAdmin/index.php, referer: http://190.27.245.106/phpmyadmin/index.php\r
[Wed Feb 25 03:48:56.168457 2015] [mpm_winnt:warn] [pid 7568:tid 2668] (OS 64)The specified network name is no longer available.  : AH00341: winnt_accept: Asynchronous AcceptEx failed.
[Wed Feb 25 04:42:44.999728 2015] [access_compat:error] [pid 7568:tid 1228] [client 93.158.200.15:51191] AH01797: client denied by server configuration: E:/nuevo/htdocs/phpMyAdmin
[Wed Feb 25 04:42:45.342929 2015] [access_compat:error] [pid 7568:tid 928] [client 93.158.200.15:51540] AH01797: client denied by server configuration: E:/nuevo/phpMyAdmin/scripts
[Wed Feb 25 05:28:59.105801 2015] [mpm_winnt:warn] [pid 7568:tid 2668] (OS 64)The specified network name is no longer available.  : AH00341: winnt_accept: Asynchronous AcceptEx failed.
[Wed Feb 25 07:34:44.495854 2015] [proxy_http:error] [pid 7568:tid 1076] (20014)Internal error: [client 201.245.192.253:31381] AH01102: error reading status line from remote server 172.22.1.47:80, referer: http://190.27.245.106/forest/usutareas.do?_a=0.9340656914800386&group_system_actual=3
[Wed Feb 25 07:34:55.915074 2015] [proxy_http:error] [pid 7568:tid 912] (20014)Internal error: [client 201.245.192.253:31218] AH01102: error reading status line from remote server 172.22.1.47:80, referer: http://190.27.245.106/forest/usutareas.do?group_system_actual=3&a=0.5125600878462354
[Wed Feb 25 08:11:45.346954 2015] [proxy_http:error] [pid 7568:tid 1796] (OS 10054)An existing connection was forcibly closed by the remote host.  : [client 201.245.192.253:27480] AH01102: error reading status line from remote server 172.22.1.31:80
[Wed Feb 25 08:11:45.346954 2015] [proxy:error] [pid 7568:tid 1796] [client 201.245.192.253:27480] AH00898: Error reading from remote server returned by /isolucionsda/g/Bgr_BarraCurva.jpg
[Wed Feb 25 08:39:42.802301 2015] [proxy_http:error] [pid 7568:tid 912] (OS 10054)An existing connection was forcibly closed by the remote host.  : [client 201.245.192.253:25145] AH01102: error reading status line from remote server 172.22.1.31:80, referer: http://190.27.245.106/isolucionsda/FrameSetGeneral.asp?Pagina=BancoConocimiento/s/SistemadeGestionAmbiental_v0/SistemadeGestionAmbiental_v0.asp?&IdModulo=19
[Wed Feb 25 08:39:42.849101 2015] [proxy_http:error] [pid 7568:tid 1268] (OS 10054)An existing connection was forcibly closed by the remote host.  : [client 201.245.192.253:25146] AH01102: error reading status line from remote server 172.22.1.31:80, referer: http://190.27.245.106/isolucionsda/FrameSetGeneral.asp?Pagina=BancoConocimiento/s/SistemadeGestionAmbiental_v0/SistemadeGestionAmbiental_v0.asp?&IdModulo=19
[Wed Feb 25 08:50:09.003000 2015] [proxy_http:error] [pid 7568:tid 1076] (OS 10054)An existing connection was forcibly closed by the remote host.  : [client 201.244.55.205:14763] AH01102: error reading status line from remote server 172.22.1.31:80, referer: http://190.27.245.106/isolucionsda/BarraTitulos.asp?Pagina1=FrameSetGeneral.asp&&Pagina=MagazinHome.asp
[Wed Feb 25 08:50:09.003000 2015] [proxy:error] [pid 7568:tid 1076] [client 201.244.55.205:14763] AH00898: Error reading from remote server returned by /isolucionsda/g/Bgr_BarraCurva2.jpg, referer: http://190.27.245.106/isolucionsda/BarraTitulos.asp?Pagina1=FrameSetGeneral.asp&&Pagina=MagazinHome.asp
[Wed Feb 25 09:05:35.254627 2015] [proxy_http:error] [pid 7568:tid 1676] (OS 10054)An existing connection was forcibly closed by the remote host.  : [client 191.95.253.21:59606] AH01102: error reading status line from remote server 172.22.1.31:80, referer: http://190.27.245.106/isolucionsda/FrameSetGeneral.asp?Pagina1=FrameSetGeneral.asp&
[Wed Feb 25 09:05:35.254627 2015] [proxy:error] [pid 7568:tid 1676] [client 191.95.253.21:59606] AH00898: Error reading from remote server returned by /isolucionsda/BarraFavoritos.asp, referer: http://190.27.245.106/isolucionsda/FrameSetGeneral.asp?Pagina1=FrameSetGeneral.asp&
[Wed Feb 25 09:05:35.363828 2015] [proxy_http:error] [pid 7568:tid 1444] (OS 10054)An existing connection was forcibly closed by the remote host.  : [client 191.95.253.21:59994] AH01102: error reading status line from remote server 172.22.1.31:80, referer: http://190.27.245.106/isolucionsda/Encabezado.asp?Pagina1=FrameSetGeneral.asp&&Pagina=MagazinHome.asp
[Wed Feb 25 09:05:35.363828 2015] [proxy:error] [pid 7568:tid 1444] [client 191.95.253.21:59994] AH00898: Error reading from remote server returned by /isolucionsda/g/Bot_Home.jpg, referer: http://190.27.245.106/isolucionsda/Encabezado.asp?Pagina1=FrameSetGeneral.asp&&Pagina=MagazinHome.asp
[Wed Feb 25 09:11:48.547683 2015] [proxy_http:error] [pid 7568:tid 1844] (OS 10054)An existing connection was forcibly closed by the remote host.  : [client 201.245.192.253:24998] AH01102: error reading status line from remote server 172.22.1.31:80
[Wed Feb 25 09:11:48.547683 2015] [proxy:error] [pid 7568:tid 1844] [client 201.245.192.253:24998] AH00898: Error reading from remote server returned by /isolucionsda/g/Bot_Documentos_ESP.jpg
[Wed Feb 25 09:11:48.547683 2015] [proxy_http:error] [pid 7568:tid 1380] (OS 10054)An existing connection was forcibly closed by the remote host.  : [client 201.245.192.253:24999] AH01102: error reading status line from remote server 172.22.1.31:80
[Wed Feb 25 09:11:48.547683 2015] [proxy:error] [pid 7568:tid 1380] [client 201.245.192.253:24999] AH00898: Error reading from remote server returned by /isolucionsda/g/Bot_Indicadores_ESP.jpg
[Wed Feb 25 09:17:17.474261 2015] [proxy:error] [pid 7568:tid 1372] (OS 10053)An established connection was aborted by the software in your host machine.  : [client 186.28.212.232:24155] AH01084: pass request body failed to 172.22.1.47:80 (172.22.1.47), referer: http://190.27.245.106/forest/usutareas.do?group_system_actual=3&a=0.4876120947301388
[Wed Feb 25 09:17:17.474261 2015] [proxy_http:error] [pid 7568:tid 1372] [client 186.28.212.232:24155] AH01097: pass request body failed to 172.22.1.47:80 (172.22.1.47) from 186.28.212.232 (), referer: http://190.27.245.106/forest/usutareas.do?group_system_actual=3&a=0.4876120947301388
[Wed Feb 25 09:38:55.973741 2015] [proxy_http:error] [pid 7568:tid 736] (OS 10054)An existing connection was forcibly closed by the remote host.  : [client 201.245.192.253:25048] AH01102: error reading status line from remote server 172.22.1.31:80, referer: http://190.27.245.106/isolucionsda/Encabezado.asp?Pagina1=FrameSetGeneral.asp&&Pagina=MagazinHome.asp
[Wed Feb 25 09:43:03.514976 2015] [proxy_http:error] [pid 7568:tid 1268] (20014)Internal error: [client 201.245.192.253:26868] AH01102: error reading status line from remote server 172.22.1.47:80, referer: http://190.27.245.106/forest/radicacion.do?codMod=11&_a=0.8386602294946989&group_system_actual=4
[Wed Feb 25 09:48:03.519103 2015] [proxy_http:error] [pid 7568:tid 1316] (20014)Internal error: [client 201.245.192.253:29340] AH01102: error reading status line from remote server 172.22.1.47:80, referer: http://190.27.245.106/forest/radicacion.do?codMod=11&_a=0.6585408866338602&group_system_actual=4
[Wed Feb 25 09:49:47.243685 2015] [proxy_http:error] [pid 7568:tid 728] (20014)Internal error: [client 201.245.192.253:30262] AH01102: error reading status line from remote server 172.22.1.47:80
[Wed Feb 25 09:49:47.243685 2015] [proxy:error] [pid 7568:tid 728] [client 201.245.192.253:30262] AH00898: Error reading from remote server returned by /forest/skins/gdocs-jar/img/alert.gif
[Wed Feb 25 09:51:48.284298 2015] [proxy_http:error] [pid 7568:tid 1160] (20014)Internal error: [client 201.245.192.253:31061] AH01102: error reading status line from remote server 172.22.1.47:80, referer: http://190.27.245.106/forest/usutareas.do?_a=0.5004039052968989&group_system_actual=3
[Wed Feb 25 09:54:54.782625 2015] [proxy_http:error] [pid 7568:tid 1228] (20014)Internal error: [client 201.245.192.253:32358] AH01102: error reading status line from remote server 172.22.1.47:80, referer: http://190.27.245.106/forest/usutareas.do?_a=0.624145782739701&group_system_actual=3
[Wed Feb 25 09:54:54.782625 2015] [proxy:error] [pid 7568:tid 1228] [client 201.245.192.253:32358] AH00898: Error reading from remote server returned by /forest/misactividades.do, referer: http://190.27.245.106/forest/usutareas.do?_a=0.624145782739701&group_system_actual=3
[Wed Feb 25 09:54:56.030628 2015] [proxy_http:error] [pid 7568:tid 1172] (20014)Internal error: [client 201.245.192.253:32368] AH01102: error reading status line from remote server 172.22.1.47:80
[Wed Feb 25 09:54:56.030628 2015] [proxy:error] [pid 7568:tid 1172] [client 201.245.192.253:32368] AH00898: Error reading from remote server returned by /forest/css/autocomplete.css
[Wed Feb 25 09:54:56.030628 2015] [proxy_http:error] [pid 7568:tid 1228] (20014)Internal error: [client 201.245.192.253:32371] AH01102: error reading status line from remote server 172.22.1.47:80
[Wed Feb 25 09:54:56.030628 2015] [proxy:error] [pid 7568:tid 1228] [client 201.245.192.253:32371] AH00898: Error reading from remote server returned by /forest/js/sarissa.js
[Wed Feb 25 09:57:11.688466 2015] [proxy_http:error] [pid 7568:tid 1316] (20014)Internal error: [client 201.245.192.253:33354] AH01102: error reading status line from remote server 172.22.1.47:80, referer: http://190.27.245.106/forest/buscar.do?
[Wed Feb 25 10:06:32.384651 2015] [proxy_http:error] [pid 7568:tid 1716] (20014)Internal error: [client 201.245.192.253:24945] AH01102: error reading status line from remote server 172.22.1.47:80, referer: http://190.27.245.106/forest/radicacion.do?codMod=11&_a=0.3782912520457301&group_system_actual=4
[Wed Feb 25 10:11:07.725134 2015] [proxy_http:error] [pid 7568:tid 1300] (20014)Internal error: [client 190.24.86.41:17256] AH01102: error reading status line from remote server 172.22.1.47:80, referer: http://190.27.245.106/forest/usutareas.do?group_system_actual=3&a=0.45166122494265437
[Wed Feb 25 10:12:12.324848 2015] [proxy_http:error] [pid 7568:tid 1844] (20014)Internal error: [client 201.245.192.253:27231] AH01102: error reading status line from remote server 172.22.1.47:80, referer: http://190.27.245.106/forest/index2.jsp?a=0.6011172931034947
[Wed Feb 25 10:12:13.869251 2015] [proxy_http:error] [pid 7568:tid 856] (20014)Internal error: [client 201.245.192.253:27307] AH01102: error reading status line from remote server 172.22.1.47:80, referer: http://190.27.245.106/forest/radicacion.do?codMod=11&_a=0.3782912520457301&group_system_actual=4
[Wed Feb 25 10:12:17.519657 2015] [proxy_http:error] [pid 7568:tid 1300] (20014)Internal error: [client 181.50.92.73:49834] AH01102: error reading status line from remote server 172.22.1.47:80, referer: http://190.27.245.106/forest/buscar.do?type=documentos
[Wed Feb 25 10:12:17.519657 2015] [proxy:error] [pid 7568:tid 1300] [client 181.50.92.73:49834] AH00898: Error reading from remote server returned by /forest/json.do, referer: http://190.27.245.106/forest/buscar.do?type=documentos
[Wed Feb 25 10:12:17.519657 2015] [negotiation:error] [pid 7568:tid 1300] [client 181.50.92.73:49834] AH00690: no acceptable variant: E:/nuevo/apache/error/HTTP_BAD_GATEWAY.html.var, referer: http://190.27.245.106/forest/buscar.do?type=documentos
[Wed Feb 25 10:12:17.566457 2015] [proxy_http:error] [pid 7568:tid 728] (20014)Internal error: [client 181.50.92.73:49833] AH01102: error reading status line from remote server 172.22.1.47:80, referer: http://190.27.245.106/forest/buscar.do?type=documentos
[Wed Feb 25 10:12:17.738057 2015] [proxy_http:error] [pid 7568:tid 856] (20014)Internal error: [client 201.245.192.253:27321] AH01102: error reading status line from remote server 172.22.1.47:80, referer: http://190.27.245.106/forest/radicacion.do?codMod=11&_a=0.3782912520457301&group_system_actual=4
[Wed Feb 25 10:13:30.714986 2015] [proxy_http:error] [pid 7568:tid 944] (20014)Internal error: [client 186.83.128.190:52397] AH01102: error reading status line from remote server 172.22.1.47:80, referer: http://190.27.245.106/forest/buscar.do?type=documentos
[Wed Feb 25 10:15:36.700807 2015] [proxy_http:error] [pid 7568:tid 1160] (20014)Internal error: [client 201.245.192.253:28532] AH01102: error reading status line from remote server 172.22.1.47:80
[Wed Feb 25 10:15:36.700807 2015] [proxy:error] [pid 7568:tid 1160] [client 201.245.192.253:28532] AH00898: Error reading from remote server returned by /forest/js/internJS.js
[Wed Feb 25 10:15:54.344438 2015] [proxy_http:error] [pid 7568:tid 856] (20014)Internal error: [client 201.245.192.253:28640] AH01102: error reading status line from remote server 172.22.1.47:80, referer: http://190.27.245.106/forest/index2.jsp?a=0.21299488716536108
[Wed Feb 25 10:15:54.531638 2015] [proxy_http:error] [pid 7568:tid 928] (20014)Internal error: [client 201.245.192.253:28642] AH01102: error reading status line from remote server 172.22.1.47:80, referer: http://190.27.245.106/forest/index2.jsp?a=0.21299488716536108
[Wed Feb 25 10:15:54.531638 2015] [proxy:error] [pid 7568:tid 928] [client 201.245.192.253:28642] AH00898: Error reading from remote server returned by /forest/system/document.jsp, referer: http://190.27.245.106/forest/index2.jsp?a=0.21299488716536108
[Wed Feb 25 10:16:24.265290 2015] [proxy_http:error] [pid 7568:tid 1260] (20014)Internal error: [client 201.245.192.253:28761] AH01102: error reading status line from remote server 172.22.1.47:80, referer: http://190.27.245.106/forest/radicacion.do?codMod=11&_a=0.800731140634122&group_system_actual=4
[Wed Feb 25 10:16:24.327690 2015] [proxy_http:error] [pid 7568:tid 1284] (20014)Internal error: [client 201.245.192.253:28759] AH01102: error reading status line from remote server 172.22.1.47:80, referer: http://190.27.245.106/forest/radicacion.do?codMod=11&_a=0.800731140634122&group_system_actual=4
[Wed Feb 25 10:17:20.206989 2015] [proxy_http:error] [pid 7568:tid 1436] (20014)Internal error: [client 201.245.192.253:29120] AH01102: error reading status line from remote server 172.22.1.47:80
[Wed Feb 25 10:17:20.206989 2015] [proxy:error] [pid 7568:tid 1436] [client 201.245.192.253:29120] AH00898: Error reading from remote server returned by /forest/img/loading.gif
[Wed Feb 25 10:23:44.919264 2015] [proxy_http:error] [pid 7568:tid 784] (20014)Internal error: [client 201.245.192.253:31633] AH01102: error reading status line from remote server 172.22.1.47:80, referer: http://190.27.245.106/forest/radicacion.do?codMod=11&_a=0.800731140634122&group_system_actual=4
[Wed Feb 25 10:23:54.435281 2015] [proxy_http:error] [pid 7568:tid 1700] (OS 10054)An existing connection was forcibly closed by the remote host.  : [client 201.245.192.253:31687] AH01102: error reading status line from remote server 172.22.1.31:80, referer: http://190.27.245.106/isolucionsda/FrameSetGeneral.asp?Pagina1=FrameSetGeneral.asp&
[Wed Feb 25 10:23:56.010884 2015] [proxy_http:error] [pid 7568:tid 1844] (OS 10054)An existing connection was forcibly closed by the remote host.  : [client 201.245.192.253:31695] AH01102: error reading status line from remote server 172.22.1.31:80, referer: http://190.27.245.106/isolucionsda/FrameSetGeneral.asp?Pagina=Menu.asp&IdModulo=4
[Wed Feb 25 10:23:56.010884 2015] [proxy:error] [pid 7568:tid 1844] [client 201.245.192.253:31695] AH00898: Error reading from remote server returned by /isolucionsda/BarraFavoritos.asp, referer: http://190.27.245.106/isolucionsda/FrameSetGeneral.asp?Pagina=Menu.asp&IdModulo=4
[Wed Feb 25 10:25:10.345014 2015] [proxy_http:error] [pid 7568:tid 712] (20014)Internal error: [client 201.245.192.253:32187] AH01102: error reading status line from remote server 172.22.1.47:80
[Wed Feb 25 10:25:10.345014 2015] [proxy:error] [pid 7568:tid 712] [client 201.245.192.253:32187] AH00898: Error reading from remote server returned by /forest/1ibre/protoaculous.js
[Wed Feb 25 10:28:23.582554 2015] [proxy_http:error] [pid 7568:tid 888] (20014)Internal error: [client 201.245.192.253:33538] AH01102: error reading status line from remote server 172.22.1.47:80
[Wed Feb 25 10:28:23.582554 2015] [proxy:error] [pid 7568:tid 888] [client 201.245.192.253:33538] AH00898: Error reading from remote server returned by /forest/1ibre/jscalendar/calendar-setup.js
[Wed Feb 25 10:28:23.598154 2015] [proxy_http:error] [pid 7568:tid 728] (20014)Internal error: [client 201.245.192.253:33541] AH01102: error reading status line from remote server 172.22.1.47:80, referer: http://190.27.245.106/forest/buscar.do?type=procesos
[Wed Feb 25 10:28:23.598154 2015] [proxy:error] [pid 7568:tid 728] [client 201.245.192.253:33541] AH00898: Error reading from remote server returned by /forest/json.do, referer: http://190.27.245.106/forest/buscar.do?type=procesos
[Wed Feb 25 10:28:23.598154 2015] [negotiation:error] [pid 7568:tid 728] [client 201.245.192.253:33541] AH00690: no acceptable variant: E:/nuevo/apache/error/HTTP_BAD_GATEWAY.html.var, referer: http://190.27.245.106/forest/buscar.do?type=procesos
[Wed Feb 25 10:28:33.301371 2015] [proxy_http:error] [pid 7568:tid 1364] (20014)Internal error: [client 201.245.192.253:33624] AH01102: error reading status line from remote server 172.22.1.47:80, referer: http://190.27.245.106/forest/buscar.do?type=procesos
[Wed Feb 25 10:28:37.560178 2015] [proxy_http:error] [pid 7568:tid 1300] (20014)Internal error: [client 201.245.192.253:33648] AH01102: error reading status line from remote server 172.22.1.47:80, referer: http://190.27.245.106/forest/buscar.do?type=procesos
[Wed Feb 25 10:28:44.330590 2015] [proxy_http:error] [pid 7568:tid 856] (20014)Internal error: [client 201.245.192.253:33783] AH01102: error reading status line from remote server 172.22.1.47:80, referer: http://190.27.245.106/forest/buscar.do?type=procesos
[Wed Feb 25 10:28:44.455390 2015] [proxy_http:error] [pid 7568:tid 856] (20014)Internal error: [client 201.245.192.253:33785] AH01102: error reading status line from remote server 172.22.1.47:80, referer: http://190.27.245.106/forest/buscar.do?type=procesos
[Wed Feb 25 10:28:44.455390 2015] [proxy:error] [pid 7568:tid 856] [client 201.245.192.253:33785] AH00898: Error reading from remote server returned by /forest/json.do, referer: http://190.27.245.106/forest/buscar.do?type=procesos
[Wed Feb 25 10:28:44.455390 2015] [negotiation:error] [pid 7568:tid 856] [client 201.245.192.253:33785] AH00690: no acceptable variant: E:/nuevo/apache/error/HTTP_BAD_GATEWAY.html.var, referer: http://190.27.245.106/forest/buscar.do?type=procesos
[Wed Feb 25 10:28:45.001391 2015] [proxy_http:error] [pid 7568:tid 856] (20014)Internal error: [client 201.245.192.253:33785] AH01102: error reading status line from remote server 172.22.1.47:80, referer: http://190.27.245.106/forest/suactividades.do?group_system_actual=3
[Wed Feb 25 10:28:47.934197 2015] [proxy_http:error] [pid 7568:tid 856] (20014)Internal error: [client 201.245.192.253:33797] AH01102: error reading status line from remote server 172.22.1.47:80, referer: http://190.27.245.106/forest/buscar.do?type=procesos
[Wed Feb 25 10:28:48.058997 2015] [proxy_http:error] [pid 7568:tid 856] (20014)Internal error: [client 201.245.192.253:33800] AH01102: error reading status line from remote server 172.22.1.47:80, referer: http://190.27.245.106/forest/buscar.do?type=procesos
[Wed Feb 25 10:28:48.058997 2015] [proxy:error] [pid 7568:tid 856] [client 201.245.192.253:33800] AH00898: Error reading from remote server returned by /forest/json.do, referer: http://190.27.245.106/forest/buscar.do?type=procesos
[Wed Feb 25 10:28:48.058997 2015] [negotiation:error] [pid 7568:tid 856] [client 201.245.192.253:33800] AH00690: no acceptable variant: E:/nuevo/apache/error/HTTP_BAD_GATEWAY.html.var, referer: http://190.27.245.106/forest/buscar.do?type=procesos
[Wed Feb 25 10:28:50.570601 2015] [proxy_http:error] [pid 7568:tid 856] (20014)Internal error: [client 201.245.192.253:33800] AH01102: error reading status line from remote server 172.22.1.47:80, referer: http://190.27.245.106/forest/buscar.do?type=procesos
[Wed Feb 25 10:29:33.501877 2015] [proxy_http:error] [pid 7568:tid 1444] (20014)Internal error: [client 186.83.128.190:52803] AH01102: error reading status line from remote server 172.22.1.47:80, referer: http://190.27.245.106/forest/suactividades.do?_a=0.15882444474846125&group_system_actual=3
[Wed Feb 25 10:29:46.683900 2015] [proxy_http:error] [pid 7568:tid 1428] (20014)Internal error: [client 201.245.192.253:34114] AH01102: error reading status line from remote server 172.22.1.47:80, referer: http://190.27.245.106/forest/usutareas.do?group_system_actual=3&codAct=879&numPro=2964375&codPro=90&fecTra=2015-02-23%2011:14:59.983&codInst=2998887&codTraEsc=17566745
[Wed Feb 25 10:29:47.370301 2015] [proxy_http:error] [pid 7568:tid 1428] (20014)Internal error: [client 201.245.192.253:34154] AH01102: error reading status line from remote server 172.22.1.47:80, referer: http://190.27.245.106/forest/usutareas.do?_a=0.8195202499234567&group_system_actual=3
[Wed Feb 25 10:29:47.370301 2015] [proxy:error] [pid 7568:tid 1428] [client 201.245.192.253:34154] AH00898: Error reading from remote server returned by /forest/usutareas.do, referer: http://190.27.245.106/forest/usutareas.do?_a=0.8195202499234567&group_system_actual=3
[Wed Feb 25 10:29:49.913105 2015] [proxy_http:error] [pid 7568:tid 1428] (20014)Internal error: [client 201.245.192.253:34154] AH01102: error reading status line from remote server 172.22.1.47:80, referer: http://190.27.245.106/forest/misactividades.do?_a=0.968235538650415&group_system_actual=3
[Wed Feb 25 10:30:03.391529 2015] [proxy_http:error] [pid 7568:tid 1788] (20014)Internal error: [client 201.245.192.253:34290] AH01102: error reading status line from remote server 172.22.1.47:80, referer: http://190.27.245.106/forest/usutareas.do?group_system_actual=3&codAct=880&numPro=2880939&codPro=90&fecTra=2015-02-23%2011:14:29.589&codInst=2908501&codTraEsc=17566736
[Wed Feb 25 10:30:03.391529 2015] [proxy:error] [pid 7568:tid 1788] [client 201.245.192.253:34290] AH00898: Error reading from remote server returned by /forest/skins/gdocs-jar/popup/escritorio/reasignar.jsp, referer: http://190.27.245.106/forest/usutareas.do?group_system_actual=3&codAct=880&numPro=2880939&codPro=90&fecTra=2015-02-23%2011:14:29.589&codInst=2908501&codTraEsc=17566736
[Wed Feb 25 10:30:34.685184 2015] [proxy_http:error] [pid 7568:tid 1364] (20014)Internal error: [client 201.245.192.253:34501] AH01102: error reading status line from remote server 172.22.1.47:80, referer: http://190.27.245.106/forest/usutareas.do?group_system_actual=3&a=0.6607189271040893
[Wed Feb 25 10:30:56.728023 2015] [proxy_http:error] [pid 7568:tid 856] (20014)Internal error: [client 201.245.192.253:34680] AH01102: error reading status line from remote server 172.22.1.47:80
[Wed Feb 25 10:30:56.728023 2015] [proxy:error] [pid 7568:tid 856] [client 201.245.192.253:34680] AH00898: Error reading from remote server returned by /forest/skins/gdocs-jar/js/formsBase.js
[Wed Feb 25 10:31:07.148841 2015] [proxy_http:error] [pid 7568:tid 1284] (20014)Internal error: [client 201.245.192.253:34756] AH01102: error reading status line from remote server 172.22.1.47:80, referer: http://190.27.245.106/forest/usutareas.do?_a=0.13121875321489396&group_system_actual=3
[Wed Feb 25 10:31:07.289241 2015] [proxy_http:error] [pid 7568:tid 1284] (20014)Internal error: [client 201.245.192.253:34768] AH01102: error reading status line from remote server 172.22.1.47:80, referer: http://190.27.245.106/forest/index2.jsp?a=0.21299488716536108
[Wed Feb 25 10:31:08.864844 2015] [proxy_http:error] [pid 7568:tid 1364] (20014)Internal error: [client 201.245.192.253:34778] AH01102: error reading status line from remote server 172.22.1.47:80, referer: http://190.27.245.106/forest/usutareas.do?_a=0.13121875321489396&group_system_actual=3
[Wed Feb 25 10:31:08.942844 2015] [proxy_http:error] [pid 7568:tid 1284] (20014)Internal error: [client 201.245.192.253:34782] AH01102: error reading status line from remote server 172.22.1.47:80
[Wed Feb 25 10:31:08.942844 2015] [proxy:error] [pid 7568:tid 1284] [client 201.245.192.253:34782] AH00898: Error reading from remote server returned by /forest/skins/gdocs-jar/img/top-search-icon.gif
[Wed Feb 25 10:31:11.750849 2015] [proxy_http:error] [pid 7568:tid 1284] (20014)Internal error: [client 201.245.192.253:34810] AH01102: error reading status line from remote server 172.22.1.47:80
[Wed Feb 25 10:31:11.750849 2015] [proxy:error] [pid 7568:tid 1284] [client 201.245.192.253:34810] AH00898: Error reading from remote server returned by /forest/skins/gdocs-jar/css/tree.css
[Wed Feb 25 10:31:11.766449 2015] [proxy_http:error] [pid 7568:tid 1316] (20014)Internal error: [client 201.245.192.253:34812] AH01102: error reading status line from remote server 172.22.1.47:80
[Wed Feb 25 10:31:11.766449 2015] [proxy:error] [pid 7568:tid 1316] [client 201.245.192.253:34812] AH00898: Error reading from remote server returned by /forest/js/dialog.js
[Wed Feb 25 10:31:43.153704 2015] [proxy_http:error] [pid 7568:tid 1140] (20014)Internal error: [client 201.245.192.253:34978] AH01102: error reading status line from remote server 172.22.1.47:80, referer: http://190.27.245.106/forest/suactividades.do?group_system_actual=3
[Wed Feb 25 10:31:43.356505 2015] [proxy_http:error] [pid 7568:tid 1284] (20014)Internal error: [client 201.245.192.253:22531] AH01102: error reading status line from remote server 172.22.1.47:80, referer: http://190.27.245.106/forest/suactividades.do?group_system_actual=3
[Wed Feb 25 10:31:58.285731 2015] [proxy_http:error] [pid 7568:tid 776] (20014)Internal error: [client 201.245.192.253:22716] AH01102: error reading status line from remote server 172.22.1.47:80, referer: http://190.27.245.106/forest/usutareas.do?_a=0.24809952254078593&group_system_actual=3
[Wed Feb 25 10:31:58.316931 2015] [proxy_http:error] [pid 7568:tid 888] (20014)Internal error: [client 201.245.192.253:22717] AH01102: error reading status line from remote server 172.22.1.47:80, referer: http://190.27.245.106/forest/usutareas.do?_a=0.24809952254078593&group_system_actual=3
[Wed Feb 25 10:31:58.363731 2015] [proxy_http:error] [pid 7568:tid 1260] (20014)Internal error: [client 201.245.192.253:22709] AH01102: error reading status line from remote server 172.22.1.47:80, referer: http://190.27.245.106/forest/usutareas.do?_a=0.24809952254078593&group_system_actual=3
[Wed Feb 25 10:31:58.379331 2015] [proxy_http:error] [pid 7568:tid 736] (20014)Internal error: [client 201.245.192.253:22714] AH01102: error reading status line from remote server 172.22.1.47:80, referer: http://190.27.245.106/forest/usutareas.do?_a=0.24809952254078593&group_system_actual=3
[Wed Feb 25 10:32:01.452536 2015] [proxy_http:error] [pid 7568:tid 888] (20014)Internal error: [client 201.245.192.253:22725] AH01102: error reading status line from remote server 172.22.1.47:80, referer: http://190.27.245.106/forest/usutareas.do?_a=0.24809952254078593&group_system_actual=3
[Wed Feb 25 10:32:01.452536 2015] [proxy:error] [pid 7568:tid 888] [client 201.245.192.253:22725] AH00898: Error reading from remote server returned by /forest/json.do, referer: http://190.27.245.106/forest/usutareas.do?_a=0.24809952254078593&group_system_actual=3
[Wed Feb 25 10:32:01.452536 2015] [negotiation:error] [pid 7568:tid 888] [client 201.245.192.253:22725] AH00690: no acceptable variant: E:/nuevo/apache/error/HTTP_BAD_GATEWAY.html.var, referer: http://190.27.245.106/forest/usutareas.do?_a=0.24809952254078593&group_system_actual=3
[Wed Feb 25 10:32:02.575738 2015] [proxy_http:error] [pid 7568:tid 1140] (20014)Internal error: [client 201.245.192.253:22710] AH01102: error reading status line from remote server 172.22.1.47:80, referer: http://190.27.245.106/forest/buscar.do?type=procesos
[Wed Feb 25 10:32:11.654954 2015] [proxy_http:error] [pid 7568:tid 736] (20014)Internal error: [client 201.245.192.253:22856] AH01102: error reading status line from remote server 172.22.1.47:80, referer: http://190.27.245.106/forest/buscar.do?type=procesos
[Wed Feb 25 10:32:11.654954 2015] [proxy:error] [pid 7568:tid 736] [client 201.245.192.253:22856] AH00898: Error reading from remote server returned by /forest/json.do, referer: http://190.27.245.106/forest/buscar.do?type=procesos
[Wed Feb 25 10:32:11.654954 2015] [negotiation:error] [pid 7568:tid 736] [client 201.245.192.253:22856] AH00690: no acceptable variant: E:/nuevo/apache/error/HTTP_BAD_GATEWAY.html.var, referer: http://190.27.245.106/forest/buscar.do?type=procesos
[Wed Feb 25 10:32:17.426964 2015] [proxy_http:error] [pid 7568:tid 736] (20014)Internal error: [client 201.245.192.253:22909] AH01102: error reading status line from remote server 172.22.1.47:80, referer: http://190.27.245.106/forest/buscar.do?type=procesos
[Wed Feb 25 10:32:17.426964 2015] [proxy:error] [pid 7568:tid 736] [client 201.245.192.253:22909] AH00898: Error reading from remote server returned by /forest/json.do, referer: http://190.27.245.106/forest/buscar.do?type=procesos
[Wed Feb 25 10:32:17.426964 2015] [negotiation:error] [pid 7568:tid 736] [client 201.245.192.253:22909] AH00690: no acceptable variant: E:/nuevo/apache/error/HTTP_BAD_GATEWAY.html.var, referer: http://190.27.245.106/forest/buscar.do?type=procesos
[Wed Feb 25 10:32:55.740632 2015] [proxy_http:error] [pid 7568:tid 1700] (20014)Internal error: [client 201.245.192.253:23215] AH01102: error reading status line from remote server 172.22.1.47:80
[Wed Feb 25 10:32:55.740632 2015] [proxy:error] [pid 7568:tid 1700] [client 201.245.192.253:23215] AH00898: Error reading from remote server returned by /forest/skins/gdocs-jar/js/graphicForm.js
[Wed Feb 25 10:32:58.673437 2015] [proxy_http:error] [pid 7568:tid 1260] (20014)Internal error: [client 201.245.192.253:23228] AH01102: error reading status line from remote server 172.22.1.47:80
[Wed Feb 25 10:32:58.673437 2015] [proxy:error] [pid 7568:tid 1260] [client 201.245.192.253:23228] AH00898: Error reading from remote server returned by /forest/img/panel/menu/add.png
[Wed Feb 25 10:33:16.067467 2015] [proxy_http:error] [pid 7568:tid 1364] (20014)Internal error: [client 201.245.192.253:23376] AH01102: error reading status line from remote server 172.22.1.47:80, referer: http://190.27.245.106/forest/index2.jsp?a=0.6011172931034947
[Wed Feb 25 10:33:26.207485 2015] [proxy_http:error] [pid 7568:tid 1372] (20014)Internal error: [client 201.245.192.253:23465] AH01102: error reading status line from remote server 172.22.1.47:80, referer: http://190.27.245.106/forest/usutareas.do?_a=0.2431371870753254&group_system_actual=3
[Wed Feb 25 10:33:26.207485 2015] [proxy:error] [pid 7568:tid 1372] [client 201.245.192.253:23465] AH00898: Error reading from remote server returned by /forest/session.jsp, referer: http://190.27.245.106/forest/usutareas.do?_a=0.2431371870753254&group_system_actual=3
[Wed Feb 25 10:33:26.207485 2015] [negotiation:error] [pid 7568:tid 1372] [client 201.245.192.253:23465] AH00690: no acceptable variant: E:/nuevo/apache/error/HTTP_BAD_GATEWAY.html.var, referer: http://190.27.245.106/forest/usutareas.do?_a=0.2431371870753254&group_system_actual=3
[Wed Feb 25 10:33:26.940687 2015] [proxy_http:error] [pid 7568:tid 1132] (20014)Internal error: [client 201.245.192.253:23468] AH01102: error reading status line from remote server 172.22.1.47:80
[Wed Feb 25 10:33:26.940687 2015] [proxy:error] [pid 7568:tid 1132] [client 201.245.192.253:23468] AH00898: Error reading from remote server returned by /forest/skins/gdocs-jar/js/misprocesos.js
[Wed Feb 25 10:35:27.045298 2015] [proxy_http:error] [pid 7568:tid 1636] (20014)Internal error: [client 201.245.192.253:24147] AH01102: error reading status line from remote server 172.22.1.47:80
[Wed Feb 25 10:35:27.045298 2015] [proxy:error] [pid 7568:tid 1636] [client 201.245.192.253:24147] AH00898: Error reading from remote server returned by /forest/skins/gdocs-jar/js/swfobject.js
[Wed Feb 25 10:35:32.692507 2015] [proxy_http:error] [pid 7568:tid 736] (20014)Internal error: [client 201.245.192.253:24162] AH01102: error reading status line from remote server 172.22.1.47:80, referer: http://190.27.245.106/forest/usutareas.do?group_system_actual=3&a=0.24195582806082216
[Wed Feb 25 10:35:32.864108 2015] [proxy_http:error] [pid 7568:tid 736] (20014)Internal error: [client 201.245.192.253:24180] AH01102: error reading status line from remote server 172.22.1.47:80, referer: http://190.27.245.106/forest/usutareas.do?group_system_actual=3&a=0.24195582806082216
[Wed Feb 25 10:35:32.864108 2015] [proxy:error] [pid 7568:tid 736] [client 201.245.192.253:24180] AH00898: Error reading from remote server returned by /forest/actions/forms.getList, referer: http://190.27.245.106/forest/usutareas.do?group_system_actual=3&a=0.24195582806082216
[Wed Feb 25 10:35:32.864108 2015] [negotiation:error] [pid 7568:tid 736] [client 201.245.192.253:24180] AH00690: no acceptable variant: E:/nuevo/apache/error/HTTP_BAD_GATEWAY.html.var, referer: http://190.27.245.106/forest/usutareas.do?group_system_actual=3&a=0.24195582806082216
[Wed Feb 25 10:35:35.562912 2015] [proxy_http:error] [pid 7568:tid 736] (20014)Internal error: [client 201.245.192.253:24186] AH01102: error reading status line from remote server 172.22.1.47:80
[Wed Feb 25 10:35:35.562912 2015] [proxy:error] [pid 7568:tid 736] [client 201.245.192.253:24186] AH00898: Error reading from remote server returned by /forest/js/autocompletar2.js
[Wed Feb 25 10:36:54.483451 2015] [proxy_http:error] [pid 7568:tid 1652] (20014)Internal error: [client 201.245.192.253:24588] AH01102: error reading status line from remote server 172.22.1.47:80, referer: http://190.27.245.106/forest/buscar.do?
[Wed Feb 25 10:37:06.667073 2015] [proxy_http:error] [pid 7568:tid 1844] (20014)Internal error: [client 201.245.192.253:24664] AH01102: error reading status line from remote server 172.22.1.47:80
[Wed Feb 25 10:37:06.667073 2015] [proxy:error] [pid 7568:tid 1844] [client 201.245.192.253:24664] AH00898: Error reading from remote server returned by /forest/skins/gdocs-jar/img/actividad2.gif
[Wed Feb 25 10:37:06.667073 2015] [proxy_http:error] [pid 7568:tid 944] (20014)Internal error: [client 201.245.192.253:24663] AH01102: error reading status line from remote server 172.22.1.47:80
[Wed Feb 25 10:37:06.667073 2015] [proxy:error] [pid 7568:tid 944] [client 201.245.192.253:24663] AH00898: Error reading from remote server returned by /forest/skins/gdocs-jar/img/vertodossubprocesos.gif
[Wed Feb 25 10:40:46.034658 2015] [proxy_http:error] [pid 7568:tid 728] (20014)Internal error: [client 201.245.192.253:26062] AH01102: error reading status line from remote server 172.22.1.47:80, referer: http://190.27.245.106/forest/index2.jsp?a=0.21299488716536108
[Wed Feb 25 10:40:46.518259 2015] [proxy_http:error] [pid 7568:tid 728] (20014)Internal error: [client 201.245.192.253:26082] AH01102: error reading status line from remote server 172.22.1.47:80, referer: http://190.27.245.106/forest/index2.jsp?a=0.21299488716536108
[Wed Feb 25 10:40:46.518259 2015] [proxy:error] [pid 7568:tid 728] [client 201.245.192.253:26082] AH00898: Error reading from remote server returned by /forest/system/process.jsp, referer: http://190.27.245.106/forest/index2.jsp?a=0.21299488716536108
[Wed Feb 25 10:40:46.814659 2015] [proxy_http:error] [pid 7568:tid 1484] (20014)Internal error: [client 201.245.192.253:26086] AH01102: error reading status line from remote server 172.22.1.47:80, referer: http://190.27.245.106/forest/buscar.do?type=procesos
[Wed Feb 25 10:40:46.814659 2015] [proxy:error] [pid 7568:tid 1484] [client 201.245.192.253:26086] AH00898: Error reading from remote server returned by /forest/buscar.do, referer: http://190.27.245.106/forest/buscar.do?type=procesos
[Wed Feb 25 10:40:51.260667 2015] [proxy_http:error] [pid 7568:tid 912] (20014)Internal error: [client 201.245.192.253:26114] AH01102: error reading status line from remote server 172.22.1.47:80
[Wed Feb 25 10:40:51.260667 2015] [proxy:error] [pid 7568:tid 912] [client 201.245.192.253:26114] AH00898: Error reading from remote server returned by /forest/js/load_func.js
[Wed Feb 25 10:41:17.421913 2015] [proxy_http:error] [pid 7568:tid 1316] (20014)Internal error: [client 201.245.192.253:26245] AH01102: error reading status line from remote server 172.22.1.47:80, referer: http://190.27.245.106/forest/index2.jsp?a=0.2811381047376289
[Wed Feb 25 10:42:03.332794 2015] [proxy_http:error] [pid 7568:tid 760] (20014)Internal error: [client 190.24.86.41:18042] AH01102: error reading status line from remote server 172.22.1.47:80, referer: http://190.27.245.106/forest/usutareas.do?_a=0.8982294457964599&group_system_actual=3
[Wed Feb 25 10:42:08.558803 2015] [proxy_http:error] [pid 7568:tid 1316] (20014)Internal error: [client 186.30.95.126:20493] AH01102: error reading status line from remote server 172.22.1.47:80, referer: http://190.27.245.106/forest/
[Wed Feb 25 10:42:08.574403 2015] [proxy_http:error] [pid 7568:tid 1300] (20014)Internal error: [client 186.30.95.126:20486] AH01102: error reading status line from remote server 172.22.1.47:80, referer: http://190.27.245.106/forest/
[Wed Feb 25 10:42:08.636803 2015] [proxy_http:error] [pid 7568:tid 1076] (20014)Internal error: [client 186.30.95.126:20488] AH01102: error reading status line from remote server 172.22.1.47:80, referer: http://190.27.245.106/forest/
[Wed Feb 25 10:42:17.700419 2015] [proxy_http:error] [pid 7568:tid 1716] (20014)Internal error: [client 186.30.95.126:20509] AH01102: error reading status line from remote server 172.22.1.47:80, referer: http://190.27.245.106/forest/index2.jsp?a=0.360215393792065
[Wed Feb 25 10:42:17.700419 2015] [proxy:error] [pid 7568:tid 1716] [client 186.30.95.126:20509] AH00898: Error reading from remote server returned by /forest/img/users/3.gif, referer: http://190.27.245.106/forest/index2.jsp?a=0.360215393792065
[Wed Feb 25 10:42:51.521278 2015] [proxy_http:error] [pid 7568:tid 1316] (20014)Internal error: [client 201.245.192.253:26805] AH01102: error reading status line from remote server 172.22.1.47:80, referer: http://190.27.245.106/forest/radicacion.do?codMod=80&_a=0.025098910904141514&group_system_actual=4
[Wed Feb 25 10:42:53.923682 2015] [proxy_http:error] [pid 7568:tid 1172] (20014)Internal error: [client 201.245.192.253:26806] AH01102: error reading status line from remote server 172.22.1.47:80, referer: http://190.27.245.106/forest/radicacion.do?codMod=80&_a=0.025098910904141514&group_system_actual=4
[Wed Feb 25 10:43:14.531319 2015] [proxy_http:error] [pid 7568:tid 1196] (20014)Internal error: [client 201.245.192.253:26962] AH01102: error reading status line from remote server 172.22.1.47:80
[Wed Feb 25 10:43:14.531319 2015] [proxy:error] [pid 7568:tid 1196] [client 201.245.192.253:26962] AH00898: Error reading from remote server returned by /forest/js/usutareas-docs.js
[Wed Feb 25 10:43:47.057376 2015] [proxy_http:error] [pid 7568:tid 1260] (20014)Internal error: [client 201.245.192.253:27207] AH01102: error reading status line from remote server 172.22.1.47:80, referer: http://190.27.245.106/forest/buscar.do?type=procesos
[Wed Feb 25 10:43:47.072976 2015] [proxy:error] [pid 7568:tid 1260] [client 201.245.192.253:27207] AH00898: Error reading from remote server returned by /forest/json.do, referer: http://190.27.245.106/forest/buscar.do?type=procesos
[Wed Feb 25 10:43:47.072976 2015] [negotiation:error] [pid 7568:tid 1260] [client 201.245.192.253:27207] AH00690: no acceptable variant: E:/nuevo/apache/error/HTTP_BAD_GATEWAY.html.var, referer: http://190.27.245.106/forest/buscar.do?type=procesos
[Wed Feb 25 10:43:51.191383 2015] [proxy_http:error] [pid 7568:tid 1196] (20014)Internal error: [client 201.245.192.253:27243] AH01102: error reading status line from remote server 172.22.1.47:80, referer: http://190.27.245.106/forest/buscar.do?type=procesos
[Wed Feb 25 10:45:04.885912 2015] [proxy_http:error] [pid 7568:tid 1316] (20014)Internal error: [client 201.245.192.253:27777] AH01102: error reading status line from remote server 172.22.1.47:80, referer: http://190.27.245.106/forest/buscar.do?type=procesos
[Wed Feb 25 10:45:15.681131 2015] [proxy_http:error] [pid 7568:tid 1284] (20014)Internal error: [client 181.50.92.73:50326] AH01102: error reading status line from remote server 172.22.1.47:80, referer: http://190.27.245.106/forest/usutareas.do?_a=0.47766167926602066&group_system_actual=3
[Wed Feb 25 10:45:15.681131 2015] [proxy:error] [pid 7568:tid 1284] [client 181.50.92.73:50326] AH00898: Error reading from remote server returned by /forest/session.jsp, referer: http://190.27.245.106/forest/usutareas.do?_a=0.47766167926602066&group_system_actual=3
[Wed Feb 25 10:45:15.681131 2015] [negotiation:error] [pid 7568:tid 1284] [client 181.50.92.73:50326] AH00690: no acceptable variant: E:/nuevo/apache/error/HTTP_BAD_GATEWAY.html.var, referer: http://190.27.245.106/forest/usutareas.do?_a=0.47766167926602066&group_system_actual=3
[Wed Feb 25 10:45:47.567587 2015] [proxy_http:error] [pid 7568:tid 760] (20014)Internal error: [client 201.245.192.253:28080] AH01102: error reading status line from remote server 172.22.1.47:80, referer: http://190.27.245.106/forest/usutareas.do?group_system_actual=3&codAct=1477&numPro=2956766&codPro=134&fecTra=2015-02-24%2016:55:16.0&codInst=2990475&codTraEsc=17582985
[Wed Feb 25 10:45:52.450396 2015] [proxy_http:error] [pid 7568:tid 760] (20014)Internal error: [client 201.245.192.253:28095] AH01102: error reading status line from remote server 172.22.1.47:80, referer: http://190.27.245.106/forest/radicacion.do?codMod=11&_a=0.5363526653850035&group_system_actual=4
[Wed Feb 25 10:48:25.954666 2015] [proxy_http:error] [pid 7568:tid 1116] (20014)Internal error: [client 201.245.192.253:29300] AH01102: error reading status line from remote server 172.22.1.47:80, referer: http://190.27.245.106/forest/forms-plus/editor?openForm=SE_5_ACTA_VISITA
[Wed Feb 25 10:48:29.433472 2015] [proxy_http:error] [pid 7568:tid 1428] (20014)Internal error: [client 201.245.192.253:29384] AH01102: error reading status line from remote server 172.22.1.47:80, referer: http://190.27.245.106/forest/forms-plus/editor?openForm=SE_5_ACTA_VISITA
[Wed Feb 25 10:49:17.621956 2015] [proxy_http:error] [pid 7568:tid 1748] (20014)Internal error: [client 201.245.192.253:29727] AH01102: error reading status line from remote server 172.22.1.47:80, referer: http://190.27.245.106/forest/buscar.do?type=procesos
[Wed Feb 25 10:49:18.776358 2015] [proxy_http:error] [pid 7568:tid 1748] (20014)Internal error: [client 201.245.192.253:29704] AH01102: error reading status line from remote server 172.22.1.47:80
[Wed Feb 25 10:49:18.776358 2015] [proxy:error] [pid 7568:tid 1748] [client 201.245.192.253:29704] AH00898: Error reading from remote server returned by /forest/1ibre/jscalendar/lang/calendar-es.js
[Wed Feb 25 10:54:56.704152 2015] [proxy_http:error] [pid 7568:tid 1228] (20014)Internal error: [client 191.89.95.25:33150] AH01102: error reading status line from remote server 172.22.1.47:80, referer: http://190.27.245.106/forest/
[Wed Feb 25 10:55:37.560624 2015] [proxy_http:error] [pid 7568:tid 1484] (20014)Internal error: [client 181.50.92.73:50395] AH01102: error reading status line from remote server 172.22.1.47:80, referer: http://190.27.245.106/forest/buscar.do?type=documentos
[Wed Feb 25 10:55:37.638624 2015] [proxy_http:error] [pid 7568:tid 1484] (20014)Internal error: [client 181.50.92.73:50396] AH01102: error reading status line from remote server 172.22.1.47:80, referer: http://190.27.245.106/forest/buscar.do?type=documentos
[Wed Feb 25 10:56:41.208735 2015] [proxy_http:error] [pid 7568:tid 840] (20014)Internal error: [client 201.245.192.253:33363] AH01102: error reading status line from remote server 172.22.1.47:80, referer: http://190.27.245.106/forest/usutareas.do?_a=0.46384618955414314&group_system_actual=3
[Wed Feb 25 10:57:49.926856 2015] [proxy_http:error] [pid 7568:tid 1828] (20014)Internal error: [client 201.245.192.253:33751] AH01102: error reading status line from remote server 172.22.1.47:80, referer: http://190.27.245.106/forest/usutareas.do?group_system_actual=3&a=0.038685223449521744
[Wed Feb 25 10:57:51.627259 2015] [proxy_http:error] [pid 7568:tid 1540] (20014)Internal error: [client 201.245.192.253:33778] AH01102: error reading status line from remote server 172.22.1.47:80, referer: http://190.27.245.106/forest/usutareas.do?group_system_actual=3&a=0.038685223449521744
[Wed Feb 25 10:57:54.903265 2015] [proxy_http:error] [pid 7568:tid 1708] (20014)Internal error: [client 201.245.192.253:33813] AH01102: error reading status line from remote server 172.22.1.47:80
[Wed Feb 25 10:57:54.903265 2015] [proxy:error] [pid 7568:tid 1708] [client 201.245.192.253:33813] AH00898: Error reading from remote server returned by /forest/skins/gdocs-jar/js/xml_utilities.js
[Wed Feb 25 10:58:56.382973 2015] [proxy_http:error] [pid 7568:tid 1212] (20014)Internal error: [client 186.30.95.126:21799] AH01102: error reading status line from remote server 172.22.1.47:80, referer: http://190.27.245.106/forest/misactividades.do?group_system_actual=3&codPro=176&_a=0.529339967857162
[Wed Feb 25 10:58:59.892979 2015] [proxy_http:error] [pid 7568:tid 1364] (20014)Internal error: [client 186.30.95.126:21800] AH01102: error reading status line from remote server 172.22.1.47:80, referer: http://190.27.245.106/forest/js/jquery/grid/css/ui.jqgrid.css
[Wed Feb 25 10:59:33.698238 2015] [proxy_http:error] [pid 7568:tid 776] (20014)Internal error: [client 201.245.192.253:34631] AH01102: error reading status line from remote server 172.22.1.47:80, referer: http://190.27.245.106/forest/radicacion.do?codMod=11&_a=0.5363526653850035&group_system_actual=4
[Wed Feb 25 10:59:34.135039 2015] [proxy_http:error] [pid 7568:tid 1652] (20014)Internal error: [client 201.245.192.253:34655] AH01102: error reading status line from remote server 172.22.1.47:80, referer: http://190.27.245.106/forest/usudocumentos.do?_a=0.9269139632663058&group_system_actual=3
[Wed Feb 25 10:59:35.133441 2015] [proxy_http:error] [pid 7568:tid 1284] (20014)Internal error: [client 201.245.192.253:34691] AH01102: error reading status line from remote server 172.22.1.47:80
[Wed Feb 25 10:59:35.133441 2015] [proxy:error] [pid 7568:tid 1284] [client 201.245.192.253:34691] AH00898: Error reading from remote server returned by /forest/skins/gdocs-jar/js/number-functions.js
[Wed Feb 25 10:59:44.399857 2015] [proxy_http:error] [pid 7568:tid 1652] (20014)Internal error: [client 201.245.192.253:34810] AH01102: error reading status line from remote server 172.22.1.47:80
[Wed Feb 25 10:59:44.399857 2015] [proxy:error] [pid 7568:tid 1652] [client 201.245.192.253:34810] AH00898: Error reading from remote server returned by /forest/skins/gdocs-jar/img/contraido.gif
[Wed Feb 25 11:00:10.795104 2015] [proxy_http:error] [pid 7568:tid 1372] (20014)Internal error: [client 201.245.192.253:22552] AH01102: error reading status line from remote server 172.22.1.47:80
[Wed Feb 25 11:00:10.795104 2015] [proxy:error] [pid 7568:tid 1372] [client 201.245.192.253:22552] AH00898: Error reading from remote server returned by /forest/skins/gdocs-jar/img/asociarUserOtraDependencia.gif
