!C99Shell v. 1.0 pre-release build #13!

Software: Apache. PHP/5.5.15 

uname -a: Windows NT SVR-DMZ 6.1 build 7600 (Windows Server 2008 R2 Enterprise Edition) i586 

SYSTEM 

Safe-mode: OFF (not secure)

E:\nuevo\apache\logs\   drwxrwxrwx
Free 9.41 GB of 239.26 GB (3.93%)
Detected drives: [ a ] [ c ] [ d ] [ e ] [ f ]
Home    Back    Forward    UPDIR    Refresh    Search    Buffer    Encoder    Tools    Proc.    FTP brute    Sec.    SQL    PHP-code    Update    Feedback    Self remove    Logout    


Viewing file:     error.2015.02.26.log (47.94 KB)      -rw-rw-rw-
Select action/file-type:
(+) | (+) | (+) | Code (+) | Session (+) | (+) | SDB (+) | (+) | (+) | (+) | (+) | (+) |
[Thu Feb 26 01:44:23.617886 2015] [mpm_winnt:warn] [pid 7568:tid 2668] (OS 64)The specified network name is no longer available.  : AH00341: winnt_accept: Asynchronous AcceptEx failed.
[Thu Feb 26 02:05:17.704089 2015] [access_compat:error] [pid 7568:tid 1092] [client 193.171.252.193:40628] AH01797: client denied by server configuration: E:/nuevo/phpMyAdmin/index.php
[Thu Feb 26 02:05:17.906889 2015] [access_compat:error] [pid 7568:tid 1092] [client 193.171.252.193:40628] AH01797: client denied by server configuration: E:/nuevo/phpMyAdmin/index.php, referer: http://190.27.245.106/phpmyadmin/index.php\r
[Thu Feb 26 04:03:49.600580 2015] [proxy_http:error] [pid 7568:tid 1428] (OS 10054)An existing connection was forcibly closed by the remote host.  : [client 186.84.193.240:49603] AH01102: error reading status line from remote server 172.22.1.31:80, referer: http://190.27.245.106/isolucionsda/FrameSetGeneral.asp?Pagina1=FrameSetGeneral.asp&
[Thu Feb 26 04:03:49.600580 2015] [proxy:error] [pid 7568:tid 1428] [client 186.84.193.240:49603] AH00898: Error reading from remote server returned by /isolucionsda/MagazinHome.asp, referer: http://190.27.245.106/isolucionsda/FrameSetGeneral.asp?Pagina1=FrameSetGeneral.asp&
[Thu Feb 26 04:28:56.391627 2015] [mpm_winnt:warn] [pid 7568:tid 2668] (OS 64)The specified network name is no longer available.  : AH00341: winnt_accept: Asynchronous AcceptEx failed.
[Thu Feb 26 05:38:49.850592 2015] [mpm_winnt:warn] [pid 7568:tid 2668] (OS 64)The specified network name is no longer available.  : AH00341: winnt_accept: Asynchronous AcceptEx failed.
[Thu Feb 26 06:20:54.652627 2015] [:error] [pid 7568:tid 1844] [client 85.107.185.152:62006] script 'E:/nuevo/htdocs/wp-login.php' not found or unable to stat
[Thu Feb 26 06:20:55.417028 2015] [:error] [pid 7568:tid 1844] [client 85.107.185.152:62006] script 'E:/nuevo/htdocs/admin.php' not found or unable to stat
[Thu Feb 26 06:27:36.852533 2015] [proxy_http:error] [pid 7568:tid 1540] (OS 10054)An existing connection was forcibly closed by the remote host.  : [client 186.84.193.240:50510] AH01102: error reading status line from remote server 172.22.1.31:80, referer: http://190.27.245.106/isolucionsda/FrameSetGeneral.asp?Pagina=Menu.asp&IdModulo=4
[Thu Feb 26 06:27:36.852533 2015] [proxy:error] [pid 7568:tid 1540] [client 186.84.193.240:50510] AH00898: Error reading from remote server returned by /isolucionsda/BarraFavoritos.asp, referer: http://190.27.245.106/isolucionsda/FrameSetGeneral.asp?Pagina=Menu.asp&IdModulo=4
[Thu Feb 26 07:45:39.575158 2015] [proxy_http:error] [pid 7568:tid 1436] (OS 10054)An existing connection was forcibly closed by the remote host.  : [client 190.26.119.3:19695] AH01102: error reading status line from remote server 172.22.1.31:80, referer: http://190.27.245.106/isolucionsda/Encabezado.asp?Pagina1=FrameSetGeneral.asp&&Pagina=MagazinHome.asp
[Thu Feb 26 07:49:47.521993 2015] [proxy_http:error] [pid 7568:tid 1468] (OS 10054)An existing connection was forcibly closed by the remote host.  : [client 190.26.119.3:19734] AH01102: error reading status line from remote server 172.22.1.31:80
[Thu Feb 26 07:49:47.521993 2015] [proxy:error] [pid 7568:tid 1468] [client 190.26.119.3:19734] AH00898: Error reading from remote server returned by /isolucionsda/framesetgeneral.asp
[Thu Feb 26 07:51:11.106940 2015] [proxy_http:error] [pid 7568:tid 1844] (OS 10054)An existing connection was forcibly closed by the remote host.  : [client 190.26.119.3:19753] AH01102: error reading status line from remote server 172.22.1.31:80, referer: http://190.27.245.106/isolucionsda/framesetgeneral.asp?pagina=bancoconocimiento/E/EVALUACION_CONTROLYSEGUIMIENTO_v5/EVALUACION_CONTROLYSEGUIMIENTO_v5.asp?IdArticulo=2754
[Thu Feb 26 07:51:11.106940 2015] [proxy:error] [pid 7568:tid 1844] [client 190.26.119.3:19753] AH00898: Error reading from remote server returned by /isolucionsda/BarraFavoritos.asp, referer: http://190.27.245.106/isolucionsda/framesetgeneral.asp?pagina=bancoconocimiento/E/EVALUACION_CONTROLYSEGUIMIENTO_v5/EVALUACION_CONTROLYSEGUIMIENTO_v5.asp?IdArticulo=2754
[Thu Feb 26 07:59:29.715016 2015] [proxy_http:error] [pid 7568:tid 1588] (OS 10054)An existing connection was forcibly closed by the remote host.  : [client 190.26.119.3:19817] AH01102: error reading status line from remote server 172.22.1.31:80, referer: http://190.27.245.106/isolucionsda/Encabezado.asp?Pagina=SucursalSeleccion.asp&CargaPagina=ModuloProcesos&IdModulo=3
[Thu Feb 26 07:59:29.715016 2015] [proxy:error] [pid 7568:tid 1588] [client 190.26.119.3:19817] AH00898: Error reading from remote server returned by /isolucionsda/g/Bot_SiguienteOver.jpg, referer: http://190.27.245.106/isolucionsda/Encabezado.asp?Pagina=SucursalSeleccion.asp&CargaPagina=ModuloProcesos&IdModulo=3
[Thu Feb 26 08:00:33.363128 2015] [proxy_http:error] [pid 7568:tid 1212] (OS 10054)An existing connection was forcibly closed by the remote host.  : [client 190.26.119.3:19839] AH01102: error reading status line from remote server 172.22.1.31:80, referer: http://190.27.245.106/isolucionsda/FrameSetGeneral.asp?Pagina=MagazinHome.asp
[Thu Feb 26 08:00:33.363128 2015] [proxy:error] [pid 7568:tid 1212] [client 190.26.119.3:19839] AH00898: Error reading from remote server returned by /isolucionsda/MagazinHome.asp, referer: http://190.27.245.106/isolucionsda/FrameSetGeneral.asp?Pagina=MagazinHome.asp
[Thu Feb 26 08:17:23.839302 2015] [proxy_http:error] [pid 7568:tid 912] (20014)Internal error: [client 201.245.192.253:23704] AH01102: error reading status line from remote server 172.22.1.47:80, referer: http://190.27.245.106/forest/suactividades.do?group_system_actual=3&_a=0.9119613282732439
[Thu Feb 26 08:17:23.839302 2015] [proxy:error] [pid 7568:tid 912] [client 201.245.192.253:23704] AH00898: Error reading from remote server returned by /forest/buscar.do, referer: http://190.27.245.106/forest/suactividades.do?group_system_actual=3&_a=0.9119613282732439
[Thu Feb 26 08:23:56.039591 2015] [proxy_http:error] [pid 7568:tid 944] (20014)Internal error: [client 201.245.192.253:25932] AH01102: error reading status line from remote server 172.22.1.47:80
[Thu Feb 26 08:23:56.039591 2015] [proxy:error] [pid 7568:tid 944] [client 201.245.192.253:25932] AH00898: Error reading from remote server returned by /forest/skins/gdocs-jar/js/tareas.js
[Thu Feb 26 08:47:05.019231 2015] [proxy_http:error] [pid 7568:tid 1196] (OS 10054)An existing connection was forcibly closed by the remote host.  : [client 201.245.192.253:33368] AH01102: error reading status line from remote server 172.22.1.31:80
[Thu Feb 26 08:47:05.019231 2015] [proxy:error] [pid 7568:tid 1196] [client 201.245.192.253:33368] AH00898: Error reading from remote server returned by /isolucionsda/
[Thu Feb 26 09:38:28.333446 2015] [mpm_winnt:warn] [pid 7568:tid 2668] (OS 64)The specified network name is no longer available.  : AH00341: winnt_accept: Asynchronous AcceptEx failed.
[Thu Feb 26 09:53:21.123015 2015] [proxy_http:error] [pid 7568:tid 872] (OS 10054)An existing connection was forcibly closed by the remote host.  : [client 201.245.192.253:32175] AH01102: error reading status line from remote server 172.22.1.31:80, referer: http://ambientebogota.gov.co/web/intranet/aplicaciones-para-acceder-fuera-de-la-sda
[Thu Feb 26 10:29:49.822459 2015] [proxy_http:error] [pid 7568:tid 1732] (20014)Internal error: [client 201.245.192.253:33295] AH01102: error reading status line from remote server 172.22.1.47:80, referer: http://190.27.245.106/forest/usugrafico.do?_a=0.8651149764143007&group_system_actual=3
[Thu Feb 26 10:35:33.303862 2015] [proxy_http:error] [pid 7568:tid 1116] (OS 10054)An existing connection was forcibly closed by the remote host.  : [client 201.245.192.253:23128] AH01102: error reading status line from remote server 172.22.1.31:80, referer: http://190.27.245.106/isolucionsda/FrameSetGeneral.asp?Pagina1=FrameSetGeneral.asp&
[Thu Feb 26 10:35:33.303862 2015] [proxy:error] [pid 7568:tid 1116] [client 201.245.192.253:23128] AH00898: Error reading from remote server returned by /isolucionsda/BarraFavoritos.asp, referer: http://190.27.245.106/isolucionsda/FrameSetGeneral.asp?Pagina1=FrameSetGeneral.asp&
[Thu Feb 26 10:35:33.303862 2015] [proxy_http:error] [pid 7568:tid 872] (OS 10054)An existing connection was forcibly closed by the remote host.  : [client 201.245.192.253:23129] AH01102: error reading status line from remote server 172.22.1.31:80, referer: http://190.27.245.106/isolucionsda/Encabezado.asp?Pagina1=FrameSetGeneral.asp&&Pagina=MagazinHome.asp
[Thu Feb 26 10:35:33.303862 2015] [proxy:error] [pid 7568:tid 872] [client 201.245.192.253:23129] AH00898: Error reading from remote server returned by /isolucionsda/Session.asp, referer: http://190.27.245.106/isolucionsda/Encabezado.asp?Pagina1=FrameSetGeneral.asp&&Pagina=MagazinHome.asp
[Thu Feb 26 10:39:53.200319 2015] [proxy_http:error] [pid 7568:tid 1428] (20014)Internal error: [client 201.245.192.253:24973] AH01102: error reading status line from remote server 172.22.1.47:80, referer: http://190.27.245.106/forest/usutareas.do?group_system_actual=3&codAct=1477&numPro=2978164&codPro=134&fecTra=2015-02-23%2009:41:20.0&codInst=3013690&codTraEsc=17565558
[Thu Feb 26 10:39:53.200319 2015] [proxy:error] [pid 7568:tid 1428] [client 201.245.192.253:24973] AH00898: Error reading from remote server returned by /forest/session.jsp, referer: http://190.27.245.106/forest/usutareas.do?group_system_actual=3&codAct=1477&numPro=2978164&codPro=134&fecTra=2015-02-23%2009:41:20.0&codInst=3013690&codTraEsc=17565558
[Thu Feb 26 10:39:53.200319 2015] [negotiation:error] [pid 7568:tid 1428] [client 201.245.192.253:24973] AH00690: no acceptable variant: E:/nuevo/apache/error/HTTP_BAD_GATEWAY.html.var, referer: http://190.27.245.106/forest/usutareas.do?group_system_actual=3&codAct=1477&numPro=2978164&codPro=134&fecTra=2015-02-23%2009:41:20.0&codInst=3013690&codTraEsc=17565558
[Thu Feb 26 10:39:53.980320 2015] [proxy_http:error] [pid 7568:tid 1428] (20014)Internal error: [client 201.245.192.253:24973] AH01102: error reading status line from remote server 172.22.1.47:80, referer: http://190.27.245.106/forest/usutareas.do?group_system_actual=3&codAct=1477&numPro=2978164&codPro=134&fecTra=2015-02-23%2009:41:20.0&codInst=3013690&codTraEsc=17565558
[Thu Feb 26 10:39:54.105120 2015] [proxy_http:error] [pid 7568:tid 1468] (20014)Internal error: [client 190.157.172.223:50269] AH01102: error reading status line from remote server 172.22.1.47:80, referer: http://190.27.245.106/forest/system/document.jsp?codDoc=2017057
[Thu Feb 26 10:39:54.541921 2015] [proxy_http:error] [pid 7568:tid 1428] (20014)Internal error: [client 181.142.203.188:49556] AH01102: error reading status line from remote server 172.22.1.47:80, referer: http://190.27.245.106/forest/usutareas.do?group_system_actual=3&a=0.46951948781497777
[Thu Feb 26 10:39:54.541921 2015] [proxy:error] [pid 7568:tid 1428] [client 181.142.203.188:49556] AH00898: Error reading from remote server returned by /forest/usutareas.do, referer: http://190.27.245.106/forest/usutareas.do?group_system_actual=3&a=0.46951948781497777
[Thu Feb 26 10:40:05.290340 2015] [proxy_http:error] [pid 7568:tid 1156] (20014)Internal error: [client 201.245.192.253:24983] AH01102: error reading status line from remote server 172.22.1.47:80, referer: http://190.27.245.106/forest/usutareas.do?group_system_actual=3&a=0.011164141736964006
[Thu Feb 26 10:40:05.337140 2015] [proxy_http:error] [pid 7568:tid 1156] (20014)Internal error: [client 201.245.192.253:25089] AH01102: error reading status line from remote server 172.22.1.47:80, referer: http://190.27.245.106/forest/usutareas.do?group_system_actual=3&a=0.011164141736964006
[Thu Feb 26 10:40:05.337140 2015] [proxy:error] [pid 7568:tid 1156] [client 201.245.192.253:25089] AH00898: Error reading from remote server returned by /forest/buscar.do, referer: http://190.27.245.106/forest/usutareas.do?group_system_actual=3&a=0.011164141736964006
[Thu Feb 26 10:40:58.299233 2015] [proxy_http:error] [pid 7568:tid 840] (20014)Internal error: [client 181.142.203.188:49565] AH01102: error reading status line from remote server 172.22.1.47:80, referer: http://190.27.245.106/forest/usutareas.do?group_system_actual=3&a=0.6294093274045736
[Thu Feb 26 10:42:33.787001 2015] [proxy_http:error] [pid 7568:tid 1196] (20014)Internal error: [client 201.245.192.253:26064] AH01102: error reading status line from remote server 172.22.1.47:80
[Thu Feb 26 10:42:33.787001 2015] [proxy:error] [pid 7568:tid 1196] [client 201.245.192.253:26064] AH00898: Error reading from remote server returned by /forest/skins/gdocs-jar/js/number-functions.js
[Thu Feb 26 10:42:33.802601 2015] [proxy_http:error] [pid 7568:tid 1156] (20014)Internal error: [client 201.245.192.253:26067] AH01102: error reading status line from remote server 172.22.1.47:80
[Thu Feb 26 10:42:33.802601 2015] [proxy_http:error] [pid 7568:tid 1148] (20014)Internal error: [client 201.245.192.253:26066] AH01102: error reading status line from remote server 172.22.1.47:80
[Thu Feb 26 10:42:33.802601 2015] [proxy:error] [pid 7568:tid 1156] [client 201.245.192.253:26067] AH00898: Error reading from remote server returned by /forest/skins/gdocs-jar/js/swfobject.js
[Thu Feb 26 10:42:33.802601 2015] [proxy:error] [pid 7568:tid 1148] [client 201.245.192.253:26066] AH00898: Error reading from remote server returned by /forest/skins/gdocs-jar/js/formsBase.js
[Thu Feb 26 10:42:33.802601 2015] [proxy_http:error] [pid 7568:tid 840] (20014)Internal error: [client 201.245.192.253:26068] AH01102: error reading status line from remote server 172.22.1.47:80
[Thu Feb 26 10:42:33.802601 2015] [proxy:error] [pid 7568:tid 840] [client 201.245.192.253:26068] AH00898: Error reading from remote server returned by /forest/skins/gdocs-jar/js/graphicForm.js
[Thu Feb 26 10:49:26.048925 2015] [proxy_http:error] [pid 7568:tid 912] (20014)Internal error: [client 201.245.192.253:28614] AH01102: error reading status line from remote server 172.22.1.47:80, referer: http://190.27.245.106/forest/usutareas.do?group_system_actual=3&codTraEsc=17561451&_a=0.29441398948294384
[Thu Feb 26 10:49:32.039335 2015] [proxy_http:error] [pid 7568:tid 1732] (20014)Internal error: [client 201.245.192.253:28670] AH01102: error reading status line from remote server 172.22.1.47:80, referer: http://190.27.245.106/forest/usutareas.do?group_system_actual=3&codAct=1477&numPro=3022899&codPro=134&fecTra=2015-02-23%2018:48:43.0&codInst=3060962&codTraEsc=17573737
[Thu Feb 26 10:49:32.117335 2015] [proxy_http:error] [pid 7568:tid 1748] (20014)Internal error: [client 201.245.192.253:28672] AH01102: error reading status line from remote server 172.22.1.47:80, referer: http://190.27.245.106/forest/usutareas.do?group_system_actual=3&codAct=1477&numPro=3022899&codPro=134&fecTra=2015-02-23%2018:48:43.0&codInst=3060962&codTraEsc=17573737
[Thu Feb 26 10:49:32.117335 2015] [proxy:error] [pid 7568:tid 1748] [client 201.245.192.253:28672] AH00898: Error reading from remote server returned by /forest/buscar.do, referer: http://190.27.245.106/forest/usutareas.do?group_system_actual=3&codAct=1477&numPro=3022899&codPro=134&fecTra=2015-02-23%2018:48:43.0&codInst=3060962&codTraEsc=17573737
[Thu Feb 26 10:49:35.393341 2015] [proxy_http:error] [pid 7568:tid 1748] (20014)Internal error: [client 201.245.192.253:28672] AH01102: error reading status line from remote server 172.22.1.47:80, referer: http://190.27.245.106/forest/usugrafico.do?_a=0.4202989110267007&group_system_actual=3
[Thu Feb 26 10:49:36.422943 2015] [proxy_http:error] [pid 7568:tid 1140] (20014)Internal error: [client 201.245.192.253:28704] AH01102: error reading status line from remote server 172.22.1.47:80
[Thu Feb 26 10:49:36.422943 2015] [proxy:error] [pid 7568:tid 1140] [client 201.245.192.253:28704] AH00898: Error reading from remote server returned by /forest/js/autocompletar2.js
[Thu Feb 26 10:49:47.717363 2015] [proxy_http:error] [pid 7568:tid 1180] (20014)Internal error: [client 201.245.192.253:28825] AH01102: error reading status line from remote server 172.22.1.47:80
[Thu Feb 26 10:49:47.717363 2015] [proxy:error] [pid 7568:tid 1180] [client 201.245.192.253:28825] AH00898: Error reading from remote server returned by /forest/skins/gdocs-jar/js/grid.js
[Thu Feb 26 10:50:11.023804 2015] [proxy_http:error] [pid 7568:tid 1828] (20014)Internal error: [client 201.245.192.253:28957] AH01102: error reading status line from remote server 172.22.1.47:80, referer: http://190.27.245.106/forest/usutareas.do?group_system_actual=3&codAct=1477&numPro=2970783&codPro=134&fecTra=2015-02-26%2008:02:12.0&codInst=3005684&codTraEsc=17594828
[Thu Feb 26 10:50:12.303006 2015] [proxy_http:error] [pid 7568:tid 1732] (20014)Internal error: [client 201.245.192.253:29007] AH01102: error reading status line from remote server 172.22.1.47:80, referer: http://190.27.245.106/forest/usutareas.do?group_system_actual=3&codAct=1477&numPro=2970783&codPro=134&fecTra=2015-02-26%2008:02:12.0&codInst=3005684&codTraEsc=17594828
[Thu Feb 26 10:50:41.475057 2015] [proxy_http:error] [pid 7568:tid 1092] (20014)Internal error: [client 201.245.192.253:29316] AH01102: error reading status line from remote server 172.22.1.47:80
[Thu Feb 26 10:50:41.475057 2015] [proxy:error] [pid 7568:tid 1092] [client 201.245.192.253:29316] AH00898: Error reading from remote server returned by /forest/img/panel/menu/folder.png
[Thu Feb 26 10:50:42.301859 2015] [proxy_http:error] [pid 7568:tid 728] (20014)Internal error: [client 201.245.192.253:29325] AH01102: error reading status line from remote server 172.22.1.47:80, referer: http://190.27.245.106/forest/usutareas.do?group_system_actual=3&codAct=1477&numPro=2967080&codPro=134&fecTra=2015-02-23%2009:38:09.0&codInst=3001758&codTraEsc=17565506
[Thu Feb 26 10:50:42.301859 2015] [proxy:error] [pid 7568:tid 728] [client 201.245.192.253:29325] AH00898: Error reading from remote server returned by /forest/skins/gdocs-jar/js/formsBase.js, referer: http://190.27.245.106/forest/usutareas.do?group_system_actual=3&codAct=1477&numPro=2967080&codPro=134&fecTra=2015-02-23%2009:38:09.0&codInst=3001758&codTraEsc=17565506
[Thu Feb 26 10:50:42.738659 2015] [proxy_http:error] [pid 7568:tid 1092] (20014)Internal error: [client 201.245.192.253:29327] AH01102: error reading status line from remote server 172.22.1.47:80, referer: http://190.27.245.106/forest/usutareas.do?group_system_actual=3&codAct=1477&numPro=2967080&codPro=134&fecTra=2015-02-23%2009:38:09.0&codInst=3001758&codTraEsc=17565506
[Thu Feb 26 10:51:24.593533 2015] [proxy_http:error] [pid 7568:tid 1212] (20014)Internal error: [client 201.245.192.253:29574] AH01102: error reading status line from remote server 172.22.1.47:80, referer: http://190.27.245.106/forest/buscar.do?type=procesos
[Thu Feb 26 10:51:49.974778 2015] [proxy_http:error] [pid 7568:tid 1708] (20014)Internal error: [client 201.245.192.253:29784] AH01102: error reading status line from remote server 172.22.1.47:80, referer: http://190.27.245.106/forest/usutareas.do?group_system_actual=3&codAct=1477&numPro=2962799&codPro=134&fecTra=2015-02-23%2011:08:46.0&codInst=2997268&codTraEsc=17566961
[Thu Feb 26 10:51:49.974778 2015] [proxy:error] [pid 7568:tid 1708] [client 201.245.192.253:29784] AH00898: Error reading from remote server returned by /forest/skins/gdocs-jar/js/graphicForm.js, referer: http://190.27.245.106/forest/usutareas.do?group_system_actual=3&codAct=1477&numPro=2962799&codPro=134&fecTra=2015-02-23%2011:08:46.0&codInst=2997268&codTraEsc=17566961
[Thu Feb 26 10:51:50.099578 2015] [proxy_http:error] [pid 7568:tid 1212] (20014)Internal error: [client 201.245.192.253:29786] AH01102: error reading status line from remote server 172.22.1.47:80, referer: http://190.27.245.106/forest/usutareas.do?group_system_actual=3&codAct=1477&numPro=2962799&codPro=134&fecTra=2015-02-23%2011:08:46.0&codInst=2997268&codTraEsc=17566961
[Thu Feb 26 10:51:50.099578 2015] [proxy:error] [pid 7568:tid 1212] [client 201.245.192.253:29786] AH00898: Error reading from remote server returned by /forest/skins/gdocs-jar/js/graphicForm.js, referer: http://190.27.245.106/forest/usutareas.do?group_system_actual=3&codAct=1477&numPro=2962799&codPro=134&fecTra=2015-02-23%2011:08:46.0&codInst=2997268&codTraEsc=17566961
[Thu Feb 26 10:52:31.252450 2015] [proxy_http:error] [pid 7568:tid 1148] (20014)Internal error: [client 181.142.203.188:49669] AH01102: error reading status line from remote server 172.22.1.47:80, referer: http://190.27.245.106/forest/usutareas.do?group_system_actual=3&a=0.3286325386725366
[Thu Feb 26 10:52:31.252450 2015] [proxy:error] [pid 7568:tid 1148] [client 181.142.203.188:49669] AH00898: Error reading from remote server returned by /forest/skins/gdocs-jar/popup/direccion.jsp, referer: http://190.27.245.106/forest/usutareas.do?group_system_actual=3&a=0.3286325386725366
[Thu Feb 26 10:52:42.156869 2015] [proxy_http:error] [pid 7568:tid 1260] (20014)Internal error: [client 201.245.192.253:30199] AH01102: error reading status line from remote server 172.22.1.47:80, referer: http://190.27.245.106/forest/usutareas.do?group_system_actual=3&codAct=1477&numPro=2923454&codPro=134&fecTra=2015-02-23%2010:31:51.0&codInst=2955671&codTraEsc=17566361
[Thu Feb 26 10:52:43.560872 2015] [proxy_http:error] [pid 7568:tid 1700] (20014)Internal error: [client 201.245.192.253:30206] AH01102: error reading status line from remote server 172.22.1.47:80, referer: http://190.27.245.106/forest/usutareas.do?group_system_actual=3&a=0.8277963290300852
[Thu Feb 26 10:55:06.472723 2015] [proxy_http:error] [pid 7568:tid 1588] (20014)Internal error: [client 201.245.192.253:31918] AH01102: error reading status line from remote server 172.22.1.47:80, referer: http://190.27.245.106/forest/buscar.do?type=procesos
[Thu Feb 26 10:55:06.488323 2015] [proxy_http:error] [pid 7568:tid 912] (20014)Internal error: [client 201.245.192.253:31922] AH01102: error reading status line from remote server 172.22.1.47:80
[Thu Feb 26 10:55:06.488323 2015] [proxy:error] [pid 7568:tid 912] [client 201.245.192.253:31922] AH00898: Error reading from remote server returned by /forest/js/load_func.js
[Thu Feb 26 10:55:06.488323 2015] [proxy_http:error] [pid 7568:tid 848] (20014)Internal error: [client 201.245.192.253:31924] AH01102: error reading status line from remote server 172.22.1.47:80
[Thu Feb 26 10:55:06.488323 2015] [proxy:error] [pid 7568:tid 848] [client 201.245.192.253:31924] AH00898: Error reading from remote server returned by /forest/1ibre/protoaculous.js
[Thu Feb 26 10:55:12.541133 2015] [proxy_http:error] [pid 7568:tid 1228] (20014)Internal error: [client 201.245.192.253:31958] AH01102: error reading status line from remote server 172.22.1.47:80
[Thu Feb 26 10:55:12.541133 2015] [proxy:error] [pid 7568:tid 1228] [client 201.245.192.253:31958] AH00898: Error reading from remote server returned by /forest/skins/gdocs-jar/js/xml_utilities.js
[Thu Feb 26 10:57:56.871822 2015] [proxy_http:error] [pid 7568:tid 1428] (20014)Internal error: [client 201.245.192.253:33045] AH01102: error reading status line from remote server 172.22.1.47:80, referer: http://190.27.245.106/forest/buscar.do?type=procesos
[Thu Feb 26 11:27:42.060957 2015] [proxy_http:error] [pid 7568:tid 1828] (OS 10054)An existing connection was forcibly closed by the remote host.  : [client 201.245.192.253:33943] AH01102: error reading status line from remote server 172.22.1.31:80, referer: http://190.27.245.106/isolucionsda/FrameSetGeneral.asp?Pagina1=FrameSetGeneral.asp&
[Thu Feb 26 11:27:42.060957 2015] [proxy:error] [pid 7568:tid 1828] [client 201.245.192.253:33943] AH00898: Error reading from remote server returned by /isolucionsda/MagazinHome.asp, referer: http://190.27.245.106/isolucionsda/FrameSetGeneral.asp?Pagina1=FrameSetGeneral.asp&
[Thu Feb 26 11:45:01.475183 2015] [proxy_http:error] [pid 7568:tid 1508] (20014)Internal error: [client 201.245.192.253:29578] AH01102: error reading status line from remote server 172.22.1.47:80, referer: http://190.27.245.106/forest/usutareas.do?group_system_actual=3&codAct=1477&numPro=2665946&codPro=134&fecTra=2015-02-20%2011:27:40.498&codInst=2682234&codTraEsc=17555931
[Thu Feb 26 11:45:01.475183 2015] [proxy:error] [pid 7568:tid 1508] [client 201.245.192.253:29578] AH00898: Error reading from remote server returned by /forest/usutareas.do, referer: http://190.27.245.106/forest/usutareas.do?group_system_actual=3&codAct=1477&numPro=2665946&codPro=134&fecTra=2015-02-20%2011:27:40.498&codInst=2682234&codTraEsc=17555931
[Thu Feb 26 11:45:57.120481 2015] [proxy_http:error] [pid 7568:tid 784] (20014)Internal error: [client 201.244.115.137:16024] AH01102: error reading status line from remote server 172.22.1.47:80, referer: http://190.27.245.106/forest/usutareas.do?_a=0.11608119145967066&group_system_actual=3
[Thu Feb 26 11:45:57.120481 2015] [proxy:error] [pid 7568:tid 784] [client 201.244.115.137:16024] AH00898: Error reading from remote server returned by /forest/system/process.jsp, referer: http://190.27.245.106/forest/usutareas.do?_a=0.11608119145967066&group_system_actual=3
[Thu Feb 26 11:56:01.481142 2015] [proxy_http:error] [pid 7568:tid 1484] (OS 10054)An existing connection was forcibly closed by the remote host.  : [client 201.245.192.253:23405] AH01102: error reading status line from remote server 172.22.1.31:80, referer: http://190.27.245.106/isolucionsda/Jerarquia.asp?Tabla=Proceso&Form=Admon&CampoDisplay=ProcesoDisplayObjetoProceso&CampoHidden=Proceso&bSubmit=True&items=
[Thu Feb 26 11:56:01.481142 2015] [proxy:error] [pid 7568:tid 1484] [client 201.245.192.253:23405] AH00898: Error reading from remote server returned by /isolucionsda/Jerarquia.asp, referer: http://190.27.245.106/isolucionsda/Jerarquia.asp?Tabla=Proceso&Form=Admon&CampoDisplay=ProcesoDisplayObjetoProceso&CampoHidden=Proceso&bSubmit=True&items=
[Thu Feb 26 12:04:51.320473 2015] [proxy_http:error] [pid 7568:tid 1700] (OS 10054)An existing connection was forcibly closed by the remote host.  : [client 201.245.192.253:27764] AH01102: error reading status line from remote server 172.22.1.31:80, referer: http://190.27.245.106/isolucionsda/Session.asp?Continue=1
[Thu Feb 26 12:05:12.988911 2015] [proxy_http:error] [pid 7568:tid 700] (20014)Internal error: [client 201.245.192.253:28177] AH01102: error reading status line from remote server 172.22.1.47:80
[Thu Feb 26 12:05:12.988911 2015] [proxy:error] [pid 7568:tid 700] [client 201.245.192.253:28177] AH00898: Error reading from remote server returned by /forest/1ibre/jscalendar/calendar-setup.js
[Thu Feb 26 12:05:12.988911 2015] [proxy_http:error] [pid 7568:tid 1380] (20014)Internal error: [client 201.245.192.253:28176] AH01102: error reading status line from remote server 172.22.1.47:80
[Thu Feb 26 12:05:12.988911 2015] [proxy:error] [pid 7568:tid 1380] [client 201.245.192.253:28176] AH00898: Error reading from remote server returned by /forest/1ibre/jscalendar/lang/calendar-es.js
[Thu Feb 26 12:05:13.020111 2015] [proxy_http:error] [pid 7568:tid 1468] (20014)Internal error: [client 201.245.192.253:28105] AH01102: error reading status line from remote server 172.22.1.47:80, referer: http://190.27.245.106/forest/buscar.do?type=procesos
[Thu Feb 26 12:07:53.341593 2015] [proxy_http:error] [pid 7568:tid 1228] (20014)Internal error: [client 201.245.192.253:29295] AH01102: error reading status line from remote server 172.22.1.47:80, referer: http://190.27.245.106/forest/index2.jsp?a=0.8177348065111735
[Thu Feb 26 12:09:18.002941 2015] [proxy_http:error] [pid 7568:tid 1796] (20014)Internal error: [client 201.245.192.253:29834] AH01102: error reading status line from remote server 172.22.1.47:80
[Thu Feb 26 12:09:18.002941 2015] [proxy:error] [pid 7568:tid 1796] [client 201.245.192.253:29834] AH00898: Error reading from remote server returned by /forest/img/inicio/1.gif
[Thu Feb 26 12:09:18.018541 2015] [proxy_http:error] [pid 7568:tid 1796] (20014)Internal error: [client 201.245.192.253:29838] AH01102: error reading status line from remote server 172.22.1.47:80
[Thu Feb 26 12:09:18.018541 2015] [proxy:error] [pid 7568:tid 1796] [client 201.245.192.253:29838] AH00898: Error reading from remote server returned by /forest/img/inicio/2.gif
[Thu Feb 26 12:11:12.928343 2015] [proxy_http:error] [pid 7568:tid 1700] (20014)Internal error: [client 186.154.253.106:51410] AH01102: error reading status line from remote server 172.22.1.47:80, referer: http://190.27.245.106/forest/radicacion.do?codMod=11&group_system_actual=4&_a=0.36241347109898925
[Thu Feb 26 12:24:40.058161 2015] [proxy_http:error] [pid 7568:tid 1716] (20014)Internal error: [client 201.245.192.253:23702] AH01102: error reading status line from remote server 172.22.1.47:80, referer: http://190.27.245.106/forest/buscar.do?type=procesos
[Thu Feb 26 12:26:36.106765 2015] [proxy_http:error] [pid 7568:tid 712] (20014)Internal error: [client 201.245.192.253:24341] AH01102: error reading status line from remote server 172.22.1.47:80
[Thu Feb 26 12:26:36.106765 2015] [proxy:error] [pid 7568:tid 712] [client 201.245.192.253:24341] AH00898: Error reading from remote server returned by /forest/skins/gdocs-jar/js/autocompletar2.js
[Thu Feb 26 12:26:59.116805 2015] [proxy_http:error] [pid 7568:tid 1204] (20014)Internal error: [client 201.245.192.253:24444] AH01102: error reading status line from remote server 172.22.1.47:80, referer: http://190.27.245.106/forest/usudocumentos.do?_a=0.040887595154345036&group_system_actual=3
[Thu Feb 26 12:26:59.116805 2015] [proxy:error] [pid 7568:tid 1204] [client 201.245.192.253:24444] AH00898: Error reading from remote server returned by /forest/skins/gdocs-jar/img/gdocs_rechazar.gif, referer: http://190.27.245.106/forest/usudocumentos.do?_a=0.040887595154345036&group_system_actual=3
[Thu Feb 26 12:27:43.842084 2015] [proxy_http:error] [pid 7568:tid 768] (20014)Internal error: [client 190.157.172.223:49363] AH01102: error reading status line from remote server 172.22.1.47:80, referer: http://190.27.245.106/forest/index2.jsp?a=0.08667335724060543
[Thu Feb 26 12:30:08.797538 2015] [proxy_http:error] [pid 7568:tid 1540] (20014)Internal error: [client 201.245.192.253:25531] AH01102: error reading status line from remote server 172.22.1.47:80, referer: http://190.27.245.106/forest/buscar.do?
[Thu Feb 26 13:51:26.520506 2015] [proxy_http:error] [pid 7568:tid 1540] (OS 10054)An existing connection was forcibly closed by the remote host.  : [client 201.245.192.253:27014] AH01102: error reading status line from remote server 172.22.1.31:80, referer: http://190.27.245.106/isolucionsda/FrameSetGeneral.asp?Pagina1=FrameSetGeneral.asp&
[Thu Feb 26 13:51:26.520506 2015] [proxy:error] [pid 7568:tid 1540] [client 201.245.192.253:27014] AH00898: Error reading from remote server returned by /isolucionsda/MagazinHome.asp, referer: http://190.27.245.106/isolucionsda/FrameSetGeneral.asp?Pagina1=FrameSetGeneral.asp&
[Thu Feb 26 13:59:10.855321 2015] [mpm_winnt:warn] [pid 7568:tid 2668] (OS 64)The specified network name is no longer available.  : AH00341: winnt_accept: Asynchronous AcceptEx failed.
[Thu Feb 26 14:03:45.837004 2015] [proxy_http:error] [pid 7568:tid 872] (OS 10054)An existing connection was forcibly closed by the remote host.  : [client 201.245.192.253:49985] AH01102: error reading status line from remote server 172.22.1.31:80, referer: http://190.27.245.106/isolucionsda/FrameSetGeneral.asp?Pagina1=FrameSetGeneral.asp&
[Thu Feb 26 14:03:45.837004 2015] [proxy:error] [pid 7568:tid 872] [client 201.245.192.253:49985] AH00898: Error reading from remote server returned by /isolucionsda/MagazinHome.asp, referer: http://190.27.245.106/isolucionsda/FrameSetGeneral.asp?Pagina1=FrameSetGeneral.asp&
[Thu Feb 26 14:22:07.932140 2015] [proxy_http:error] [pid 7568:tid 768] (OS 10054)An existing connection was forcibly closed by the remote host.  : [client 201.244.52.63:14562] AH01102: error reading status line from remote server 172.22.1.31:80, referer: http://190.27.245.106/isolucionsda/Encabezado.asp?Pagina=BancoConocimiento/s/SistemadeGestionAmbiental_v0/SistemadeGestionAmbiental_v0.asp?&IdModulo=19
[Thu Feb 26 14:22:07.932140 2015] [proxy:error] [pid 7568:tid 768] [client 201.244.52.63:14562] AH00898: Error reading from remote server returned by /isolucionsda/g/Bot_MeciOver_ESP.jpg, referer: http://190.27.245.106/isolucionsda/Encabezado.asp?Pagina=BancoConocimiento/s/SistemadeGestionAmbiental_v0/SistemadeGestionAmbiental_v0.asp?&IdModulo=19
[Thu Feb 26 14:29:06.153274 2015] [proxy_http:error] [pid 7568:tid 1204] (20014)Internal error: [client 201.245.192.253:48607] AH01102: error reading status line from remote server 172.22.1.47:80, referer: http://190.27.245.106/forest/usutareas.do?group_system_actual=3&a=0.1733749764971435
[Thu Feb 26 14:30:19.598203 2015] [proxy_http:error] [pid 7568:tid 768] (20014)Internal error: [client 201.245.192.253:49749] AH01102: error reading status line from remote server 172.22.1.47:80, referer: http://190.27.245.106/forest/radicacion.do?codMod=11&_a=0.008522733341370436&group_system_actual=4
[Thu Feb 26 14:34:41.694264 2015] [proxy_http:error] [pid 7568:tid 1116] (20014)Internal error: [client 201.245.192.253:53063] AH01102: error reading status line from remote server 172.22.1.47:80, referer: http://190.27.245.106/forest/
[Thu Feb 26 14:35:33.439555 2015] [proxy_http:error] [pid 7568:tid 1652] (20014)Internal error: [client 201.245.192.253:54613] AH01102: error reading status line from remote server 172.22.1.47:80, referer: http://190.27.245.106/forest/index2.jsp?_a=0.786358411458372
[Thu Feb 26 14:36:43.998479 2015] [proxy_http:error] [pid 7568:tid 856] (20014)Internal error: [client 201.245.192.253:53014] AH01102: error reading status line from remote server 172.22.1.47:80, referer: http://190.27.245.106/forest/index2.jsp?_a=0.786358411458372
[Thu Feb 26 14:37:14.293732 2015] [proxy_http:error] [pid 7568:tid 1300] (20014)Internal error: [client 201.245.192.253:56439] AH01102: error reading status line from remote server 172.22.1.47:80, referer: http://190.27.245.106/forest/index2.jsp?_a=0.8934425543036952
[Thu Feb 26 14:37:14.293732 2015] [proxy:error] [pid 7568:tid 1300] [client 201.245.192.253:56439] AH00898: Error reading from remote server returned by /forest/session.jsp, referer: http://190.27.245.106/forest/index2.jsp?_a=0.8934425543036952
[Thu Feb 26 14:37:14.293732 2015] [negotiation:error] [pid 7568:tid 1300] [client 201.245.192.253:56439] AH00690: no acceptable variant: E:/nuevo/apache/error/HTTP_BAD_GATEWAY.html.var, referer: http://190.27.245.106/forest/index2.jsp?_a=0.8934425543036952
[Thu Feb 26 14:37:24.932950 2015] [proxy_http:error] [pid 7568:tid 1700] (20014)Internal error: [client 201.245.192.253:56147] AH01102: error reading status line from remote server 172.22.1.47:80, referer: http://190.27.245.106/forest/radicacion.do?codMod=11&_a=0.008522733341370436&group_system_actual=4
[Thu Feb 26 14:38:03.574218 2015] [proxy_http:error] [pid 7568:tid 912] (70008)Partial results are valid but processing is incomplete: [client 201.245.192.253:53982] AH01110: error reading response, referer: http://190.27.245.106/forest/login.do
[Thu Feb 26 14:42:40.786705 2015] [proxy_http:error] [pid 7568:tid 1700] (20014)Internal error: [client 201.245.192.253:49740] AH01102: error reading status line from remote server 172.22.1.47:80, referer: http://190.27.245.106/forest/radicacion.do?codMod=11&_a=0.008522733341370436&group_system_actual=4
[Thu Feb 26 14:42:40.786705 2015] [proxy:error] [pid 7568:tid 1700] [client 201.245.192.253:49740] AH00898: Error reading from remote server returned by /forest/xmlresponse.do, referer: http://190.27.245.106/forest/radicacion.do?codMod=11&_a=0.008522733341370436&group_system_actual=4
[Thu Feb 26 15:05:33.760717 2015] [proxy_http:error] [pid 7568:tid 848] (OS 10054)An existing connection was forcibly closed by the remote host.  : [client 201.245.192.253:48592] AH01102: error reading status line from remote server 172.22.1.31:80, referer: http://190.27.245.106/isolucionsda/FrameSetGeneral.asp?Pagina1=FrameSetGeneral.asp&
[Thu Feb 26 15:06:07.519176 2015] [proxy_http:error] [pid 7568:tid 1196] (OS 10054)An existing connection was forcibly closed by the remote host.  : [client 201.245.192.253:49380] AH01102: error reading status line from remote server 172.22.1.31:80, referer: http://190.27.245.106/isolucionsda/Encabezado.asp?Pagina=ListadoMaestroDocumentos3.asp
[Thu Feb 26 15:58:12.048664 2015] [proxy_http:error] [pid 7568:tid 1636] (20014)Internal error: [client 201.245.192.253:51226] AH01102: error reading status line from remote server 172.22.1.47:80
[Thu Feb 26 15:58:12.048664 2015] [proxy:error] [pid 7568:tid 1636] [client 201.245.192.253:51226] AH00898: Error reading from remote server returned by /forest/js/inicio.js
[Thu Feb 26 15:58:12.048664 2015] [proxy_http:error] [pid 7568:tid 1700] (20014)Internal error: [client 201.245.192.253:51227] AH01102: error reading status line from remote server 172.22.1.47:80
[Thu Feb 26 15:58:12.048664 2015] [proxy:error] [pid 7568:tid 1700] [client 201.245.192.253:51227] AH00898: Error reading from remote server returned by /forest/skins/gdocs-jar/js/misprocesos.js
[Thu Feb 26 15:58:12.251464 2015] [proxy_http:error] [pid 7568:tid 1652] (20014)Internal error: [client 201.245.192.253:51237] AH01102: error reading status line from remote server 172.22.1.47:80, referer: http://190.27.245.106/forest/usutareas.do?group_system_actual=3&codAct=1477&numPro=3027175&codPro=134&fecTra=2015-02-25%2015:34:04.334&codInst=3065377&codTraEsc=17591540
[Thu Feb 26 16:08:53.318990 2015] [proxy_http:error] [pid 7568:tid 1228] (OS 10054)An existing connection was forcibly closed by the remote host.  : [client 201.245.192.253:48960] AH01102: error reading status line from remote server 172.22.1.31:80, referer: http://190.27.245.106/isolucionsda/FrameSetGeneral.asp?Pagina=FiltroNoConformidades.asp&CodTipoNoConf=6&EsAbierta=1&ConMenu=NO
[Thu Feb 26 16:08:53.318990 2015] [proxy:error] [pid 7568:tid 1228] [client 201.245.192.253:48960] AH00898: Error reading from remote server returned by /isolucionsda/FiltroNoConformidades.asp, referer: http://190.27.245.106/isolucionsda/FrameSetGeneral.asp?Pagina=FiltroNoConformidades.asp&CodTipoNoConf=6&EsAbierta=1&ConMenu=NO
[Thu Feb 26 16:08:55.643394 2015] [proxy_http:error] [pid 7568:tid 1076] (OS 10054)An existing connection was forcibly closed by the remote host.  : [client 201.245.192.253:48959] AH01102: error reading status line from remote server 172.22.1.31:80, referer: http://190.27.245.106/isolucionsda/Encabezado.asp?Pagina=Menu.asp&IdModulo=7
[Thu Feb 26 16:10:41.473980 2015] [proxy_http:error] [pid 7568:tid 1380] (20014)Internal error: [client 201.245.192.253:50878] AH01102: error reading status line from remote server 172.22.1.47:80, referer: http://190.27.245.106/forest/buscar.do?type=procesos
[Thu Feb 26 16:10:41.473980 2015] [proxy:error] [pid 7568:tid 1380] [client 201.245.192.253:50878] AH00898: Error reading from remote server returned by /forest/buscar.do, referer: http://190.27.245.106/forest/buscar.do?type=procesos
[Thu Feb 26 16:18:25.044394 2015] [proxy_http:error] [pid 7568:tid 1716] (20014)Internal error: [client 201.245.192.253:58011] AH01102: error reading status line from remote server 172.22.1.47:80, referer: http://190.27.245.106/forest/buscar.do?type=procesos
[Thu Feb 26 16:23:09.152093 2015] [proxy_http:error] [pid 7568:tid 1796] (20014)Internal error: [client 201.245.192.253:50168] AH01102: error reading status line from remote server 172.22.1.47:80, referer: http://190.27.245.106/forest/index2.jsp?a=0.39149548384136523
[Thu Feb 26 16:23:52.442170 2015] [proxy_http:error] [pid 7568:tid 1300] (20014)Internal error: [client 201.245.192.253:50778] AH01102: error reading status line from remote server 172.22.1.47:80, referer: http://190.27.245.106/forest/buscar.do?type=procesos
[Thu Feb 26 16:34:17.332467 2015] [proxy_http:error] [pid 7568:tid 1748] (20014)Internal error: [client 201.245.192.253:59090] AH01102: error reading status line from remote server 172.22.1.47:80
[Thu Feb 26 16:34:17.332467 2015] [proxy:error] [pid 7568:tid 1748] [client 201.245.192.253:59090] AH00898: Error reading from remote server returned by /forest/js/radicacion.js
[Thu Feb 26 16:35:14.225767 2015] [proxy_http:error] [pid 7568:tid 1604] (20014)Internal error: [client 201.245.192.253:59786] AH01102: error reading status line from remote server 172.22.1.47:80, referer: http://190.27.245.106/forest/radicacion.do?codMod=11&_a=0.3053536348417385&group_system_actual=4
[Thu Feb 26 16:35:14.225767 2015] [proxy:error] [pid 7568:tid 1604] [client 201.245.192.253:59786] AH00898: Error reading from remote server returned by /forest/xmlresponse.do, referer: http://190.27.245.106/forest/radicacion.do?codMod=11&_a=0.3053536348417385&group_system_actual=4
[Thu Feb 26 17:14:52.091143 2015] [proxy_http:error] [pid 7568:tid 1428] (20014)Internal error: [client 201.245.192.253:59131] AH01102: error reading status line from remote server 172.22.1.47:80, referer: http://190.27.245.106/forest/usutareas.do?group_system_actual=3&codAct=879&numPro=3006191&codPro=90&fecTra=2015-02-25%2016:21:23.201&codInst=3043070&codTraEsc=17592409
[Thu Feb 26 17:21:00.423390 2015] [mpm_winnt:warn] [pid 7568:tid 2668] (OS 64)The specified network name is no longer available.  : AH00341: winnt_accept: Asynchronous AcceptEx failed.
[Thu Feb 26 17:26:18.461149 2015] [proxy_http:error] [pid 7568:tid 1428] (OS 10054)An existing connection was forcibly closed by the remote host.  : [client 201.245.192.253:54101] AH01102: error reading status line from remote server 172.22.1.31:80
[Thu Feb 26 17:26:18.461149 2015] [proxy:error] [pid 7568:tid 1428] [client 201.245.192.253:54101] AH00898: Error reading from remote server returned by /isolucionsda/g/Bot_Cerrar.jpg
[Thu Feb 26 17:51:04.660159 2015] [proxy_http:error] [pid 7568:tid 1844] (OS 10054)An existing connection was forcibly closed by the remote host.  : [client 201.245.192.253:52587] AH01102: error reading status line from remote server 172.22.1.31:80, referer: http://190.27.245.106/isolucionsda/FrameSetGeneral.asp?Pagina1=FrameSetGeneral.asp&
[Thu Feb 26 17:51:04.660159 2015] [proxy:error] [pid 7568:tid 1844] [client 201.245.192.253:52587] AH00898: Error reading from remote server returned by /isolucionsda/MagazinHome.asp, referer: http://190.27.245.106/isolucionsda/FrameSetGeneral.asp?Pagina1=FrameSetGeneral.asp&
[Thu Feb 26 17:57:58.731687 2015] [proxy_http:error] [pid 7568:tid 712] (OS 10054)An existing connection was forcibly closed by the remote host.  : [client 201.245.192.253:55536] AH01102: error reading status line from remote server 172.22.1.31:80, referer: http://190.27.245.106/isolucionsda/FrameSetGeneral.asp?Pagina1=FrameSetGeneral.asp&
[Thu Feb 26 17:57:58.731687 2015] [proxy:error] [pid 7568:tid 712] [client 201.245.192.253:55536] AH00898: Error reading from remote server returned by /isolucionsda/BarraFavoritos.asp, referer: http://190.27.245.106/isolucionsda/FrameSetGeneral.asp?Pagina1=FrameSetGeneral.asp&
[Thu Feb 26 19:01:25.777973 2015] [proxy_http:error] [pid 7568:tid 1156] (OS 10054)An existing connection was forcibly closed by the remote host.  : [client 201.245.192.253:59366] AH01102: error reading status line from remote server 172.22.1.31:80
[Thu Feb 26 19:01:25.777973 2015] [proxy:error] [pid 7568:tid 1156] [client 201.245.192.253:59366] AH00898: Error reading from remote server returned by /isolucionsda/g/Bot_Home.jpg
[Thu Feb 26 19:01:25.777973 2015] [proxy_http:error] [pid 7568:tid 1716] (OS 10054)An existing connection was forcibly closed by the remote host.  : [client 201.245.192.253:59368] AH01102: error reading status line from remote server 172.22.1.31:80
[Thu Feb 26 19:01:25.777973 2015] [proxy:error] [pid 7568:tid 1716] [client 201.245.192.253:59368] AH00898: Error reading from remote server returned by /isolucionsda/g/Bot_Meci_ESP.jpg
[Thu Feb 26 19:01:25.777973 2015] [proxy_http:error] [pid 7568:tid 1732] (OS 10054)An existing connection was forcibly closed by the remote host.  : [client 201.245.192.253:59367] AH01102: error reading status line from remote server 172.22.1.31:80
[Thu Feb 26 19:01:25.777973 2015] [proxy:error] [pid 7568:tid 1732] [client 201.245.192.253:59367] AH00898: Error reading from remote server returned by /isolucionsda/g/Bot_Riesgos_ESP.jpg
[Thu Feb 26 19:01:25.777973 2015] [proxy_http:error] [pid 7568:tid 1196] (OS 10054)An existing connection was forcibly closed by the remote host.  : [client 201.245.192.253:59365] AH01102: error reading status line from remote server 172.22.1.31:80
[Thu Feb 26 19:01:25.777973 2015] [proxy:error] [pid 7568:tid 1196] [client 201.245.192.253:59365] AH00898: Error reading from remote server returned by /isolucionsda/g/Bot_Manual_ESP.jpg
[Thu Feb 26 19:07:51.176650 2015] [:error] [pid 7568:tid 1708] [client 207.46.13.104:3805] script 'E:/nuevo/htdocs/up_options.php' not found or unable to stat
[Thu Feb 26 20:27:09.465808 2015] [proxy_http:error] [pid 7568:tid 1116] (OS 10054)An existing connection was forcibly closed by the remote host.  : [client 190.27.102.202:13317] AH01102: error reading status line from remote server 172.22.1.31:80, referer: http://190.27.245.106/isolucionsda/FrameSetGeneral.asp?Pagina1=FrameSetGeneral.asp&
[Thu Feb 26 20:27:09.465808 2015] [proxy:error] [pid 7568:tid 1116] [client 190.27.102.202:13317] AH00898: Error reading from remote server returned by /isolucionsda/BarraTitulos.asp, referer: http://190.27.245.106/isolucionsda/FrameSetGeneral.asp?Pagina1=FrameSetGeneral.asp&
[Thu Feb 26 21:12:57.285834 2015] [core:error] [pid 7568:tid 1652] (22)Invalid argument: [client 202.46.50.52:8670] AH00127: Cannot map GET /Autoliquidacion/TR%C1MITES%20AGUAS%20SUBTERR%C1NEAS/126PM04-PR92-%20PERMISO%20EXPLORACI%D3N%20AGUAS%20SUBTERRANEAS/-PR92-F-A2-V1.0(1)-lista%20de%20chequeo.xls HTTP/1.1 to file
[Thu Feb 26 21:28:22.398659 2015] [proxy_http:error] [pid 7568:tid 1588] (OS 10054)An existing connection was forcibly closed by the remote host.  : [client 201.216.19.34:55032] AH01102: error reading status line from remote server 172.22.1.31:80, referer: http://190.27.245.106/isolucionsda/Encabezado.asp?Pagina1=FrameSetGeneral.asp&&Pagina=MagazinHome.asp
[Thu Feb 26 21:45:26.571658 2015] [proxy_http:error] [pid 7568:tid 1380] (OS 10054)An existing connection was forcibly closed by the remote host.  : [client 201.216.19.34:55079] AH01102: error reading status line from remote server 172.22.1.31:80, referer: http://190.27.245.106/isolucionsda/FrameSetGeneral.asp?Pagina=Menu.asp&IdModulo=7
[Thu Feb 26 21:45:26.571658 2015] [proxy:error] [pid 7568:tid 1380] [client 201.216.19.34:55079] AH00898: Error reading from remote server returned by /isolucionsda/Menu.asp, referer: http://190.27.245.106/isolucionsda/FrameSetGeneral.asp?Pagina=Menu.asp&IdModulo=7
[Thu Feb 26 21:56:14.659196 2015] [proxy_http:error] [pid 7568:tid 1828] (OS 10054)An existing connection was forcibly closed by the remote host.  : [client 201.216.19.34:55401] AH01102: error reading status line from remote server 172.22.1.31:80, referer: http://190.27.245.106/isolucionsda/Encabezado.asp?Pagina=Menu.asp&IdModulo=7
[Thu Feb 26 22:06:23.263065 2015] [proxy_http:error] [pid 7568:tid 1604] (OS 10054)An existing connection was forcibly closed by the remote host.  : [client 201.216.19.34:55504] AH01102: error reading status line from remote server 172.22.1.31:80, referer: http://190.27.245.106/isolucionsda/Encabezado.asp?Pagina=FiltroNoConformidades.asp&CodTipoNoConf=13&EsAbierta=1&ConMenu=NO
[Thu Feb 26 22:06:23.263065 2015] [proxy:error] [pid 7568:tid 1604] [client 201.216.19.34:55504] AH00898: Error reading from remote server returned by /isolucionsda/g/Bot_GlosarioOver.jpg, referer: http://190.27.245.106/isolucionsda/Encabezado.asp?Pagina=FiltroNoConformidades.asp&CodTipoNoConf=13&EsAbierta=1&ConMenu=NO
[Thu Feb 26 22:06:24.074267 2015] [proxy_http:error] [pid 7568:tid 700] (OS 10054)An existing connection was forcibly closed by the remote host.  : [client 201.216.19.34:55506] AH01102: error reading status line from remote server 172.22.1.31:80, referer: http://190.27.245.106/isolucionsda/FrameSetGeneral.asp?Pagina=Menu.asp&IdModulo=4
[Thu Feb 26 22:06:24.074267 2015] [proxy:error] [pid 7568:tid 700] [client 201.216.19.34:55506] AH00898: Error reading from remote server returned by /isolucionsda/BarraTitulos.asp, referer: http://190.27.245.106/isolucionsda/FrameSetGeneral.asp?Pagina=Menu.asp&IdModulo=4
[Thu Feb 26 22:08:17.782866 2015] [proxy_http:error] [pid 7568:tid 1428] (OS 10054)An existing connection was forcibly closed by the remote host.  : [client 190.9.201.114:20660] AH01102: error reading status line from remote server 172.22.1.31:80, referer: http://190.27.245.106/isolucionsda/MagazinHome.asp

:: Command execute ::

Enter:
 
Select:
 

:: Search ::
regexp 

:: Upload ::
 
[ ok ]

:: Make Dir ::
 
[ ok ]
:: Make File ::
 
[ ok ]

:: Go Dir ::
 
:: Go File ::
 

--[ c99shell v. 1.0 pre-release build #13 powered by Captain Crunch Security Team | http://ccteam.ru | Generation time: 0.0468 ]--