!C99Shell v. 1.0 pre-release build #13!

Software: Apache. PHP/5.5.15 

uname -a: Windows NT SVR-DMZ 6.1 build 7600 (Windows Server 2008 R2 Enterprise Edition) i586 

SYSTEM 

Safe-mode: OFF (not secure)

E:\nuevo\apache\logs\   drwxrwxrwx
Free 8.02 GB of 239.26 GB (3.35%)
Detected drives: [ a ] [ c ] [ d ] [ e ] [ f ]
Home    Back    Forward    UPDIR    Refresh    Search    Buffer    Encoder    Tools    Proc.    FTP brute    Sec.    SQL    PHP-code    Update    Feedback    Self remove    Logout    


Viewing file:     error.2015.03.01.log (18.2 KB)      -rw-rw-rw-
Select action/file-type:
(+) | (+) | (+) | Code (+) | Session (+) | (+) | SDB (+) | (+) | (+) | (+) | (+) | (+) |
[Sun Mar 01 01:21:14.179106 2015] [mpm_winnt:warn] [pid 7568:tid 2668] (OS 64)The specified network name is no longer available.  : AH00341: winnt_accept: Asynchronous AcceptEx failed.
[Sun Mar 01 03:14:17.195820 2015] [mpm_winnt:warn] [pid 7568:tid 2668] (OS 64)The specified network name is no longer available.  : AH00341: winnt_accept: Asynchronous AcceptEx failed.
[Sun Mar 01 04:20:33.050003 2015] [mpm_winnt:warn] [pid 7568:tid 2668] (OS 64)The specified network name is no longer available.  : AH00341: winnt_accept: Asynchronous AcceptEx failed.
[Sun Mar 01 05:40:03.507182 2015] [:error] [pid 7568:tid 1092] [client 207.46.13.49:14991] script 'E:/nuevo/htdocs/index2.php' not found or unable to stat
[Sun Mar 01 05:40:51.040466 2015] [mpm_winnt:warn] [pid 7568:tid 2668] (OS 64)The specified network name is no longer available.  : AH00341: winnt_accept: Asynchronous AcceptEx failed.
[Sun Mar 01 08:31:28.636447 2015] [proxy_http:error] [pid 7568:tid 1428] (OS 10054)An existing connection was forcibly closed by the remote host.  : [client 201.216.19.34:49267] AH01102: error reading status line from remote server 172.22.1.31:80, referer: http://190.27.245.106/isolucionsda/Encabezado.asp?Pagina=ListadoMaestroDocumentos3.asp
[Sun Mar 01 08:31:28.636447 2015] [proxy:error] [pid 7568:tid 1428] [client 201.216.19.34:49267] AH00898: Error reading from remote server returned by /isolucionsda/FrameSetGeneral.asp, referer: http://190.27.245.106/isolucionsda/Encabezado.asp?Pagina=ListadoMaestroDocumentos3.asp
[Sun Mar 01 08:58:00.822044 2015] [cgi:error] [pid 7568:tid 1708] [client 46.4.82.204:39835] script not found or unable to stat: E:/nuevo/cgi-bin/php
[Sun Mar 01 09:06:37.307751 2015] [proxy_http:error] [pid 7568:tid 856] (OS 10054)An existing connection was forcibly closed by the remote host.  : [client 190.24.180.196:14112] AH01102: error reading status line from remote server 172.22.1.31:80, referer: http://www.ambientebogota.gov.co/web/intranet/aplicaciones-para-acceder-fuera-de-la-sda
[Sun Mar 01 09:06:37.307751 2015] [proxy:error] [pid 7568:tid 856] [client 190.24.180.196:14112] AH00898: Error reading from remote server returned by /isolucionsda/, referer: http://www.ambientebogota.gov.co/web/intranet/aplicaciones-para-acceder-fuera-de-la-sda
[Sun Mar 01 09:06:57.962187 2015] [proxy_http:error] [pid 7568:tid 1748] (OS 10054)An existing connection was forcibly closed by the remote host.  : [client 190.24.180.196:14115] AH01102: error reading status line from remote server 172.22.1.31:80, referer: http://190.27.245.106/isolucionsda/FrameSetGeneral.asp?Pagina1=FrameSetGeneral.asp&
[Sun Mar 01 09:06:57.962187 2015] [proxy:error] [pid 7568:tid 1748] [client 190.24.180.196:14115] AH00898: Error reading from remote server returned by /isolucionsda/BarraFavoritos.asp, referer: http://190.27.245.106/isolucionsda/FrameSetGeneral.asp?Pagina1=FrameSetGeneral.asp&
[Sun Mar 01 13:35:05.942844 2015] [mpm_winnt:warn] [pid 7568:tid 2668] (OS 64)The specified network name is no longer available.  : AH00341: winnt_accept: Asynchronous AcceptEx failed.
[Sun Mar 01 14:51:45.829323 2015] [proxy_http:error] [pid 7568:tid 784] (OS 10054)An existing connection was forcibly closed by the remote host.  : [client 186.155.87.124:27061] AH01102: error reading status line from remote server 172.22.1.31:80, referer: http://190.27.245.106/isolucionsda/Encabezado.asp?Pagina=SucursalSeleccion.asp&CargaPagina=ModuloProcesos&IdModulo=3
[Sun Mar 01 14:51:45.829323 2015] [proxy:error] [pid 7568:tid 784] [client 186.155.87.124:27061] AH00898: Error reading from remote server returned by /isolucionsda/g/Bot_MejoramientoOver_ESP.jpg, referer: http://190.27.245.106/isolucionsda/Encabezado.asp?Pagina=SucursalSeleccion.asp&CargaPagina=ModuloProcesos&IdModulo=3
[Sun Mar 01 15:01:59.362801 2015] [proxy_http:error] [pid 7568:tid 1196] (OS 10054)An existing connection was forcibly closed by the remote host.  : [client 186.155.87.124:27322] AH01102: error reading status line from remote server 172.22.1.31:80, referer: http://190.27.245.106/isolucionsda/ListadoMaestroDocumentos3.asp?Pagina=ListadoMaestroDocumentos3.asp
[Sun Mar 01 15:01:59.362801 2015] [proxy:error] [pid 7568:tid 1196] [client 186.155.87.124:27322] AH00898: Error reading from remote server returned by /isolucionsda/ListadoMaestroDocumentos3.asp, referer: http://190.27.245.106/isolucionsda/ListadoMaestroDocumentos3.asp?Pagina=ListadoMaestroDocumentos3.asp
[Sun Mar 01 15:06:16.248452 2015] [proxy_http:error] [pid 7568:tid 1780] (OS 10054)An existing connection was forcibly closed by the remote host.  : [client 186.155.87.124:27384] AH01102: error reading status line from remote server 172.22.1.31:80, referer: http://190.27.245.106/isolucionsda/BSC/BSC/Jerarquico.aspx?Pagina=BSC/BSC/Jerarquico.aspx&TipoGrupo=Tablero&Visualizacion=1&Grafico=2&FechaInicial=&FechaFinal=&IdElemento=&number=
[Sun Mar 01 15:06:16.248452 2015] [proxy:error] [pid 7568:tid 1780] [client 186.155.87.124:27384] AH00898: Error reading from remote server returned by /ISOlucionSDA/BSC/WebResource.axd, referer: http://190.27.245.106/isolucionsda/BSC/BSC/Jerarquico.aspx?Pagina=BSC/BSC/Jerarquico.aspx&TipoGrupo=Tablero&Visualizacion=1&Grafico=2&FechaInicial=&FechaFinal=&IdElemento=&number=
[Sun Mar 01 15:17:32.977641 2015] [proxy_http:error] [pid 7568:tid 1844] (OS 10054)An existing connection was forcibly closed by the remote host.  : [client 186.155.87.124:27500] AH01102: error reading status line from remote server 172.22.1.31:80, referer: http://190.27.245.106/isolucionsda/FrameSetGeneral.asp?Pagina=FiltroAccionesPreventivas.asp&EsAbierta=1&ConMenu=NO&CodTipoAP=1
[Sun Mar 01 15:17:32.977641 2015] [proxy:error] [pid 7568:tid 1844] [client 186.155.87.124:27500] AH00898: Error reading from remote server returned by /isolucionsda/BarraFavoritos.asp, referer: http://190.27.245.106/isolucionsda/FrameSetGeneral.asp?Pagina=FiltroAccionesPreventivas.asp&EsAbierta=1&ConMenu=NO&CodTipoAP=1
[Sun Mar 01 15:26:48.167016 2015] [proxy_http:error] [pid 7568:tid 1796] (OS 10054)An existing connection was forcibly closed by the remote host.  : [client 186.155.87.124:27613] AH01102: error reading status line from remote server 172.22.1.31:80, referer: http://190.27.245.106/isolucionsda/FrameSetGeneral.asp?Pagina=FrameSetAuditoria.asp
[Sun Mar 01 15:26:48.167016 2015] [proxy:error] [pid 7568:tid 1796] [client 186.155.87.124:27613] AH00898: Error reading from remote server returned by /isolucionsda/BarraTitulos.asp, referer: http://190.27.245.106/isolucionsda/FrameSetGeneral.asp?Pagina=FrameSetAuditoria.asp
[Sun Mar 01 15:27:42.345911 2015] [core:error] [pid 7568:tid 1092] (20024)The given path is misformatted or contained invalid characters: [client 80.82.65.186:34734] AH00127: Cannot map GET /w00tw00t.at.blackhats.romanian.anti-sec:) HTTP/1.1 to file
[Sun Mar 01 15:27:42.720312 2015] [access_compat:error] [pid 7568:tid 1428] [client 80.82.65.186:34801] AH01797: client denied by server configuration: E:/nuevo/htdocs/phpMyAdmin
[Sun Mar 01 15:27:43.063512 2015] [access_compat:error] [pid 7568:tid 928] [client 80.82.65.186:34876] AH01797: client denied by server configuration: E:/nuevo/phpMyAdmin/scripts
[Sun Mar 01 15:51:21.886004 2015] [access_compat:error] [pid 7568:tid 784] [client 109.73.225.9:29049] AH01797: client denied by server configuration: E:/nuevo/htdocs/phpMyAdmin
[Sun Mar 01 15:51:22.120005 2015] [access_compat:error] [pid 7568:tid 928] [client 109.73.225.9:29305] AH01797: client denied by server configuration: E:/nuevo/phpMyAdmin/scripts
[Sun Mar 01 16:05:16.440670 2015] [proxy_http:error] [pid 7568:tid 1428] (OS 10054)An existing connection was forcibly closed by the remote host.  : [client 186.155.87.124:28248] AH01102: error reading status line from remote server 172.22.1.31:80, referer: http://190.27.245.106/isolucionsda/FrameSetGeneral.asp?Pagina=BancoConocimiento/m/meci/meci.asp&IdModulo=16
[Sun Mar 01 16:05:16.440670 2015] [proxy:error] [pid 7568:tid 1428] [client 186.155.87.124:28248] AH00898: Error reading from remote server returned by /isolucionsda/BarraFavoritos.asp, referer: http://190.27.245.106/isolucionsda/FrameSetGeneral.asp?Pagina=BancoConocimiento/m/meci/meci.asp&IdModulo=16
[Sun Mar 01 16:36:22.905948 2015] [proxy_http:error] [pid 7568:tid 888] (20014)Internal error: [client 186.145.128.140:58710] AH01102: error reading status line from remote server 172.22.1.47:80, referer: http://190.27.245.106/forest/usutareas.do?group_system_actual=3&codAct=908&numPro=2492863&codPro=95&fecTra=2014-03-04%2019:24:30.24&codInst=2500722&codTraEsc=15247962
[Sun Mar 01 16:52:32.588052 2015] [proxy_http:error] [pid 7568:tid 1092] (OS 10054)An existing connection was forcibly closed by the remote host.  : [client 186.155.87.124:28505] AH01102: error reading status line from remote server 172.22.1.31:80, referer: http://190.27.245.106/isolucionsda/Encabezado.asp?Pagina=BancoConocimiento/m/meci/meci.asp&IdModulo=16
[Sun Mar 01 16:52:32.588052 2015] [proxy:error] [pid 7568:tid 1092] [client 186.155.87.124:28505] AH00898: Error reading from remote server returned by /isolucionsda/g/Bot_CerrarOver.jpg, referer: http://190.27.245.106/isolucionsda/Encabezado.asp?Pagina=BancoConocimiento/m/meci/meci.asp&IdModulo=16
[Sun Mar 01 17:10:11.424311 2015] [:error] [pid 7568:tid 784] [client 5.135.81.18:63976] script 'E:/nuevo/htdocs/wp-login.php' not found or unable to stat
[Sun Mar 01 17:10:56.009190 2015] [:error] [pid 7568:tid 1180] [client 5.135.81.18:62609] script 'E:/nuevo/htdocs/admin.php' not found or unable to stat
[Sun Mar 01 18:32:08.100547 2015] [:error] [pid 7568:tid 1780] [client 207.46.13.137:21580] script 'E:/nuevo/htdocs/Fabiss.php' not found or unable to stat
[Sun Mar 01 19:03:21.695038 2015] [proxy_http:error] [pid 7568:tid 1148] (OS 10054)An existing connection was forcibly closed by the remote host.  : [client 201.216.19.34:1489] AH01102: error reading status line from remote server 172.22.1.31:80, referer: http://190.27.245.106/isolucionsda/IdentificaUsuario.asp?Pagina1=FrameSetGeneral.asp&
[Sun Mar 01 19:03:21.695038 2015] [proxy:error] [pid 7568:tid 1148] [client 201.216.19.34:1489] AH00898: Error reading from remote server returned by /isolucionsda/g/Img_DivBarraSup.jpg, referer: http://190.27.245.106/isolucionsda/IdentificaUsuario.asp?Pagina1=FrameSetGeneral.asp&
[Sun Mar 01 19:17:04.019282 2015] [proxy_http:error] [pid 7568:tid 784] (OS 10054)An existing connection was forcibly closed by the remote host.  : [client 201.216.19.34:1719] AH01102: error reading status line from remote server 172.22.1.31:80, referer: http://190.27.245.106/isolucionsda/Encabezado.asp?Pagina=ListadoMaestroDocumentos3.asp
[Sun Mar 01 19:17:04.019282 2015] [proxy:error] [pid 7568:tid 784] [client 201.216.19.34:1719] AH00898: Error reading from remote server returned by /isolucionsda/g/Bot_ManualOver_ESP.jpg, referer: http://190.27.245.106/isolucionsda/Encabezado.asp?Pagina=ListadoMaestroDocumentos3.asp
[Sun Mar 01 19:47:54.120132 2015] [proxy_http:error] [pid 7568:tid 768] (OS 10054)An existing connection was forcibly closed by the remote host.  : [client 201.216.19.34:49965] AH01102: error reading status line from remote server 172.22.1.31:80, referer: http://190.27.245.106/isolucionsda/Encabezado.asp?Pagina=ListadoMaestroDocumentos3.asp
[Sun Mar 01 19:47:54.120132 2015] [proxy:error] [pid 7568:tid 768] [client 201.216.19.34:49965] AH00898: Error reading from remote server returned by /isolucionsda/g/Bot_SySOOff_ESP.jpg, referer: http://190.27.245.106/isolucionsda/Encabezado.asp?Pagina=ListadoMaestroDocumentos3.asp
[Sun Mar 01 20:00:46.071887 2015] [access_compat:error] [pid 7568:tid 1588] [client 193.171.252.193:38625] AH01797: client denied by server configuration: E:/nuevo/phpMyAdmin/index.php
[Sun Mar 01 20:00:46.259088 2015] [access_compat:error] [pid 7568:tid 1588] [client 193.171.252.193:38625] AH01797: client denied by server configuration: E:/nuevo/phpMyAdmin/index.php, referer: http://190.27.245.106/phpmyadmin/index.php\r
[Sun Mar 01 20:27:44.356330 2015] [cgi:error] [pid 7568:tid 1716] [client 162.208.48.118:41025] script not found or unable to stat: E:/nuevo/cgi-bin/admin.cgi
[Sun Mar 01 20:27:44.527930 2015] [cgi:error] [pid 7568:tid 784] [client 162.208.48.118:41066] script not found or unable to stat: E:/nuevo/cgi-bin/AT-admin.cgi
[Sun Mar 01 20:27:44.715130 2015] [cgi:error] [pid 7568:tid 1732] [client 162.208.48.118:41110] script not found or unable to stat: E:/nuevo/cgi-bin/AT-generate.cgi
[Sun Mar 01 20:27:44.902331 2015] [cgi:error] [pid 7568:tid 1780] [client 162.208.48.118:41187] script not found or unable to stat: E:/nuevo/cgi-bin/bb-ack.sh
[Sun Mar 01 20:27:45.089531 2015] [cgi:error] [pid 7568:tid 888] [client 162.208.48.118:41237] script not found or unable to stat: E:/nuevo/cgi-bin/bb-hist.sh
[Sun Mar 01 20:27:45.261131 2015] [cgi:error] [pid 7568:tid 1796] [client 162.208.48.118:41287] script not found or unable to stat: E:/nuevo/cgi-bin/blog
[Sun Mar 01 20:27:45.448332 2015] [cgi:error] [pid 7568:tid 856] [client 162.208.48.118:41327] script not found or unable to stat: E:/nuevo/cgi-bin/blog
[Sun Mar 01 20:27:45.635532 2015] [cgi:error] [pid 7568:tid 1380] [client 162.208.48.118:41374] script not found or unable to stat: E:/nuevo/cgi-bin/calendar
[Sun Mar 01 20:27:45.807132 2015] [cgi:error] [pid 7568:tid 1076] [client 162.208.48.118:41420] script not found or unable to stat: E:/nuevo/cgi-bin/mail
[Sun Mar 01 20:27:45.994333 2015] [cgi:error] [pid 7568:tid 1588] [client 162.208.48.118:41485] script not found or unable to stat: E:/nuevo/cgi-bin/mail
[Sun Mar 01 20:27:46.181533 2015] [cgi:error] [pid 7568:tid 1828] [client 162.208.48.118:41531] script not found or unable to stat: E:/nuevo/cgi-bin/printenv
[Sun Mar 01 20:27:46.353133 2015] [cgi:error] [pid 7568:tid 1092] [client 162.208.48.118:41565] script not found or unable to stat: E:/nuevo/cgi-bin/test
[Sun Mar 01 20:27:46.540334 2015] [cgi:error] [pid 7568:tid 1300] [client 162.208.48.118:41603] script not found or unable to stat: E:/nuevo/cgi-bin/mail
[Sun Mar 01 20:27:46.727534 2015] [cgi:error] [pid 7568:tid 1708] [client 162.208.48.118:41652] script not found or unable to stat: E:/nuevo/htdocs/info.cgi
[Sun Mar 01 20:27:46.914734 2015] [cgi:error] [pid 7568:tid 1716] [client 162.208.48.118:41734] script not found or unable to stat: E:/nuevo/cgi-bin/whois
[Sun Mar 01 20:27:47.086335 2015] [cgi:error] [pid 7568:tid 784] [client 162.208.48.118:41769] script not found or unable to stat: E:/nuevo/cgi-bin/status
[Sun Mar 01 20:27:47.273535 2015] [cgi:error] [pid 7568:tid 1732] [client 162.208.48.118:41808] script not found or unable to stat: E:/nuevo/cgi-bin/traffic.cgi
[Sun Mar 01 20:27:47.445135 2015] [cgi:error] [pid 7568:tid 1780] [client 162.208.48.118:41839] script not found or unable to stat: E:/nuevo/cgi-bin/upload.cgi
[Sun Mar 01 20:27:47.632336 2015] [cgi:error] [pid 7568:tid 888] [client 162.208.48.118:41874] script not found or unable to stat: E:/nuevo/cgi-bin/ezadmin.cgi
[Sun Mar 01 20:27:47.819536 2015] [cgi:error] [pid 7568:tid 1796] [client 162.208.48.118:41961] script not found or unable to stat: E:/nuevo/cgi-bin/search.cgi
[Sun Mar 01 20:27:53.825546 2015] [cgi:error] [pid 7568:tid 1716] [client 162.208.48.118:43031] script not found or unable to stat: E:/nuevo/cgi-bin/test.cgi
[Sun Mar 01 20:27:54.574348 2015] [cgi:error] [pid 7568:tid 1828] [client 162.208.48.118:43178] script not found or unable to stat: E:/nuevo/cgi-bin/test-cgi
[Sun Mar 01 20:27:54.964348 2015] [cgi:error] [pid 7568:tid 1076] [client 162.208.48.118:43262] script not found or unable to stat: E:/nuevo/cgi-bin/test
[Sun Mar 01 20:27:55.151549 2015] [cgi:error] [pid 7568:tid 1380] [client 162.208.48.118:43288] script not found or unable to stat: E:/nuevo/cgi-bin/login.cgi
[Sun Mar 01 20:27:55.354349 2015] [cgi:error] [pid 7568:tid 1196] [client 162.208.48.118:43317] script not found or unable to stat: E:/nuevo/htdocs/index.cgi
[Sun Mar 01 21:25:37.187630 2015] [proxy_http:error] [pid 7568:tid 1732] (OS 10054)An existing connection was forcibly closed by the remote host.  : [client 201.216.19.34:2260] AH01102: error reading status line from remote server 172.22.1.31:80, referer: http://190.27.245.106/isolucionsda/FrameSetGeneral.asp?Pagina1=FrameSetGeneral.asp&
[Sun Mar 01 21:25:37.187630 2015] [proxy:error] [pid 7568:tid 1732] [client 201.216.19.34:2260] AH00898: Error reading from remote server returned by /isolucionsda/MagazinHome.asp, referer: http://190.27.245.106/isolucionsda/FrameSetGeneral.asp?Pagina1=FrameSetGeneral.asp&
[Sun Mar 01 21:25:37.203230 2015] [proxy_http:error] [pid 7568:tid 1716] (OS 10054)An existing connection was forcibly closed by the remote host.  : [client 201.216.19.34:2259] AH01102: error reading status line from remote server 172.22.1.31:80, referer: http://190.27.245.106/isolucionsda/FrameSetGeneral.asp?Pagina1=FrameSetGeneral.asp&
[Sun Mar 01 21:25:37.203230 2015] [proxy:error] [pid 7568:tid 1716] [client 201.216.19.34:2259] AH00898: Error reading from remote server returned by /isolucionsda/BarraTitulos.asp, referer: http://190.27.245.106/isolucionsda/FrameSetGeneral.asp?Pagina1=FrameSetGeneral.asp&
[Sun Mar 01 21:36:20.283159 2015] [proxy_http:error] [pid 7568:tid 768] (OS 10054)An existing connection was forcibly closed by the remote host.  : [client 181.55.194.244:52607] AH01102: error reading status line from remote server 172.22.1.31:80, referer: http://190.27.245.106/isolucionsda/Session.asp?Continue=1
[Sun Mar 01 21:36:20.283159 2015] [proxy:error] [pid 7568:tid 768] [client 181.55.194.244:52607] AH00898: Error reading from remote server returned by /isolucionsda/Session.asp, referer: http://190.27.245.106/isolucionsda/Session.asp?Continue=1
[Sun Mar 01 22:40:42.163542 2015] [proxy_http:error] [pid 7568:tid 1844] (OS 10054)An existing connection was forcibly closed by the remote host.  : [client 186.145.39.167:50132] AH01102: error reading status line from remote server 172.22.1.31:80, referer: http://190.27.245.106/isolucionsda/FrameSetGeneral.asp?Pagina1=FrameSetGeneral.asp&
[Sun Mar 01 22:40:42.163542 2015] [proxy:error] [pid 7568:tid 1844] [client 186.145.39.167:50132] AH00898: Error reading from remote server returned by /isolucionsda/BarraFavoritos.asp, referer: http://190.27.245.106/isolucionsda/FrameSetGeneral.asp?Pagina1=FrameSetGeneral.asp&
[Sun Mar 01 23:50:02.971650 2015] [mpm_winnt:warn] [pid 7568:tid 2668] (OS 64)The specified network name is no longer available.  : AH00341: winnt_accept: Asynchronous AcceptEx failed.

:: Command execute ::

Enter:
 
Select:
 

:: Search ::
regexp 

:: Upload ::
 
[ ok ]

:: Make Dir ::
 
[ ok ]
:: Make File ::
 
[ ok ]

:: Go Dir ::
 
:: Go File ::
 

--[ c99shell v. 1.0 pre-release build #13 powered by Captain Crunch Security Team | http://ccteam.ru | Generation time: 0.0312 ]--