!C99Shell v. 1.0 pre-release build #13!

Software: Apache. PHP/5.5.15 

uname -a: Windows NT SVR-DMZ 6.1 build 7600 (Windows Server 2008 R2 Enterprise Edition) i586 

SYSTEM 

Safe-mode: OFF (not secure)

E:\nuevo\apache\logs\   drwxrwxrwx
Free 9.41 GB of 239.26 GB (3.93%)
Detected drives: [ a ] [ c ] [ d ] [ e ] [ f ]
Home    Back    Forward    UPDIR    Refresh    Search    Buffer    Encoder    Tools    Proc.    FTP brute    Sec.    SQL    PHP-code    Update    Feedback    Self remove    Logout    


Viewing file:     error.2015.03.02.log (48.88 KB)      -rw-rw-rw-
Select action/file-type:
(+) | (+) | (+) | Code (+) | Session (+) | (+) | SDB (+) | (+) | (+) | (+) | (+) | (+) |
[Mon Mar 02 06:36:42.834106 2015] [mpm_winnt:warn] [pid 7568:tid 2668] (OS 64)The specified network name is no longer available.  : AH00341: winnt_accept: Asynchronous AcceptEx failed.
[Mon Mar 02 06:37:40.757008 2015] [proxy:error] [pid 7568:tid 1468] (OS 10053)An established connection was aborted by the software in your host machine.  : [client 190.27.122.148:10334] AH01084: pass request body failed to 172.22.1.47:80 (172.22.1.47), referer: http://190.27.245.106/forest/usutareas.do?group_system_actual=3&codTraEsc=17602446&_a=0.3371800657179289
[Mon Mar 02 06:37:40.757008 2015] [proxy_http:error] [pid 7568:tid 1468] [client 190.27.122.148:10334] AH01097: pass request body failed to 172.22.1.47:80 (172.22.1.47) from 190.27.122.148 (), referer: http://190.27.245.106/forest/usutareas.do?group_system_actual=3&codTraEsc=17602446&_a=0.3371800657179289
[Mon Mar 02 06:44:58.602977 2015] [proxy_http:error] [pid 7568:tid 784] (OS 10060)A connection attempt failed because the connected party did not properly respond after a period of time, or established connection failed because connected host has failed to respond.  : [client 190.27.122.148:10359] AH02609: read request body failed to 172.22.1.47:80 (172.22.1.47) from 190.27.122.148 (), referer: http://190.27.245.106/forest/usutareas.do?group_system_actual=3&codTraEsc=17602446&_a=0.3371800657179289
[Mon Mar 02 06:44:58.602977 2015] [proxy_http:error] [pid 7568:tid 784] [client 190.27.122.148:10359] AH01097: pass request body failed to 172.22.1.47:80 (172.22.1.47) from 190.27.122.148 (), referer: http://190.27.245.106/forest/usutareas.do?group_system_actual=3&codTraEsc=17602446&_a=0.3371800657179289
[Mon Mar 02 06:49:41.493874 2015] [proxy_http:error] [pid 7568:tid 1708] (70008)Partial results are valid but processing is incomplete: [client 190.27.122.148:10764] AH02609: read request body failed to 172.22.1.47:80 (172.22.1.47) from 190.27.122.148 (), referer: http://190.27.245.106/forest/usutareas.do?group_system_actual=3&codTraEsc=17602446&_a=0.3371800657179289
[Mon Mar 02 06:49:41.493874 2015] [proxy_http:error] [pid 7568:tid 1708] [client 190.27.122.148:10764] AH01097: pass request body failed to 172.22.1.47:80 (172.22.1.47) from 190.27.122.148 (), referer: http://190.27.245.106/forest/usutareas.do?group_system_actual=3&codTraEsc=17602446&_a=0.3371800657179289
[Mon Mar 02 07:29:47.236499 2015] [mpm_winnt:warn] [pid 7568:tid 2668] (OS 64)The specified network name is no longer available.  : AH00341: winnt_accept: Asynchronous AcceptEx failed.
[Mon Mar 02 07:35:27.363897 2015] [proxy_http:error] [pid 7568:tid 1588] (OS 10054)An existing connection was forcibly closed by the remote host.  : [client 190.26.119.3:26279] AH01102: error reading status line from remote server 172.22.1.31:80, referer: http://190.27.245.106/isolucionsda/FrameSetGeneral.asp?Pagina1=FrameSetGeneral.asp&
[Mon Mar 02 07:35:27.363897 2015] [proxy:error] [pid 7568:tid 1588] [client 190.26.119.3:26279] AH00898: Error reading from remote server returned by /isolucionsda/BarraFavoritos.asp, referer: http://190.27.245.106/isolucionsda/FrameSetGeneral.asp?Pagina1=FrameSetGeneral.asp&
[Mon Mar 02 07:54:33.263909 2015] [proxy_http:error] [pid 7568:tid 768] (OS 10054)An existing connection was forcibly closed by the remote host.  : [client 201.245.192.253:56639] AH01102: error reading status line from remote server 172.22.1.31:80, referer: http://190.27.245.106/isolucionsda/Session.asp?Continue=1
[Mon Mar 02 07:55:24.915600 2015] [proxy_http:error] [pid 7568:tid 1748] (OS 10054)An existing connection was forcibly closed by the remote host.  : [client 190.26.119.3:27697] AH01102: error reading status line from remote server 172.22.1.31:80, referer: http://190.27.245.106/isolucionsda/FrameSetGeneral.asp?Pagina1=FrameSetGeneral.asp&
[Mon Mar 02 07:55:24.915600 2015] [proxy:error] [pid 7568:tid 1748] [client 190.26.119.3:27697] AH00898: Error reading from remote server returned by /isolucionsda/BarraTitulos.asp, referer: http://190.27.245.106/isolucionsda/FrameSetGeneral.asp?Pagina1=FrameSetGeneral.asp&
[Mon Mar 02 08:06:42.658791 2015] [proxy_http:error] [pid 7568:tid 1716] (OS 10054)An existing connection was forcibly closed by the remote host.  : [client 190.24.223.132:19622] AH01102: error reading status line from remote server 172.22.1.31:80, referer: http://190.27.245.106/isolucionsda/Encabezado.asp?Pagina1=FrameSetGeneral.asp&&Pagina=MagazinHome.asp
[Mon Mar 02 08:24:46.782695 2015] [proxy:error] [pid 7568:tid 1588] (OS 10061)No connection could be made because the target machine actively refused it.  : AH00957: HTTP: attempt to connect to 172.22.1.36:8080 (172.22.1.36) failed
[Mon Mar 02 08:24:46.782695 2015] [proxy:error] [pid 7568:tid 1588] AH00959: ap_proxy_connect_backend disabling worker for (172.22.1.36) for 60s
[Mon Mar 02 08:24:46.782695 2015] [proxy_http:error] [pid 7568:tid 1588] [client 190.66.106.113:10695] AH01114: HTTP: failed to make connection to backend: 172.22.1.36
[Mon Mar 02 08:25:29.698370 2015] [mpm_winnt:warn] [pid 7568:tid 2668] (OS 64)The specified network name is no longer available.  : AH00341: winnt_accept: Asynchronous AcceptEx failed.
[Mon Mar 02 08:28:47.881118 2015] [proxy_http:error] [pid 7568:tid 1484] (OS 10054)An existing connection was forcibly closed by the remote host.  : [client 201.245.192.253:53382] AH01102: error reading status line from remote server 172.22.1.31:80, referer: http://www.ambientebogota.gov.co/web/intranet/aplicaciones-para-acceder-fuera-de-la-sda
[Mon Mar 02 08:28:47.881118 2015] [proxy:error] [pid 7568:tid 1484] [client 201.245.192.253:53382] AH00898: Error reading from remote server returned by /isolucionsda/, referer: http://www.ambientebogota.gov.co/web/intranet/aplicaciones-para-acceder-fuera-de-la-sda
[Mon Mar 02 08:30:07.800059 2015] [proxy_http:error] [pid 7568:tid 1636] (OS 10054)An existing connection was forcibly closed by the remote host.  : [client 201.245.192.253:54363] AH01102: error reading status line from remote server 172.22.1.31:80, referer: http://190.27.245.106/isolucionsda/FrameSetGeneral.asp?Pagina1=FrameSetGeneral.asp&
[Mon Mar 02 08:30:07.800059 2015] [proxy:error] [pid 7568:tid 1636] [client 201.245.192.253:54363] AH00898: Error reading from remote server returned by /isolucionsda/BarraTitulos.asp, referer: http://190.27.245.106/isolucionsda/FrameSetGeneral.asp?Pagina1=FrameSetGeneral.asp&
[Mon Mar 02 08:30:07.893659 2015] [proxy_http:error] [pid 7568:tid 888] (OS 10054)An existing connection was forcibly closed by the remote host.  : [client 201.245.192.253:54365] AH01102: error reading status line from remote server 172.22.1.31:80
[Mon Mar 02 08:30:07.893659 2015] [proxy:error] [pid 7568:tid 888] [client 201.245.192.253:54365] AH00898: Error reading from remote server returned by /isolucionsda/g/Bot_Anterior.jpg
[Mon Mar 02 08:34:13.531690 2015] [proxy_http:error] [pid 7568:tid 1076] (OS 10054)An existing connection was forcibly closed by the remote host.  : [client 201.245.192.253:57095] AH01102: error reading status line from remote server 172.22.1.31:80
[Mon Mar 02 08:34:13.531690 2015] [proxy:error] [pid 7568:tid 1076] [client 201.245.192.253:57095] AH00898: Error reading from remote server returned by /isolucionsda/g/Bgr_BarraBotPrins.jpg
[Mon Mar 02 08:55:06.681891 2015] [proxy_http:error] [pid 7568:tid 1828] (20014)Internal error: [client 201.245.192.253:50589] AH01102: error reading status line from remote server 172.22.1.47:80
[Mon Mar 02 08:55:06.681891 2015] [proxy:error] [pid 7568:tid 1828] [client 201.245.192.253:50589] AH00898: Error reading from remote server returned by /forest/js/xml_utilities.js
[Mon Mar 02 08:57:41.480963 2015] [proxy_http:error] [pid 7568:tid 1468] (OS 10060)A connection attempt failed because the connected party did not properly respond after a period of time, or established connection failed because connected host has failed to respond.  : [client 201.245.192.253:52613] AH01102: error reading status line from remote server 172.22.1.47:80, referer: http://190.27.245.106/forest/skins/gdocs-jar/popup/FileViewerTree.jsp?coddoc=2002318&ext=html&numpro=3004570&nombre=TR%C1MITE%20DE%20REGISTRO%20DE%20VERTIMIENTOS.html&codfile=-1&rootPath=/forest/
[Mon Mar 02 08:57:41.480963 2015] [proxy:error] [pid 7568:tid 1468] [client 201.245.192.253:52613] AH00898: Error reading from remote server returned by /forest/visualizar.do, referer: http://190.27.245.106/forest/skins/gdocs-jar/popup/FileViewerTree.jsp?coddoc=2002318&ext=html&numpro=3004570&nombre=TR%C1MITE%20DE%20REGISTRO%20DE%20VERTIMIENTOS.html&codfile=-1&rootPath=/forest/
[Mon Mar 02 09:41:09.103543 2015] [proxy_http:error] [pid 7568:tid 1716] (OS 10054)An existing connection was forcibly closed by the remote host.  : [client 201.245.192.253:57718] AH01102: error reading status line from remote server 172.22.1.31:80
[Mon Mar 02 09:41:09.103543 2015] [proxy:error] [pid 7568:tid 1716] [client 201.245.192.253:57718] AH00898: Error reading from remote server returned by /isolucionsda/g/Bgr_BarraInferior.jpg
[Mon Mar 02 09:46:07.844068 2015] [proxy_http:error] [pid 7568:tid 768] (20014)Internal error: [client 201.245.192.253:49515] AH01102: error reading status line from remote server 172.22.1.47:80, referer: http://190.27.245.106/forest/index2.jsp?a=0.7473606533384048
[Mon Mar 02 10:09:33.390937 2015] [proxy_http:error] [pid 7568:tid 1588] (20014)Internal error: [client 201.245.192.253:47973] AH01102: error reading status line from remote server 172.22.1.47:80
[Mon Mar 02 10:09:33.390937 2015] [proxy:error] [pid 7568:tid 1588] [client 201.245.192.253:47973] AH00898: Error reading from remote server returned by /forest/skins/gdocs-jar/css/forms.css
[Mon Mar 02 10:09:33.422137 2015] [proxy_http:error] [pid 7568:tid 1212] (20014)Internal error: [client 201.245.192.253:47984] AH01102: error reading status line from remote server 172.22.1.47:80
[Mon Mar 02 10:09:33.422137 2015] [proxy:error] [pid 7568:tid 1212] [client 201.245.192.253:47984] AH00898: Error reading from remote server returned by /forest/skins/gdocs-jar/img/alert.gif
[Mon Mar 02 10:12:09.484811 2015] [proxy_http:error] [pid 7568:tid 1180] (20014)Internal error: [client 201.245.192.253:50207] AH01102: error reading status line from remote server 172.22.1.47:80
[Mon Mar 02 10:12:09.484811 2015] [proxy:error] [pid 7568:tid 1180] [client 201.245.192.253:50207] AH00898: Error reading from remote server returned by /forest/img/spacer.gif
[Mon Mar 02 10:24:31.453314 2015] [proxy_http:error] [pid 7568:tid 1604] (20014)Internal error: [client 181.70.153.222:53143] AH01102: error reading status line from remote server 172.22.1.47:80, referer: http://190.27.245.106/forest/usutareas.do?_a=0.9584742772413444&group_system_actual=3
[Mon Mar 02 10:24:31.453314 2015] [proxy:error] [pid 7568:tid 1604] [client 181.70.153.222:53143] AH00898: Error reading from remote server returned by /forest/json.do, referer: http://190.27.245.106/forest/usutareas.do?_a=0.9584742772413444&group_system_actual=3
[Mon Mar 02 10:24:31.453314 2015] [negotiation:error] [pid 7568:tid 1604] [client 181.70.153.222:53143] AH00690: no acceptable variant: E:/nuevo/apache/error/HTTP_BAD_GATEWAY.html.var, referer: http://190.27.245.106/forest/usutareas.do?_a=0.9584742772413444&group_system_actual=3
[Mon Mar 02 10:24:47.287342 2015] [proxy_http:error] [pid 7568:tid 1180] (20014)Internal error: [client 181.70.153.222:53145] AH01102: error reading status line from remote server 172.22.1.47:80, referer: http://190.27.245.106/forest/usutareas.do?_a=0.9584742772413444&group_system_actual=3
[Mon Mar 02 10:24:47.287342 2015] [proxy:error] [pid 7568:tid 1180] [client 181.70.153.222:53145] AH00898: Error reading from remote server returned by /forest/usutareas.do, referer: http://190.27.245.106/forest/usutareas.do?_a=0.9584742772413444&group_system_actual=3
[Mon Mar 02 10:24:55.804957 2015] [proxy_http:error] [pid 7568:tid 912] (20014)Internal error: [client 201.245.192.253:51433] AH01102: error reading status line from remote server 172.22.1.47:80, referer: http://190.27.245.106/forest/suactividades.do?group_system_actual=3&_a=0.7197641945020125
[Mon Mar 02 10:25:54.648260 2015] [proxy_http:error] [pid 7568:tid 1316] (20014)Internal error: [client 201.245.192.253:52339] AH01102: error reading status line from remote server 172.22.1.47:80
[Mon Mar 02 10:25:54.648260 2015] [proxy:error] [pid 7568:tid 1316] [client 201.245.192.253:52339] AH00898: Error reading from remote server returned by /forest/1ibre/protoaculous.js
[Mon Mar 02 10:26:16.769099 2015] [proxy_http:error] [pid 7568:tid 1732] (OS 10054)An existing connection was forcibly closed by the remote host.  : [client 201.245.192.253:52657] AH01102: error reading status line from remote server 172.22.1.31:80
[Mon Mar 02 10:26:16.769099 2015] [proxy:error] [pid 7568:tid 1732] [client 201.245.192.253:52657] AH00898: Error reading from remote server returned by /isolucionsda/g/Bot_Clientes_ESP.jpg
[Mon Mar 02 10:33:50.199495 2015] [proxy_http:error] [pid 7568:tid 1228] (20014)Internal error: [client 201.245.192.253:59619] AH01102: error reading status line from remote server 172.22.1.47:80, referer: http://190.27.245.106/forest/usutareas.do?group_system_actual=3&codAct=2129&numPro=3029007&codPro=176&fecTra=2015-02-27%2014:48:02.0&codInst=3067232&codTraEsc=17608015
[Mon Mar 02 11:11:40.299883 2015] [proxy_http:error] [pid 7568:tid 1508] (20014)Internal error: [client 201.245.192.253:52887] AH01102: error reading status line from remote server 172.22.1.47:80, referer: http://190.27.245.106/forest/buscar.do
[Mon Mar 02 11:11:40.299883 2015] [proxy:error] [pid 7568:tid 1508] [client 201.245.192.253:52887] AH00898: Error reading from remote server returned by /forest/json.do, referer: http://190.27.245.106/forest/buscar.do
[Mon Mar 02 11:11:40.315483 2015] [negotiation:error] [pid 7568:tid 1508] [client 201.245.192.253:52887] AH00690: no acceptable variant: E:/nuevo/apache/error/HTTP_BAD_GATEWAY.html.var, referer: http://190.27.245.106/forest/buscar.do
[Mon Mar 02 11:32:48.379310 2015] [cgi:error] [pid 7568:tid 1460] [client 199.47.81.13:1325] script not found or unable to stat: E:/nuevo/htdocs/noticiaImprimir.asp
[Mon Mar 02 11:34:23.133876 2015] [proxy_http:error] [pid 7568:tid 1708] (20014)Internal error: [client 201.245.192.253:54468] AH01102: error reading status line from remote server 172.22.1.47:80
[Mon Mar 02 11:34:23.539477 2015] [proxy_http:error] [pid 7568:tid 1708] (20014)Internal error: [client 201.245.192.253:54497] AH01102: error reading status line from remote server 172.22.1.47:80
[Mon Mar 02 11:34:23.539477 2015] [proxy:error] [pid 7568:tid 1708] [client 201.245.192.253:54497] AH00898: Error reading from remote server returned by /forest/skins/gdocs-jar/css/forest.css
[Mon Mar 02 11:34:23.570677 2015] [proxy_http:error] [pid 7568:tid 1708] (20014)Internal error: [client 201.245.192.253:54501] AH01102: error reading status line from remote server 172.22.1.47:80
[Mon Mar 02 11:34:23.570677 2015] [proxy:error] [pid 7568:tid 1708] [client 201.245.192.253:54501] AH00898: Error reading from remote server returned by /forest/1ibre/jscalendar/calendar-win2k-1.css
[Mon Mar 02 11:34:23.586277 2015] [proxy_http:error] [pid 7568:tid 1484] (20014)Internal error: [client 201.245.192.253:54503] AH01102: error reading status line from remote server 172.22.1.47:80, referer: http://190.27.245.106/forest/login.do
[Mon Mar 02 11:34:23.586277 2015] [proxy:error] [pid 7568:tid 1484] [client 201.245.192.253:54503] AH00898: Error reading from remote server returned by /forest/jsoptimized/gz/js/gdocsall-1412.231748.js, referer: http://190.27.245.106/forest/login.do
[Mon Mar 02 11:40:52.136159 2015] [proxy_http:error] [pid 7568:tid 1732] (20014)Internal error: [client 201.245.192.253:50705] AH01102: error reading status line from remote server 172.22.1.47:80, referer: http://190.27.245.106/forest/usutareas.do?_a=0.9624209680190519&group_system_actual=3
[Mon Mar 02 11:40:52.260960 2015] [proxy_http:error] [pid 7568:tid 856] (20014)Internal error: [client 201.245.192.253:50736] AH01102: error reading status line from remote server 172.22.1.47:80
[Mon Mar 02 11:40:52.260960 2015] [proxy:error] [pid 7568:tid 856] [client 201.245.192.253:50736] AH00898: Error reading from remote server returned by /forest/skins/gdocs-jar/css/forms.css
[Mon Mar 02 11:40:54.008163 2015] [proxy_http:error] [pid 7568:tid 1300] (20014)Internal error: [client 201.245.192.253:50778] AH01102: error reading status line from remote server 172.22.1.47:80, referer: http://190.27.245.106/forest/misactividades.do?_a=0.44660526236531894&group_system_actual=3
[Mon Mar 02 11:41:33.663432 2015] [proxy_http:error] [pid 7568:tid 1676] (20014)Internal error: [client 201.245.192.253:51493] AH01102: error reading status line from remote server 172.22.1.47:80
[Mon Mar 02 11:41:33.663432 2015] [proxy:error] [pid 7568:tid 1676] [client 201.245.192.253:51493] AH00898: Error reading from remote server returned by /forest/skins/gdocs-jar/css/autocomplete.css
[Mon Mar 02 11:41:33.679032 2015] [proxy_http:error] [pid 7568:tid 1468] (20014)Internal error: [client 201.245.192.253:51496] AH01102: error reading status line from remote server 172.22.1.47:80
[Mon Mar 02 11:41:33.694632 2015] [proxy:error] [pid 7568:tid 1468] [client 201.245.192.253:51496] AH00898: Error reading from remote server returned by /forest/skins/gdocs-jar/css/dialog.css
[Mon Mar 02 11:41:33.991033 2015] [proxy_http:error] [pid 7568:tid 944] (20014)Internal error: [client 201.245.192.253:51510] AH01102: error reading status line from remote server 172.22.1.47:80, referer: http://190.27.245.106/forest/misactividades.do?_a=0.9288447702582461&group_system_actual=3
[Mon Mar 02 11:41:33.991033 2015] [proxy:error] [pid 7568:tid 944] [client 201.245.192.253:51510] AH00898: Error reading from remote server returned by /forest/misactividades.do, referer: http://190.27.245.106/forest/misactividades.do?_a=0.9288447702582461&group_system_actual=3
[Mon Mar 02 11:41:50.683062 2015] [proxy_http:error] [pid 7568:tid 1468] (20014)Internal error: [client 201.245.192.253:51926] AH01102: error reading status line from remote server 172.22.1.47:80, referer: http://190.27.245.106/forest/buscar.do?type=documentos
[Mon Mar 02 11:44:23.110930 2015] [proxy_http:error] [pid 7568:tid 1460] (20014)Internal error: [client 190.27.122.148:15541] AH01102: error reading status line from remote server 172.22.1.47:80, referer: http://190.27.245.106/forest/usutareas.do?_a=0.36619620537385345&group_system_actual=3
[Mon Mar 02 11:44:23.110930 2015] [proxy:error] [pid 7568:tid 1460] [client 190.27.122.148:15541] AH00898: Error reading from remote server returned by /forest/session.jsp, referer: http://190.27.245.106/forest/usutareas.do?_a=0.36619620537385345&group_system_actual=3
[Mon Mar 02 11:44:23.110930 2015] [negotiation:error] [pid 7568:tid 1460] [client 190.27.122.148:15541] AH00690: no acceptable variant: E:/nuevo/apache/error/HTTP_BAD_GATEWAY.html.var, referer: http://190.27.245.106/forest/usutareas.do?_a=0.36619620537385345&group_system_actual=3
[Mon Mar 02 11:56:31.850610 2015] [proxy_http:error] [pid 7568:tid 1092] (20014)Internal error: [client 201.245.192.253:55903] AH01102: error reading status line from remote server 172.22.1.47:80
[Mon Mar 02 11:56:31.850610 2015] [proxy:error] [pid 7568:tid 1092] [client 201.245.192.253:55903] AH00898: Error reading from remote server returned by /forest/skins/gdocs-jar/js/grid.js
[Mon Mar 02 11:56:33.254612 2015] [proxy_http:error] [pid 7568:tid 1732] (20014)Internal error: [client 190.25.157.12:57533] AH01102: error reading status line from remote server 172.22.1.47:80, referer: http://190.27.245.106/forest/login.do
[Mon Mar 02 11:56:33.254612 2015] [proxy:error] [pid 7568:tid 1732] [client 190.25.157.12:57533] AH00898: Error reading from remote server returned by /forest/css/escritorio.css, referer: http://190.27.245.106/forest/login.do
[Mon Mar 02 12:03:43.659368 2015] [proxy_http:error] [pid 7568:tid 1260] (20014)Internal error: [client 201.245.192.253:52168] AH01102: error reading status line from remote server 172.22.1.47:80
[Mon Mar 02 12:03:43.659368 2015] [proxy:error] [pid 7568:tid 1260] [client 201.245.192.253:52168] AH00898: Error reading from remote server returned by /forest/1ibre/jscalendar/lang/calendar-es.js
[Mon Mar 02 12:04:13.112220 2015] [proxy_http:error] [pid 7568:tid 1076] (20014)Internal error: [client 201.245.192.253:52707] AH01102: error reading status line from remote server 172.22.1.47:80, referer: http://190.27.245.106/forest/suactividades.do?group_system_actual=3
[Mon Mar 02 12:04:13.205820 2015] [proxy_http:error] [pid 7568:tid 912] (20014)Internal error: [client 201.245.192.253:52770] AH01102: error reading status line from remote server 172.22.1.47:80, referer: http://190.27.245.106/forest/usutareas.do?group_system_actual=3&codAct=1505&numPro=3005484&codPro=136&fecTra=2015-03-02%2011:46:18.0&codInst=3073275&codTraEsc=17615220
[Mon Mar 02 12:04:13.205820 2015] [proxy:error] [pid 7568:tid 912] [client 201.245.192.253:52770] AH00898: Error reading from remote server returned by /forest/actions/forms.getList, referer: http://190.27.245.106/forest/usutareas.do?group_system_actual=3&codAct=1505&numPro=3005484&codPro=136&fecTra=2015-03-02%2011:46:18.0&codInst=3073275&codTraEsc=17615220
[Mon Mar 02 12:04:13.205820 2015] [negotiation:error] [pid 7568:tid 912] [client 201.245.192.253:52770] AH00690: no acceptable variant: E:/nuevo/apache/error/HTTP_BAD_GATEWAY.html.var, referer: http://190.27.245.106/forest/usutareas.do?group_system_actual=3&codAct=1505&numPro=3005484&codPro=136&fecTra=2015-03-02%2011:46:18.0&codInst=3073275&codTraEsc=17615220
[Mon Mar 02 12:05:12.002324 2015] [proxy_http:error] [pid 7568:tid 1380] (20014)Internal error: [client 201.245.192.253:53653] AH01102: error reading status line from remote server 172.22.1.47:80, referer: http://190.27.245.106/forest/usutareas.do?group_system_actual=3&codAct=1505&numPro=3005484&codPro=136&fecTra=2015-03-02%2011:46:18.0&codInst=3073275&codTraEsc=17615220
[Mon Mar 02 12:05:27.633551 2015] [proxy_http:error] [pid 7568:tid 1588] (20014)Internal error: [client 201.245.192.253:54011] AH01102: error reading status line from remote server 172.22.1.47:80, referer: http://190.27.245.106/forest/usutareas.do?group_system_actual=3&codAct=1505&numPro=3005484&codPro=136&fecTra=2015-03-02%2011:46:18.0&codInst=3073275&codTraEsc=17615220
[Mon Mar 02 12:05:27.633551 2015] [proxy:error] [pid 7568:tid 1588] [client 201.245.192.253:54011] AH00898: Error reading from remote server returned by /forest/usutareas.do, referer: http://190.27.245.106/forest/usutareas.do?group_system_actual=3&codAct=1505&numPro=3005484&codPro=136&fecTra=2015-03-02%2011:46:18.0&codInst=3073275&codTraEsc=17615220
[Mon Mar 02 12:09:10.277142 2015] [proxy_http:error] [pid 7568:tid 1092] (20014)Internal error: [client 201.245.192.253:58184] AH01102: error reading status line from remote server 172.22.1.47:80, referer: http://190.27.245.106/forest/usutareas.do?group_system_actual=3&codTraEsc=17209829&_a=0.05412749093850444
[Mon Mar 02 12:11:41.987409 2015] [proxy_http:error] [pid 7568:tid 856] (20014)Internal error: [client 201.245.192.253:48787] AH01102: error reading status line from remote server 172.22.1.47:80, referer: http://190.27.245.106/forest/index2.jsp?_a=0.7782878724392503
[Mon Mar 02 12:11:42.658210 2015] [proxy_http:error] [pid 7568:tid 1788] (20014)Internal error: [client 201.245.192.253:48933] AH01102: error reading status line from remote server 172.22.1.47:80, referer: http://190.27.245.106/forest/usutareas.do?group_system_actual=3&codTraEsc=17467578&_a=0.013018252860645951
[Mon Mar 02 12:11:42.658210 2015] [proxy:error] [pid 7568:tid 1788] [client 201.245.192.253:48933] AH00898: Error reading from remote server returned by /forest/session.jsp, referer: http://190.27.245.106/forest/usutareas.do?group_system_actual=3&codTraEsc=17467578&_a=0.013018252860645951
[Mon Mar 02 12:11:42.658210 2015] [negotiation:error] [pid 7568:tid 1788] [client 201.245.192.253:48933] AH00690: no acceptable variant: E:/nuevo/apache/error/HTTP_BAD_GATEWAY.html.var, referer: http://190.27.245.106/forest/usutareas.do?group_system_actual=3&codTraEsc=17467578&_a=0.013018252860645951
[Mon Mar 02 12:11:55.263032 2015] [proxy_http:error] [pid 7568:tid 1716] (20014)Internal error: [client 201.245.192.253:48967] AH01102: error reading status line from remote server 172.22.1.47:80, referer: http://190.27.245.106/forest/usutareas.do?group_system_actual=3&a=0.07299368968233466
[Mon Mar 02 12:11:58.367437 2015] [proxy_http:error] [pid 7568:tid 768] (20014)Internal error: [client 201.245.192.253:59779] AH01102: error reading status line from remote server 172.22.1.47:80, referer: http://190.27.245.106/forest/usutareas.do?group_system_actual=3&a=0.8759552228730172
[Mon Mar 02 12:12:14.263865 2015] [proxy_http:error] [pid 7568:tid 1732] (20014)Internal error: [client 201.245.192.253:49356] AH01102: error reading status line from remote server 172.22.1.47:80, referer: http://190.27.245.106/forest/usutareas.do?group_system_actual=3&a=0.8759552228730172
[Mon Mar 02 12:12:14.700666 2015] [proxy_http:error] [pid 7568:tid 1732] (20014)Internal error: [client 201.245.192.253:49533] AH01102: error reading status line from remote server 172.22.1.47:80, referer: http://190.27.245.106/forest/usutareas.do?group_system_actual=3&a=0.8759552228730172
[Mon Mar 02 12:12:15.652268 2015] [proxy_http:error] [pid 7568:tid 1484] (20014)Internal error: [client 201.245.192.253:49558] AH01102: error reading status line from remote server 172.22.1.47:80
[Mon Mar 02 12:12:15.652268 2015] [proxy:error] [pid 7568:tid 1484] [client 201.245.192.253:49558] AH00898: Error reading from remote server returned by /forest/js/dialog.js
[Mon Mar 02 12:13:08.832761 2015] [proxy_http:error] [pid 7568:tid 928] (20014)Internal error: [client 201.245.192.253:50542] AH01102: error reading status line from remote server 172.22.1.47:80
[Mon Mar 02 12:13:08.832761 2015] [proxy:error] [pid 7568:tid 928] [client 201.245.192.253:50542] AH00898: Error reading from remote server returned by /forest/img/inicio/2.gif
[Mon Mar 02 12:13:08.863961 2015] [proxy_http:error] [pid 7568:tid 1484] (20014)Internal error: [client 201.245.192.253:50545] AH01102: error reading status line from remote server 172.22.1.47:80
[Mon Mar 02 12:13:08.863961 2015] [proxy:error] [pid 7568:tid 1484] [client 201.245.192.253:50545] AH00898: Error reading from remote server returned by /forest/img/inicio/5.gif
[Mon Mar 02 12:13:08.879561 2015] [proxy_http:error] [pid 7568:tid 1076] (20014)Internal error: [client 201.245.192.253:50548] AH01102: error reading status line from remote server 172.22.1.47:80
[Mon Mar 02 12:13:08.879561 2015] [proxy:error] [pid 7568:tid 1076] [client 201.245.192.253:50548] AH00898: Error reading from remote server returned by /forest/img/mplogo.gif
[Mon Mar 02 12:13:08.895161 2015] [proxy_http:error] [pid 7568:tid 1156] (20014)Internal error: [client 201.245.192.253:50550] AH01102: error reading status line from remote server 172.22.1.47:80
[Mon Mar 02 12:13:08.895161 2015] [proxy:error] [pid 7568:tid 1156] [client 201.245.192.253:50550] AH00898: Error reading from remote server returned by /forest/skins/gdocs-jar/img/okey.gif
[Mon Mar 02 12:13:16.195974 2015] [proxy_http:error] [pid 7568:tid 1636] (20014)Internal error: [client 201.245.192.253:50755] AH01102: error reading status line from remote server 172.22.1.47:80
[Mon Mar 02 12:13:16.195974 2015] [proxy:error] [pid 7568:tid 1636] [client 201.245.192.253:50755] AH00898: Error reading from remote server returned by /forest/skins/gdocs-jar/js/misprocesos.js
[Mon Mar 02 12:13:20.485982 2015] [proxy_http:error] [pid 7568:tid 1260] (20014)Internal error: [client 201.245.192.253:50858] AH01102: error reading status line from remote server 172.22.1.47:80, referer: http://190.27.245.106/forest/buscar.do?type=procesos
[Mon Mar 02 12:13:20.485982 2015] [proxy:error] [pid 7568:tid 1260] [client 201.245.192.253:50858] AH00898: Error reading from remote server returned by /forest/js/dialog.js, referer: http://190.27.245.106/forest/buscar.do?type=procesos
[Mon Mar 02 12:13:34.962807 2015] [proxy_http:error] [pid 7568:tid 928] (20014)Internal error: [client 201.245.192.253:51111] AH01102: error reading status line from remote server 172.22.1.47:80, referer: http://190.27.245.106/forest/radicacion.do?codMod=11&_a=0.24384119116957692&group_system_actual=4
[Mon Mar 02 12:13:44.728424 2015] [proxy_http:error] [pid 7568:tid 1076] (20014)Internal error: [client 201.245.192.253:51161] AH01102: error reading status line from remote server 172.22.1.47:80, referer: http://190.27.245.106/forest/index2.jsp?a=0.27342575519338563
[Mon Mar 02 12:22:50.042982 2015] [proxy_http:error] [pid 7568:tid 784] (20014)Internal error: [client 190.27.122.148:16346] AH01102: error reading status line from remote server 172.22.1.47:80, referer: http://190.27.245.106/forest/index2.jsp?a=0.3257530674855388
[Mon Mar 02 12:22:51.337784 2015] [proxy_http:error] [pid 7568:tid 1540] (20014)Internal error: [client 201.245.192.253:47813] AH01102: error reading status line from remote server 172.22.1.47:80
[Mon Mar 02 12:22:51.337784 2015] [proxy:error] [pid 7568:tid 1540] [client 201.245.192.253:47813] AH00898: Error reading from remote server returned by /forest/js/autocompletar2.js
[Mon Mar 02 12:23:06.547811 2015] [proxy_http:error] [pid 7568:tid 1196] (20014)Internal error: [client 201.245.192.253:47941] AH01102: error reading status line from remote server 172.22.1.47:80, referer: http://190.27.245.106/forest/buscar.do
[Mon Mar 02 12:23:06.672611 2015] [proxy_http:error] [pid 7568:tid 1484] (20014)Internal error: [client 201.245.192.253:47995] AH01102: error reading status line from remote server 172.22.1.47:80, referer: http://190.27.245.106/forest/buscar.do
[Mon Mar 02 12:24:32.659962 2015] [proxy_http:error] [pid 7568:tid 1428] (20014)Internal error: [client 201.245.192.253:49391] AH01102: error reading status line from remote server 172.22.1.47:80
[Mon Mar 02 12:24:32.659962 2015] [proxy:error] [pid 7568:tid 1428] [client 201.245.192.253:49391] AH00898: Error reading from remote server returned by /forest/skins/gdocs-jar/js/swfobject.js
[Mon Mar 02 12:24:33.798764 2015] [proxy_http:error] [pid 7568:tid 1716] (20014)Internal error: [client 201.245.192.253:49417] AH01102: error reading status line from remote server 172.22.1.47:80, referer: http://190.27.245.106/forest/usutareas.do?_a=0.6389308825600892&group_system_actual=3
[Mon Mar 02 12:24:33.798764 2015] [proxy:error] [pid 7568:tid 1716] [client 201.245.192.253:49417] AH00898: Error reading from remote server returned by /forest/documentos/2025737/2015ER33363.pdf, referer: http://190.27.245.106/forest/usutareas.do?_a=0.6389308825600892&group_system_actual=3
[Mon Mar 02 12:32:27.914797 2015] [proxy_http:error] [pid 7568:tid 728] (OS 10054)An existing connection was forcibly closed by the remote host.  : [client 201.245.192.253:55774] AH01102: error reading status line from remote server 172.22.1.31:80, referer: http://190.27.245.106/isolucionsda/FrameSetGeneral.asp?Pagina=Menu.asp&IdModulo=4
[Mon Mar 02 12:32:27.914797 2015] [proxy:error] [pid 7568:tid 728] [client 201.245.192.253:55774] AH00898: Error reading from remote server returned by /isolucionsda/BarraFavoritos.asp, referer: http://190.27.245.106/isolucionsda/FrameSetGeneral.asp?Pagina=Menu.asp&IdModulo=4
[Mon Mar 02 12:36:33.724429 2015] [proxy_http:error] [pid 7568:tid 1212] (OS 10054)An existing connection was forcibly closed by the remote host.  : [client 201.245.192.253:58277] AH01102: error reading status line from remote server 172.22.1.31:80, referer: http://190.27.245.106/isolucionsda/FrameSetGeneral.asp?Pagina=ListadoMaestroDocumentos3.asp
[Mon Mar 02 12:53:21.345798 2015] [proxy_http:error] [pid 7568:tid 856] (20014)Internal error: [client 201.245.192.253:56596] AH01102: error reading status line from remote server 172.22.1.47:80, referer: http://190.27.245.106/forest/usutareas.do?_a=0.5121384956873953&group_system_actual=3
[Mon Mar 02 12:53:21.345798 2015] [proxy:error] [pid 7568:tid 856] [client 201.245.192.253:56596] AH00898: Error reading from remote server returned by /forest/session.jsp, referer: http://190.27.245.106/forest/usutareas.do?_a=0.5121384956873953&group_system_actual=3
[Mon Mar 02 12:53:21.345798 2015] [negotiation:error] [pid 7568:tid 856] [client 201.245.192.253:56596] AH00690: no acceptable variant: E:/nuevo/apache/error/HTTP_BAD_GATEWAY.html.var, referer: http://190.27.245.106/forest/usutareas.do?_a=0.5121384956873953&group_system_actual=3
[Mon Mar 02 13:20:23.296247 2015] [:error] [pid 7568:tid 856] [client 180.76.5.64:52480] script 'E:/nuevo/htdocs/BLA/normatividad.php' not found or unable to stat
[Mon Mar 02 14:05:59.509853 2015] [proxy_http:error] [pid 7568:tid 1300] (20014)Internal error: [client 201.245.192.253:58362] AH01102: error reading status line from remote server 172.22.1.47:80, referer: http://190.27.245.106/forest/radicacion.do?codMod=11&_a=0.9210823532950175&group_system_actual=4
[Mon Mar 02 14:08:46.757747 2015] [proxy_http:error] [pid 7568:tid 1716] (OS 10054)An existing connection was forcibly closed by the remote host.  : [client 201.245.192.253:49798] AH01102: error reading status line from remote server 172.22.1.31:80, referer: http://190.27.245.106/isolucionsda/FrameSetGeneral.asp?Pagina=BancoConocimiento/s/SistemadeGestionAmbiental_v0/SistemadeGestionAmbiental_v0.asp?&IdModulo=19
[Mon Mar 02 14:08:46.757747 2015] [proxy:error] [pid 7568:tid 1716] [client 201.245.192.253:49798] AH00898: Error reading from remote server returned by /isolucionsda/BarraTitulos.asp, referer: http://190.27.245.106/isolucionsda/FrameSetGeneral.asp?Pagina=BancoConocimiento/s/SistemadeGestionAmbiental_v0/SistemadeGestionAmbiental_v0.asp?&IdModulo=19
[Mon Mar 02 14:14:27.774346 2015] [proxy_http:error] [pid 7568:tid 768] (OS 10054)An existing connection was forcibly closed by the remote host.  : [client 201.245.192.253:56295] AH01102: error reading status line from remote server 172.22.1.31:80, referer: http://190.27.245.106/isolucionsda/FrameSetGeneral.asp?Pagina1=FrameSetGeneral.asp&
[Mon Mar 02 14:14:27.774346 2015] [proxy:error] [pid 7568:tid 768] [client 201.245.192.253:56295] AH00898: Error reading from remote server returned by /isolucionsda/BarraFavoritos.asp, referer: http://190.27.245.106/isolucionsda/FrameSetGeneral.asp?Pagina1=FrameSetGeneral.asp&
[Mon Mar 02 14:24:47.906635 2015] [mpm_winnt:warn] [pid 7568:tid 2668] (OS 64)The specified network name is no longer available.  : AH00341: winnt_accept: Asynchronous AcceptEx failed.
[Mon Mar 02 14:26:16.265190 2015] [:error] [pid 7568:tid 1460] [client 66.249.67.68:50348] script 'E:/nuevo/htdocs/BLA/norma_menu.php' not found or unable to stat
[Mon Mar 02 14:35:51.765801 2015] [proxy_http:error] [pid 7568:tid 840] (OS 10054)An existing connection was forcibly closed by the remote host.  : [client 201.245.192.253:56902] AH01102: error reading status line from remote server 172.22.1.31:80, referer: http://190.27.245.106/isolucionsda/Encabezado.asp?Pagina1=FrameSetGeneral.asp&&Pagina=MagazinHome.asp
[Mon Mar 02 14:37:13.915545 2015] [proxy_http:error] [pid 7568:tid 1380] (OS 10054)An existing connection was forcibly closed by the remote host.  : [client 190.158.102.179:52796] AH01102: error reading status line from remote server 172.22.1.31:80, referer: http://190.27.245.106/isolucionsda/MagazinHome.asp
[Mon Mar 02 14:37:13.915545 2015] [proxy:error] [pid 7568:tid 1380] [client 190.158.102.179:52796] AH00898: Error reading from remote server returned by /isolucionsda/g/Bullet_FlechaAzul.gif, referer: http://190.27.245.106/isolucionsda/MagazinHome.asp
[Mon Mar 02 14:38:48.779312 2015] [proxy_http:error] [pid 7568:tid 840] (20014)Internal error: [client 201.245.192.253:47849] AH01102: error reading status line from remote server 172.22.1.47:80
[Mon Mar 02 14:38:48.779312 2015] [proxy:error] [pid 7568:tid 840] [client 201.245.192.253:47849] AH00898: Error reading from remote server returned by /forest/css/escritorio.css
[Mon Mar 02 14:38:48.826112 2015] [proxy_http:error] [pid 7568:tid 1844] (20014)Internal error: [client 201.245.192.253:47854] AH01102: error reading status line from remote server 172.22.1.47:80
[Mon Mar 02 14:38:48.826112 2015] [proxy:error] [pid 7568:tid 1844] [client 201.245.192.253:47854] AH00898: Error reading from remote server returned by /forest/js/escritorio/escritorio.js
[Mon Mar 02 14:38:48.826112 2015] [proxy_http:error] [pid 7568:tid 840] (20014)Internal error: [client 201.245.192.253:47856] AH01102: error reading status line from remote server 172.22.1.47:80, referer: http://190.27.245.106/forest/buscar.do?type=procesos
[Mon Mar 02 14:38:48.826112 2015] [proxy:error] [pid 7568:tid 840] [client 201.245.192.253:47856] AH00898: Error reading from remote server returned by /forest/js/autocompletar2.js, referer: http://190.27.245.106/forest/buscar.do?type=procesos
[Mon Mar 02 14:38:48.888512 2015] [proxy_http:error] [pid 7568:tid 840] (20014)Internal error: [client 201.245.192.253:47861] AH01102: error reading status line from remote server 172.22.1.47:80
[Mon Mar 02 14:38:48.888512 2015] [proxy:error] [pid 7568:tid 840] [client 201.245.192.253:47861] AH00898: Error reading from remote server returned by /forest/1ibre/1ibre.js
[Mon Mar 02 14:45:43.365640 2015] [proxy_http:error] [pid 7568:tid 1484] (20014)Internal error: [client 201.245.192.253:55115] AH01102: error reading status line from remote server 172.22.1.47:80, referer: http://190.27.245.106/forest/buscar.do?type=procesos
[Mon Mar 02 14:46:35.266931 2015] [proxy_http:error] [pid 7568:tid 1300] (20014)Internal error: [client 201.245.192.253:56082] AH01102: error reading status line from remote server 172.22.1.47:80, referer: http://190.27.245.106/forest/usutareas.do?group_system_actual=3&codAct=2131&numPro=3016940&codPro=176&fecTra=2015-02-25%2022:01:35.0&codInst=3054748&codTraEsc=17594452
[Mon Mar 02 14:46:35.266931 2015] [proxy:error] [pid 7568:tid 1300] [client 201.245.192.253:56082] AH00898: Error reading from remote server returned by /forest/session.jsp, referer: http://190.27.245.106/forest/usutareas.do?group_system_actual=3&codAct=2131&numPro=3016940&codPro=176&fecTra=2015-02-25%2022:01:35.0&codInst=3054748&codTraEsc=17594452
[Mon Mar 02 14:46:35.266931 2015] [negotiation:error] [pid 7568:tid 1300] [client 201.245.192.253:56082] AH00690: no acceptable variant: E:/nuevo/apache/error/HTTP_BAD_GATEWAY.html.var, referer: http://190.27.245.106/forest/usutareas.do?group_system_actual=3&codAct=2131&numPro=3016940&codPro=176&fecTra=2015-02-25%2022:01:35.0&codInst=3054748&codTraEsc=17594452
[Mon Mar 02 15:12:18.967643 2015] [proxy_http:error] [pid 7568:tid 1748] (20014)Internal error: [client 201.245.192.253:57684] AH01102: error reading status line from remote server 172.22.1.47:80, referer: http://190.27.245.106/forest/usutareas.do?group_system_actual=3&a=0.2847579314839095
[Mon Mar 02 15:18:18.751075 2015] [proxy_http:error] [pid 7568:tid 928] (OS 10054)An existing connection was forcibly closed by the remote host.  : [client 201.245.192.253:51310] AH01102: error reading status line from remote server 172.22.1.31:80, referer: http://190.27.245.106/isolucionsda/FrameSetGeneral.asp?Pagina1=FrameSetGeneral.asp&
[Mon Mar 02 15:18:18.751075 2015] [proxy:error] [pid 7568:tid 928] [client 201.245.192.253:51310] AH00898: Error reading from remote server returned by /isolucionsda/MagazinHome.asp, referer: http://190.27.245.106/isolucionsda/FrameSetGeneral.asp?Pagina1=FrameSetGeneral.asp&
[Mon Mar 02 15:47:40.196968 2015] [proxy_http:error] [pid 7568:tid 944] (20014)Internal error: [client 201.245.192.253:55611] AH01102: error reading status line from remote server 172.22.1.47:80, referer: http://190.27.245.106/forest/buscar.do?type=documentos
[Mon Mar 02 15:54:53.409729 2015] [proxy_http:error] [pid 7568:tid 1748] (20014)Internal error: [client 201.245.192.253:50436] AH01102: error reading status line from remote server 172.22.1.47:80, referer: http://190.27.245.106/forest/suactividades.do?group_system_actual=3&_a=0.950284515785358
[Mon Mar 02 15:54:53.425329 2015] [proxy_http:error] [pid 7568:tid 1748] (20014)Internal error: [client 201.245.192.253:50438] AH01102: error reading status line from remote server 172.22.1.47:80, referer: http://190.27.245.106/forest/suactividades.do?group_system_actual=3&_a=0.950284515785358
[Mon Mar 02 15:54:53.425329 2015] [proxy:error] [pid 7568:tid 1748] [client 201.245.192.253:50438] AH00898: Error reading from remote server returned by /forest/skins/gdocs-jar/img/documents.gif, referer: http://190.27.245.106/forest/suactividades.do?group_system_actual=3&_a=0.950284515785358
[Mon Mar 02 15:58:50.717346 2015] [proxy_http:error] [pid 7568:tid 768] (OS 10054)An existing connection was forcibly closed by the remote host.  : [client 201.245.192.253:54199] AH01102: error reading status line from remote server 172.22.1.31:80, referer: http://190.27.245.106/isolucionsda/FrameSetGeneral.asp?Pagina=MagazinHome.asp
[Mon Mar 02 15:58:50.717346 2015] [proxy:error] [pid 7568:tid 768] [client 201.245.192.253:54199] AH00898: Error reading from remote server returned by /isolucionsda/BarraFavoritos.asp, referer: http://190.27.245.106/isolucionsda/FrameSetGeneral.asp?Pagina=MagazinHome.asp
[Mon Mar 02 16:03:23.499425 2015] [proxy_http:error] [pid 7568:tid 1252] (20014)Internal error: [client 201.245.192.253:58636] AH01102: error reading status line from remote server 172.22.1.47:80
[Mon Mar 02 16:03:23.499425 2015] [proxy:error] [pid 7568:tid 1252] [client 201.245.192.253:58636] AH00898: Error reading from remote server returned by /forest/js/load_func.js
[Mon Mar 02 16:05:09.938412 2015] [proxy_http:error] [pid 7568:tid 1140] (OS 10054)An existing connection was forcibly closed by the remote host.  : [client 201.245.192.253:47674] AH01102: error reading status line from remote server 172.22.1.31:80, referer: http://190.27.245.106/isolucionsda/FrameSetGeneral.asp?Pagina=Menu.asp&IdModulo=7
[Mon Mar 02 16:05:09.954012 2015] [proxy_http:error] [pid 7568:tid 1788] (OS 10054)An existing connection was forcibly closed by the remote host.  : [client 201.245.192.253:47705] AH01102: error reading status line from remote server 172.22.1.31:80, referer: http://190.27.245.106/isolucionsda/FrameSetGeneral.asp?Pagina=Menu.asp&IdModulo=7
[Mon Mar 02 16:05:09.954012 2015] [proxy:error] [pid 7568:tid 1788] [client 201.245.192.253:47705] AH00898: Error reading from remote server returned by /isolucionsda/BarraFavoritos.asp, referer: http://190.27.245.106/isolucionsda/FrameSetGeneral.asp?Pagina=Menu.asp&IdModulo=7
[Mon Mar 02 16:07:18.139437 2015] [mpm_winnt:warn] [pid 7568:tid 2668] (OS 64)The specified network name is no longer available.  : AH00341: winnt_accept: Asynchronous AcceptEx failed.
[Mon Mar 02 16:54:56.298458 2015] [proxy_http:error] [pid 7568:tid 848] (OS 10054)An existing connection was forcibly closed by the remote host.  : [client 201.245.192.253:50569] AH01102: error reading status line from remote server 172.22.1.31:80, referer: http://www.ambientebogota.gov.co/web/intranet/aplicaciones-para-acceder-fuera-de-la-sda
[Mon Mar 02 16:54:56.298458 2015] [proxy:error] [pid 7568:tid 848] [client 201.245.192.253:50569] AH00898: Error reading from remote server returned by /isolucionsda/, referer: http://www.ambientebogota.gov.co/web/intranet/aplicaciones-para-acceder-fuera-de-la-sda
[Mon Mar 02 16:55:30.368917 2015] [proxy_http:error] [pid 7568:tid 784] (OS 10054)An existing connection was forcibly closed by the remote host.  : [client 201.245.192.253:50926] AH01102: error reading status line from remote server 172.22.1.31:80, referer: http://190.27.245.106/isolucionsda/FrameSetGeneral.asp?Pagina1=FrameSetGeneral.asp&
[Mon Mar 02 16:55:30.368917 2015] [proxy:error] [pid 7568:tid 784] [client 201.245.192.253:50926] AH00898: Error reading from remote server returned by /isolucionsda/BarraTitulos.asp, referer: http://190.27.245.106/isolucionsda/FrameSetGeneral.asp?Pagina1=FrameSetGeneral.asp&
[Mon Mar 02 17:09:19.307573 2015] [proxy_http:error] [pid 7568:tid 760] (OS 10054)An existing connection was forcibly closed by the remote host.  : [client 201.245.192.253:58695] AH01102: error reading status line from remote server 172.22.1.31:80, referer: http://190.27.245.106/isolucionsda/FramesetArticulo.asp?Pagina=bancoconocimiento%2FA%2FActadeReunionyRelaciondeAsistencia%5Fv7%2FActadeReunionyRelaciondeAsistencia%5Fv7%2Easp&IdArticulo=7882
[Mon Mar 02 17:09:19.307573 2015] [proxy:error] [pid 7568:tid 760] [client 201.245.192.253:58695] AH00898: Error reading from remote server returned by /isolucionsda/bancoconocimiento/A/ActadeReunionyRelaciondeAsistencia_v7/ActadeReunionyRelaciondeAsistencia_v7.asp, referer: http://190.27.245.106/isolucionsda/FramesetArticulo.asp?Pagina=bancoconocimiento%2FA%2FActadeReunionyRelaciondeAsistencia%5Fv7%2FActadeReunionyRelaciondeAsistencia%5Fv7%2Easp&IdArticulo=7882
[Mon Mar 02 18:18:39.335680 2015] [proxy_http:error] [pid 7568:tid 1252] (OS 10054)An existing connection was forcibly closed by the remote host.  : [client 201.245.192.253:56860] AH01102: error reading status line from remote server 172.22.1.31:80, referer: http://190.27.245.106/isolucionsda/FrameSetGeneral.asp?Pagina=Menu.asp&IdModulo=7
[Mon Mar 02 18:48:35.039234 2015] [proxy_http:error] [pid 7568:tid 1372] (OS 10054)An existing connection was forcibly closed by the remote host.  : [client 201.245.192.253:55091] AH01102: error reading status line from remote server 172.22.1.31:80
[Mon Mar 02 18:48:35.039234 2015] [proxy:error] [pid 7568:tid 1372] [client 201.245.192.253:55091] AH00898: Error reading from remote server returned by /isolucionsda/Logout.aspx
[Mon Mar 02 19:52:47.622001 2015] [proxy_http:error] [pid 7568:tid 1580] (OS 10054)An existing connection was forcibly closed by the remote host.  : [client 201.245.192.253:49030] AH01102: error reading status line from remote server 172.22.1.31:80, referer: http://190.27.245.106/isolucionsda/FrameSetGeneral.asp?Pagina1=FrameSetGeneral.asp&
[Mon Mar 02 19:52:47.622001 2015] [proxy:error] [pid 7568:tid 1580] [client 201.245.192.253:49030] AH00898: Error reading from remote server returned by /isolucionsda/BarraFavoritos.asp, referer: http://190.27.245.106/isolucionsda/FrameSetGeneral.asp?Pagina1=FrameSetGeneral.asp&
[Mon Mar 02 19:55:40.002303 2015] [proxy_http:error] [pid 7568:tid 1580] (OS 10054)An existing connection was forcibly closed by the remote host.  : [client 186.81.171.136:49455] AH01102: error reading status line from remote server 172.22.1.31:80, referer: http://190.27.245.106/isolucionsda/FrameSetGeneral.asp?Pagina1=FrameSetGeneral.asp&
[Mon Mar 02 19:55:40.002303 2015] [proxy:error] [pid 7568:tid 1580] [client 186.81.171.136:49455] AH00898: Error reading from remote server returned by /isolucionsda/BarraFavoritos.asp, referer: http://190.27.245.106/isolucionsda/FrameSetGeneral.asp?Pagina1=FrameSetGeneral.asp&
[Mon Mar 02 20:15:56.118039 2015] [proxy_http:error] [pid 7568:tid 944] (OS 10054)An existing connection was forcibly closed by the remote host.  : [client 186.81.171.136:49849] AH01102: error reading status line from remote server 172.22.1.31:80, referer: http://190.27.245.106/isolucionsda/FrameSetGeneral.asp?Pagina1=FrameSetGeneral.asp&
[Mon Mar 02 20:15:56.118039 2015] [proxy:error] [pid 7568:tid 944] [client 186.81.171.136:49849] AH00898: Error reading from remote server returned by /isolucionsda/BarraFavoritos.asp, referer: http://190.27.245.106/isolucionsda/FrameSetGeneral.asp?Pagina1=FrameSetGeneral.asp&
[Mon Mar 02 21:21:15.000923 2015] [proxy_http:error] [pid 7568:tid 1676] (OS 10054)An existing connection was forcibly closed by the remote host.  : [client 191.95.243.19:13673] AH01102: error reading status line from remote server 172.22.1.31:80, referer: http://190.27.245.106/isolucionsda/FrameSetGeneral.asp?Pagina1=FrameSetGeneral.asp&
[Mon Mar 02 21:21:15.000923 2015] [proxy:error] [pid 7568:tid 1676] [client 191.95.243.19:13673] AH00898: Error reading from remote server returned by /isolucionsda/BarraFavoritos.asp, referer: http://190.27.245.106/isolucionsda/FrameSetGeneral.asp?Pagina1=FrameSetGeneral.asp&
[Mon Mar 02 21:21:17.902528 2015] [proxy_http:error] [pid 7568:tid 1356] (OS 10054)An existing connection was forcibly closed by the remote host.  : [client 191.95.243.19:13815] AH01102: error reading status line from remote server 172.22.1.31:80, referer: http://190.27.245.106/isolucionsda/FrameSetGeneral.asp?Pagina=Magazin.asp&Sigla=MAC&IdModulo=2
[Mon Mar 02 21:21:17.902528 2015] [proxy:error] [pid 7568:tid 1356] [client 191.95.243.19:13815] AH00898: Error reading from remote server returned by /isolucionsda/Magazin.asp, referer: http://190.27.245.106/isolucionsda/FrameSetGeneral.asp?Pagina=Magazin.asp&Sigla=MAC&IdModulo=2
