!C99Shell v. 1.0 pre-release build #13!

Software: Apache. PHP/5.5.15 

uname -a: Windows NT SVR-DMZ 6.1 build 7600 (Windows Server 2008 R2 Enterprise Edition) i586 

SYSTEM 

Safe-mode: OFF (not secure)

E:\nuevo\apache\logs\   drwxrwxrwx
Free 5.02 GB of 239.26 GB (2.1%)
Detected drives: [ a ] [ c ] [ d ] [ e ] [ f ]
Home    Back    Forward    UPDIR    Refresh    Search    Buffer    Encoder    Tools    Proc.    FTP brute    Sec.    SQL    PHP-code    Update    Feedback    Self remove    Logout    


Viewing file:     error.2015.03.05.log (66.3 KB)      -rw-rw-rw-
Select action/file-type:
(+) | (+) | (+) | Code (+) | Session (+) | (+) | SDB (+) | (+) | (+) | (+) | (+) | (+) |
[Thu Mar 05 01:35:25.765216 2015] [:error] [pid 7568:tid 1140] [client 186.80.22.213:49833] script 'E:/nuevo/htdocs/BLA/normatividad.php' not found or unable to stat, referer: http://blog.estrategiaambiental.com/2012/01/02/resolucion-6981-de-2011-aprovechamiento-de-llantas-y-neumaticos-usados-y-llantas-no-conforme/
[Thu Mar 05 02:15:19.698621 2015] [mpm_winnt:warn] [pid 7568:tid 2668] (OS 64)The specified network name is no longer available.  : AH00341: winnt_accept: Asynchronous AcceptEx failed.
[Thu Mar 05 03:08:34.927433 2015] [:error] [pid 7568:tid 1780] [client 91.246.227.130:62749] script 'E:/nuevo/htdocs/wp-login.php' not found or unable to stat
[Thu Mar 05 04:21:49.845152 2015] [mpm_winnt:warn] [pid 7568:tid 2668] (OS 64)The specified network name is no longer available.  : AH00341: winnt_accept: Asynchronous AcceptEx failed.
[Thu Mar 05 04:43:55.956682 2015] [access_compat:error] [pid 7568:tid 1796] [client 193.171.252.193:54110] AH01797: client denied by server configuration: E:/nuevo/phpMyAdmin/index.php
[Thu Mar 05 04:43:56.143882 2015] [access_compat:error] [pid 7568:tid 1796] [client 193.171.252.193:54110] AH01797: client denied by server configuration: E:/nuevo/phpMyAdmin/index.php, referer: http://190.27.245.106/phpmyadmin/index.php\r
[Thu Mar 05 04:57:38.187326 2015] [proxy_http:error] [pid 7568:tid 1796] (OS 10054)An existing connection was forcibly closed by the remote host.  : [client 186.84.193.240:51483] AH01102: error reading status line from remote server 172.22.1.31:80, referer: http://190.27.245.106/isolucionsda/FrameSetGeneral.asp?Pagina1=FrameSetGeneral.asp&
[Thu Mar 05 04:57:38.187326 2015] [proxy:error] [pid 7568:tid 1796] [client 186.84.193.240:51483] AH00898: Error reading from remote server returned by /isolucionsda/BarraTitulos.asp, referer: http://190.27.245.106/isolucionsda/FrameSetGeneral.asp?Pagina1=FrameSetGeneral.asp&
[Thu Mar 05 08:12:36.491873 2015] [proxy_http:error] [pid 7568:tid 1508] (OS 10054)An existing connection was forcibly closed by the remote host.  : [client 201.245.192.253:33384] AH01102: error reading status line from remote server 172.22.1.31:80
[Thu Mar 05 08:12:36.491873 2015] [proxy:error] [pid 7568:tid 1508] [client 201.245.192.253:33384] AH00898: Error reading from remote server returned by /isolucionsda/g/shim.gif
[Thu Mar 05 08:12:46.351090 2015] [proxy_http:error] [pid 7568:tid 1380] (OS 10054)An existing connection was forcibly closed by the remote host.  : [client 201.245.192.253:33413] AH01102: error reading status line from remote server 172.22.1.31:80, referer: http://190.27.245.106/isolucionsda/FrameSetGeneral.asp?Pagina1=FrameSetGeneral.asp&
[Thu Mar 05 08:12:46.351090 2015] [proxy:error] [pid 7568:tid 1380] [client 201.245.192.253:33413] AH00898: Error reading from remote server returned by /isolucionsda/MagazinHome.asp, referer: http://190.27.245.106/isolucionsda/FrameSetGeneral.asp?Pagina1=FrameSetGeneral.asp&
[Thu Mar 05 08:12:48.597494 2015] [proxy_http:error] [pid 7568:tid 1700] (OS 10054)An existing connection was forcibly closed by the remote host.  : [client 201.245.192.253:33431] AH01102: error reading status line from remote server 172.22.1.31:80, referer: http://190.27.245.106/isolucionsda/FrameSetGeneral.asp?Pagina=Menu.asp&IdModulo=4
[Thu Mar 05 08:12:48.597494 2015] [proxy:error] [pid 7568:tid 1700] [client 201.245.192.253:33431] AH00898: Error reading from remote server returned by /isolucionsda/BarraFavoritos.asp, referer: http://190.27.245.106/isolucionsda/FrameSetGeneral.asp?Pagina=Menu.asp&IdModulo=4
[Thu Mar 05 08:56:05.799256 2015] [proxy_http:error] [pid 7568:tid 840] (OS 10054)An existing connection was forcibly closed by the remote host.  : [client 201.245.192.253:59756] AH01102: error reading status line from remote server 172.22.1.31:80, referer: http://190.27.245.106/isolucionsda/Encabezado.asp?Pagina=Menu.asp&IdModulo=7
[Thu Mar 05 09:20:31.156630 2015] [proxy_http:error] [pid 7568:tid 1204] (OS 10054)An existing connection was forcibly closed by the remote host.  : [client 201.245.192.253:56717] AH01102: error reading status line from remote server 172.22.1.31:80, referer: http://190.27.245.106/isolucionsda/FrameSetGeneral.asp?Pagina=Menu.asp&IdModulo=5
[Thu Mar 05 09:20:31.156630 2015] [proxy:error] [pid 7568:tid 1204] [client 201.245.192.253:56717] AH00898: Error reading from remote server returned by /isolucionsda/Menu.asp, referer: http://190.27.245.106/isolucionsda/FrameSetGeneral.asp?Pagina=Menu.asp&IdModulo=5
[Thu Mar 05 09:48:10.937145 2015] [proxy_http:error] [pid 7568:tid 1116] (OS 10054)An existing connection was forcibly closed by the remote host.  : [client 201.245.192.253:55538] AH01102: error reading status line from remote server 172.22.1.31:80, referer: http://190.27.245.106/isolucionsda/FrameSetGeneral.asp?Pagina=FrameSetAuditoria.asp
[Thu Mar 05 09:48:10.937145 2015] [proxy:error] [pid 7568:tid 1116] [client 201.245.192.253:55538] AH00898: Error reading from remote server returned by /isolucionsda/BarraFavoritos.asp, referer: http://190.27.245.106/isolucionsda/FrameSetGeneral.asp?Pagina=FrameSetAuditoria.asp
[Thu Mar 05 10:12:19.555689 2015] [proxy_http:error] [pid 7568:tid 1196] (20014)Internal error: [client 201.245.192.253:53777] AH01102: error reading status line from remote server 172.22.1.47:80
[Thu Mar 05 10:12:19.555689 2015] [proxy:error] [pid 7568:tid 1196] [client 201.245.192.253:53777] AH00898: Error reading from remote server returned by /forest/img/instanciar.gif
[Thu Mar 05 10:15:36.740036 2015] [proxy_http:error] [pid 7568:tid 1008] (20014)Internal error: [client 201.245.192.253:57123] AH01102: error reading status line from remote server 172.22.1.47:80, referer: http://190.27.245.106/forest/misactividades.do?_a=0.5615225536748767&group_system_actual=3
[Thu Mar 05 10:33:01.848271 2015] [proxy_http:error] [pid 7568:tid 1780] (70008)Partial results are valid but processing is incomplete: [client 201.245.192.253:58727] AH02609: read request body failed to 172.22.1.31:80 (172.22.1.31) from 201.245.192.253 (), referer: http://190.27.245.106/isolucionsda/Administracion/Upload/Upload.asp?UPLDIdObjeto=675&UPLDIdSigla=1668&UPLDAtras=http://190.27.245.106/isolucionsda/NoConformidadISOlucion.asp&UPLDQuerystring=Id_NoConformidad=675[[]]CodtipoNoConf=19&UPLDObjeto=NoConformidad&UPLDSigla=SeguimientoPlan&UPLDRuta=675&UPLDTemporalArchivo=
[Thu Mar 05 10:33:01.848271 2015] [proxy_http:error] [pid 7568:tid 1780] [client 201.245.192.253:58727] AH01097: pass request body failed to 172.22.1.31:80 (172.22.1.31) from 201.245.192.253 (), referer: http://190.27.245.106/isolucionsda/Administracion/Upload/Upload.asp?UPLDIdObjeto=675&UPLDIdSigla=1668&UPLDAtras=http://190.27.245.106/isolucionsda/NoConformidadISOlucion.asp&UPLDQuerystring=Id_NoConformidad=675[[]]CodtipoNoConf=19&UPLDObjeto=NoConformidad&UPLDSigla=SeguimientoPlan&UPLDRuta=675&UPLDTemporalArchivo=
[Thu Mar 05 10:38:53.504089 2015] [proxy_http:error] [pid 7568:tid 1508] (20014)Internal error: [client 201.245.192.253:51436] AH01102: error reading status line from remote server 172.22.1.47:80
[Thu Mar 05 10:38:53.504089 2015] [proxy:error] [pid 7568:tid 1508] [client 201.245.192.253:51436] AH00898: Error reading from remote server returned by /forest/1ibre/jscalendar/calendar-win2k-1.css
[Thu Mar 05 10:40:14.437031 2015] [proxy_http:error] [pid 7568:tid 1116] (20014)Internal error: [client 201.245.192.253:52439] AH01102: error reading status line from remote server 172.22.1.47:80
[Thu Mar 05 10:40:14.437031 2015] [proxy:error] [pid 7568:tid 1116] [client 201.245.192.253:52439] AH00898: Error reading from remote server returned by /forest/skins/gdocs-jar/css/tree.css
[Thu Mar 05 10:40:14.437031 2015] [proxy_http:error] [pid 7568:tid 1540] (20014)Internal error: [client 201.245.192.253:52443] AH01102: error reading status line from remote server 172.22.1.47:80
[Thu Mar 05 10:40:14.437031 2015] [proxy:error] [pid 7568:tid 1540] [client 201.245.192.253:52443] AH00898: Error reading from remote server returned by /forest/js/escritorio/escritorio.js
[Thu Mar 05 10:40:15.373033 2015] [proxy_http:error] [pid 7568:tid 1708] (20014)Internal error: [client 201.245.192.253:52449] AH01102: error reading status line from remote server 172.22.1.47:80, referer: http://190.27.245.106/forest/buscar.do
[Thu Mar 05 10:40:15.419833 2015] [proxy_http:error] [pid 7568:tid 1708] (20014)Internal error: [client 201.245.192.253:52461] AH01102: error reading status line from remote server 172.22.1.47:80, referer: http://190.27.245.106/forest/buscar.do
[Thu Mar 05 10:40:15.419833 2015] [proxy:error] [pid 7568:tid 1708] [client 201.245.192.253:52461] AH00898: Error reading from remote server returned by /forest/json.do, referer: http://190.27.245.106/forest/buscar.do
[Thu Mar 05 10:40:15.419833 2015] [negotiation:error] [pid 7568:tid 1708] [client 201.245.192.253:52461] AH00690: no acceptable variant: E:/nuevo/apache/error/HTTP_BAD_GATEWAY.html.var, referer: http://190.27.245.106/forest/buscar.do
[Thu Mar 05 10:40:51.986297 2015] [proxy_http:error] [pid 7568:tid 1580] (20014)Internal error: [client 201.245.192.253:52955] AH01102: error reading status line from remote server 172.22.1.47:80, referer: http://190.27.245.106/forest/buscar.do?type=procesos
[Thu Mar 05 10:41:11.439531 2015] [proxy_http:error] [pid 7568:tid 1460] (20014)Internal error: [client 201.245.192.253:53343] AH01102: error reading status line from remote server 172.22.1.47:80
[Thu Mar 05 10:41:11.439531 2015] [proxy:error] [pid 7568:tid 1460] [client 201.245.192.253:53343] AH00898: Error reading from remote server returned by /forest/css/index.css
[Thu Mar 05 10:49:21.233591 2015] [proxy_http:error] [pid 7568:tid 1460] (20014)Internal error: [client 201.245.192.253:47827] AH01102: error reading status line from remote server 172.22.1.47:80, referer: http://190.27.245.106/forest/index2.jsp?_a=0.9825858324766159
[Thu Mar 05 10:56:50.670381 2015] [proxy_http:error] [pid 7568:tid 776] (20014)Internal error: [client 201.245.192.253:55254] AH01102: error reading status line from remote server 172.22.1.47:80, referer: http://190.27.245.106/forest/buscar.do?type=documentos
[Thu Mar 05 10:57:14.756823 2015] [proxy_http:error] [pid 7568:tid 1580] (20014)Internal error: [client 201.245.192.253:55557] AH01102: error reading status line from remote server 172.22.1.47:80, referer: http://190.27.245.106/forest/radicacion.do?codMod=11&_a=0.7776574549510029&group_system_actual=4
[Thu Mar 05 10:57:42.618472 2015] [proxy_http:error] [pid 7568:tid 1508] (20014)Internal error: [client 201.245.192.253:56128] AH01102: error reading status line from remote server 172.22.1.47:80
[Thu Mar 05 10:57:42.618472 2015] [proxy:error] [pid 7568:tid 1508] [client 201.245.192.253:56128] AH00898: Error reading from remote server returned by /forest/img/panel/menu/add.png
[Thu Mar 05 10:57:48.671283 2015] [proxy_http:error] [pid 7568:tid 872] (20014)Internal error: [client 201.245.192.253:56162] AH01102: error reading status line from remote server 172.22.1.47:80, referer: http://190.27.245.106/forest/radicacion.do?codMod=11&_a=0.7776574549510029&group_system_actual=4
[Thu Mar 05 11:10:33.462626 2015] [proxy:error] [pid 7568:tid 1580] (OS 10061)No connection could be made because the target machine actively refused it.  : AH00957: HTTP: attempt to connect to 172.22.1.36:8080 (172.22.1.36) failed
[Thu Mar 05 11:10:33.462626 2015] [proxy:error] [pid 7568:tid 1580] AH00959: ap_proxy_connect_backend disabling worker for (172.22.1.36) for 60s
[Thu Mar 05 11:10:33.462626 2015] [proxy_http:error] [pid 7568:tid 1580] [client 201.245.192.253:55284] AH01114: HTTP: failed to make connection to backend: 172.22.1.36
[Thu Mar 05 11:13:09.104099 2015] [proxy_http:error] [pid 7568:tid 1172] (20014)Internal error: [client 201.245.192.253:58382] AH01102: error reading status line from remote server 172.22.1.47:80
[Thu Mar 05 11:13:09.104099 2015] [proxy:error] [pid 7568:tid 1172] [client 201.245.192.253:58382] AH00898: Error reading from remote server returned by /forestReports/webcontent/birt/images/Remove_disabled.gif
[Thu Mar 05 11:17:51.402195 2015] [proxy_http:error] [pid 7568:tid 1008] (20014)Internal error: [client 201.245.192.253:50302] AH01102: error reading status line from remote server 172.22.1.47:80
[Thu Mar 05 11:17:51.402195 2015] [proxy:error] [pid 7568:tid 1008] [client 201.245.192.253:50302] AH00898: Error reading from remote server returned by /forest/css/escritorio.css
[Thu Mar 05 11:18:21.759848 2015] [proxy_http:error] [pid 7568:tid 1580] (20014)Internal error: [client 201.245.192.253:51056] AH01102: error reading status line from remote server 172.22.1.47:80
[Thu Mar 05 11:18:21.759848 2015] [proxy:error] [pid 7568:tid 1580] [client 201.245.192.253:51056] AH00898: Error reading from remote server returned by /forest/css/autocomplete.css
[Thu Mar 05 11:22:25.151476 2015] [proxy_http:error] [pid 7568:tid 1252] (20014)Internal error: [client 201.245.192.253:54508] AH01102: error reading status line from remote server 172.22.1.47:80, referer: http://190.27.245.106/forest/radicacion.do?codMod=80&_a=0.32319980984297103&group_system_actual=4
[Thu Mar 05 11:22:41.874705 2015] [proxy_http:error] [pid 7568:tid 1092] (20014)Internal error: [client 201.245.192.253:54884] AH01102: error reading status line from remote server 172.22.1.47:80, referer: http://190.27.245.106/forest/index2.jsp?_a=0.21638809540309012
[Thu Mar 05 11:22:41.874705 2015] [proxy:error] [pid 7568:tid 1092] [client 201.245.192.253:54884] AH00898: Error reading from remote server returned by /forest/session.jsp, referer: http://190.27.245.106/forest/index2.jsp?_a=0.21638809540309012
[Thu Mar 05 11:22:41.874705 2015] [negotiation:error] [pid 7568:tid 1092] [client 201.245.192.253:54884] AH00690: no acceptable variant: E:/nuevo/apache/error/HTTP_BAD_GATEWAY.html.var, referer: http://190.27.245.106/forest/index2.jsp?_a=0.21638809540309012
[Thu Mar 05 11:24:16.910072 2015] [proxy_http:error] [pid 7568:tid 1008] (20014)Internal error: [client 201.245.192.253:56283] AH01102: error reading status line from remote server 172.22.1.47:80, referer: http://190.27.245.106/forest/buscar.do?type=procesos
[Thu Mar 05 11:24:22.276482 2015] [proxy_http:error] [pid 7568:tid 1252] (20014)Internal error: [client 201.245.192.253:56679] AH01102: error reading status line from remote server 172.22.1.47:80, referer: http://190.27.245.106/forest/buscar.do?type=procesos
[Thu Mar 05 11:25:03.195354 2015] [proxy_http:error] [pid 7568:tid 1652] (20014)Internal error: [client 201.245.192.253:57529] AH01102: error reading status line from remote server 172.22.1.47:80, referer: http://190.27.245.106/forest/index2.jsp?a=0.022145590579713215
[Thu Mar 05 11:25:03.990955 2015] [proxy_http:error] [pid 7568:tid 1196] (20014)Internal error: [client 201.245.192.253:57499] AH01102: error reading status line from remote server 172.22.1.47:80, referer: http://190.27.245.106/forest/usutareas.do?group_system_actual=3&a=0.3411436739843339
[Thu Mar 05 11:27:19.508393 2015] [proxy_http:error] [pid 7568:tid 1508] (20014)Internal error: [client 201.245.192.253:47508] AH01102: error reading status line from remote server 172.22.1.47:80, referer: http://190.27.245.106/forest/buscar.do?
[Thu Mar 05 11:27:25.420803 2015] [proxy_http:error] [pid 7568:tid 912] (20014)Internal error: [client 201.245.192.253:47739] AH01102: error reading status line from remote server 172.22.1.47:80
[Thu Mar 05 11:27:25.420803 2015] [proxy:error] [pid 7568:tid 912] [client 201.245.192.253:47739] AH00898: Error reading from remote server returned by /forest/skins/gdocs-jar/css/forms.css
[Thu Mar 05 11:27:25.686004 2015] [proxy_http:error] [pid 7568:tid 1700] (20014)Internal error: [client 201.245.192.253:47742] AH01102: error reading status line from remote server 172.22.1.47:80, referer: http://190.27.245.106/forest/index2.jsp?a=0.36232672193531457
[Thu Mar 05 11:27:25.686004 2015] [proxy:error] [pid 7568:tid 1700] [client 201.245.192.253:47742] AH00898: Error reading from remote server returned by /forest/session.jsp, referer: http://190.27.245.106/forest/index2.jsp?a=0.36232672193531457
[Thu Mar 05 11:27:25.686004 2015] [negotiation:error] [pid 7568:tid 1700] [client 201.245.192.253:47742] AH00690: no acceptable variant: E:/nuevo/apache/error/HTTP_BAD_GATEWAY.html.var, referer: http://190.27.245.106/forest/index2.jsp?a=0.36232672193531457
[Thu Mar 05 11:27:39.944429 2015] [proxy_http:error] [pid 7568:tid 760] (20014)Internal error: [client 201.245.192.253:47740] AH01102: error reading status line from remote server 172.22.1.47:80, referer: http://190.27.245.106/forest/index2.jsp?_a=0.03560164057686033
[Thu Mar 05 11:28:23.452905 2015] [proxy_http:error] [pid 7568:tid 1844] (20014)Internal error: [client 201.245.192.253:48405] AH01102: error reading status line from remote server 172.22.1.47:80, referer: http://190.27.245.106/forest/buscar.do?type=procesos
[Thu Mar 05 11:40:59.820234 2015] [proxy_http:error] [pid 7568:tid 1132] (20014)Internal error: [client 201.245.192.253:47756] AH01102: error reading status line from remote server 172.22.1.47:80
[Thu Mar 05 11:40:59.820234 2015] [proxy:error] [pid 7568:tid 1132] [client 201.245.192.253:47756] AH00898: Error reading from remote server returned by /forest/skins/gdocs-jar/js/graphicForm.js
[Thu Mar 05 11:41:33.141892 2015] [proxy_http:error] [pid 7568:tid 1356] (20014)Internal error: [client 201.245.192.253:47619] AH01102: error reading status line from remote server 172.22.1.47:80, referer: http://190.27.245.106/forest/usutareas.do?group_system_actual=3&a=0.5029229358977904
[Thu Mar 05 11:41:41.004306 2015] [proxy_http:error] [pid 7568:tid 1132] (20014)Internal error: [client 201.245.192.253:48606] AH01102: error reading status line from remote server 172.22.1.47:80
[Thu Mar 05 11:41:41.004306 2015] [proxy:error] [pid 7568:tid 1132] [client 201.245.192.253:48606] AH00898: Error reading from remote server returned by /forest/skins/gdocs-jar/js/xml_utilities.js
[Thu Mar 05 11:42:06.338751 2015] [proxy_http:error] [pid 7568:tid 1676] (20014)Internal error: [client 201.245.192.253:49125] AH01102: error reading status line from remote server 172.22.1.47:80
[Thu Mar 05 11:42:06.338751 2015] [proxy:error] [pid 7568:tid 1676] [client 201.245.192.253:49125] AH00898: Error reading from remote server returned by /forest/skins/gdocs-jar/css/forest.css
[Thu Mar 05 11:42:32.187996 2015] [proxy_http:error] [pid 7568:tid 1540] (20014)Internal error: [client 201.245.192.253:49373] AH01102: error reading status line from remote server 172.22.1.47:80, referer: http://190.27.245.106/forest/radicacion.do?codMod=11&_a=0.34356845852811924&group_system_actual=4
[Thu Mar 05 11:42:55.790837 2015] [proxy_http:error] [pid 7568:tid 1604] (20014)Internal error: [client 201.245.192.253:49781] AH01102: error reading status line from remote server 172.22.1.47:80
[Thu Mar 05 11:42:55.790837 2015] [proxy:error] [pid 7568:tid 1604] [client 201.245.192.253:49781] AH00898: Error reading from remote server returned by /forest/skins/gdocs-jar/css/dialog.css
[Thu Mar 05 11:43:34.978106 2015] [proxy_http:error] [pid 7568:tid 760] (20014)Internal error: [client 201.245.192.253:50588] AH01102: error reading status line from remote server 172.22.1.47:80
[Thu Mar 05 11:43:34.978106 2015] [proxy:error] [pid 7568:tid 760] [client 201.245.192.253:50588] AH00898: Error reading from remote server returned by /forest/skins/gdocs-jar/js/popup.js
[Thu Mar 05 11:43:35.087306 2015] [proxy_http:error] [pid 7568:tid 1116] (20014)Internal error: [client 201.245.192.253:50590] AH01102: error reading status line from remote server 172.22.1.47:80, referer: http://190.27.245.106/forest/suactividades.do?_a=0.5276381872005275&group_system_actual=3
[Thu Mar 05 11:43:35.087306 2015] [proxy:error] [pid 7568:tid 1116] [client 201.245.192.253:50590] AH00898: Error reading from remote server returned by /forest/session.jsp, referer: http://190.27.245.106/forest/suactividades.do?_a=0.5276381872005275&group_system_actual=3
[Thu Mar 05 11:43:35.087306 2015] [negotiation:error] [pid 7568:tid 1116] [client 201.245.192.253:50590] AH00690: no acceptable variant: E:/nuevo/apache/error/HTTP_BAD_GATEWAY.html.var, referer: http://190.27.245.106/forest/suactividades.do?_a=0.5276381872005275&group_system_actual=3
[Thu Mar 05 11:44:01.794553 2015] [proxy_http:error] [pid 7568:tid 1380] (20014)Internal error: [client 201.245.192.253:51019] AH01102: error reading status line from remote server 172.22.1.47:80, referer: http://190.27.245.106/forest/usutareas.do?_a=0.2981343432494472&group_system_actual=3
[Thu Mar 05 11:44:01.794553 2015] [proxy:error] [pid 7568:tid 1380] [client 201.245.192.253:51019] AH00898: Error reading from remote server returned by /forest/session.jsp, referer: http://190.27.245.106/forest/usutareas.do?_a=0.2981343432494472&group_system_actual=3
[Thu Mar 05 11:44:01.794553 2015] [negotiation:error] [pid 7568:tid 1380] [client 201.245.192.253:51019] AH00690: no acceptable variant: E:/nuevo/apache/error/HTTP_BAD_GATEWAY.html.var, referer: http://190.27.245.106/forest/usutareas.do?_a=0.2981343432494472&group_system_actual=3
[Thu Mar 05 11:45:51.384746 2015] [proxy_http:error] [pid 7568:tid 1780] (20014)Internal error: [client 201.245.192.253:52940] AH01102: error reading status line from remote server 172.22.1.47:80
[Thu Mar 05 11:45:51.384746 2015] [proxy:error] [pid 7568:tid 1780] [client 201.245.192.253:52940] AH00898: Error reading from remote server returned by /forest/img/base/banner/banner_r1_c1.gif
[Thu Mar 05 11:53:45.235578 2015] [proxy_http:error] [pid 7568:tid 1160] (OS 10054)An existing connection was forcibly closed by the remote host.  : [client 201.184.118.143:57034] AH01102: error reading status line from remote server 172.22.1.31:80, referer: http://190.27.245.106/isolucionsda/SesionExpira.asp
[Thu Mar 05 11:53:45.235578 2015] [proxy:error] [pid 7568:tid 1160] [client 201.184.118.143:57034] AH00898: Error reading from remote server returned by /isolucionsda/SesionTermina.asp, referer: http://190.27.245.106/isolucionsda/SesionExpira.asp
[Thu Mar 05 11:54:21.739642 2015] [proxy_http:error] [pid 7568:tid 1828] (20014)Internal error: [client 186.29.200.76:24349] AH01102: error reading status line from remote server 172.22.1.47:80, referer: http://190.27.245.106/forest/buscar.do
[Thu Mar 05 11:54:21.739642 2015] [proxy:error] [pid 7568:tid 1828] [client 186.29.200.76:24349] AH00898: Error reading from remote server returned by /forest/json.do, referer: http://190.27.245.106/forest/buscar.do
[Thu Mar 05 11:54:21.739642 2015] [negotiation:error] [pid 7568:tid 1828] [client 186.29.200.76:24349] AH00690: no acceptable variant: E:/nuevo/apache/error/HTTP_BAD_GATEWAY.html.var, referer: http://190.27.245.106/forest/buscar.do
[Thu Mar 05 11:54:21.973643 2015] [proxy_http:error] [pid 7568:tid 1708] (20014)Internal error: [client 201.245.192.253:47508] AH01102: error reading status line from remote server 172.22.1.47:80
[Thu Mar 05 11:54:21.973643 2015] [proxy:error] [pid 7568:tid 1708] [client 201.245.192.253:47508] AH00898: Error reading from remote server returned by /forest/js/dialog.js
[Thu Mar 05 11:54:22.004843 2015] [proxy_http:error] [pid 7568:tid 1756] (20014)Internal error: [client 201.245.192.253:47512] AH01102: error reading status line from remote server 172.22.1.47:80
[Thu Mar 05 11:54:22.004843 2015] [proxy:error] [pid 7568:tid 1756] [client 201.245.192.253:47512] AH00898: Error reading from remote server returned by /forest/1ibre/protoaculous.js
[Thu Mar 05 11:54:22.020443 2015] [proxy_http:error] [pid 7568:tid 1228] (20014)Internal error: [client 201.245.192.253:47517] AH01102: error reading status line from remote server 172.22.1.47:80
[Thu Mar 05 11:54:22.020443 2015] [proxy:error] [pid 7568:tid 1228] [client 201.245.192.253:47517] AH00898: Error reading from remote server returned by /forest/js/xml_utilities.js
[Thu Mar 05 11:56:14.137840 2015] [proxy_http:error] [pid 7568:tid 1008] (20014)Internal error: [client 201.245.192.253:49065] AH01102: error reading status line from remote server 172.22.1.47:80, referer: http://190.27.245.106/forest/radicacion.do?codMod=11&_a=0.34356845852811924&group_system_actual=4
[Thu Mar 05 11:57:42.043994 2015] [proxy_http:error] [pid 7568:tid 1180] (20014)Internal error: [client 201.245.192.253:50372] AH01102: error reading status line from remote server 172.22.1.47:80, referer: http://190.27.245.106/forest/usutareas.do?_a=0.904711402952671&group_system_actual=3
[Thu Mar 05 12:05:42.758838 2015] [proxy_http:error] [pid 7568:tid 928] (OS 10054)An existing connection was forcibly closed by the remote host.  : [client 201.245.192.253:58085] AH01102: error reading status line from remote server 172.22.1.31:80, referer: http://190.27.245.106/isolucionsda/FrameSetGeneral.asp?Pagina=Menu.asp&IdModulo=7
[Thu Mar 05 12:05:42.758838 2015] [proxy:error] [pid 7568:tid 928] [client 201.245.192.253:58085] AH00898: Error reading from remote server returned by /isolucionsda/BarraFavoritos.asp, referer: http://190.27.245.106/isolucionsda/FrameSetGeneral.asp?Pagina=Menu.asp&IdModulo=7
[Thu Mar 05 12:19:16.003867 2015] [mpm_winnt:warn] [pid 7568:tid 2668] (OS 64)The specified network name is no longer available.  : AH00341: winnt_accept: Asynchronous AcceptEx failed.
[Thu Mar 05 12:22:52.048646 2015] [proxy_http:error] [pid 7568:tid 1844] (20014)Internal error: [client 201.245.192.253:58858] AH01102: error reading status line from remote server 172.22.1.47:80, referer: http://190.27.245.106/forest/buscar.do
[Thu Mar 05 12:28:45.872868 2015] [proxy_http:error] [pid 7568:tid 1160] (20014)Internal error: [client 201.245.192.253:50630] AH01102: error reading status line from remote server 172.22.1.47:80, referer: http://190.27.245.106/forest/radicacion.do?codMod=11&_a=0.2958401590943647&group_system_actual=4
[Thu Mar 05 12:28:45.935268 2015] [proxy_http:error] [pid 7568:tid 1160] (20014)Internal error: [client 201.245.192.253:50633] AH01102: error reading status line from remote server 172.22.1.47:80, referer: http://190.27.245.106/forest/radicacion.do?codMod=11&_a=0.2958401590943647&group_system_actual=4
[Thu Mar 05 12:28:45.935268 2015] [proxy:error] [pid 7568:tid 1160] [client 201.245.192.253:50633] AH00898: Error reading from remote server returned by /forest/json.do, referer: http://190.27.245.106/forest/radicacion.do?codMod=11&_a=0.2958401590943647&group_system_actual=4
[Thu Mar 05 12:28:45.935268 2015] [negotiation:error] [pid 7568:tid 1160] [client 201.245.192.253:50633] AH00690: no acceptable variant: E:/nuevo/apache/error/HTTP_BAD_GATEWAY.html.var, referer: http://190.27.245.106/forest/radicacion.do?codMod=11&_a=0.2958401590943647&group_system_actual=4
[Thu Mar 05 12:29:13.531716 2015] [proxy_http:error] [pid 7568:tid 1436] (20014)Internal error: [client 201.245.192.253:50771] AH01102: error reading status line from remote server 172.22.1.47:80, referer: http://190.27.245.106/forest/system/process.jsp?numPro=2744201
[Thu Mar 05 12:31:17.801535 2015] [proxy_http:error] [pid 7568:tid 1748] (OS 10054)An existing connection was forcibly closed by the remote host.  : [client 201.245.192.253:52184] AH01102: error reading status line from remote server 172.22.1.31:80, referer: http://190.27.245.106/isolucionsda/bancoconocimiento/I/Incentivostributarios_v1/Incentivostributarios_v1.asp?IdArticulo=3571
[Thu Mar 05 12:41:20.212193 2015] [proxy_http:error] [pid 7568:tid 1132] (20014)Internal error: [client 201.245.192.253:58572] AH01102: error reading status line from remote server 172.22.1.47:80, referer: http://190.27.245.106/forest/system/process.jsp?numPro=2952586
[Thu Mar 05 12:46:54.115179 2015] [proxy_http:error] [pid 7568:tid 1828] (OS 10054)An existing connection was forcibly closed by the remote host.  : [client 201.245.192.253:49489] AH01102: error reading status line from remote server 172.22.1.31:80, referer: http://190.27.245.106/isolucionsda/FrameSetGeneral.asp?Pagina1=FrameSetGeneral.asp&
[Thu Mar 05 12:46:54.115179 2015] [proxy:error] [pid 7568:tid 1828] [client 201.245.192.253:49489] AH00898: Error reading from remote server returned by /isolucionsda/BarraTitulos.asp, referer: http://190.27.245.106/isolucionsda/FrameSetGeneral.asp?Pagina1=FrameSetGeneral.asp&
[Thu Mar 05 12:56:32.470595 2015] [mpm_winnt:warn] [pid 7568:tid 2668] (OS 64)The specified network name is no longer available.  : AH00341: winnt_accept: Asynchronous AcceptEx failed.
[Thu Mar 05 12:57:09.052659 2015] [proxy_http:error] [pid 7568:tid 760] (20014)Internal error: [client 201.245.192.253:55156] AH01102: error reading status line from remote server 172.22.1.47:80, referer: http://190.27.245.106/forest/system/process.jsp?numPro=2772018
[Thu Mar 05 13:02:17.075200 2015] [proxy_http:error] [pid 7568:tid 1460] (20014)Internal error: [client 186.30.137.69:23168] AH01102: error reading status line from remote server 172.22.1.47:80, referer: http://190.27.245.106/forest/usutareas.do?group_system_actual=3&a=0.8499873948749155
[Thu Mar 05 13:02:17.075200 2015] [proxy:error] [pid 7568:tid 1460] [client 186.30.137.69:23168] AH00898: Error reading from remote server returned by /forest/usutareas.do, referer: http://190.27.245.106/forest/usutareas.do?group_system_actual=3&a=0.8499873948749155
[Thu Mar 05 13:46:20.250243 2015] [proxy:error] [pid 7568:tid 1700] (OS 10061)No connection could be made because the target machine actively refused it.  : AH00957: HTTP: attempt to connect to 172.22.1.36:8080 (172.22.1.36) failed
[Thu Mar 05 13:46:20.250243 2015] [proxy:error] [pid 7568:tid 1700] AH00959: ap_proxy_connect_backend disabling worker for (172.22.1.36) for 60s
[Thu Mar 05 13:46:20.250243 2015] [proxy_http:error] [pid 7568:tid 1700] [client 50.247.200.83:52764] AH01114: HTTP: failed to make connection to backend: 172.22.1.36
[Thu Mar 05 13:52:25.743285 2015] [proxy:error] [pid 7568:tid 1732] (OS 10061)No connection could be made because the target machine actively refused it.  : AH00957: HTTP: attempt to connect to 172.22.1.36:8080 (172.22.1.36) failed
[Thu Mar 05 13:52:25.743285 2015] [proxy:error] [pid 7568:tid 1732] AH00959: ap_proxy_connect_backend disabling worker for (172.22.1.36) for 60s
[Thu Mar 05 13:52:25.743285 2015] [proxy_http:error] [pid 7568:tid 1732] [client 50.247.200.83:52892] AH01114: HTTP: failed to make connection to backend: 172.22.1.36
[Thu Mar 05 13:58:01.362274 2015] [proxy_http:error] [pid 7568:tid 1356] (20014)Internal error: [client 201.245.192.253:53669] AH01102: error reading status line from remote server 172.22.1.47:80
[Thu Mar 05 13:58:01.362274 2015] [proxy:error] [pid 7568:tid 1356] [client 201.245.192.253:53669] AH00898: Error reading from remote server returned by /forest/skins/gdocs-jar/css/menu.css
[Thu Mar 05 13:58:27.492320 2015] [proxy_http:error] [pid 7568:tid 1756] (20014)Internal error: [client 186.30.137.69:24185] AH01102: error reading status line from remote server 172.22.1.47:80, referer: http://190.27.245.106/forest/usutareas.do?group_system_actual=3&a=0.892678770236671
[Thu Mar 05 13:58:27.492320 2015] [proxy:error] [pid 7568:tid 1756] [client 186.30.137.69:24185] AH00898: Error reading from remote server returned by /forest/skins/gdocs-jar/popup/escritorio/subirborrador.jsp, referer: http://190.27.245.106/forest/usutareas.do?group_system_actual=3&a=0.892678770236671
[Thu Mar 05 14:01:15.317415 2015] [proxy_http:error] [pid 7568:tid 928] (20014)Internal error: [client 201.245.192.253:55891] AH01102: error reading status line from remote server 172.22.1.47:80, referer: http://190.27.245.106/forest/usutareas.do?group_system_actual=3&codAct=879&numPro=2982174&codPro=90&fecTra=2015-01-28%2017:30:32.887&codInst=3017814&codTraEsc=17382619
[Thu Mar 05 14:01:40.261859 2015] [proxy_http:error] [pid 7568:tid 1356] (OS 10054)An existing connection was forcibly closed by the remote host.  : [client 201.245.192.253:56168] AH01102: error reading status line from remote server 172.22.1.31:80, referer: http://190.27.245.106/isolucionsda/FrameSetGeneral.asp?Pagina=Menu.asp&IdModulo=7
[Thu Mar 05 14:01:40.261859 2015] [proxy:error] [pid 7568:tid 1356] [client 201.245.192.253:56168] AH00898: Error reading from remote server returned by /isolucionsda/BarraFavoritos.asp, referer: http://190.27.245.106/isolucionsda/FrameSetGeneral.asp?Pagina=Menu.asp&IdModulo=7
[Thu Mar 05 14:02:38.278360 2015] [proxy_http:error] [pid 7568:tid 1756] (20014)Internal error: [client 201.245.192.253:56882] AH01102: error reading status line from remote server 172.22.1.47:80
[Thu Mar 05 14:02:38.278360 2015] [proxy:error] [pid 7568:tid 1756] [client 201.245.192.253:56882] AH00898: Error reading from remote server returned by /forest/img/nav_next.gif
[Thu Mar 05 14:02:45.797574 2015] [proxy_http:error] [pid 7568:tid 1756] (20014)Internal error: [client 201.245.192.253:56924] AH01102: error reading status line from remote server 172.22.1.47:80, referer: http://190.27.245.106/forest/reportes.do?menu=1&group_system_actual=5
[Thu Mar 05 14:04:42.782179 2015] [proxy_http:error] [pid 7568:tid 1356] (20014)Internal error: [client 201.245.192.253:58346] AH01102: error reading status line from remote server 172.22.1.47:80
[Thu Mar 05 14:04:42.782179 2015] [proxy:error] [pid 7568:tid 1356] [client 201.245.192.253:58346] AH00898: Error reading from remote server returned by /forestReports/webcontent/birt/styles/style.css
[Thu Mar 05 14:04:42.875779 2015] [proxy_http:error] [pid 7568:tid 1700] (20014)Internal error: [client 201.245.192.253:58351] AH01102: error reading status line from remote server 172.22.1.47:80
[Thu Mar 05 14:04:42.875779 2015] [proxy:error] [pid 7568:tid 1700] [client 201.245.192.253:58351] AH00898: Error reading from remote server returned by /forestReports/webcontent/birt/styles/dialogbase.css
[Thu Mar 05 14:04:42.891379 2015] [proxy_http:error] [pid 7568:tid 1828] (20014)Internal error: [client 201.245.192.253:58358] AH01102: error reading status line from remote server 172.22.1.47:80
[Thu Mar 05 14:04:42.891379 2015] [proxy:error] [pid 7568:tid 1828] [client 201.245.192.253:58358] AH00898: Error reading from remote server returned by /forestReports/webcontent/birt/ajax/core/BirtEventDispatcher.js
[Thu Mar 05 14:04:42.922579 2015] [proxy_http:error] [pid 7568:tid 1700] (20014)Internal error: [client 201.245.192.253:58371] AH01102: error reading status line from remote server 172.22.1.47:80
[Thu Mar 05 14:04:42.922579 2015] [proxy:error] [pid 7568:tid 1700] [client 201.245.192.253:58371] AH00898: Error reading from remote server returned by /forestReports/webcontent/birt/ajax/utility/Printer.js
[Thu Mar 05 14:05:12.235031 2015] [proxy_http:error] [pid 7568:tid 872] (20014)Internal error: [client 201.245.192.253:58976] AH01102: error reading status line from remote server 172.22.1.47:80, referer: http://190.27.245.106/forest/usutareas.do?group_system_actual=3&codAct=879&numPro=2982410&codPro=90&fecTra=2015-01-28%2017:31:54.961&codInst=3018051&codTraEsc=17382642
[Thu Mar 05 14:12:50.002235 2015] [proxy_http:error] [pid 7568:tid 1700] (OS 10054)An existing connection was forcibly closed by the remote host.  : [client 190.24.137.66:60894] AH01102: error reading status line from remote server 172.22.1.31:80, referer: http://190.27.245.106/isolucionsda/FrameSetGeneral.asp?Pagina1=FrameSetGeneral.asp&
[Thu Mar 05 14:12:50.002235 2015] [proxy:error] [pid 7568:tid 1700] [client 190.24.137.66:60894] AH00898: Error reading from remote server returned by /isolucionsda/MagazinHome.asp, referer: http://190.27.245.106/isolucionsda/FrameSetGeneral.asp?Pagina1=FrameSetGeneral.asp&
[Thu Mar 05 14:13:05.118661 2015] [proxy_http:error] [pid 7568:tid 1160] (20014)Internal error: [client 201.245.192.253:52844] AH01102: error reading status line from remote server 172.22.1.47:80, referer: http://190.27.245.106/forest/index2.jsp?a=0.17171801294170097
[Thu Mar 05 14:14:15.443585 2015] [proxy_http:error] [pid 7568:tid 1180] (20014)Internal error: [client 201.245.192.253:53870] AH01102: error reading status line from remote server 172.22.1.47:80, referer: http://190.27.245.106/forest/buscar.do?type=procesos
[Thu Mar 05 14:14:29.483610 2015] [proxy_http:error] [pid 7568:tid 1460] (20014)Internal error: [client 201.245.192.253:54096] AH01102: error reading status line from remote server 172.22.1.47:80, referer: http://190.27.245.106/forest/buscar.do?type=procesos
[Thu Mar 05 14:14:29.483610 2015] [proxy:error] [pid 7568:tid 1460] [client 201.245.192.253:54096] AH00898: Error reading from remote server returned by /forest/buscar.do, referer: http://190.27.245.106/forest/buscar.do?type=procesos
[Thu Mar 05 14:16:35.313431 2015] [proxy_http:error] [pid 7568:tid 1708] (20014)Internal error: [client 201.245.192.253:56173] AH01102: error reading status line from remote server 172.22.1.47:80, referer: http://190.27.245.106/forest/buscar.do?type=documentos
[Thu Mar 05 14:16:35.313431 2015] [proxy:error] [pid 7568:tid 1708] [client 201.245.192.253:56173] AH00898: Error reading from remote server returned by /forest/json.do, referer: http://190.27.245.106/forest/buscar.do?type=documentos
[Thu Mar 05 14:16:35.313431 2015] [negotiation:error] [pid 7568:tid 1708] [client 201.245.192.253:56173] AH00690: no acceptable variant: E:/nuevo/apache/error/HTTP_BAD_GATEWAY.html.var, referer: http://190.27.245.106/forest/buscar.do?type=documentos
[Thu Mar 05 14:18:50.128867 2015] [proxy_http:error] [pid 7568:tid 760] (20014)Internal error: [client 201.245.192.253:57611] AH01102: error reading status line from remote server 172.22.1.47:80, referer: http://190.27.245.106/forest/radicacion.do?codMod=11&_a=0.8033777486441364&group_system_actual=4
[Thu Mar 05 14:18:50.128867 2015] [proxy:error] [pid 7568:tid 760] [client 201.245.192.253:57611] AH00898: Error reading from remote server returned by /forest/json.do, referer: http://190.27.245.106/forest/radicacion.do?codMod=11&_a=0.8033777486441364&group_system_actual=4
[Thu Mar 05 14:18:50.128867 2015] [negotiation:error] [pid 7568:tid 760] [client 201.245.192.253:57611] AH00690: no acceptable variant: E:/nuevo/apache/error/HTTP_BAD_GATEWAY.html.var, referer: http://190.27.245.106/forest/radicacion.do?codMod=11&_a=0.8033777486441364&group_system_actual=4
[Thu Mar 05 14:18:50.971269 2015] [proxy_http:error] [pid 7568:tid 872] (20014)Internal error: [client 201.245.192.253:57625] AH01102: error reading status line from remote server 172.22.1.47:80
[Thu Mar 05 14:18:50.971269 2015] [proxy:error] [pid 7568:tid 872] [client 201.245.192.253:57625] AH00898: Error reading from remote server returned by /forest/skins/gdocs-jar/js/swfobject.js
[Thu Mar 05 14:19:08.146899 2015] [proxy_http:error] [pid 7568:tid 1092] (20014)Internal error: [client 201.245.192.253:57729] AH01102: error reading status line from remote server 172.22.1.47:80, referer: http://190.27.245.106/forest/skins/gdocs-jar/popup/showformtocrudtwo.jsp?codForm=CREAR_COMPARENDO_AMBIENTAL&numPro=&codInst=&codTraEsc=&schema=MULTA_AMBIENTAL&table=COMPARENDOS&column=NO_COMPARENDO
[Thu Mar 05 14:21:10.622714 2015] [proxy_http:error] [pid 7568:tid 1780] (20014)Internal error: [client 201.245.192.253:59642] AH01102: error reading status line from remote server 172.22.1.47:80
[Thu Mar 05 14:21:10.622714 2015] [proxy:error] [pid 7568:tid 1780] [client 201.245.192.253:59642] AH00898: Error reading from remote server returned by /forest/skins/gdocs-jar/css/forms.css
[Thu Mar 05 14:21:10.653914 2015] [proxy_http:error] [pid 7568:tid 1092] (20014)Internal error: [client 201.245.192.253:59649] AH01102: error reading status line from remote server 172.22.1.47:80
[Thu Mar 05 14:21:10.653914 2015] [proxy:error] [pid 7568:tid 1092] [client 201.245.192.253:59649] AH00898: Error reading from remote server returned by /forest/img/panel/view_icon.gif
[Thu Mar 05 14:25:54.995614 2015] [proxy_http:error] [pid 7568:tid 1228] (20014)Internal error: [client 201.245.192.253:52005] AH01102: error reading status line from remote server 172.22.1.47:80
[Thu Mar 05 14:25:54.995614 2015] [proxy:error] [pid 7568:tid 1228] [client 201.245.192.253:52005] AH00898: Error reading from remote server returned by /forest/skins/gdocs-jar/img/itemlist.gif
[Thu Mar 05 14:26:03.887629 2015] [proxy_http:error] [pid 7568:tid 1436] (20014)Internal error: [client 201.245.192.253:52148] AH01102: error reading status line from remote server 172.22.1.47:80, referer: http://190.27.245.106/forest/usutareas.do?group_system_actual=3&codAct=1477&numPro=2920912&codPro=134&fecTra=2015-03-05%2014:18:54.0&codInst=2952912&codTraEsc=17646728
[Thu Mar 05 14:26:03.996829 2015] [proxy_http:error] [pid 7568:tid 1540] (20014)Internal error: [client 201.245.192.253:52146] AH01102: error reading status line from remote server 172.22.1.47:80, referer: http://190.27.245.106/forest/usutareas.do?group_system_actual=3&codAct=1477&numPro=2920912&codPro=134&fecTra=2015-03-05%2014:18:54.0&codInst=2952912&codTraEsc=17646728
[Thu Mar 05 14:26:04.215230 2015] [proxy_http:error] [pid 7568:tid 1140] (20014)Internal error: [client 201.245.192.253:52171] AH01102: error reading status line from remote server 172.22.1.47:80
[Thu Mar 05 14:26:04.215230 2015] [proxy:error] [pid 7568:tid 1140] [client 201.245.192.253:52171] AH00898: Error reading from remote server returned by /forest/skins/gdocs-jar/js/grid.js
[Thu Mar 05 14:26:04.230830 2015] [proxy_http:error] [pid 7568:tid 1540] (20014)Internal error: [client 201.245.192.253:52174] AH01102: error reading status line from remote server 172.22.1.47:80
[Thu Mar 05 14:26:04.230830 2015] [proxy:error] [pid 7568:tid 1540] [client 201.245.192.253:52174] AH00898: Error reading from remote server returned by /forest/skins/gdocs-jar/img/desasociarUser.gif
[Thu Mar 05 14:26:18.692055 2015] [proxy_http:error] [pid 7568:tid 1116] (20014)Internal error: [client 201.245.192.253:52339] AH01102: error reading status line from remote server 172.22.1.47:80, referer: http://190.27.245.106/forest/usutareas.do?group_system_actual=3&codAct=1477&numPro=2920912&codPro=134&fecTra=2015-03-05%2014:18:54.0&codInst=2952912&codTraEsc=17646728
[Thu Mar 05 14:27:42.355002 2015] [core:error] [pid 7568:tid 1380] (20024)The given path is misformatted or contained invalid characters: [client 186.30.132.118:12622] AH00127: Cannot map GET /galeria/carrusel/Carrusel/jquery-ui-%0A%0A1.8.13.custom.min.js HTTP/1.1 to file, referer: http://ambientebogota.gov.co/inicio
[Thu Mar 05 14:29:37.966805 2015] [proxy_http:error] [pid 7568:tid 1180] (20014)Internal error: [client 201.245.192.253:54981] AH01102: error reading status line from remote server 172.22.1.47:80, referer: http://190.27.245.106/forest/radicacion.do?codMod=11&_a=0.8033777486441364&group_system_actual=4
[Thu Mar 05 14:31:20.755386 2015] [proxy_http:error] [pid 7568:tid 1260] (20014)Internal error: [client 201.245.192.253:56595] AH01102: error reading status line from remote server 172.22.1.47:80, referer: http://190.27.245.106/forest/index2.jsp?_a=0.35470261075533926
[Thu Mar 05 14:38:32.860545 2015] [proxy_http:error] [pid 7568:tid 1540] (20014)Internal error: [client 201.245.192.253:50932] AH01102: error reading status line from remote server 172.22.1.47:80, referer: http://190.27.245.106/forest/usutareas.do?group_system_actual=3&codAct=1477&numPro=3006425&codPro=134&fecTra=2015-03-05%2014:49:19.595&codInst=3073708&codTraEsc=17647022
[Thu Mar 05 14:44:23.705161 2015] [proxy_http:error] [pid 7568:tid 1780] (20014)Internal error: [client 201.245.192.253:54761] AH01102: error reading status line from remote server 172.22.1.47:80, referer: http://190.27.245.106/forest/usutareas.do?group_system_actual=3&a=0.5019339299519819
[Thu Mar 05 14:44:23.829961 2015] [proxy_http:error] [pid 7568:tid 736] (20014)Internal error: [client 201.245.192.253:55491] AH01102: error reading status line from remote server 172.22.1.47:80
[Thu Mar 05 14:44:23.829961 2015] [proxy:error] [pid 7568:tid 736] [client 201.245.192.253:55491] AH00898: Error reading from remote server returned by /forest/skins/gdocs-jar/css/autocomplete.css
[Thu Mar 05 14:44:23.876761 2015] [proxy_http:error] [pid 7568:tid 1732] (20014)Internal error: [client 201.245.192.253:55498] AH01102: error reading status line from remote server 172.22.1.47:80, referer: http://190.27.245.106/forest/usutareas.do?group_system_actual=3&a=0.08134751180027111
[Thu Mar 05 14:44:23.876761 2015] [proxy:error] [pid 7568:tid 1732] [client 201.245.192.253:55498] AH00898: Error reading from remote server returned by /forest/session.jsp, referer: http://190.27.245.106/forest/usutareas.do?group_system_actual=3&a=0.08134751180027111
[Thu Mar 05 14:44:23.876761 2015] [negotiation:error] [pid 7568:tid 1732] [client 201.245.192.253:55498] AH00690: no acceptable variant: E:/nuevo/apache/error/HTTP_BAD_GATEWAY.html.var, referer: http://190.27.245.106/forest/usutareas.do?group_system_actual=3&a=0.08134751180027111
[Thu Mar 05 14:45:57.820126 2015] [proxy_http:error] [pid 7568:tid 1252] (20014)Internal error: [client 201.245.192.253:57121] AH01102: error reading status line from remote server 172.22.1.47:80
[Thu Mar 05 14:45:57.820126 2015] [proxy:error] [pid 7568:tid 1252] [client 201.245.192.253:57121] AH00898: Error reading from remote server returned by /forest/img/asociarUser.gif
[Thu Mar 05 14:49:25.768492 2015] [proxy_http:error] [pid 7568:tid 760] (20014)Internal error: [client 201.245.192.253:47906] AH01102: error reading status line from remote server 172.22.1.47:80
[Thu Mar 05 14:49:25.768492 2015] [proxy:error] [pid 7568:tid 760] [client 201.245.192.253:47906] AH00898: Error reading from remote server returned by /forest/img/forestIcon.gif
[Thu Mar 05 14:51:52.096749 2015] [proxy_http:error] [pid 7568:tid 1756] (20014)Internal error: [client 186.154.253.106:52181] AH01102: error reading status line from remote server 172.22.1.47:80, referer: http://190.27.245.106/forest/radicacion.do?codMod=11&_a=0.24053818779066205&group_system_actual=4
[Thu Mar 05 14:55:42.493553 2015] [proxy_http:error] [pid 7568:tid 1132] (20014)Internal error: [client 186.154.253.106:52242] AH01102: error reading status line from remote server 172.22.1.47:80, referer: http://190.27.245.106/forest/reimprimirradic.do?_a=0.9426463593263179&group_system_actual=4
[Thu Mar 05 14:55:42.493553 2015] [proxy:error] [pid 7568:tid 1132] [client 186.154.253.106:52242] AH00898: Error reading from remote server returned by /forest/skins/gdocs-jar/img/search_doc.gif, referer: http://190.27.245.106/forest/reimprimirradic.do?_a=0.9426463593263179&group_system_actual=4
[Thu Mar 05 14:55:54.895575 2015] [mpm_winnt:warn] [pid 7568:tid 2668] (OS 64)The specified network name is no longer available.  : AH00341: winnt_accept: Asynchronous AcceptEx failed.
[Thu Mar 05 15:15:02.979592 2015] [proxy_http:error] [pid 7568:tid 1508] (20014)Internal error: [client 201.245.192.253:50565] AH01102: error reading status line from remote server 172.22.1.47:80, referer: http://190.27.245.106/forest/usutareas.do?group_system_actual=3&codTraEsc=17647163&_a=0.3510977011255564
[Thu Mar 05 15:15:18.220818 2015] [proxy_http:error] [pid 7568:tid 1732] (OS 10054)An existing connection was forcibly closed by the remote host.  : [client 201.245.192.253:50814] AH01102: error reading status line from remote server 172.22.1.31:80, referer: http://190.27.245.106/isolucionsda/NoPrevencion.asp?CodTipoAccPrev=1&Codsucursal=&Accion=Consultar&Id_AccionPreventiva=180
[Thu Mar 05 15:17:10.275815 2015] [proxy_http:error] [pid 7568:tid 928] (OS 10054)An existing connection was forcibly closed by the remote host.  : [client 201.245.192.253:52604] AH01102: error reading status line from remote server 172.22.1.31:80, referer: http://190.27.245.106/isolucionsda/FrameSetGeneral.asp?Pagina1=FrameSetGeneral.asp&
[Thu Mar 05 15:17:10.275815 2015] [proxy:error] [pid 7568:tid 928] [client 201.245.192.253:52604] AH00898: Error reading from remote server returned by /isolucionsda/MagazinHome.asp, referer: http://190.27.245.106/isolucionsda/FrameSetGeneral.asp?Pagina1=FrameSetGeneral.asp&
[Thu Mar 05 15:22:29.889176 2015] [proxy_http:error] [pid 7568:tid 1756] (20014)Internal error: [client 201.245.192.253:56504] AH01102: error reading status line from remote server 172.22.1.47:80, referer: http://190.27.245.106/forest/usutareas.do?group_system_actual=3&codAct=879&numPro=3038063&codPro=90&fecTra=2015-03-05%2010:51:00.0&codInst=3076823&codTraEsc=17643656
[Thu Mar 05 15:22:29.889176 2015] [proxy:error] [pid 7568:tid 1756] [client 201.245.192.253:56504] AH00898: Error reading from remote server returned by /forest/skins/gdocs-jar/js/tareas.js, referer: http://190.27.245.106/forest/usutareas.do?group_system_actual=3&codAct=879&numPro=3038063&codPro=90&fecTra=2015-03-05%2010:51:00.0&codInst=3076823&codTraEsc=17643656
[Thu Mar 05 15:22:29.904777 2015] [proxy_http:error] [pid 7568:tid 1140] (20014)Internal error: [client 201.245.192.253:56513] AH01102: error reading status line from remote server 172.22.1.47:80
[Thu Mar 05 15:22:29.904777 2015] [proxy:error] [pid 7568:tid 1140] [client 201.245.192.253:56513] AH00898: Error reading from remote server returned by /forest/skins/gdocs-jar/js/formsBase.js
