[Fri Mar 06 14:55:55.397730 2015] [proxy_http:error] [pid 7568:tid 944] (20014)Internal error: [client 201.245.192.253:25540] AH01102: error reading status line from remote server 172.22.1.47:80, referer: http://190.27.245.106/forest/radicacion.do?codMod=11&_a=0.09475725845665162&group_system_actual=4
[Fri Mar 06 14:55:55.397730 2015] [proxy:error] [pid 7568:tid 944] [client 201.245.192.253:25540] AH00898: Error reading from remote server returned by /forest/session.jsp, referer: http://190.27.245.106/forest/radicacion.do?codMod=11&_a=0.09475725845665162&group_system_actual=4
[Fri Mar 06 14:55:55.397730 2015] [negotiation:error] [pid 7568:tid 944] [client 201.245.192.253:25540] AH00690: no acceptable variant: E:/nuevo/apache/error/HTTP_BAD_GATEWAY.html.var, referer: http://190.27.245.106/forest/radicacion.do?codMod=11&_a=0.09475725845665162&group_system_actual=4
[Fri Mar 06 14:55:55.709730 2015] [proxy_http:error] [pid 7568:tid 944] (20014)Internal error: [client 201.245.192.253:25540] AH01102: error reading status line from remote server 172.22.1.47:80, referer: http://190.27.245.106/forest/suactividades.do?group_system_actual=3&_a=0.6524824152592038
[Fri Mar 06 14:56:00.233738 2015] [proxy_http:error] [pid 7568:tid 1092] (20014)Internal error: [client 201.245.192.253:25586] AH01102: error reading status line from remote server 172.22.1.47:80, referer: http://190.27.245.106/forest/buscar.do?type=procesos
[Fri Mar 06 14:56:00.233738 2015] [proxy:error] [pid 7568:tid 1092] [client 201.245.192.253:25586] AH00898: Error reading from remote server returned by /forest/json.do, referer: http://190.27.245.106/forest/buscar.do?type=procesos
[Fri Mar 06 14:56:00.233738 2015] [negotiation:error] [pid 7568:tid 1092] [client 201.245.192.253:25586] AH00690: no acceptable variant: E:/nuevo/apache/error/HTTP_BAD_GATEWAY.html.var, referer: http://190.27.245.106/forest/buscar.do?type=procesos
[Fri Mar 06 14:56:00.732939 2015] [proxy_http:error] [pid 7568:tid 1468] (20014)Internal error: [client 201.245.192.253:25593] AH01102: error reading status line from remote server 172.22.1.47:80
[Fri Mar 06 14:56:00.732939 2015] [proxy:error] [pid 7568:tid 1468] [client 201.245.192.253:25593] AH00898: Error reading from remote server returned by /forestReports/webcontent/birt/admin/img/popup/okey.gif
[Fri Mar 06 14:56:03.759344 2015] [proxy_http:error] [pid 7568:tid 928] (20014)Internal error: [client 201.245.192.253:25645] AH01102: error reading status line from remote server 172.22.1.47:80
[Fri Mar 06 14:56:03.759344 2015] [proxy:error] [pid 7568:tid 928] [client 201.245.192.253:25645] AH00898: Error reading from remote server returned by /forestReports/webcontent/birt/images/Loading.gif
[Fri Mar 06 14:56:03.868544 2015] [proxy_http:error] [pid 7568:tid 1484] (20014)Internal error: [client 201.245.192.253:25648] AH01102: error reading status line from remote server 172.22.1.47:80, referer: http://190.27.245.106/forest/frameset?
[Fri Mar 06 14:56:03.868544 2015] [proxy:error] [pid 7568:tid 1484] [client 201.245.192.253:25648] AH00898: Error reading from remote server returned by /forestReports/webcontent/birt/pages/common/processing.jsp, referer: http://190.27.245.106/forest/frameset?
[Fri Mar 06 14:56:08.080552 2015] [proxy_http:error] [pid 7568:tid 1092] (20014)Internal error: [client 201.245.192.253:25661] AH01102: error reading status line from remote server 172.22.1.47:80, referer: http://190.27.245.106/forest/buscar.do?type=procesos
[Fri Mar 06 14:56:22.136176 2015] [proxy_http:error] [pid 7568:tid 928] (20014)Internal error: [client 201.245.192.253:25736] AH01102: error reading status line from remote server 172.22.1.47:80, referer: http://190.27.245.106/forest/usutareas.do?group_system_actual=3&codTraEsc=17631570&_a=0.9183734483376431
[Fri Mar 06 14:58:13.052371 2015] [proxy_http:error] [pid 7568:tid 1708] (20014)Internal error: [client 201.245.192.253:26712] AH01102: error reading status line from remote server 172.22.1.47:80, referer: http://190.27.245.106/forest/misactividades.do?group_system_actual=3&codPro=95&_a=0.7695219912894422
[Fri Mar 06 14:58:56.030447 2015] [proxy_http:error] [pid 7568:tid 848] (20014)Internal error: [client 201.245.192.253:27092] AH01102: error reading status line from remote server 172.22.1.47:80, referer: http://190.27.245.106/forest/radicacion.do?codMod=11&_a=0.09475725845665162&group_system_actual=4
[Fri Mar 06 14:58:57.481249 2015] [proxy_http:error] [pid 7568:tid 1372] (20014)Internal error: [client 201.245.192.253:27131] AH01102: error reading status line from remote server 172.22.1.47:80, referer: http://190.27.245.106/forest/index2.jsp?_a=0.5314040894234181
[Fri Mar 06 14:58:57.574849 2015] [proxy_http:error] [pid 7568:tid 712] (20014)Internal error: [client 201.245.192.253:27134] AH01102: error reading status line from remote server 172.22.1.47:80
[Fri Mar 06 14:58:57.574849 2015] [proxy:error] [pid 7568:tid 712] [client 201.245.192.253:27134] AH00898: Error reading from remote server returned by /forest/skins/gdocs-jar/css/autocomplete.css
[Fri Mar 06 14:58:57.746450 2015] [proxy_http:error] [pid 7568:tid 1828] (20014)Internal error: [client 201.245.192.253:27139] AH01102: error reading status line from remote server 172.22.1.47:80
[Fri Mar 06 14:58:57.746450 2015] [proxy:error] [pid 7568:tid 1828] [client 201.245.192.253:27139] AH00898: Error reading from remote server returned by /forest/img/inicio/4.gif
[Fri Mar 06 14:59:02.192458 2015] [proxy_http:error] [pid 7568:tid 1160] (20014)Internal error: [client 201.245.192.253:27184] AH01102: error reading status line from remote server 172.22.1.47:80, referer: http://190.27.245.106/forest/login.do
[Fri Mar 06 14:59:02.192458 2015] [proxy:error] [pid 7568:tid 1160] [client 201.245.192.253:27184] AH00898: Error reading from remote server returned by /forest/login.do, referer: http://190.27.245.106/forest/login.do
[Fri Mar 06 14:59:04.345261 2015] [proxy_http:error] [pid 7568:tid 1160] (20014)Internal error: [client 201.245.192.253:27184] AH01102: error reading status line from remote server 172.22.1.47:80, referer: http://190.27.245.106/forest/
[Fri Mar 06 14:59:08.463669 2015] [proxy_http:error] [pid 7568:tid 944] (20014)Internal error: [client 201.245.192.253:27247] AH01102: error reading status line from remote server 172.22.1.47:80, referer: http://190.27.245.106/forest/usutareas.do?group_system_actual=3&codTraEsc=17631570&_a=0.9183734483376431
[Fri Mar 06 15:00:13.437783 2015] [proxy_http:error] [pid 7568:tid 848] (20014)Internal error: [client 201.245.192.253:27927] AH01102: error reading status line from remote server 172.22.1.47:80
[Fri Mar 06 15:00:13.437783 2015] [proxy:error] [pid 7568:tid 848] [client 201.245.192.253:27927] AH00898: Error reading from remote server returned by /forest/skins/gdocs-jar/css/menu.css
[Fri Mar 06 15:00:13.468983 2015] [proxy_http:error] [pid 7568:tid 1732] (20014)Internal error: [client 201.245.192.253:27930] AH01102: error reading status line from remote server 172.22.1.47:80
[Fri Mar 06 15:00:13.468983 2015] [proxy:error] [pid 7568:tid 1732] [client 201.245.192.253:27930] AH00898: Error reading from remote server returned by /forest/skins/gdocs-jar/css/forms.css
[Fri Mar 06 15:05:53.487180 2015] [proxy_http:error] [pid 7568:tid 928] (OS 10054)An existing connection was forcibly closed by the remote host.  : [client 201.245.192.253:30556] AH01102: error reading status line from remote server 172.22.1.31:80, referer: http://190.27.245.106/isolucionsda/FrameSetGeneral.asp?Pagina=Menu.asp&IdModulo=7
[Fri Mar 06 15:05:53.502780 2015] [proxy_http:error] [pid 7568:tid 1540] (OS 10054)An existing connection was forcibly closed by the remote host.  : [client 201.245.192.253:30618] AH01102: error reading status line from remote server 172.22.1.31:80, referer: http://190.27.245.106/isolucionsda/FrameSetGeneral.asp?Pagina=Menu.asp&IdModulo=7
[Fri Mar 06 15:05:53.502780 2015] [proxy:error] [pid 7568:tid 1540] [client 201.245.192.253:30618] AH00898: Error reading from remote server returned by /isolucionsda/BarraFavoritos.asp, referer: http://190.27.245.106/isolucionsda/FrameSetGeneral.asp?Pagina=Menu.asp&IdModulo=7
[Fri Mar 06 15:16:29.359897 2015] [proxy_http:error] [pid 7568:tid 856] (20014)Internal error: [client 201.245.192.253:23002] AH01102: error reading status line from remote server 172.22.1.47:80, referer: http://190.27.245.106/forest/usutareas.do?group_system_actual=3&a=0.5128317403141409
[Fri Mar 06 15:16:29.359897 2015] [proxy_http:error] [pid 7568:tid 1076] (20014)Internal error: [client 201.245.192.253:22824] AH01102: error reading status line from remote server 172.22.1.47:80, referer: http://190.27.245.106/forest/usutareas.do?group_system_actual=3&a=0.5128317403141409
[Fri Mar 06 15:16:29.531497 2015] [proxy_http:error] [pid 7568:tid 1700] (20014)Internal error: [client 201.245.192.253:23132] AH01102: error reading status line from remote server 172.22.1.47:80, referer: http://190.27.245.106/forest/usutareas.do?group_system_actual=3&a=0.8000756027176976
[Fri Mar 06 15:18:58.511759 2015] [proxy_http:error] [pid 7568:tid 848] (20014)Internal error: [client 201.245.192.253:25037] AH01102: error reading status line from remote server 172.22.1.47:80, referer: http://190.27.245.106/forest/misactividades.do?_a=0.03765247203409672&group_system_actual=3
[Fri Mar 06 15:18:58.605359 2015] [proxy_http:error] [pid 7568:tid 776] (20014)Internal error: [client 201.245.192.253:24233] AH01102: error reading status line from remote server 172.22.1.47:80, referer: http://190.27.245.106/forest/misactividades.do?_a=0.03765247203409672&group_system_actual=3
[Fri Mar 06 15:18:59.556961 2015] [proxy_http:error] [pid 7568:tid 1160] (20014)Internal error: [client 201.245.192.253:25873] AH01102: error reading status line from remote server 172.22.1.47:80, referer: http://190.27.245.106/forest/usutareas.do?group_system_actual=3&codTraEsc=17631570&_a=0.9183734483376431
[Fri Mar 06 15:18:59.556961 2015] [proxy:error] [pid 7568:tid 1160] [client 201.245.192.253:25873] AH00898: Error reading from remote server returned by /forest/buscar.do, referer: http://190.27.245.106/forest/usutareas.do?group_system_actual=3&codTraEsc=17631570&_a=0.9183734483376431
[Fri Mar 06 15:19:29.540213 2015] [mpm_winnt:warn] [pid 7568:tid 2668] (OS 64)The specified network name is no longer available.  : AH00341: winnt_accept: Asynchronous AcceptEx failed.
[Fri Mar 06 15:21:21.376810 2015] [proxy_http:error] [pid 7568:tid 1588] (20014)Internal error: [client 201.245.192.253:26834] AH01102: error reading status line from remote server 172.22.1.47:80, referer: http://190.27.245.106/forest/usutareas.do?codTraEsc=17633076
[Fri Mar 06 15:23:46.035864 2015] [proxy_http:error] [pid 7568:tid 856] (20014)Internal error: [client 201.245.192.253:27733] AH01102: error reading status line from remote server 172.22.1.47:80, referer: http://190.27.245.106/forest/usutareas.do?group_system_actual=3&a=0.4995748137589544
[Fri Mar 06 15:23:48.438268 2015] [proxy_http:error] [pid 7568:tid 1676] (OS 10053)An established connection was aborted by the software in your host machine.  : [client 201.245.192.253:28412] AH01102: error reading status line from remote server 172.22.1.47:80, referer: http://190.27.245.106/forest/usutareas.do?codTraEsc=17633076
[Fri Mar 06 15:23:48.438268 2015] [proxy:error] [pid 7568:tid 1676] [client 201.245.192.253:28412] AH00898: Error reading from remote server returned by /ForestMSG_SDA/channelAsync/template_word_17633076, referer: http://190.27.245.106/forest/usutareas.do?codTraEsc=17633076
[Fri Mar 06 15:25:22.334833 2015] [proxy:error] [pid 7568:tid 1148] (OS 10060)A connection attempt failed because the connected party did not properly respond after a period of time, or established connection failed because connected host has failed to respond.  : AH00957: HTTP: attempt to connect to 172.22.1.47:80 (172.22.1.47) failed
[Fri Mar 06 15:25:22.334833 2015] [proxy:error] [pid 7568:tid 1148] AH00959: ap_proxy_connect_backend disabling worker for (172.22.1.47) for 60s
[Fri Mar 06 15:25:22.334833 2015] [proxy_http:error] [pid 7568:tid 1148] [client 201.245.192.253:29048] AH01114: HTTP: failed to make connection to backend: 172.22.1.47, referer: http://190.27.245.106/forest/usutareas.do?group_system_actual=3&codTraEsc=17636142&_a=0.6362637635496637
[Fri Mar 06 15:25:22.334833 2015] [negotiation:error] [pid 7568:tid 1148] [client 201.245.192.253:29048] AH00690: no acceptable variant: E:/nuevo/apache/error/HTTP_SERVICE_UNAVAILABLE.html.var, referer: http://190.27.245.106/forest/usutareas.do?group_system_actual=3&codTraEsc=17636142&_a=0.6362637635496637
[Fri Mar 06 15:25:22.615633 2015] [proxy:error] [pid 7568:tid 1148] AH00940: HTTP: disabled connection for (172.22.1.47)
[Fri Mar 06 15:25:23.364435 2015] [proxy:error] [pid 7568:tid 1588] (OS 10060)A connection attempt failed because the connected party did not properly respond after a period of time, or established connection failed because connected host has failed to respond.  : AH00957: HTTP: attempt to connect to 172.22.1.47:80 (172.22.1.47) failed
[Fri Mar 06 15:25:23.364435 2015] [proxy_http:error] [pid 7568:tid 1588] [client 201.245.192.253:29045] AH01114: HTTP: failed to make connection to backend: 172.22.1.47, referer: http://190.27.245.106/forest/usutareas.do?group_system_actual=3&codTraEsc=17636142&_a=0.6362637635496637
[Fri Mar 06 15:25:27.701242 2015] [proxy:error] [pid 7568:tid 1580] (OS 10060)A connection attempt failed because the connected party did not properly respond after a period of time, or established connection failed because connected host has failed to respond.  : AH00957: HTTP: attempt to connect to 172.22.1.47:80 (172.22.1.47) failed
[Fri Mar 06 15:25:27.701242 2015] [proxy:error] [pid 7568:tid 1580] AH00959: ap_proxy_connect_backend disabling worker for (172.22.1.47) for 60s
[Fri Mar 06 15:25:27.701242 2015] [proxy_http:error] [pid 7568:tid 1580] [client 201.245.192.253:29077] AH01114: HTTP: failed to make connection to backend: 172.22.1.47, referer: http://190.27.245.106/forest/suactividades.do?group_system_actual=3
[Fri Mar 06 15:25:27.701242 2015] [negotiation:error] [pid 7568:tid 1580] [client 201.245.192.253:29077] AH00690: no acceptable variant: E:/nuevo/apache/error/HTTP_SERVICE_UNAVAILABLE.html.var, referer: http://190.27.245.106/forest/suactividades.do?group_system_actual=3
[Fri Mar 06 15:25:28.013243 2015] [proxy:error] [pid 7568:tid 1580] AH00940: HTTP: disabled connection for (172.22.1.47)
[Fri Mar 06 15:25:28.013243 2015] [negotiation:error] [pid 7568:tid 1580] [client 201.245.192.253:29282] AH00690: no acceptable variant: E:/nuevo/apache/error/HTTP_SERVICE_UNAVAILABLE.html.var, referer: http://190.27.245.106/forest/usutareas.do?group_system_actual=3&codTraEsc=17636142&_a=0.6362637635496637
[Fri Mar 06 15:25:29.136445 2015] [proxy:error] [pid 7568:tid 888] AH00940: HTTP: disabled connection for (172.22.1.47)
[Fri Mar 06 15:25:29.136445 2015] [negotiation:error] [pid 7568:tid 888] [client 201.245.192.253:29288] AH00690: no acceptable variant: E:/nuevo/apache/error/HTTP_SERVICE_UNAVAILABLE.html.var, referer: http://190.27.245.106/forest/usutareas.do?group_system_actual=3&codTraEsc=17636142&_a=0.6362637635496637
[Fri Mar 06 15:25:30.134847 2015] [proxy:error] [pid 7568:tid 1708] AH00940: HTTP: disabled connection for (172.22.1.47)
[Fri Mar 06 15:25:30.322047 2015] [proxy:error] [pid 7568:tid 1708] AH00940: HTTP: disabled connection for (172.22.1.47)
[Fri Mar 06 15:25:33.613653 2015] [proxy:error] [pid 7568:tid 1540] AH00940: HTTP: disabled connection for (172.22.1.47)
[Fri Mar 06 15:25:33.629253 2015] [negotiation:error] [pid 7568:tid 1540] [client 201.245.192.253:29333] AH00690: no acceptable variant: E:/nuevo/apache/error/HTTP_SERVICE_UNAVAILABLE.html.var, referer: http://190.27.245.106/forest/usutareas.do?group_system_actual=3&codTraEsc=17636142&_a=0.6362637635496637
[Fri Mar 06 15:25:43.472870 2015] [proxy:error] [pid 7568:tid 1196] AH00940: HTTP: disabled connection for (172.22.1.47)
[Fri Mar 06 15:25:45.329273 2015] [proxy:error] [pid 7568:tid 1588] (OS 10060)A connection attempt failed because the connected party did not properly respond after a period of time, or established connection failed because connected host has failed to respond.  : AH00957: HTTP: attempt to connect to 172.22.1.47:80 (172.22.1.47) failed
[Fri Mar 06 15:25:45.329273 2015] [proxy_http:error] [pid 7568:tid 1588] [client 201.245.192.253:29258] AH01114: HTTP: failed to make connection to backend: 172.22.1.47, referer: http://190.27.245.106/forest/usutareas.do?group_system_actual=3&codTraEsc=17636142&_a=0.6362637635496637
[Fri Mar 06 15:25:45.329273 2015] [negotiation:error] [pid 7568:tid 1588] [client 201.245.192.253:29258] AH00690: no acceptable variant: E:/nuevo/apache/error/HTTP_SERVICE_UNAVAILABLE.html.var, referer: http://190.27.245.106/forest/usutareas.do?group_system_actual=3&codTraEsc=17636142&_a=0.6362637635496637
[Fri Mar 06 15:26:09.977317 2015] [proxy:error] [pid 7568:tid 1588] (OS 10060)A connection attempt failed because the connected party did not properly respond after a period of time, or established connection failed because connected host has failed to respond.  : AH00957: HTTP: attempt to connect to 172.22.1.47:80 (172.22.1.47) failed
[Fri Mar 06 15:26:09.977317 2015] [proxy:error] [pid 7568:tid 1588] AH00959: ap_proxy_connect_backend disabling worker for (172.22.1.47) for 60s
[Fri Mar 06 15:26:09.977317 2015] [proxy_http:error] [pid 7568:tid 1588] [client 201.245.192.253:29533] AH01114: HTTP: failed to make connection to backend: 172.22.1.47
[Fri Mar 06 15:26:11.490519 2015] [proxy:error] [pid 7568:tid 1300] AH00940: HTTP: disabled connection for (172.22.1.47)
[Fri Mar 06 15:26:12.442121 2015] [proxy:error] [pid 7568:tid 1844] AH00940: HTTP: disabled connection for (172.22.1.47)
[Fri Mar 06 15:26:17.137729 2015] [proxy:error] [pid 7568:tid 1732] AH00940: HTTP: disabled connection for (172.22.1.47)
[Fri Mar 06 15:26:17.137729 2015] [negotiation:error] [pid 7568:tid 1732] [client 201.245.192.253:29799] AH00690: no acceptable variant: E:/nuevo/apache/error/HTTP_SERVICE_UNAVAILABLE.html.var, referer: http://190.27.245.106/forest/index2.jsp?a=0.17562815623655226
[Fri Mar 06 15:26:17.512130 2015] [proxy:error] [pid 7568:tid 1732] AH00940: HTTP: disabled connection for (172.22.1.47)
[Fri Mar 06 15:26:19.337333 2015] [proxy:error] [pid 7568:tid 768] (OS 10060)A connection attempt failed because the connected party did not properly respond after a period of time, or established connection failed because connected host has failed to respond.  : AH00957: HTTP: attempt to connect to 172.22.1.47:80 (172.22.1.47) failed
[Fri Mar 06 15:26:19.337333 2015] [proxy_http:error] [pid 7568:tid 768] [client 201.245.192.253:29623] AH01114: HTTP: failed to make connection to backend: 172.22.1.47, referer: http://190.27.245.106/forest/misactividades.do?_a=0.03765247203409672&group_system_actual=3
[Fri Mar 06 15:59:20.478413 2015] [proxy_http:error] [pid 7568:tid 1436] (20014)Internal error: [client 201.245.192.253:32249] AH01102: error reading status line from remote server 172.22.1.47:80, referer: http://190.27.245.106/forest/usutareas.do?group_system_actual=3&a=0.3677821608725935
[Fri Mar 06 15:59:20.478413 2015] [proxy:error] [pid 7568:tid 1436] [client 201.245.192.253:32249] AH00898: Error reading from remote server returned by /forest/buscar.do, referer: http://190.27.245.106/forest/usutareas.do?group_system_actual=3&a=0.3677821608725935
[Fri Mar 06 17:02:59.536721 2015] [proxy_http:error] [pid 7568:tid 848] (OS 10054)An existing connection was forcibly closed by the remote host.  : [client 201.245.192.253:27659] AH01102: error reading status line from remote server 172.22.1.31:80, referer: http://190.27.245.106/isolucionsda/FrameSetGeneral.asp?Pagina=Menu.asp&IdModulo=4
[Fri Mar 06 17:17:48.441882 2015] [mpm_winnt:warn] [pid 7568:tid 2668] (OS 64)The specified network name is no longer available.  : AH00341: winnt_accept: Asynchronous AcceptEx failed.
[Fri Mar 06 17:18:35.039164 2015] [proxy_http:error] [pid 7568:tid 1140] (OS 10054)An existing connection was forcibly closed by the remote host.  : [client 201.245.192.253:31495] AH01102: error reading status line from remote server 172.22.1.31:80, referer: http://190.27.245.106/isolucionsda/Encabezado.asp?Pagina=Menu.asp&IdModulo=7
[Fri Mar 06 17:18:35.039164 2015] [proxy:error] [pid 7568:tid 1140] [client 201.245.192.253:31495] AH00898: Error reading from remote server returned by /isolucionsda/Session.asp, referer: http://190.27.245.106/isolucionsda/Encabezado.asp?Pagina=Menu.asp&IdModulo=7
[Fri Mar 06 17:43:00.770938 2015] [proxy_http:error] [pid 7568:tid 888] (OS 10054)An existing connection was forcibly closed by the remote host.  : [client 181.54.200.250:65270] AH01102: error reading status line from remote server 172.22.1.31:80, referer: http://190.27.245.106/isolucionsda/NotaMejora.asp?CodSucursal=&ID_NotaMejora=399&Accion=ModificarForma
[Fri Mar 06 17:43:00.770938 2015] [proxy:error] [pid 7568:tid 888] [client 181.54.200.250:65270] AH00898: Error reading from remote server returned by /isolucionsda/NotaMejora.asp, referer: http://190.27.245.106/isolucionsda/NotaMejora.asp?CodSucursal=&ID_NotaMejora=399&Accion=ModificarForma
[Fri Mar 06 17:48:35.360326 2015] [proxy_http:error] [pid 7568:tid 712] (OS 10054)An existing connection was forcibly closed by the remote host.  : [client 181.54.200.250:65318] AH01102: error reading status line from remote server 172.22.1.31:80, referer: http://190.27.245.106/isolucionsda/Encabezado.asp?Pagina=Menu.asp&IdModulo=7
[Fri Mar 06 17:48:49.618751 2015] [proxy_http:error] [pid 7568:tid 1316] (OS 10054)An existing connection was forcibly closed by the remote host.  : [client 181.54.200.250:65324] AH01102: error reading status line from remote server 172.22.1.31:80, referer: http://190.27.245.106/isolucionsda/FrameSetGeneral.asp?Pagina=ListadoMaestroDocumentos3.asp
[Fri Mar 06 18:11:17.039917 2015] [mpm_winnt:warn] [pid 7568:tid 2668] (OS 64)The specified network name is no longer available.  : AH00341: winnt_accept: Asynchronous AcceptEx failed.
[Fri Mar 06 19:06:31.920940 2015] [mpm_winnt:warn] [pid 7568:tid 2668] (OS 64)The specified network name is no longer available.  : AH00341: winnt_accept: Asynchronous AcceptEx failed.
[Fri Mar 06 20:46:31.941078 2015] [mpm_winnt:warn] [pid 7568:tid 2668] (OS 64)The specified network name is no longer available.  : AH00341: winnt_accept: Asynchronous AcceptEx failed.
[Fri Mar 06 21:12:06.687374 2015] [core:error] [pid 7568:tid 1300] (20024)The given path is misformatted or contained invalid characters: [client 186.82.76.165:62276] AH00127: Cannot map GET /galeria/carrusel/Carrusel/jquery-ui-%0A%0A1.8.13.custom.min.js HTTP/1.1 to file, referer: http://ambientebogota.gov.co/inicio
[Fri Mar 06 22:46:03.164474 2015] [:error] [pid 7568:tid 1148] [client 178.137.81.109:65503] script 'E:/nuevo/htdocs/wp-login.php' not found or unable to stat
[Fri Mar 06 22:46:22.617708 2015] [:error] [pid 7568:tid 1156] [client 178.137.81.109:54300] script 'E:/nuevo/htdocs/BLA/resoluciones/RESOLUCIONES 2010/wp-login.php' not found or unable to stat

:: Command execute ::

Enter:
 
Select:
 

:: Search ::
regexp 

:: Upload ::
 
[ ok ]

:: Make Dir ::
 
[ ok ]
:: Make File ::
 
[ ok ]

:: Go Dir ::
 
:: Go File ::
 

--[ c99shell v. 1.0 pre-release build #13 powered by Captain Crunch Security Team | http://ccteam.ru | Generation time: 0.1872 ]--