!C99Shell v. 1.0 pre-release build #13!

Software: Apache. PHP/5.5.15 

uname -a: Windows NT SVR-DMZ 6.1 build 7600 (Windows Server 2008 R2 Enterprise Edition) i586 

SYSTEM 

Safe-mode: OFF (not secure)

E:\nuevo\apache\logs\   drwxrwxrwx
Free 9.41 GB of 239.26 GB (3.93%)
Detected drives: [ a ] [ c ] [ d ] [ e ] [ f ]
Home    Back    Forward    UPDIR    Refresh    Search    Buffer    Encoder    Tools    Proc.    FTP brute    Sec.    SQL    PHP-code    Update    Feedback    Self remove    Logout    


Viewing file:     error.2015.03.18.log (150.71 KB)      -rw-rw-rw-
Select action/file-type:
(+) | (+) | (+) | Code (+) | Session (+) | (+) | SDB (+) | (+) | (+) | (+) | (+) | (+) |
[Wed Mar 18 01:02:19.799183 2015] [mpm_winnt:warn] [pid 7568:tid 2668] (OS 64)The specified network name is no longer available.  : AH00341: winnt_accept: Asynchronous AcceptEx failed.
[Wed Mar 18 01:26:52.021569 2015] [access_compat:error] [pid 7568:tid 872] [client 193.171.252.193:45888] AH01797: client denied by server configuration: E:/nuevo/phpMyAdmin/index.php
[Wed Mar 18 01:26:52.224369 2015] [access_compat:error] [pid 7568:tid 872] [client 193.171.252.193:45888] AH01797: client denied by server configuration: E:/nuevo/phpMyAdmin/index.php, referer: http://190.27.245.106/phpmyadmin/index.php\r
[Wed Mar 18 01:56:41.890713 2015] [mpm_winnt:warn] [pid 7568:tid 2668] (OS 64)The specified network name is no longer available.  : AH00341: winnt_accept: Asynchronous AcceptEx failed.
[Wed Mar 18 06:23:33.420636 2015] [proxy_http:error] [pid 7568:tid 1820] (OS 10054)An existing connection was forcibly closed by the remote host.  : [client 201.245.192.253:29914] AH01102: error reading status line from remote server 172.22.1.31:80, referer: http://190.27.245.106/isolucionsda/FrameSetGeneral.asp?Pagina1=FrameSetGeneral.asp&
[Wed Mar 18 06:23:33.420636 2015] [proxy:error] [pid 7568:tid 1820] [client 201.245.192.253:29914] AH00898: Error reading from remote server returned by /isolucionsda/BarraTitulos.asp, referer: http://190.27.245.106/isolucionsda/FrameSetGeneral.asp?Pagina1=FrameSetGeneral.asp&
[Wed Mar 18 07:04:35.480360 2015] [proxy_http:error] [pid 7568:tid 1844] (OS 10054)An existing connection was forcibly closed by the remote host.  : [client 172.22.2.1:23339] AH01102: error reading status line from remote server 172.22.1.31:80, referer: http://190.27.245.106/isolucionsda/FrameSetGeneral.asp?Pagina1=FrameSetGeneral.asp&
[Wed Mar 18 07:04:35.480360 2015] [proxy:error] [pid 7568:tid 1844] [client 172.22.2.1:23339] AH00898: Error reading from remote server returned by /isolucionsda/BarraFavoritos.asp, referer: http://190.27.245.106/isolucionsda/FrameSetGeneral.asp?Pagina1=FrameSetGeneral.asp&
[Wed Mar 18 07:37:48.898661 2015] [mpm_winnt:warn] [pid 7568:tid 2668] (OS 64)The specified network name is no longer available.  : AH00341: winnt_accept: Asynchronous AcceptEx failed.
[Wed Mar 18 08:19:28.008451 2015] [proxy_http:error] [pid 7568:tid 1212] (OS 10054)An existing connection was forcibly closed by the remote host.  : [client 201.245.192.253:22700] AH01102: error reading status line from remote server 172.22.1.31:80, referer: http://190.27.245.106/isolucionsda/FrameSetGeneral.asp?Pagina1=FrameSetGeneral.asp&
[Wed Mar 18 08:19:28.008451 2015] [proxy:error] [pid 7568:tid 1212] [client 201.245.192.253:22700] AH00898: Error reading from remote server returned by /isolucionsda/BarraTitulos.asp, referer: http://190.27.245.106/isolucionsda/FrameSetGeneral.asp?Pagina1=FrameSetGeneral.asp&
[Wed Mar 18 08:19:58.584504 2015] [:error] [pid 7568:tid 1804] [client 201.245.192.253:22825] script 'E:/nuevo/htdocs/BLA/boletinlegal/admin/notificaciones/detalle.php' not found or unable to stat, referer: http://190.27.245.106/bla/boletinlegal/admin/notificaciones/mostrar.php
[Wed Mar 18 08:42:07.426038 2015] [proxy:error] [pid 7568:tid 920] (OS 10061)No connection could be made because the target machine actively refused it.  : AH00957: HTTP: attempt to connect to 172.22.1.36:8080 (172.22.1.36) failed
[Wed Mar 18 08:42:07.426038 2015] [proxy:error] [pid 7568:tid 920] AH00959: ap_proxy_connect_backend disabling worker for (172.22.1.36) for 60s
[Wed Mar 18 08:42:07.426038 2015] [proxy_http:error] [pid 7568:tid 920] [client 201.245.176.154:61909] AH01114: HTTP: failed to make connection to backend: 172.22.1.36
[Wed Mar 18 08:51:59.245278 2015] [proxy_http:error] [pid 7568:tid 1388] (OS 10054)An existing connection was forcibly closed by the remote host.  : [client 201.245.192.253:33017] AH01102: error reading status line from remote server 172.22.1.31:80, referer: http://190.27.245.106/isolucionsda/FrameSetGeneral.asp?Pagina1=FrameSetGeneral.asp&
[Wed Mar 18 08:51:59.245278 2015] [proxy:error] [pid 7568:tid 1388] [client 201.245.192.253:33017] AH00898: Error reading from remote server returned by /isolucionsda/BarraTitulos.asp, referer: http://190.27.245.106/isolucionsda/FrameSetGeneral.asp?Pagina1=FrameSetGeneral.asp&
[Wed Mar 18 08:55:44.993274 2015] [proxy:error] [pid 7568:tid 1372] (OS 10061)No connection could be made because the target machine actively refused it.  : AH00957: HTTP: attempt to connect to 172.22.1.36:8080 (172.22.1.36) failed
[Wed Mar 18 08:55:44.993274 2015] [proxy:error] [pid 7568:tid 1372] AH00959: ap_proxy_connect_backend disabling worker for (172.22.1.36) for 60s
[Wed Mar 18 08:55:44.993274 2015] [proxy_http:error] [pid 7568:tid 1372] [client 201.245.176.154:62060] AH01114: HTTP: failed to make connection to backend: 172.22.1.36
[Wed Mar 18 09:06:10.850774 2015] [proxy_http:error] [pid 7568:tid 1436] (OS 10054)An existing connection was forcibly closed by the remote host.  : [client 201.245.192.253:25967] AH01102: error reading status line from remote server 172.22.1.31:80, referer: http://190.27.245.106/isolucionsda/FrameSetGeneral.asp?Pagina1=FrameSetGeneral.asp&
[Wed Mar 18 09:06:10.850774 2015] [proxy:error] [pid 7568:tid 1436] [client 201.245.192.253:25967] AH00898: Error reading from remote server returned by /isolucionsda/MagazinHome.asp, referer: http://190.27.245.106/isolucionsda/FrameSetGeneral.asp?Pagina1=FrameSetGeneral.asp&
[Wed Mar 18 09:25:58.761660 2015] [proxy_http:error] [pid 7568:tid 1284] (OS 10054)An existing connection was forcibly closed by the remote host.  : [client 201.245.192.253:22567] AH01102: error reading status line from remote server 172.22.1.31:80, referer: http://www.ambientebogota.gov.co/web/intranet/aplicaciones-para-acceder-fuera-de-la-sda
[Wed Mar 18 09:25:58.761660 2015] [proxy:error] [pid 7568:tid 1284] [client 201.245.192.253:22567] AH00898: Error reading from remote server returned by /isolucionsda/, referer: http://www.ambientebogota.gov.co/web/intranet/aplicaciones-para-acceder-fuera-de-la-sda
[Wed Mar 18 09:26:12.630085 2015] [proxy_http:error] [pid 7568:tid 1460] (OS 10054)An existing connection was forcibly closed by the remote host.  : [client 201.245.192.253:22657] AH01102: error reading status line from remote server 172.22.1.31:80, referer: http://190.27.245.106/isolucionsda/FrameSetGeneral.asp?Pagina1=FrameSetGeneral.asp&
[Wed Mar 18 09:26:12.630085 2015] [proxy:error] [pid 7568:tid 1460] [client 201.245.192.253:22657] AH00898: Error reading from remote server returned by /isolucionsda/BarraTitulos.asp, referer: http://190.27.245.106/isolucionsda/FrameSetGeneral.asp?Pagina1=FrameSetGeneral.asp&
[Wed Mar 18 09:26:12.786085 2015] [proxy_http:error] [pid 7568:tid 1260] (OS 10054)An existing connection was forcibly closed by the remote host.  : [client 201.245.192.253:22660] AH01102: error reading status line from remote server 172.22.1.31:80
[Wed Mar 18 09:26:12.786085 2015] [proxy:error] [pid 7568:tid 1260] [client 201.245.192.253:22660] AH00898: Error reading from remote server returned by /isolucionsda/g/Bot_Tareas_ESP.jpg
[Wed Mar 18 09:44:59.764264 2015] [proxy_http:error] [pid 7568:tid 1140] (OS 10054)An existing connection was forcibly closed by the remote host.  : [client 201.245.192.253:31213] AH01102: error reading status line from remote server 172.22.1.31:80, referer: http://190.27.245.106/isolucionsda/Encabezado.asp?Pagina1=FrameSetGeneral.asp&&Pagina=MagazinHome.asp
[Wed Mar 18 09:53:11.133927 2015] [proxy_http:error] [pid 7568:tid 728] (OS 10054)An existing connection was forcibly closed by the remote host.  : [client 201.245.192.253:22598] AH01102: error reading status line from remote server 172.22.1.31:80, referer: http://190.27.245.106/isolucionsda/Administracion/SalaEdicion/Articulo.asp
[Wed Mar 18 09:53:11.133927 2015] [proxy:error] [pid 7568:tid 728] [client 201.245.192.253:22598] AH00898: Error reading from remote server returned by /isolucionsda/Administracion/SalaEdicion/g/GifTransparente.gif, referer: http://190.27.245.106/isolucionsda/Administracion/SalaEdicion/Articulo.asp
[Wed Mar 18 09:53:11.133927 2015] [proxy_http:error] [pid 7568:tid 1460] (OS 10054)An existing connection was forcibly closed by the remote host.  : [client 201.245.192.253:22599] AH01102: error reading status line from remote server 172.22.1.31:80, referer: http://190.27.245.106/isolucionsda/Administracion/SalaEdicion/Articulo.asp
[Wed Mar 18 09:53:11.133927 2015] [proxy:error] [pid 7568:tid 1460] [client 201.245.192.253:22599] AH00898: Error reading from remote server returned by /isolucionsda/Administracion/Graficas/vacio1x1.gif, referer: http://190.27.245.106/isolucionsda/Administracion/SalaEdicion/Articulo.asp
[Wed Mar 18 10:04:28.097116 2015] [proxy_http:error] [pid 7568:tid 1260] (20014)Internal error: [client 201.245.192.253:27814] AH01102: error reading status line from remote server 172.22.1.47:80
[Wed Mar 18 10:04:28.097116 2015] [proxy:error] [pid 7568:tid 1260] [client 201.245.192.253:27814] AH00898: Error reading from remote server returned by /forest/skins/gdocs-jar/img/comments.gif
[Wed Mar 18 10:18:30.264596 2015] [proxy_http:error] [pid 7568:tid 832] (20014)Internal error: [client 201.245.192.253:33962] AH01102: error reading status line from remote server 172.22.1.47:80, referer: http://190.27.245.106/forest/index2.jsp?a=0.32094558788999794
[Wed Mar 18 10:18:30.264596 2015] [proxy:error] [pid 7568:tid 832] [client 201.245.192.253:33962] AH00898: Error reading from remote server returned by /forest/skins/gdocs-jar/popup/popup.jsp, referer: http://190.27.245.106/forest/index2.jsp?a=0.32094558788999794
[Wed Mar 18 10:27:13.957515 2015] [proxy_http:error] [pid 7568:tid 832] (20014)Internal error: [client 201.245.192.253:25688] AH01102: error reading status line from remote server 172.22.1.47:80, referer: http://190.27.245.106/forest/buscar.do?type=documentos
[Wed Mar 18 10:35:14.704560 2015] [proxy_http:error] [pid 7568:tid 1780] (20014)Internal error: [client 201.245.192.253:29394] AH01102: error reading status line from remote server 172.22.1.47:80
[Wed Mar 18 10:35:14.704560 2015] [proxy:error] [pid 7568:tid 1780] [client 201.245.192.253:29394] AH00898: Error reading from remote server returned by /forest/js/internJS.js
[Wed Mar 18 10:35:43.159010 2015] [proxy_http:error] [pid 7568:tid 1356] (20014)Internal error: [client 201.245.192.253:29569] AH01102: error reading status line from remote server 172.22.1.47:80
[Wed Mar 18 10:35:43.159010 2015] [proxy:error] [pid 7568:tid 1356] [client 201.245.192.253:29569] AH00898: Error reading from remote server returned by /forest/js/jquery/i18n/grid.locale-en.js
[Wed Mar 18 10:38:44.883729 2015] [proxy_http:error] [pid 7568:tid 1444] (OS 10054)An existing connection was forcibly closed by the remote host.  : [client 201.245.192.253:31095] AH01102: error reading status line from remote server 172.22.1.31:80, referer: http://190.27.245.106/isolucionsda/FrameSetGeneral.asp?Pagina1=FrameSetGeneral.asp&
[Wed Mar 18 10:38:44.883729 2015] [proxy:error] [pid 7568:tid 1444] [client 201.245.192.253:31095] AH00898: Error reading from remote server returned by /isolucionsda/BarraFavoritos.asp, referer: http://190.27.245.106/isolucionsda/FrameSetGeneral.asp?Pagina1=FrameSetGeneral.asp&
[Wed Mar 18 10:38:54.914547 2015] [proxy_http:error] [pid 7568:tid 840] (20014)Internal error: [client 201.245.192.253:31137] AH01102: error reading status line from remote server 172.22.1.47:80, referer: http://190.27.245.106/forest/index2.jsp?_a=0.36015069601126015
[Wed Mar 18 10:40:07.236274 2015] [proxy_http:error] [pid 7568:tid 1356] (20014)Internal error: [client 201.245.192.253:31697] AH01102: error reading status line from remote server 172.22.1.47:80
[Wed Mar 18 10:40:07.236274 2015] [proxy:error] [pid 7568:tid 1356] [client 201.245.192.253:31697] AH00898: Error reading from remote server returned by /forest/css/escritorio.css
[Wed Mar 18 10:49:08.526024 2015] [proxy_http:error] [pid 7568:tid 1708] (20014)Internal error: [client 201.245.192.253:22873] AH01102: error reading status line from remote server 172.22.1.47:80, referer: http://190.27.245.106/forest/usutareas.do?_a=0.10844025028184134&group_system_actual=3
[Wed Mar 18 10:49:38.462477 2015] [proxy_http:error] [pid 7568:tid 1708] (20014)Internal error: [client 201.245.192.253:23275] AH01102: error reading status line from remote server 172.22.1.47:80
[Wed Mar 18 10:49:38.462477 2015] [proxy:error] [pid 7568:tid 1708] [client 201.245.192.253:23275] AH00898: Error reading from remote server returned by /forest/img/historial.gif
[Wed Mar 18 10:50:15.621742 2015] [proxy_http:error] [pid 7568:tid 856] (20014)Internal error: [client 201.245.192.253:23320] AH01102: error reading status line from remote server 172.22.1.47:80, referer: http://190.27.245.106/forest/usutareas.do?group_system_actual=3&a=0.27802746182947413
[Wed Mar 18 10:50:15.668542 2015] [proxy_http:error] [pid 7568:tid 1508] (20014)Internal error: [client 201.245.192.253:23477] AH01102: error reading status line from remote server 172.22.1.47:80
[Wed Mar 18 10:50:15.668542 2015] [proxy:error] [pid 7568:tid 1508] [client 201.245.192.253:23477] AH00898: Error reading from remote server returned by /forest/skins/gdocs-jar/js/number-functions.js
[Wed Mar 18 10:51:19.815855 2015] [proxy_http:error] [pid 7568:tid 1708] (20014)Internal error: [client 201.245.192.253:23830] AH01102: error reading status line from remote server 172.22.1.47:80
[Wed Mar 18 10:51:19.815855 2015] [proxy:error] [pid 7568:tid 1708] [client 201.245.192.253:23830] AH00898: Error reading from remote server returned by /forest/skins/gdocs-jar/js/grid.js
[Wed Mar 18 10:55:32.395899 2015] [proxy_http:error] [pid 7568:tid 1604] (20014)Internal error: [client 201.245.192.253:25604] AH01102: error reading status line from remote server 172.22.1.47:80
[Wed Mar 18 10:55:32.395899 2015] [proxy:error] [pid 7568:tid 1604] [client 201.245.192.253:25604] AH00898: Error reading from remote server returned by /forest/js/sarissa.js
[Wed Mar 18 10:56:20.365983 2015] [proxy_http:error] [pid 7568:tid 1148] (20014)Internal error: [client 201.245.192.253:25971] AH01102: error reading status line from remote server 172.22.1.47:80, referer: http://190.27.245.106/forest/buscar.do?type=documentos
[Wed Mar 18 11:03:35.715948 2015] [proxy_http:error] [pid 7568:tid 1212] (20014)Internal error: [client 201.245.192.253:28958] AH01102: error reading status line from remote server 172.22.1.47:80, referer: http://190.27.245.106/forest/usutareas.do?group_system_actual=3&codTraEsc=17738734
[Wed Mar 18 11:05:12.966518 2015] [proxy_http:error] [pid 7568:tid 1612] (20014)Internal error: [client 201.245.192.253:29903] AH01102: error reading status line from remote server 172.22.1.47:80, referer: http://190.27.245.106/forest/usutareas.do?group_system_actual=3&codTraEsc=17733409&_a=0.15804926601293268
[Wed Mar 18 11:05:54.041390 2015] [proxy_http:error] [pid 7568:tid 880] (20014)Internal error: [client 201.245.192.253:30168] AH01102: error reading status line from remote server 172.22.1.47:80, referer: http://190.27.245.106/forest/usutareas.do?group_system_actual=3&a=0.18190512340515852
[Wed Mar 18 11:05:54.041390 2015] [proxy:error] [pid 7568:tid 880] [client 201.245.192.253:30168] AH00898: Error reading from remote server returned by /forest/actions/forms.getList, referer: http://190.27.245.106/forest/usutareas.do?group_system_actual=3&a=0.18190512340515852
[Wed Mar 18 11:05:54.041390 2015] [negotiation:error] [pid 7568:tid 880] [client 201.245.192.253:30168] AH00690: no acceptable variant: E:/nuevo/apache/error/HTTP_BAD_GATEWAY.html.var, referer: http://190.27.245.106/forest/usutareas.do?group_system_actual=3&a=0.18190512340515852
[Wed Mar 18 11:05:56.911796 2015] [access_compat:error] [pid 7568:tid 1436] [client 193.171.252.193:50403] AH01797: client denied by server configuration: E:/nuevo/phpMyAdmin/index.php
[Wed Mar 18 11:05:57.114596 2015] [access_compat:error] [pid 7568:tid 1436] [client 193.171.252.193:50403] AH01797: client denied by server configuration: E:/nuevo/phpMyAdmin/index.php, referer: http://190.27.245.106/phpmyadmin/index.php\r
[Wed Mar 18 11:06:23.603442 2015] [proxy_http:error] [pid 7568:tid 720] (20014)Internal error: [client 201.245.192.253:30312] AH01102: error reading status line from remote server 172.22.1.47:80, referer: http://190.27.245.106/forest/suactividades.do?group_system_actual=3
[Wed Mar 18 11:06:23.681443 2015] [proxy_http:error] [pid 7568:tid 1676] (20014)Internal error: [client 201.245.192.253:30318] AH01102: error reading status line from remote server 172.22.1.47:80, referer: http://190.27.245.106/forest/suactividades.do?group_system_actual=3
[Wed Mar 18 11:06:23.681443 2015] [proxy:error] [pid 7568:tid 1676] [client 201.245.192.253:30318] AH00898: Error reading from remote server returned by /forest/buscar.do, referer: http://190.27.245.106/forest/suactividades.do?group_system_actual=3
[Wed Mar 18 11:11:24.356371 2015] [proxy_http:error] [pid 7568:tid 1212] (20014)Internal error: [client 201.245.192.253:32323] AH01102: error reading status line from remote server 172.22.1.47:80, referer: http://190.27.245.106/forest/usutareas.do?_a=0.658223027064666&group_system_actual=3
[Wed Mar 18 11:13:04.945347 2015] [proxy_http:error] [pid 7568:tid 1252] (20014)Internal error: [client 201.245.192.253:32981] AH01102: error reading status line from remote server 172.22.1.47:80, referer: http://190.27.245.106/forest/index2.jsp?_a=0.9679272529673343
[Wed Mar 18 11:13:05.569348 2015] [proxy_http:error] [pid 7568:tid 1252] (20014)Internal error: [client 201.245.192.253:32996] AH01102: error reading status line from remote server 172.22.1.47:80
[Wed Mar 18 11:13:05.569348 2015] [proxy:error] [pid 7568:tid 1252] [client 201.245.192.253:32996] AH00898: Error reading from remote server returned by /forest/1ibre/jscalendar/calendar-win2k-1.css
[Wed Mar 18 11:13:36.020602 2015] [proxy_http:error] [pid 7568:tid 768] (20014)Internal error: [client 201.245.192.253:33161] AH01102: error reading status line from remote server 172.22.1.47:80
[Wed Mar 18 11:13:36.020602 2015] [proxy:error] [pid 7568:tid 768] [client 201.245.192.253:33161] AH00898: Error reading from remote server returned by /forest/img/nav_next.gif
[Wed Mar 18 11:16:41.005727 2015] [proxy_http:error] [pid 7568:tid 1436] (20014)Internal error: [client 201.245.192.253:34430] AH01102: error reading status line from remote server 172.22.1.47:80, referer: http://190.27.245.106/forest/index2.jsp?a=0.19433315538748464
[Wed Mar 18 11:16:44.359733 2015] [proxy_http:error] [pid 7568:tid 720] (20014)Internal error: [client 201.245.192.253:34497] AH01102: error reading status line from remote server 172.22.1.47:80, referer: http://190.27.245.106/forest/usutareas.do?group_system_actual=3&a=0.7762413586179984
[Wed Mar 18 11:16:44.359733 2015] [proxy:error] [pid 7568:tid 720] [client 201.245.192.253:34497] AH00898: Error reading from remote server returned by /forest/session.jsp, referer: http://190.27.245.106/forest/usutareas.do?group_system_actual=3&a=0.7762413586179984
[Wed Mar 18 11:16:44.359733 2015] [negotiation:error] [pid 7568:tid 720] [client 201.245.192.253:34497] AH00690: no acceptable variant: E:/nuevo/apache/error/HTTP_BAD_GATEWAY.html.var, referer: http://190.27.245.106/forest/usutareas.do?group_system_actual=3&a=0.7762413586179984
[Wed Mar 18 11:26:02.996714 2015] [proxy_http:error] [pid 7568:tid 1228] (20014)Internal error: [client 201.245.192.253:25965] AH01102: error reading status line from remote server 172.22.1.47:80, referer: http://190.27.245.106/forest/usutareas.do?group_system_actual=3&a=0.05132694646539693
[Wed Mar 18 11:27:24.149056 2015] [proxy_http:error] [pid 7568:tid 1484] (20014)Internal error: [client 201.245.192.253:26670] AH01102: error reading status line from remote server 172.22.1.47:80
[Wed Mar 18 11:27:24.149056 2015] [proxy:error] [pid 7568:tid 1484] [client 201.245.192.253:26670] AH00898: Error reading from remote server returned by /forest/img/jquery/columnshide.gif
[Wed Mar 18 11:27:26.754261 2015] [proxy_http:error] [pid 7568:tid 1076] (20014)Internal error: [client 201.245.192.253:26698] AH01102: error reading status line from remote server 172.22.1.47:80
[Wed Mar 18 11:27:26.754261 2015] [proxy:error] [pid 7568:tid 1076] [client 201.245.192.253:26698] AH00898: Error reading from remote server returned by /forest/skins/gdocs-jar/css/tree.css
[Wed Mar 18 11:28:36.096383 2015] [proxy_http:error] [pid 7568:tid 1636] (20014)Internal error: [client 201.245.192.253:27201] AH01102: error reading status line from remote server 172.22.1.47:80
[Wed Mar 18 11:28:36.096383 2015] [proxy:error] [pid 7568:tid 1636] [client 201.245.192.253:27201] AH00898: Error reading from remote server returned by /forest/skins/gdocs-jar/js/xml_utilities.js
[Wed Mar 18 11:28:36.111983 2015] [proxy_http:error] [pid 7568:tid 1780] (20014)Internal error: [client 201.245.192.253:27199] AH01102: error reading status line from remote server 172.22.1.47:80
[Wed Mar 18 11:28:36.111983 2015] [proxy:error] [pid 7568:tid 1780] [client 201.245.192.253:27199] AH00898: Error reading from remote server returned by /forest/skins/gdocs-jar/js/tareas.js
[Wed Mar 18 11:30:41.177403 2015] [proxy_http:error] [pid 7568:tid 1604] (20014)Internal error: [client 201.245.192.253:28350] AH01102: error reading status line from remote server 172.22.1.47:80, referer: http://190.27.245.106/forest/usutareas.do?group_system_actual=3&a=0.5055975052528083
[Wed Mar 18 11:30:41.177403 2015] [proxy:error] [pid 7568:tid 1604] [client 201.245.192.253:28350] AH00898: Error reading from remote server returned by /forest/usutareas.do, referer: http://190.27.245.106/forest/usutareas.do?group_system_actual=3&a=0.5055975052528083
[Wed Mar 18 11:32:57.521642 2015] [proxy_http:error] [pid 7568:tid 1556] (20014)Internal error: [client 201.245.192.253:29225] AH01102: error reading status line from remote server 172.22.1.47:80, referer: http://190.27.245.106/forest/index2.jsp?_a=0.2227656874521744
[Wed Mar 18 11:33:49.672534 2015] [proxy_http:error] [pid 7568:tid 720] (20014)Internal error: [client 201.245.192.253:29740] AH01102: error reading status line from remote server 172.22.1.47:80, referer: http://190.27.245.106/forest/usutareas.do?codTraEsc=17492811
[Wed Mar 18 11:34:46.441033 2015] [proxy_http:error] [pid 7568:tid 1132] (20014)Internal error: [client 201.245.192.253:30150] AH01102: error reading status line from remote server 172.22.1.47:80, referer: http://190.27.245.106/forest/index2.jsp?_a=0.737028245581314
[Wed Mar 18 11:43:39.556370 2015] [proxy_http:error] [pid 7568:tid 712] (20014)Internal error: [client 201.245.192.253:33658] AH01102: error reading status line from remote server 172.22.1.47:80
[Wed Mar 18 11:43:39.556370 2015] [proxy:error] [pid 7568:tid 712] [client 201.245.192.253:33658] AH00898: Error reading from remote server returned by /forest/skins/gdocs-jar/img/veranexos.gif
[Wed Mar 18 11:43:40.008770 2015] [proxy_http:error] [pid 7568:tid 1132] (20014)Internal error: [client 201.245.192.253:33661] AH01102: error reading status line from remote server 172.22.1.47:80
[Wed Mar 18 11:43:40.008770 2015] [proxy:error] [pid 7568:tid 1132] [client 201.245.192.253:33661] AH00898: Error reading from remote server returned by /forest/skins/gdocs-jar/img/icon_document_completed.gif
[Wed Mar 18 11:44:35.903669 2015] [proxy_http:error] [pid 7568:tid 1828] (20014)Internal error: [client 201.245.192.253:33878] AH01102: error reading status line from remote server 172.22.1.47:80, referer: http://190.27.245.106/forest/usutareas.do?group_system_actual=3&a=0.26595624978654087
[Wed Mar 18 11:49:41.617406 2015] [proxy_http:error] [pid 7568:tid 1828] (20014)Internal error: [client 181.243.220.155:52901] AH01102: error reading status line from remote server 172.22.1.47:80, referer: http://190.27.245.106/forest/usutareas.do?group_system_actual=3&a=0.6314592047128826
[Wed Mar 18 12:05:00.381019 2015] [proxy_http:error] [pid 7568:tid 1156] (20014)Internal error: [client 201.245.192.253:29071] AH01102: error reading status line from remote server 172.22.1.47:80
[Wed Mar 18 12:05:00.381019 2015] [proxy:error] [pid 7568:tid 1156] [client 201.245.192.253:29071] AH00898: Error reading from remote server returned by /forest/1ibre/jscalendar/img.gif
[Wed Mar 18 12:07:23.901271 2015] [proxy_http:error] [pid 7568:tid 1460] (OS 10054)An existing connection was forcibly closed by the remote host.  : [client 201.245.192.253:29799] AH01102: error reading status line from remote server 172.22.1.31:80, referer: http://190.27.245.106/isolucionsda/Administracion/SalaEdicion/Articulo.asp
[Wed Mar 18 12:07:23.901271 2015] [proxy:error] [pid 7568:tid 1460] [client 201.245.192.253:29799] AH00898: Error reading from remote server returned by /isolucionsda/javascript/ClickValidation.js, referer: http://190.27.245.106/isolucionsda/Administracion/SalaEdicion/Articulo.asp
[Wed Mar 18 12:13:27.818711 2015] [proxy_http:error] [pid 7568:tid 1804] (OS 10054)An existing connection was forcibly closed by the remote host.  : [client 201.245.192.253:31470] AH01102: error reading status line from remote server 172.22.1.31:80, referer: http://190.27.245.106/isolucionsda/Administracion/SalaEdicion/Articulo.asp?Id_Articulo=8288
[Wed Mar 18 12:13:27.818711 2015] [proxy:error] [pid 7568:tid 1804] [client 201.245.192.253:31470] AH00898: Error reading from remote server returned by /isolucionsda/Administracion/SalaEdicion/g/GifTransparente.gif, referer: http://190.27.245.106/isolucionsda/Administracion/SalaEdicion/Articulo.asp?Id_Articulo=8288
[Wed Mar 18 12:23:12.976738 2015] [proxy_http:error] [pid 7568:tid 1844] (20014)Internal error: [client 201.245.192.253:34344] AH01102: error reading status line from remote server 172.22.1.47:80, referer: http://190.27.245.106/forest/usutareas.do?_a=0.7897194154285303&group_system_actual=3
[Wed Mar 18 12:23:13.663140 2015] [proxy_http:error] [pid 7568:tid 1844] (20014)Internal error: [client 201.245.192.253:34353] AH01102: error reading status line from remote server 172.22.1.47:80
[Wed Mar 18 12:23:13.663140 2015] [proxy:error] [pid 7568:tid 1844] [client 201.245.192.253:34353] AH00898: Error reading from remote server returned by /forest/skins/gdocs-jar/js/autocompletar2.js
[Wed Mar 18 12:24:30.633675 2015] [proxy_http:error] [pid 7568:tid 888] (20014)Internal error: [client 201.245.192.253:34742] AH01102: error reading status line from remote server 172.22.1.47:80
[Wed Mar 18 12:24:30.633675 2015] [proxy:error] [pid 7568:tid 888] [client 201.245.192.253:34742] AH00898: Error reading from remote server returned by /forest/img/users/7.gif
[Wed Mar 18 12:24:30.633675 2015] [proxy_http:error] [pid 7568:tid 1588] (20014)Internal error: [client 201.245.192.253:34743] AH01102: error reading status line from remote server 172.22.1.47:80
[Wed Mar 18 12:24:30.633675 2015] [proxy:error] [pid 7568:tid 1588] [client 201.245.192.253:34743] AH00898: Error reading from remote server returned by /forest/img/download_large.gif
[Wed Mar 18 12:24:35.547683 2015] [proxy_http:error] [pid 7568:tid 1008] (20014)Internal error: [client 201.245.192.253:34794] AH01102: error reading status line from remote server 172.22.1.47:80, referer: http://190.27.245.106/forest/usutareas.do?group_system_actual=3&codTraEsc=17723085&_a=0.022228500142561614
[Wed Mar 18 12:24:35.547683 2015] [proxy:error] [pid 7568:tid 1008] [client 201.245.192.253:34794] AH00898: Error reading from remote server returned by /forest/skins/gdocs-jar/img/desasociarUser.gif, referer: http://190.27.245.106/forest/usutareas.do?group_system_actual=3&codTraEsc=17723085&_a=0.022228500142561614
[Wed Mar 18 12:24:35.547683 2015] [proxy_http:error] [pid 7568:tid 1444] (20014)Internal error: [client 201.245.192.253:34795] AH01102: error reading status line from remote server 172.22.1.47:80, referer: http://190.27.245.106/forest/usutareas.do?group_system_actual=3&codTraEsc=17723085&_a=0.022228500142561614
[Wed Mar 18 12:24:35.547683 2015] [proxy:error] [pid 7568:tid 1444] [client 201.245.192.253:34795] AH00898: Error reading from remote server returned by /forest/skins/gdocs-jar/img/plus.gif, referer: http://190.27.245.106/forest/usutareas.do?group_system_actual=3&codTraEsc=17723085&_a=0.022228500142561614
[Wed Mar 18 12:32:59.366168 2015] [proxy_http:error] [pid 7568:tid 1828] (20014)Internal error: [client 201.245.192.253:24970] AH01102: error reading status line from remote server 172.22.1.47:80
[Wed Mar 18 12:32:59.366168 2015] [proxy:error] [pid 7568:tid 1828] [client 201.245.192.253:24970] AH00898: Error reading from remote server returned by /forest/skins/gdocs-jar/img/clip.gif
[Wed Mar 18 13:43:09.440163 2015] [proxy_http:error] [pid 7568:tid 1604] (OS 10054)An existing connection was forcibly closed by the remote host.  : [client 201.245.192.253:24479] AH01102: error reading status line from remote server 172.22.1.31:80, referer: http://190.27.245.106/isolucionsda/FrameSetGeneral.asp?Pagina1=FrameSetGeneral.asp&
[Wed Mar 18 13:43:09.471363 2015] [proxy_http:error] [pid 7568:tid 1804] (OS 10054)An existing connection was forcibly closed by the remote host.  : [client 201.245.192.253:24481] AH01102: error reading status line from remote server 172.22.1.31:80, referer: http://190.27.245.106/isolucionsda/Encabezado.asp?Pagina1=FrameSetGeneral.asp&&Pagina=MagazinHome.asp
[Wed Mar 18 13:43:09.471363 2015] [proxy:error] [pid 7568:tid 1804] [client 201.245.192.253:24481] AH00898: Error reading from remote server returned by /isolucionsda/Session.asp, referer: http://190.27.245.106/isolucionsda/Encabezado.asp?Pagina1=FrameSetGeneral.asp&&Pagina=MagazinHome.asp
[Wed Mar 18 13:43:14.244971 2015] [proxy_http:error] [pid 7568:tid 1604] (20014)Internal error: [client 201.245.192.253:24562] AH01102: error reading status line from remote server 172.22.1.47:80
[Wed Mar 18 13:43:14.244971 2015] [proxy:error] [pid 7568:tid 1604] [client 201.245.192.253:24562] AH00898: Error reading from remote server returned by /forest/img/buscar_documentos.gif
[Wed Mar 18 13:44:36.940717 2015] [proxy_http:error] [pid 7568:tid 1828] (20014)Internal error: [client 201.245.192.253:25017] AH01102: error reading status line from remote server 172.22.1.47:80, referer: http://190.27.245.106/forest/index2.jsp?_a=0.004872323712334037
[Wed Mar 18 13:44:37.081117 2015] [proxy_http:error] [pid 7568:tid 1828] (20014)Internal error: [client 201.245.192.253:25020] AH01102: error reading status line from remote server 172.22.1.47:80, referer: http://190.27.245.106/forest/index2.jsp?_a=0.004872323712334037
[Wed Mar 18 13:44:37.081117 2015] [proxy:error] [pid 7568:tid 1828] [client 201.245.192.253:25020] AH00898: Error reading from remote server returned by /forest/actions/forms.getList, referer: http://190.27.245.106/forest/index2.jsp?_a=0.004872323712334037
[Wed Mar 18 13:44:37.081117 2015] [negotiation:error] [pid 7568:tid 1828] [client 201.245.192.253:25020] AH00690: no acceptable variant: E:/nuevo/apache/error/HTTP_BAD_GATEWAY.html.var, referer: http://190.27.245.106/forest/index2.jsp?_a=0.004872323712334037
[Wed Mar 18 13:44:53.663946 2015] [proxy_http:error] [pid 7568:tid 1652] (20014)Internal error: [client 201.245.192.253:25122] AH01102: error reading status line from remote server 172.22.1.47:80
[Wed Mar 18 13:44:53.663946 2015] [proxy:error] [pid 7568:tid 1652] [client 201.245.192.253:25122] AH00898: Error reading from remote server returned by /forest/skins/gdocs-jar/img/prev.gif
[Wed Mar 18 13:47:37.433034 2015] [proxy_http:error] [pid 7568:tid 1604] (20014)Internal error: [client 201.245.192.253:26096] AH01102: error reading status line from remote server 172.22.1.47:80, referer: http://190.27.245.106/forest/usutareas.do?group_system_actual=3&a=0.22786367451772094
[Wed Mar 18 13:49:57.911280 2015] [proxy_http:error] [pid 7568:tid 1252] (OS 10054)An existing connection was forcibly closed by the remote host.  : [client 201.245.192.253:26970] AH01102: error reading status line from remote server 172.22.1.31:80, referer: http://190.27.245.106/isolucionsda/FrameSetGeneral.asp?Pagina1=FrameSetGeneral.asp&
[Wed Mar 18 13:49:57.911280 2015] [proxy:error] [pid 7568:tid 1252] [client 201.245.192.253:26970] AH00898: Error reading from remote server returned by /isolucionsda/BarraTitulos.asp, referer: http://190.27.245.106/isolucionsda/FrameSetGeneral.asp?Pagina1=FrameSetGeneral.asp&
[Wed Mar 18 13:49:57.911280 2015] [proxy_http:error] [pid 7568:tid 840] (OS 10054)An existing connection was forcibly closed by the remote host.  : [client 201.245.192.253:26971] AH01102: error reading status line from remote server 172.22.1.31:80, referer: http://190.27.245.106/isolucionsda/FrameSetGeneral.asp?Pagina1=FrameSetGeneral.asp&
[Wed Mar 18 13:49:57.911280 2015] [proxy:error] [pid 7568:tid 840] [client 201.245.192.253:26971] AH00898: Error reading from remote server returned by /isolucionsda/MagazinHome.asp, referer: http://190.27.245.106/isolucionsda/FrameSetGeneral.asp?Pagina1=FrameSetGeneral.asp&
[Wed Mar 18 13:51:37.923056 2015] [proxy_http:error] [pid 7568:tid 1844] (20014)Internal error: [client 201.245.192.253:27550] AH01102: error reading status line from remote server 172.22.1.47:80, referer: http://190.27.245.106/forest/usutareas.do?group_system_actual=3&codTraEsc=17733714&_a=0.08337757156008263
[Wed Mar 18 13:51:37.923056 2015] [proxy:error] [pid 7568:tid 1844] [client 201.245.192.253:27550] AH00898: Error reading from remote server returned by /forest/session.jsp, referer: http://190.27.245.106/forest/usutareas.do?group_system_actual=3&codTraEsc=17733714&_a=0.08337757156008263
[Wed Mar 18 13:51:37.923056 2015] [negotiation:error] [pid 7568:tid 1844] [client 201.245.192.253:27550] AH00690: no acceptable variant: E:/nuevo/apache/error/HTTP_BAD_GATEWAY.html.var, referer: http://190.27.245.106/forest/usutareas.do?group_system_actual=3&codTraEsc=17733714&_a=0.08337757156008263
[Wed Mar 18 13:52:41.446368 2015] [proxy_http:error] [pid 7568:tid 1844] (20014)Internal error: [client 201.245.192.253:27797] AH01102: error reading status line from remote server 172.22.1.47:80, referer: http://190.27.245.106/forest/usutareas.do?_a=0.017820859095081687&group_system_actual=3
[Wed Mar 18 13:53:02.537605 2015] [proxy_http:error] [pid 7568:tid 1612] (20014)Internal error: [client 201.245.192.253:27949] AH01102: error reading status line from remote server 172.22.1.47:80, referer: http://190.27.245.106/forest/skins/gdocs-jar/popup/showformtocrudtwo.jsp?codForm=solicitar_correccion&numPro=3042052&codInst=3081215&codTraEsc=17740640&schema=&table=&column=
[Wed Mar 18 13:56:33.949176 2015] [proxy_http:error] [pid 7568:tid 1788] (OS 10054)An existing connection was forcibly closed by the remote host.  : [client 201.245.192.253:29378] AH01102: error reading status line from remote server 172.22.1.31:80, referer: http://190.27.245.106/isolucionsda/FrameSetGeneral.asp?Pagina=Menu.asp&IdModulo=7
[Wed Mar 18 13:56:33.949176 2015] [proxy:error] [pid 7568:tid 1788] [client 201.245.192.253:29378] AH00898: Error reading from remote server returned by /isolucionsda/BarraFavoritos.asp, referer: http://190.27.245.106/isolucionsda/FrameSetGeneral.asp?Pagina=Menu.asp&IdModulo=7
[Wed Mar 18 13:59:05.690643 2015] [proxy_http:error] [pid 7568:tid 1116] (20014)Internal error: [client 201.245.192.253:30690] AH01102: error reading status line from remote server 172.22.1.47:80
[Wed Mar 18 13:59:05.690643 2015] [proxy:error] [pid 7568:tid 1116] [client 201.245.192.253:30690] AH00898: Error reading from remote server returned by /forest/css/dialog.css
[Wed Mar 18 14:01:23.922485 2015] [proxy_http:error] [pid 7568:tid 928] (20014)Internal error: [client 201.245.192.253:31588] AH01102: error reading status line from remote server 172.22.1.47:80, referer: http://190.27.245.106/forest/index2.jsp?_a=0.630402690730989
[Wed Mar 18 14:01:31.862899 2015] [proxy_http:error] [pid 7568:tid 1404] (20014)Internal error: [client 201.245.192.253:31574] AH01102: error reading status line from remote server 172.22.1.47:80, referer: http://190.27.245.106/forest/index2.jsp?_a=0.630402690730989
[Wed Mar 18 14:01:56.916543 2015] [proxy_http:error] [pid 7568:tid 816] (20014)Internal error: [client 201.245.192.253:31838] AH01102: error reading status line from remote server 172.22.1.47:80
[Wed Mar 18 14:01:56.916543 2015] [proxy:error] [pid 7568:tid 816] [client 201.245.192.253:31838] AH00898: Error reading from remote server returned by /forest/skins/gdocs-jar/js/graphicForm.js
[Wed Mar 18 14:01:58.133345 2015] [proxy_http:error] [pid 7568:tid 1636] (20014)Internal error: [client 201.245.192.253:31839] AH01102: error reading status line from remote server 172.22.1.47:80, referer: http://190.27.245.106/forest/usutareas.do?group_system_actual=3&codTraEsc=17740811
[Wed Mar 18 14:02:00.660550 2015] [proxy_http:error] [pid 7568:tid 1636] (20014)Internal error: [client 201.245.192.253:31871] AH01102: error reading status line from remote server 172.22.1.47:80, referer: http://190.27.245.106/forest/buscar.do?
[Wed Mar 18 14:02:00.894550 2015] [proxy_http:error] [pid 7568:tid 1156] (20014)Internal error: [client 201.245.192.253:31885] AH01102: error reading status line from remote server 172.22.1.47:80
[Wed Mar 18 14:02:00.894550 2015] [proxy:error] [pid 7568:tid 1156] [client 201.245.192.253:31885] AH00898: Error reading from remote server returned by /forest/js/xml_utilities.js
[Wed Mar 18 14:02:39.333018 2015] [proxy_http:error] [pid 7568:tid 1780] (20014)Internal error: [client 201.245.192.253:32174] AH01102: error reading status line from remote server 172.22.1.47:80
[Wed Mar 18 14:02:39.333018 2015] [proxy:error] [pid 7568:tid 1780] [client 201.245.192.253:32174] AH00898: Error reading from remote server returned by /forest/skins/gdocs-jar/img/vertodossubprocesos.gif
[Wed Mar 18 14:02:39.411018 2015] [proxy_http:error] [pid 7568:tid 728] (20014)Internal error: [client 201.245.192.253:32176] AH01102: error reading status line from remote server 172.22.1.47:80, referer: http://190.27.245.106/forest/usutareas.do?_a=0.8705148542733078&group_system_actual=3
[Wed Mar 18 14:02:39.411018 2015] [proxy:error] [pid 7568:tid 728] [client 201.245.192.253:32176] AH00898: Error reading from remote server returned by /forest/session.jsp, referer: http://190.27.245.106/forest/usutareas.do?_a=0.8705148542733078&group_system_actual=3
[Wed Mar 18 14:02:39.411018 2015] [negotiation:error] [pid 7568:tid 728] [client 201.245.192.253:32176] AH00690: no acceptable variant: E:/nuevo/apache/error/HTTP_BAD_GATEWAY.html.var, referer: http://190.27.245.106/forest/usutareas.do?_a=0.8705148542733078&group_system_actual=3
[Wed Mar 18 14:02:41.673022 2015] [proxy_http:error] [pid 7568:tid 832] (20014)Internal error: [client 201.245.192.253:32201] AH01102: error reading status line from remote server 172.22.1.47:80
[Wed Mar 18 14:02:41.673022 2015] [proxy:error] [pid 7568:tid 832] [client 201.245.192.253:32201] AH00898: Error reading from remote server returned by /forest/skins/gdocs-jar/js/misprocesos.js
[Wed Mar 18 14:03:12.373876 2015] [proxy_http:error] [pid 7568:tid 1852] (20014)Internal error: [client 201.245.192.253:32397] AH01102: error reading status line from remote server 172.22.1.47:80
[Wed Mar 18 14:03:12.373876 2015] [proxy:error] [pid 7568:tid 1852] [client 201.245.192.253:32397] AH00898: Error reading from remote server returned by /forest/skins/gdocs-jar/js/swfobject.js
[Wed Mar 18 14:03:15.369081 2015] [proxy_http:error] [pid 7568:tid 1356] (20014)Internal error: [client 201.245.192.253:32400] AH01102: error reading status line from remote server 172.22.1.47:80, referer: http://190.27.245.106/forest/usutareas.do?_a=0.7960615750454367&group_system_actual=3
[Wed Mar 18 14:03:18.052286 2015] [proxy_http:error] [pid 7568:tid 1708] (20014)Internal error: [client 201.245.192.253:32449] AH01102: error reading status line from remote server 172.22.1.47:80, referer: http://190.27.245.106/forest/usutareas.do?group_system_actual=3&a=0.599682150175795
[Wed Mar 18 14:03:29.424706 2015] [proxy_http:error] [pid 7568:tid 1852] (20014)Internal error: [client 201.245.192.253:32597] AH01102: error reading status line from remote server 172.22.1.47:80, referer: http://190.27.245.106/forest/misactividades.do?_a=0.14477983494514757&group_system_actual=3
[Wed Mar 18 14:03:29.424706 2015] [proxy:error] [pid 7568:tid 1852] [client 201.245.192.253:32597] AH00898: Error reading from remote server returned by /forest/misactividades.do, referer: http://190.27.245.106/forest/misactividades.do?_a=0.14477983494514757&group_system_actual=3
[Wed Mar 18 14:05:32.774122 2015] [proxy_http:error] [pid 7568:tid 1156] (20014)Internal error: [client 201.245.192.253:33398] AH01102: error reading status line from remote server 172.22.1.47:80, referer: http://190.27.245.106/forest/misactividades.do?_a=0.6696025144774467&group_system_actual=3
[Wed Mar 18 14:06:37.966637 2015] [proxy_http:error] [pid 7568:tid 1228] (20014)Internal error: [client 201.245.192.253:33815] AH01102: error reading status line from remote server 172.22.1.47:80
[Wed Mar 18 14:06:37.966637 2015] [proxy:error] [pid 7568:tid 1228] [client 201.245.192.253:33815] AH00898: Error reading from remote server returned by /forest/js/load_func.js
[Wed Mar 18 14:10:28.909443 2015] [proxy_http:error] [pid 7568:tid 840] (20014)Internal error: [client 201.245.192.253:22794] AH01102: error reading status line from remote server 172.22.1.47:80, referer: http://190.27.245.106/forest/misactividades.do?group_system_actual=3&todas=1&codPro=0&_a=0.7833636356108419
[Wed Mar 18 14:10:28.909443 2015] [proxy:error] [pid 7568:tid 840] [client 201.245.192.253:22794] AH00898: Error reading from remote server returned by /forest/suactividades.do, referer: http://190.27.245.106/forest/misactividades.do?group_system_actual=3&todas=1&codPro=0&_a=0.7833636356108419
[Wed Mar 18 14:11:46.770179 2015] [proxy_http:error] [pid 7568:tid 1852] (OS 10054)An existing connection was forcibly closed by the remote host.  : [client 201.245.192.253:23273] AH01102: error reading status line from remote server 172.22.1.31:80, referer: http://www.ambientebogota.gov.co/web/intranet/aplicaciones-para-acceder-fuera-de-la-sda
[Wed Mar 18 14:11:46.770179 2015] [proxy:error] [pid 7568:tid 1852] [client 201.245.192.253:23273] AH00898: Error reading from remote server returned by /isolucionsda/, referer: http://www.ambientebogota.gov.co/web/intranet/aplicaciones-para-acceder-fuera-de-la-sda
[Wed Mar 18 14:12:04.070610 2015] [proxy_http:error] [pid 7568:tid 1132] (OS 10054)An existing connection was forcibly closed by the remote host.  : [client 201.245.192.253:23365] AH01102: error reading status line from remote server 172.22.1.31:80, referer: http://190.27.245.106/isolucionsda/FrameSetGeneral.asp?Pagina=Menu.asp&IdModulo=7
[Wed Mar 18 14:12:04.070610 2015] [proxy:error] [pid 7568:tid 1132] [client 201.245.192.253:23365] AH00898: Error reading from remote server returned by /isolucionsda/Menu.asp, referer: http://190.27.245.106/isolucionsda/FrameSetGeneral.asp?Pagina=Menu.asp&IdModulo=7
[Wed Mar 18 14:12:06.473014 2015] [proxy_http:error] [pid 7568:tid 1132] (OS 10054)An existing connection was forcibly closed by the remote host.  : [client 201.245.192.253:23365] AH01102: error reading status line from remote server 172.22.1.31:80, referer: http://190.27.245.106/isolucionsda/FrameSetGeneral.asp?Pagina=Menu.asp&IdModulo=7
[Wed Mar 18 14:12:32.587460 2015] [proxy_http:error] [pid 7568:tid 1708] (20014)Internal error: [client 201.245.192.253:23612] AH01102: error reading status line from remote server 172.22.1.47:80, referer: http://190.27.245.106/forest/usutareas.do?group_system_actual=3&codAct=2131&numPro=3026079&codPro=176&fecTra=2015-03-05%2020:18:37.0&codInst=3064259&codTraEsc=17650643
[Wed Mar 18 14:12:53.819097 2015] [proxy_http:error] [pid 7568:tid 1404] (20014)Internal error: [client 168.176.79.5:27067] AH01102: error reading status line from remote server 172.22.1.47:80, referer: http://190.27.245.106/forest/login.do
[Wed Mar 18 14:12:53.819097 2015] [proxy_http:error] [pid 7568:tid 816] (20014)Internal error: [client 168.176.79.5:25379] AH01102: error reading status line from remote server 172.22.1.47:80, referer: http://190.27.245.106/forest/login.do
[Wed Mar 18 14:13:05.160317 2015] [proxy_http:error] [pid 7568:tid 824] (20014)Internal error: [client 168.176.79.5:28824] AH01102: error reading status line from remote server 172.22.1.47:80, referer: http://190.27.245.106/forest/usutareas.do?group_system_actual=3&codTraEsc=17718392&_a=0.9302846869324857
[Wed Mar 18 14:13:28.170358 2015] [proxy_http:error] [pid 7568:tid 1820] (20014)Internal error: [client 201.245.192.253:23998] AH01102: error reading status line from remote server 172.22.1.47:80, referer: http://190.27.245.106/forest/misactividades.do?_a=0.6696025144774467&group_system_actual=3
[Wed Mar 18 14:14:58.432116 2015] [proxy_http:error] [pid 7568:tid 768] (20014)Internal error: [client 200.119.38.242:13709] AH01102: error reading status line from remote server 172.22.1.47:80, referer: http://190.27.245.106/forest/system/process.jsp?numPro=3007738
[Wed Mar 18 14:15:13.236542 2015] [proxy_http:error] [pid 7568:tid 1788] (20014)Internal error: [client 201.245.192.253:24935] AH01102: error reading status line from remote server 172.22.1.47:80
[Wed Mar 18 14:15:13.236542 2015] [proxy:error] [pid 7568:tid 1788] [client 201.245.192.253:24935] AH00898: Error reading from remote server returned by /forestReports/webcontent/birt/ajax/ui/dialog/AbstractParameterDialog.js
[Wed Mar 18 14:15:27.120566 2015] [proxy_http:error] [pid 7568:tid 1852] (20014)Internal error: [client 201.245.192.253:24736] AH01102: error reading status line from remote server 172.22.1.47:80, referer: http://190.27.245.106/forest/usutareas.do?group_system_actual=3&a=0.5895482848864049
[Wed Mar 18 14:16:37.211490 2015] [proxy_http:error] [pid 7568:tid 1660] (20014)Internal error: [client 201.245.192.253:25462] AH01102: error reading status line from remote server 172.22.1.47:80, referer: http://190.27.245.106/forest/misactividades.do?_a=0.18786033380493872&group_system_actual=3
[Wed Mar 18 14:16:47.476308 2015] [proxy_http:error] [pid 7568:tid 1404] (20014)Internal error: [client 201.245.192.253:25527] AH01102: error reading status line from remote server 172.22.1.47:80, referer: http://190.27.245.106/forest/usutareas.do?group_system_actual=3&codAct=2131&numPro=3026165&codPro=176&fecTra=2015-03-05%2020:31:36.0&codInst=3064350&codTraEsc=17650751
[Wed Mar 18 14:16:47.476308 2015] [proxy:error] [pid 7568:tid 1404] [client 201.245.192.253:25527] AH00898: Error reading from remote server returned by /forest/session.jsp, referer: http://190.27.245.106/forest/usutareas.do?group_system_actual=3&codAct=2131&numPro=3026165&codPro=176&fecTra=2015-03-05%2020:31:36.0&codInst=3064350&codTraEsc=17650751
[Wed Mar 18 14:16:47.476308 2015] [negotiation:error] [pid 7568:tid 1404] [client 201.245.192.253:25527] AH00690: no acceptable variant: E:/nuevo/apache/error/HTTP_BAD_GATEWAY.html.var, referer: http://190.27.245.106/forest/usutareas.do?group_system_actual=3&codAct=2131&numPro=3026165&codPro=176&fecTra=2015-03-05%2020:31:36.0&codInst=3064350&codTraEsc=17650751
[Wed Mar 18 14:21:04.237159 2015] [proxy_http:error] [pid 7568:tid 832] (20014)Internal error: [client 201.245.192.253:27292] AH01102: error reading status line from remote server 172.22.1.47:80
[Wed Mar 18 14:21:04.237159 2015] [proxy:error] [pid 7568:tid 832] [client 201.245.192.253:27292] AH00898: Error reading from remote server returned by /forest/css/escritorio.css
[Wed Mar 18 14:21:59.570456 2015] [proxy_http:error] [pid 7568:tid 1636] (OS 10054)An existing connection was forcibly closed by the remote host.  : [client 201.245.192.253:27690] AH01102: error reading status line from remote server 172.22.1.31:80, referer: http://190.27.245.106/isolucionsda/FrameSetGeneral.asp?Pagina=Menu.asp&IdModulo=4
[Wed Mar 18 14:21:59.570456 2015] [proxy:error] [pid 7568:tid 1636] [client 201.245.192.253:27690] AH00898: Error reading from remote server returned by /isolucionsda/BarraFavoritos.asp, referer: http://190.27.245.106/isolucionsda/FrameSetGeneral.asp?Pagina=Menu.asp&IdModulo=4
[Wed Mar 18 14:22:16.231285 2015] [proxy_http:error] [pid 7568:tid 1156] (20014)Internal error: [client 201.245.192.253:27786] AH01102: error reading status line from remote server 172.22.1.47:80
[Wed Mar 18 14:22:16.231285 2015] [proxy:error] [pid 7568:tid 1156] [client 201.245.192.253:27786] AH00898: Error reading from remote server returned by /forest/1ibre/1ibre.js
[Wed Mar 18 14:23:25.932207 2015] [proxy_http:error] [pid 7568:tid 920] (20014)Internal error: [client 201.245.192.253:28249] AH01102: error reading status line from remote server 172.22.1.47:80, referer: http://190.27.245.106/forest/usutareas.do?_a=0.9219554024748504&group_system_actual=3
[Wed Mar 18 14:23:25.932207 2015] [proxy:error] [pid 7568:tid 920] [client 201.245.192.253:28249] AH00898: Error reading from remote server returned by /forest/actions/forms.getList, referer: http://190.27.245.106/forest/usutareas.do?_a=0.9219554024748504&group_system_actual=3
