!C99Shell v. 1.0 pre-release build #13!

Software: Apache. PHP/5.5.15 

uname -a: Windows NT SVR-DMZ 6.1 build 7600 (Windows Server 2008 R2 Enterprise Edition) i586 

SYSTEM 

Safe-mode: OFF (not secure)

E:\nuevo\apache\logs\   drwxrwxrwx
Free 9.41 GB of 239.26 GB (3.93%)
Detected drives: [ a ] [ c ] [ d ] [ e ] [ f ]
Home    Back    Forward    UPDIR    Refresh    Search    Buffer    Encoder    Tools    Proc.    FTP brute    Sec.    SQL    PHP-code    Update    Feedback    Self remove    Logout    


Viewing file:     error.2015.03.20.log (93.58 KB)      -rw-rw-rw-
Select action/file-type:
(+) | (+) | (+) | Code (+) | Session (+) | (+) | SDB (+) | (+) | (+) | (+) | (+) | (+) |
[Fri Mar 20 00:02:09.807952 2015] [mpm_winnt:warn] [pid 7568:tid 2668] (OS 64)The specified network name is no longer available.  : AH00341: winnt_accept: Asynchronous AcceptEx failed.
[Fri Mar 20 00:46:41.375045 2015] [:error] [pid 7568:tid 1076] [client 94.102.53.195:37205] script 'E:/nuevo/htdocs/bins.php' not found or unable to stat
[Fri Mar 20 02:35:04.310867 2015] [access_compat:error] [pid 7568:tid 1076] [client 193.171.252.193:55603] AH01797: client denied by server configuration: E:/nuevo/phpMyAdmin/index.php
[Fri Mar 20 02:35:04.513667 2015] [access_compat:error] [pid 7568:tid 1076] [client 193.171.252.193:55603] AH01797: client denied by server configuration: E:/nuevo/phpMyAdmin/index.php, referer: http://190.27.245.106/phpmyadmin/index.php\r
[Fri Mar 20 04:38:54.045316 2015] [access_compat:error] [pid 7568:tid 784] [client 23.95.12.210:49877] AH01797: client denied by server configuration: E:/nuevo/htdocs/phpMyAdmin
[Fri Mar 20 04:38:54.248117 2015] [access_compat:error] [pid 7568:tid 1220] [client 23.95.12.210:49974] AH01797: client denied by server configuration: E:/nuevo/phpMyAdmin/scripts
[Fri Mar 20 04:57:03.535630 2015] [mpm_winnt:warn] [pid 7568:tid 2668] (OS 64)The specified network name is no longer available.  : AH00341: winnt_accept: Asynchronous AcceptEx failed.
[Fri Mar 20 05:03:50.914746 2015] [mpm_winnt:warn] [pid 7568:tid 2668] (OS 64)The specified network name is no longer available.  : AH00341: winnt_accept: Asynchronous AcceptEx failed.
[Fri Mar 20 05:31:34.393467 2015] [proxy_http:error] [pid 7568:tid 1220] (OS 10054)An existing connection was forcibly closed by the remote host.  : [client 201.245.192.253:22596] AH01102: error reading status line from remote server 172.22.1.31:80, referer: http://190.27.245.106/isolucionsda/FrameSetGeneral.asp?Pagina1=FrameSetGeneral.asp&
[Fri Mar 20 05:31:34.393467 2015] [proxy:error] [pid 7568:tid 1220] [client 201.245.192.253:22596] AH00898: Error reading from remote server returned by /isolucionsda/MagazinHome.asp, referer: http://190.27.245.106/isolucionsda/FrameSetGeneral.asp?Pagina1=FrameSetGeneral.asp&
[Fri Mar 20 06:05:30.321843 2015] [proxy_http:error] [pid 7568:tid 1076] (OS 10054)An existing connection was forcibly closed by the remote host.  : [client 201.216.19.34:63212] AH01102: error reading status line from remote server 172.22.1.31:80, referer: http://190.27.245.106/isolucionsda/FrameSetGeneral.asp?Pagina1=FrameSetGeneral.asp&
[Fri Mar 20 06:05:30.321843 2015] [proxy:error] [pid 7568:tid 1076] [client 201.216.19.34:63212] AH00898: Error reading from remote server returned by /isolucionsda/MagazinHome.asp, referer: http://190.27.245.106/isolucionsda/FrameSetGeneral.asp?Pagina1=FrameSetGeneral.asp&
[Fri Mar 20 06:11:32.398479 2015] [mpm_winnt:warn] [pid 7568:tid 2668] (OS 64)The specified network name is no longer available.  : AH00341: winnt_accept: Asynchronous AcceptEx failed.
[Fri Mar 20 06:16:07.707763 2015] [mpm_winnt:warn] [pid 7568:tid 2668] (OS 64)The specified network name is no longer available.  : AH00341: winnt_accept: Asynchronous AcceptEx failed.
[Fri Mar 20 06:37:43.119438 2015] [mpm_winnt:warn] [pid 7568:tid 2668] (OS 64)The specified network name is no longer available.  : AH00341: winnt_accept: Asynchronous AcceptEx failed.
[Fri Mar 20 08:05:55.134333 2015] [proxy_http:error] [pid 7568:tid 928] (OS 10054)An existing connection was forcibly closed by the remote host.  : [client 201.245.192.253:34299] AH01102: error reading status line from remote server 172.22.1.31:80, referer: http://190.27.245.106/isolucionsda/FrameSetGeneral.asp?Pagina1=FrameSetGeneral.asp&
[Fri Mar 20 08:05:55.134333 2015] [proxy:error] [pid 7568:tid 928] [client 201.245.192.253:34299] AH00898: Error reading from remote server returned by /isolucionsda/BarraTitulos.asp, referer: http://190.27.245.106/isolucionsda/FrameSetGeneral.asp?Pagina1=FrameSetGeneral.asp&
[Fri Mar 20 08:13:48.922765 2015] [proxy_http:error] [pid 7568:tid 1356] (OS 10054)An existing connection was forcibly closed by the remote host.  : [client 201.245.192.253:23022] AH01102: error reading status line from remote server 172.22.1.31:80, referer: http://190.27.245.106/isolucionsda/FrameSetGeneral.asp?Pagina1=FrameSetGeneral.asp&
[Fri Mar 20 08:13:48.922765 2015] [proxy:error] [pid 7568:tid 1356] [client 201.245.192.253:23022] AH00898: Error reading from remote server returned by /isolucionsda/BarraTitulos.asp, referer: http://190.27.245.106/isolucionsda/FrameSetGeneral.asp?Pagina1=FrameSetGeneral.asp&
[Fri Mar 20 08:35:15.441425 2015] [proxy_http:error] [pid 7568:tid 1076] (OS 10054)An existing connection was forcibly closed by the remote host.  : [client 201.245.192.253:27722] AH01102: error reading status line from remote server 172.22.1.31:80, referer: http://190.27.245.106/isolucionsda/FrameSetGeneral.asp?Pagina=Menu.asp&IdModulo=4
[Fri Mar 20 08:35:15.441425 2015] [proxy:error] [pid 7568:tid 1076] [client 201.245.192.253:27722] AH00898: Error reading from remote server returned by /isolucionsda/Menu.asp, referer: http://190.27.245.106/isolucionsda/FrameSetGeneral.asp?Pagina=Menu.asp&IdModulo=4
[Fri Mar 20 08:37:47.385692 2015] [proxy_http:error] [pid 7568:tid 1444] (OS 10054)An existing connection was forcibly closed by the remote host.  : [client 201.245.192.253:28375] AH01102: error reading status line from remote server 172.22.1.31:80, referer: http://190.27.245.106/isolucionsda/FrameSetGeneral.asp?Pagina1=FrameSetGeneral.asp&
[Fri Mar 20 08:37:47.385692 2015] [proxy:error] [pid 7568:tid 1444] [client 201.245.192.253:28375] AH00898: Error reading from remote server returned by /isolucionsda/BarraFavoritos.asp, referer: http://190.27.245.106/isolucionsda/FrameSetGeneral.asp?Pagina1=FrameSetGeneral.asp&
[Fri Mar 20 08:37:47.385692 2015] [proxy_http:error] [pid 7568:tid 1156] (OS 10054)An existing connection was forcibly closed by the remote host.  : [client 201.245.192.253:28374] AH01102: error reading status line from remote server 172.22.1.31:80, referer: http://190.27.245.106/isolucionsda/FrameSetGeneral.asp?Pagina1=FrameSetGeneral.asp&
[Fri Mar 20 08:37:47.385692 2015] [proxy:error] [pid 7568:tid 1156] [client 201.245.192.253:28374] AH00898: Error reading from remote server returned by /isolucionsda/BarraTitulos.asp, referer: http://190.27.245.106/isolucionsda/FrameSetGeneral.asp?Pagina1=FrameSetGeneral.asp&
[Fri Mar 20 09:16:54.941215 2015] [proxy_http:error] [pid 7568:tid 856] (OS 10054)An existing connection was forcibly closed by the remote host.  : [client 201.245.192.253:27562] AH01102: error reading status line from remote server 172.22.1.31:80, referer: http://www.ambientebogota.gov.co/web/intranet/aplicaciones-para-acceder-fuera-de-la-sda
[Fri Mar 20 09:21:25.804491 2015] [proxy_http:error] [pid 7568:tid 736] (20014)Internal error: [client 181.142.192.2:49250] AH01102: error reading status line from remote server 172.22.1.47:80, referer: http://190.27.245.106/forest/
[Fri Mar 20 09:54:59.799228 2015] [proxy_http:error] [pid 7568:tid 784] (20014)Internal error: [client 201.245.192.253:27330] AH01102: error reading status line from remote server 172.22.1.47:80
[Fri Mar 20 09:54:59.799228 2015] [proxy:error] [pid 7568:tid 784] [client 201.245.192.253:27330] AH00898: Error reading from remote server returned by /forest/js/internJS.js
[Fri Mar 20 09:58:37.093010 2015] [proxy_http:error] [pid 7568:tid 1428] (20014)Internal error: [client 201.245.192.253:28572] AH01102: error reading status line from remote server 172.22.1.47:80, referer: http://190.27.245.106/forest/buscar.do?
[Fri Mar 20 10:02:03.403372 2015] [:error] [pid 7568:tid 1252] [client 190.144.147.97:58518] script 'E:/nuevo/htdocs/BLA/normatividad.php' not found or unable to stat, referer: http://blog.estrategiaambiental.com/2012/01/02/resolucion-6981-de-2011-aprovechamiento-de-llantas-y-neumaticos-usados-y-llantas-no-conforme/
[Fri Mar 20 10:02:46.287848 2015] [proxy_http:error] [pid 7568:tid 1756] (OS 10054)An existing connection was forcibly closed by the remote host.  : [client 201.245.192.253:29702] AH01102: error reading status line from remote server 172.22.1.31:80, referer: http://190.27.245.106/isolucionsda/FrameSetGeneral.asp?Pagina=FiltroNoConformidades.asp&Estado=Abiertas&PintarAuditorias=SI&EsAbierta=1&ConMenu=NO
[Fri Mar 20 10:04:45.019656 2015] [proxy_http:error] [pid 7568:tid 856] (20014)Internal error: [client 201.245.192.253:30469] AH01102: error reading status line from remote server 172.22.1.47:80, referer: http://190.27.245.106/forest/index2.jsp?a=0.5366565147866935
[Fri Mar 20 10:26:03.379502 2015] [proxy_http:error] [pid 7568:tid 1316] (20014)Internal error: [client 201.245.192.253:24590] AH01102: error reading status line from remote server 172.22.1.47:80, referer: http://190.27.245.106/forest/usutareas.do?_a=0.6822982542831703&group_system_actual=3
[Fri Mar 20 10:29:10.033829 2015] [proxy_http:error] [pid 7568:tid 1196] (20014)Internal error: [client 201.245.192.253:25377] AH01102: error reading status line from remote server 172.22.1.47:80, referer: http://190.27.245.106/forest/usutareas.do?group_system_actual=3&codTraEsc=17758905
[Fri Mar 20 10:29:10.080629 2015] [proxy_http:error] [pid 7568:tid 1196] (20014)Internal error: [client 201.245.192.253:25411] AH01102: error reading status line from remote server 172.22.1.47:80, referer: http://190.27.245.106/forest/usutareas.do?group_system_actual=3&codTraEsc=17758905
[Fri Mar 20 10:29:10.080629 2015] [proxy:error] [pid 7568:tid 1196] [client 201.245.192.253:25411] AH00898: Error reading from remote server returned by /forest/actions/forms.getItemList, referer: http://190.27.245.106/forest/usutareas.do?group_system_actual=3&codTraEsc=17758905
[Fri Mar 20 10:29:10.096229 2015] [negotiation:error] [pid 7568:tid 1196] [client 201.245.192.253:25411] AH00690: no acceptable variant: E:/nuevo/apache/error/HTTP_BAD_GATEWAY.html.var, referer: http://190.27.245.106/forest/usutareas.do?group_system_actual=3&codTraEsc=17758905
[Fri Mar 20 10:29:40.734683 2015] [proxy_http:error] [pid 7568:tid 776] (20014)Internal error: [client 201.245.192.253:25594] AH01102: error reading status line from remote server 172.22.1.47:80, referer: http://190.27.245.106/forest/usutareas.do?group_system_actual=3&a=0.8526931533124298
[Fri Mar 20 10:30:30.951171 2015] [proxy_http:error] [pid 7568:tid 1140] (20014)Internal error: [client 201.245.192.253:25801] AH01102: error reading status line from remote server 172.22.1.47:80, referer: http://190.27.245.106/forest/usutareas.do?group_system_actual=3&a=0.8526931533124298
[Fri Mar 20 10:31:00.731624 2015] [proxy_http:error] [pid 7568:tid 1160] (20014)Internal error: [client 201.245.192.253:25894] AH01102: error reading status line from remote server 172.22.1.47:80, referer: http://190.27.245.106/forest/usutareas.do?group_system_actual=3&codTraEsc=17707956&_a=0.4885804433138844
[Fri Mar 20 10:33:53.642328 2015] [proxy_http:error] [pid 7568:tid 1252] (20014)Internal error: [client 181.142.192.2:49928] AH01102: error reading status line from remote server 172.22.1.47:80, referer: http://190.27.245.106/forest/usutareas.do?_a=0.915361444465816&group_system_actual=3
[Fri Mar 20 10:36:41.405022 2015] [proxy_http:error] [pid 7568:tid 1252] (20014)Internal error: [client 201.245.192.253:27808] AH01102: error reading status line from remote server 172.22.1.47:80, referer: http://190.27.245.106/forest/index2.jsp?_a=0.6185008059255779
[Fri Mar 20 10:36:53.151843 2015] [proxy_http:error] [pid 7568:tid 1868] (20014)Internal error: [client 201.245.192.253:27894] AH01102: error reading status line from remote server 172.22.1.47:80, referer: http://190.27.245.106/forest/misactividades.do?_a=0.8275441701584372&group_system_actual=3
[Fri Mar 20 10:36:53.151843 2015] [proxy:error] [pid 7568:tid 1868] [client 201.245.192.253:27894] AH00898: Error reading from remote server returned by /forest/misactividades.do, referer: http://190.27.245.106/forest/misactividades.do?_a=0.8275441701584372&group_system_actual=3
[Fri Mar 20 10:40:53.595065 2015] [proxy_http:error] [pid 7568:tid 1252] (20014)Internal error: [client 190.25.128.205:21538] AH01102: error reading status line from remote server 172.22.1.47:80, referer: http://190.27.245.106/forest/usutareas.do?_a=0.9703875470440835&group_system_actual=3
[Fri Mar 20 10:40:53.688665 2015] [proxy_http:error] [pid 7568:tid 1180] (20014)Internal error: [client 201.245.192.253:29063] AH01102: error reading status line from remote server 172.22.1.47:80, referer: http://190.27.245.106/forest/usutareas.do?group_system_actual=3&codTraEsc=17759165
[Fri Mar 20 10:40:54.000666 2015] [proxy_http:error] [pid 7568:tid 1180] (20014)Internal error: [client 201.245.192.253:29095] AH01102: error reading status line from remote server 172.22.1.47:80, referer: http://190.27.245.106/forest/usutareas.do?group_system_actual=3&codTraEsc=17759165
[Fri Mar 20 10:40:54.000666 2015] [proxy:error] [pid 7568:tid 1180] [client 201.245.192.253:29095] AH00898: Error reading from remote server returned by /forest/actions/forms.getList, referer: http://190.27.245.106/forest/usutareas.do?group_system_actual=3&codTraEsc=17759165
[Fri Mar 20 10:40:54.000666 2015] [negotiation:error] [pid 7568:tid 1180] [client 201.245.192.253:29095] AH00690: no acceptable variant: E:/nuevo/apache/error/HTTP_BAD_GATEWAY.html.var, referer: http://190.27.245.106/forest/usutareas.do?group_system_actual=3&codTraEsc=17759165
[Fri Mar 20 10:41:05.747486 2015] [proxy_http:error] [pid 7568:tid 1444] (20014)Internal error: [client 201.245.192.253:29133] AH01102: error reading status line from remote server 172.22.1.47:80, referer: http://190.27.245.106/forest/usutareas.do?group_system_actual=3&codTraEsc=17759165
[Fri Mar 20 10:41:38.803945 2015] [proxy_http:error] [pid 7568:tid 712] (20014)Internal error: [client 201.245.192.253:29366] AH01102: error reading status line from remote server 172.22.1.47:80, referer: http://190.27.245.106/forest/usutareas.do?group_system_actual=3&a=0.39049822837114334
[Fri Mar 20 10:41:38.803945 2015] [proxy:error] [pid 7568:tid 712] [client 201.245.192.253:29366] AH00898: Error reading from remote server returned by /forest/actions/forms.getList, referer: http://190.27.245.106/forest/usutareas.do?group_system_actual=3&a=0.39049822837114334
[Fri Mar 20 10:41:38.819545 2015] [negotiation:error] [pid 7568:tid 712] [client 201.245.192.253:29366] AH00690: no acceptable variant: E:/nuevo/apache/error/HTTP_BAD_GATEWAY.html.var, referer: http://190.27.245.106/forest/usutareas.do?group_system_actual=3&a=0.39049822837114334
[Fri Mar 20 10:43:31.436142 2015] [proxy_http:error] [pid 7568:tid 1460] (20014)Internal error: [client 201.245.192.253:29871] AH01102: error reading status line from remote server 172.22.1.47:80, referer: http://190.27.245.106/forest/index2.jsp?_a=0.7431899229995906
[Fri Mar 20 10:44:48.079077 2015] [proxy_http:error] [pid 7568:tid 1844] (20014)Internal error: [client 201.245.192.253:30225] AH01102: error reading status line from remote server 172.22.1.47:80, referer: http://190.27.245.106/forest/usutareas.do?group_system_actual=3&a=0.6454339793417603
[Fri Mar 20 10:45:44.395176 2015] [proxy_http:error] [pid 7568:tid 880] (20014)Internal error: [client 201.245.192.253:30593] AH01102: error reading status line from remote server 172.22.1.47:80, referer: http://190.27.245.106/forest/usutareas.do?group_system_actual=3&codTraEsc=17735835&_a=0.9933156955245006
[Fri Mar 20 10:45:44.395176 2015] [proxy:error] [pid 7568:tid 880] [client 201.245.192.253:30593] AH00898: Error reading from remote server returned by /forest/js/jquery/jquery.atmosphere.js, referer: http://190.27.245.106/forest/usutareas.do?group_system_actual=3&codTraEsc=17735835&_a=0.9933156955245006
[Fri Mar 20 10:46:16.780833 2015] [proxy_http:error] [pid 7568:tid 1844] (20014)Internal error: [client 201.245.192.253:30832] AH01102: error reading status line from remote server 172.22.1.47:80, referer: http://190.27.245.106/forest/buscar.do?type=procesos
[Fri Mar 20 10:47:55.217006 2015] [proxy_http:error] [pid 7568:tid 1780] (20014)Internal error: [client 201.245.192.253:31324] AH01102: error reading status line from remote server 172.22.1.47:80, referer: http://190.27.245.106/forest/index2.jsp?_a=0.1180904651992023
[Fri Mar 20 10:48:49.739101 2015] [proxy_http:error] [pid 7568:tid 824] (20014)Internal error: [client 201.245.192.253:31653] AH01102: error reading status line from remote server 172.22.1.47:80, referer: http://190.27.245.106/forest/index2.jsp?_a=0.1180904651992023
[Fri Mar 20 10:50:41.202297 2015] [proxy_http:error] [pid 7568:tid 760] (20014)Internal error: [client 201.245.192.253:32228] AH01102: error reading status line from remote server 172.22.1.47:80, referer: http://190.27.245.106/forest/index2.jsp?_a=0.1180904651992023
[Fri Mar 20 11:01:48.119069 2015] [proxy_http:error] [pid 7568:tid 1148] (20014)Internal error: [client 201.245.192.253:23817] AH01102: error reading status line from remote server 172.22.1.47:80, referer: http://190.27.245.106/forest/index2.jsp?_a=0.3367895563133061
[Fri Mar 20 11:07:35.375679 2015] [proxy_http:error] [pid 7568:tid 816] (20014)Internal error: [client 201.245.192.253:25985] AH01102: error reading status line from remote server 172.22.1.47:80
[Fri Mar 20 11:07:35.375679 2015] [proxy:error] [pid 7568:tid 816] [client 201.245.192.253:25985] AH00898: Error reading from remote server returned by /forest/skins/gdocs-jar/css/dialog.css
[Fri Mar 20 11:07:35.406879 2015] [proxy_http:error] [pid 7568:tid 776] (20014)Internal error: [client 201.245.192.253:26001] AH01102: error reading status line from remote server 172.22.1.47:80
[Fri Mar 20 11:07:35.406879 2015] [proxy:error] [pid 7568:tid 776] [client 201.245.192.253:26001] AH00898: Error reading from remote server returned by /forest/js/jquery/plugins/ui.multiselect.js
[Fri Mar 20 11:08:56.683021 2015] [proxy_http:error] [pid 7568:tid 1132] (20014)Internal error: [client 201.245.226.209:49716] AH01102: error reading status line from remote server 172.22.1.47:80, referer: http://190.27.245.106/forest/usudocumentos.do?_a=0.33743732795119286&group_system_actual=3
[Fri Mar 20 11:09:00.926229 2015] [proxy_http:error] [pid 7568:tid 1268] (20014)Internal error: [client 201.245.226.209:49717] AH01102: error reading status line from remote server 172.22.1.47:80, referer: http://190.27.245.106/forest/usudocumentos.do?_a=0.33743732795119286&group_system_actual=3
[Fri Mar 20 11:09:46.977510 2015] [proxy_http:error] [pid 7568:tid 728] (20014)Internal error: [client 201.244.129.26:15548] AH01102: error reading status line from remote server 172.22.1.47:80, referer: http://190.27.245.106/forest/usutareas.do?group_system_actual=3&codAct=1346&numPro=2824112&codPro=127&fecTra=2014-05-29%2009:33:21.741&codInst=2848290&codTraEsc=15809784
[Fri Mar 20 11:09:46.977510 2015] [proxy:error] [pid 7568:tid 728] [client 201.244.129.26:15548] AH00898: Error reading from remote server returned by /forest/actions/forms.getList, referer: http://190.27.245.106/forest/usutareas.do?group_system_actual=3&codAct=1346&numPro=2824112&codPro=127&fecTra=2014-05-29%2009:33:21.741&codInst=2848290&codTraEsc=15809784
[Fri Mar 20 11:09:46.977510 2015] [negotiation:error] [pid 7568:tid 728] [client 201.244.129.26:15548] AH00690: no acceptable variant: E:/nuevo/apache/error/HTTP_BAD_GATEWAY.html.var, referer: http://190.27.245.106/forest/usutareas.do?group_system_actual=3&codAct=1346&numPro=2824112&codPro=127&fecTra=2014-05-29%2009:33:21.741&codInst=2848290&codTraEsc=15809784
[Fri Mar 20 11:12:50.309032 2015] [proxy_http:error] [pid 7568:tid 1660] (20014)Internal error: [client 201.245.192.253:28016] AH01102: error reading status line from remote server 172.22.1.47:80, referer: http://190.27.245.106/forest/usutareas.do?group_system_actual=3&codTraEsc=17759759
[Fri Mar 20 11:12:53.366637 2015] [proxy_http:error] [pid 7568:tid 1588] (20014)Internal error: [client 201.245.192.253:28042] AH01102: error reading status line from remote server 172.22.1.47:80, referer: http://190.27.245.106/forest/usutareas.do?group_system_actual=3&codTraEsc=17759759
[Fri Mar 20 11:14:40.679226 2015] [proxy_http:error] [pid 7568:tid 1676] (20014)Internal error: [client 201.245.192.253:28710] AH01102: error reading status line from remote server 172.22.1.47:80, referer: http://190.27.245.106/forest/usutareas.do?group_system_actual=3&codTraEsc=17759800
[Fri Mar 20 11:14:40.819626 2015] [proxy_http:error] [pid 7568:tid 1676] (20014)Internal error: [client 201.245.192.253:28714] AH01102: error reading status line from remote server 172.22.1.47:80, referer: http://190.27.245.106/forest/usutareas.do?group_system_actual=3&codTraEsc=17759800
[Fri Mar 20 11:14:40.819626 2015] [proxy:error] [pid 7568:tid 1676] [client 201.245.192.253:28714] AH00898: Error reading from remote server returned by /forest/actions/forms.getList, referer: http://190.27.245.106/forest/usutareas.do?group_system_actual=3&codTraEsc=17759800
[Fri Mar 20 11:14:40.819626 2015] [negotiation:error] [pid 7568:tid 1676] [client 201.245.192.253:28714] AH00690: no acceptable variant: E:/nuevo/apache/error/HTTP_BAD_GATEWAY.html.var, referer: http://190.27.245.106/forest/usutareas.do?group_system_actual=3&codTraEsc=17759800
[Fri Mar 20 11:16:39.645035 2015] [proxy_http:error] [pid 7568:tid 1676] (20014)Internal error: [client 201.245.192.253:29294] AH01102: error reading status line from remote server 172.22.1.47:80, referer: http://190.27.245.106/forest/radicacion.do?codMod=76&_a=0.7562377566860755&group_system_actual=4
[Fri Mar 20 11:16:39.723035 2015] [proxy_http:error] [pid 7568:tid 1676] (20014)Internal error: [client 201.245.192.253:29298] AH01102: error reading status line from remote server 172.22.1.47:80, referer: http://190.27.245.106/forest/radicacion.do?codMod=76&_a=0.7562377566860755&group_system_actual=4
[Fri Mar 20 11:16:39.723035 2015] [proxy:error] [pid 7568:tid 1676] [client 201.245.192.253:29298] AH00898: Error reading from remote server returned by /forest/json.do, referer: http://190.27.245.106/forest/radicacion.do?codMod=76&_a=0.7562377566860755&group_system_actual=4
[Fri Mar 20 11:16:39.723035 2015] [negotiation:error] [pid 7568:tid 1676] [client 201.245.192.253:29298] AH00690: no acceptable variant: E:/nuevo/apache/error/HTTP_BAD_GATEWAY.html.var, referer: http://190.27.245.106/forest/radicacion.do?codMod=76&_a=0.7562377566860755&group_system_actual=4
[Fri Mar 20 11:17:58.971174 2015] [proxy_http:error] [pid 7568:tid 1588] (20014)Internal error: [client 201.245.192.253:29748] AH01102: error reading status line from remote server 172.22.1.47:80, referer: http://190.27.245.106/forest/usutareas.do?_a=0.1459911051961611&group_system_actual=3
[Fri Mar 20 11:17:59.064774 2015] [proxy_http:error] [pid 7568:tid 1588] (20014)Internal error: [client 201.245.192.253:29755] AH01102: error reading status line from remote server 172.22.1.47:80
[Fri Mar 20 11:17:59.064774 2015] [proxy:error] [pid 7568:tid 1588] [client 201.245.192.253:29755] AH00898: Error reading from remote server returned by /forest/skins/gdocs-jar/js/autocompletar2.js
[Fri Mar 20 11:17:59.205174 2015] [proxy_http:error] [pid 7568:tid 1588] (20014)Internal error: [client 201.245.192.253:29758] AH01102: error reading status line from remote server 172.22.1.47:80, referer: http://190.27.245.106/forest/reportes.do?menu=1&group_system_actual=5
[Fri Mar 20 11:17:59.205174 2015] [proxy:error] [pid 7568:tid 1588] [client 201.245.192.253:29758] AH00898: Error reading from remote server returned by /forest/actions/manager.login, referer: http://190.27.245.106/forest/reportes.do?menu=1&group_system_actual=5
[Fri Mar 20 11:17:59.376775 2015] [proxy_http:error] [pid 7568:tid 888] (20014)Internal error: [client 201.245.192.253:29759] AH01102: error reading status line from remote server 172.22.1.47:80, referer: http://190.27.245.106/forest/buscar.do?type=procesos
[Fri Mar 20 11:22:50.738486 2015] [proxy_http:error] [pid 7568:tid 856] (20014)Internal error: [client 190.25.128.205:23008] AH01102: error reading status line from remote server 172.22.1.47:80, referer: http://190.27.245.106/forest/usutareas.do?_a=0.9184317614417523&group_system_actual=3
[Fri Mar 20 11:22:50.738486 2015] [proxy:error] [pid 7568:tid 856] [client 190.25.128.205:23008] AH00898: Error reading from remote server returned by /forest/skins/gdocs-jar/popup/popup.jsp, referer: http://190.27.245.106/forest/usutareas.do?_a=0.9184317614417523&group_system_actual=3
[Fri Mar 20 11:23:32.437360 2015] [proxy_http:error] [pid 7568:tid 816] (20014)Internal error: [client 201.245.192.253:31798] AH01102: error reading status line from remote server 172.22.1.47:80
[Fri Mar 20 11:23:32.437360 2015] [proxy:error] [pid 7568:tid 816] [client 201.245.192.253:31798] AH00898: Error reading from remote server returned by /forest/img/inicio/3.gif
[Fri Mar 20 11:30:02.594045 2015] [proxy_http:error] [pid 7568:tid 1008] (20014)Internal error: [client 201.245.192.253:34348] AH01102: error reading status line from remote server 172.22.1.47:80
[Fri Mar 20 11:30:02.594045 2015] [proxy:error] [pid 7568:tid 1008] [client 201.245.192.253:34348] AH00898: Error reading from remote server returned by /forest/1ibre/jscalendar/calendar-win2k-1.css
[Fri Mar 20 11:31:11.780166 2015] [proxy_http:error] [pid 7568:tid 1220] (20014)Internal error: [client 190.25.39.61:25002] AH01102: error reading status line from remote server 172.22.1.47:80, referer: http://190.27.245.106/forest/misactividades.do?group_system_actual=3&codPro=233&_a=0.2831432378567377
[Fri Mar 20 11:31:29.080597 2015] [proxy_http:error] [pid 7568:tid 856] (20014)Internal error: [client 201.245.192.253:34922] AH01102: error reading status line from remote server 172.22.1.47:80
[Fri Mar 20 11:31:29.080597 2015] [proxy:error] [pid 7568:tid 856] [client 201.245.192.253:34922] AH00898: Error reading from remote server returned by /forest/skins/gdocs-jar/js/formsBase.js
[Fri Mar 20 11:31:31.592201 2015] [proxy_http:error] [pid 7568:tid 700] (20014)Internal error: [client 181.142.192.2:50141] AH01102: error reading status line from remote server 172.22.1.47:80, referer: http://190.27.245.106/forest/usutareas.do?group_system_actual=3&codTraEsc=17760110&_a=0.7338186085944775
[Fri Mar 20 11:31:31.592201 2015] [proxy:error] [pid 7568:tid 700] [client 181.142.192.2:50141] AH00898: Error reading from remote server returned by /forest/skins/gdocs-jar/img/iconCallForm.gif, referer: http://190.27.245.106/forest/usutareas.do?group_system_actual=3&codTraEsc=17760110&_a=0.7338186085944775
[Fri Mar 20 11:31:39.267415 2015] [proxy_http:error] [pid 7568:tid 1252] (20014)Internal error: [client 201.245.192.253:34737] AH01102: error reading status line from remote server 172.22.1.47:80, referer: http://190.27.245.106/forest/usutareas.do?group_system_actual=3&a=0.056498127756640315
[Fri Mar 20 11:31:39.657415 2015] [proxy_http:error] [pid 7568:tid 1756] (20014)Internal error: [client 201.245.192.253:34738] AH01102: error reading status line from remote server 172.22.1.47:80, referer: http://190.27.245.106/forest/buscar.do?type=procesos
[Fri Mar 20 11:31:39.673015 2015] [proxy_http:error] [pid 7568:tid 1756] (20014)Internal error: [client 201.245.192.253:22570] AH01102: error reading status line from remote server 172.22.1.47:80, referer: http://190.27.245.106/forest/buscar.do?type=procesos
[Fri Mar 20 11:31:39.673015 2015] [proxy:error] [pid 7568:tid 1756] [client 201.245.192.253:22570] AH00898: Error reading from remote server returned by /forest/json.do, referer: http://190.27.245.106/forest/buscar.do?type=procesos
[Fri Mar 20 11:31:39.673015 2015] [negotiation:error] [pid 7568:tid 1756] [client 201.245.192.253:22570] AH00690: no acceptable variant: E:/nuevo/apache/error/HTTP_BAD_GATEWAY.html.var, referer: http://190.27.245.106/forest/buscar.do?type=procesos
[Fri Mar 20 11:32:34.351111 2015] [proxy_http:error] [pid 7568:tid 1484] (20014)Internal error: [client 201.245.192.253:22904] AH01102: error reading status line from remote server 172.22.1.47:80
[Fri Mar 20 11:32:34.351111 2015] [proxy:error] [pid 7568:tid 1484] [client 201.245.192.253:22904] AH00898: Error reading from remote server returned by /forest/skins/gdocs-jar/css/menu.css
[Fri Mar 20 11:35:31.645423 2015] [proxy_http:error] [pid 7568:tid 816] (20014)Internal error: [client 201.245.192.253:24080] AH01102: error reading status line from remote server 172.22.1.47:80, referer: http://190.27.245.106/forest/usutareas.do?_a=0.27036905254881294&group_system_actual=3
[Fri Mar 20 11:35:31.645423 2015] [proxy:error] [pid 7568:tid 816] [client 201.245.192.253:24080] AH00898: Error reading from remote server returned by /forest/usutareas.do, referer: http://190.27.245.106/forest/usutareas.do?_a=0.27036905254881294&group_system_actual=3
[Fri Mar 20 11:37:18.568011 2015] [proxy_http:error] [pid 7568:tid 824] (OS 10054)An existing connection was forcibly closed by the remote host.  : [client 201.245.192.253:24774] AH01102: error reading status line from remote server 172.22.1.31:80, referer: http://190.27.245.106/isolucionsda/FrameSetGeneral.asp?Pagina1=FrameSetGeneral.asp&
[Fri Mar 20 11:37:52.997271 2015] [proxy_http:error] [pid 7568:tid 1220] (20014)Internal error: [client 201.245.192.253:24958] AH01102: error reading status line from remote server 172.22.1.47:80
[Fri Mar 20 11:37:52.997271 2015] [proxy:error] [pid 7568:tid 1220] [client 201.245.192.253:24958] AH00898: Error reading from remote server returned by /forest/skins/gdocs-jar/js/graphicForm.js
[Fri Mar 20 11:40:00.574295 2015] [proxy_http:error] [pid 7568:tid 1780] (20014)Internal error: [client 201.245.192.253:25839] AH01102: error reading status line from remote server 172.22.1.47:80, referer: http://190.27.245.106/forest/usutareas.do?codTraEsc=17758168
[Fri Mar 20 11:40:00.574295 2015] [proxy:error] [pid 7568:tid 1780] [client 201.245.192.253:25839] AH00898: Error reading from remote server returned by /forest/skins/gdocs-jar/img/icons/`item.nombre.toLowerCase().substring(item.nombre.lastIndexOf('.')+1)`.gif, referer: http://190.27.245.106/forest/usutareas.do?codTraEsc=17758168
[Fri Mar 20 11:40:13.225917 2015] [proxy_http:error] [pid 7568:tid 1588] (20014)Internal error: [client 201.245.192.253:25925] AH01102: error reading status line from remote server 172.22.1.47:80, referer: http://190.27.245.106/forest/index2.jsp?_a=0.5061363937754008
[Fri Mar 20 11:40:13.272717 2015] [proxy_http:error] [pid 7568:tid 720] (20014)Internal error: [client 201.245.192.253:25929] AH01102: error reading status line from remote server 172.22.1.47:80
[Fri Mar 20 11:40:13.272717 2015] [proxy:error] [pid 7568:tid 720] [client 201.245.192.253:25929] AH00898: Error reading from remote server returned by /forest/skins/gdocs-jar/js/xml_utilities.js
[Fri Mar 20 11:40:56.718794 2015] [proxy_http:error] [pid 7568:tid 1868] (20014)Internal error: [client 201.245.192.253:26162] AH01102: error reading status line from remote server 172.22.1.47:80, referer: http://190.27.245.106/forest/index2.jsp?_a=0.8313152976423587
[Fri Mar 20 11:40:56.859194 2015] [proxy_http:error] [pid 7568:tid 1588] (20014)Internal error: [client 201.245.192.253:26169] AH01102: error reading status line from remote server 172.22.1.47:80, referer: http://190.27.245.106/forest/usutareas.do?group_system_actual=3&a=0.4533641398884356
[Fri Mar 20 11:40:56.859194 2015] [proxy:error] [pid 7568:tid 1588] [client 201.245.192.253:26169] AH00898: Error reading from remote server returned by /forest/actions/forms.getDataSelect, referer: http://190.27.245.106/forest/usutareas.do?group_system_actual=3&a=0.4533641398884356
[Fri Mar 20 11:40:56.859194 2015] [negotiation:error] [pid 7568:tid 1588] [client 201.245.192.253:26169] AH00690: no acceptable variant: E:/nuevo/apache/error/HTTP_BAD_GATEWAY.html.var, referer: http://190.27.245.106/forest/usutareas.do?group_system_actual=3&a=0.4533641398884356
[Fri Mar 20 11:43:50.347099 2015] [proxy_http:error] [pid 7568:tid 1284] (20014)Internal error: [client 201.245.192.253:27032] AH01102: error reading status line from remote server 172.22.1.47:80, referer: http://190.27.245.106/forest/usutareas.do?_a=0.28396037274806984&group_system_actual=3
[Fri Mar 20 11:47:52.803725 2015] [proxy_http:error] [pid 7568:tid 712] (OS 10054)An existing connection was forcibly closed by the remote host.  : [client 201.245.192.253:28585] AH01102: error reading status line from remote server 172.22.1.31:80, referer: http://190.27.245.106/isolucionsda/FrameSetGeneral.asp?Pagina=Menu.asp&IdModulo=4
[Fri Mar 20 11:47:52.803725 2015] [proxy:error] [pid 7568:tid 712] [client 201.245.192.253:28585] AH00898: Error reading from remote server returned by /isolucionsda/BarraFavoritos.asp, referer: http://190.27.245.106/isolucionsda/FrameSetGeneral.asp?Pagina=Menu.asp&IdModulo=4
[Fri Mar 20 11:50:27.930397 2015] [proxy_http:error] [pid 7568:tid 1868] (20014)Internal error: [client 201.245.192.253:29472] AH01102: error reading status line from remote server 172.22.1.47:80, referer: http://190.27.245.106/forest/usutareas.do?codTraEsc=17745801
[Fri Mar 20 11:51:11.532474 2015] [proxy_http:error] [pid 7568:tid 1188] (20014)Internal error: [client 201.245.192.253:29781] AH01102: error reading status line from remote server 172.22.1.47:80, referer: http://190.27.245.106/forest/usutareas.do?_a=0.6055969281120314&group_system_actual=3
[Fri Mar 20 11:51:13.357677 2015] [proxy_http:error] [pid 7568:tid 824] (20014)Internal error: [client 201.245.192.253:29766] AH01102: error reading status line from remote server 172.22.1.47:80, referer: http://190.27.245.106/forest/usutareas.do?group_system_actual=3&codTraEsc=17760354&_a=0.7891685768245794
[Fri Mar 20 11:51:47.584137 2015] [:error] [pid 7568:tid 1652] [client 46.118.123.233:57426] script 'E:/nuevo/htdocs/wp-login.php' not found or unable to stat
[Fri Mar 20 11:51:49.939741 2015] [:error] [pid 7568:tid 1284] [client 46.118.123.233:58490] script 'E:/nuevo/htdocs/BLA/wp-login.php' not found or unable to stat
[Fri Mar 20 11:51:51.733744 2015] [:error] [pid 7568:tid 712] [client 46.118.123.233:59305] script 'E:/nuevo/htdocs/BLA/resoluciones/wp-login.php' not found or unable to stat
[Fri Mar 20 11:51:53.605748 2015] [:error] [pid 7568:tid 1300] [client 46.118.123.233:60139] script 'E:/nuevo/htdocs/BLA/resoluciones/AUTOS 2008/wp-login.php' not found or unable to stat
[Fri Mar 20 11:56:55.981079 2015] [proxy_http:error] [pid 7568:tid 1660] (20014)Internal error: [client 201.245.192.253:31656] AH01102: error reading status line from remote server 172.22.1.47:80, referer: http://190.27.245.106/forest/reportes.do?menu=1&group_system_actual=5
[Fri Mar 20 11:58:37.209656 2015] [proxy_http:error] [pid 7568:tid 1820] (20014)Internal error: [client 201.245.192.253:32459] AH01102: error reading status line from remote server 172.22.1.47:80, referer: http://190.27.245.106/forest/usutareas.do?group_system_actual=3&a=0.593284858179806
[Fri Mar 20 11:58:56.928091 2015] [proxy_http:error] [pid 7568:tid 1444] (20014)Internal error: [client 201.245.192.253:32546] AH01102: error reading status line from remote server 172.22.1.47:80, referer: http://190.27.245.106/forest/
[Fri Mar 20 11:58:57.006091 2015] [proxy_http:error] [pid 7568:tid 1444] (20014)Internal error: [client 201.245.192.253:32548] AH01102: error reading status line from remote server 172.22.1.47:80
[Fri Mar 20 11:58:57.006091 2015] [proxy:error] [pid 7568:tid 1444] [client 201.245.192.253:32548] AH00898: Error reading from remote server returned by /forest/skins/gdocs-jar/css/forest.css
[Fri Mar 20 11:58:57.021691 2015] [proxy_http:error] [pid 7568:tid 1148] (20014)Internal error: [client 201.245.192.253:32551] AH01102: error reading status line from remote server 172.22.1.47:80
[Fri Mar 20 11:58:57.021691 2015] [proxy:error] [pid 7568:tid 1148] [client 201.245.192.253:32551] AH00898: Error reading from remote server returned by /forest/css/index.css
[Fri Mar 20 11:58:57.021691 2015] [proxy_http:error] [pid 7568:tid 1868] (20014)Internal error: [client 201.245.192.253:32553] AH01102: error reading status line from remote server 172.22.1.47:80
[Fri Mar 20 11:58:57.021691 2015] [proxy:error] [pid 7568:tid 1868] [client 201.245.192.253:32553] AH00898: Error reading from remote server returned by /forest/js/inicio.js
[Fri Mar 20 11:58:57.364892 2015] [proxy_http:error] [pid 7568:tid 1436] (20014)Internal error: [client 201.245.192.253:32565] AH01102: error reading status line from remote server 172.22.1.47:80, referer: http://190.27.245.106/forest/
[Fri Mar 20 11:58:57.364892 2015] [proxy:error] [pid 7568:tid 1436] [client 201.245.192.253:32565] AH00898: Error reading from remote server returned by /forest/session.jsp, referer: http://190.27.245.106/forest/
[Fri Mar 20 11:58:57.364892 2015] [negotiation:error] [pid 7568:tid 1436] [client 201.245.192.253:32565] AH00690: no acceptable variant: E:/nuevo/apache/error/HTTP_BAD_GATEWAY.html.var, referer: http://190.27.245.106/forest/
[Fri Mar 20 12:01:30.775561 2015] [proxy_http:error] [pid 7568:tid 1652] (OS 10054)An existing connection was forcibly closed by the remote host.  : [client 201.245.192.253:33267] AH01102: error reading status line from remote server 172.22.1.31:80, referer: http://190.27.245.106/isolucionsda/Administracion/SalaEdicion/Articulo.asp?Id_Articulo=5928
[Fri Mar 20 12:01:30.775561 2015] [proxy:error] [pid 7568:tid 1652] [client 201.245.192.253:33267] AH00898: Error reading from remote server returned by /isolucionsda/Administracion/Graficas/vacio1x1.gif, referer: http://190.27.245.106/isolucionsda/Administracion/SalaEdicion/Articulo.asp?Id_Articulo=5928
[Fri Mar 20 12:04:38.896292 2015] [proxy_http:error] [pid 7568:tid 856] (20014)Internal error: [client 201.245.192.253:33953] AH01102: error reading status line from remote server 172.22.1.47:80, referer: http://190.27.245.106/forest/buscar.do?type=procesos
[Fri Mar 20 12:05:27.006776 2015] [proxy_http:error] [pid 7568:tid 1196] (20014)Internal error: [client 201.245.226.209:49965] AH01102: error reading status line from remote server 172.22.1.47:80, referer: http://190.27.245.106/forest/usutareas.do?_a=0.6999812454450876&group_system_actual=3
[Fri Mar 20 12:06:29.656486 2015] [proxy_http:error] [pid 7568:tid 1008] (20014)Internal error: [client 201.245.192.253:34445] AH01102: error reading status line from remote server 172.22.1.47:80
[Fri Mar 20 12:06:29.656486 2015] [proxy:error] [pid 7568:tid 1008] [client 201.245.192.253:34445] AH00898: Error reading from remote server returned by /forest/1ibre/protoaculous.js
[Fri Mar 20 12:08:18.825478 2015] [proxy_http:error] [pid 7568:tid 1148] (20014)Internal error: [client 201.245.226.209:49982] AH01102: error reading status line from remote server 172.22.1.47:80, referer: http://190.27.245.106/forest/buscar.do?type=procesos
[Fri Mar 20 12:12:45.149146 2015] [proxy_http:error] [pid 7568:tid 1436] (20014)Internal error: [client 201.245.226.209:50003] AH01102: error reading status line from remote server 172.22.1.47:80, referer: http://190.27.245.106/forest/usutareas.do?_a=0.42090891883708537&group_system_actual=3
[Fri Mar 20 12:12:45.149146 2015] [proxy:error] [pid 7568:tid 1436] [client 201.245.226.209:50003] AH00898: Error reading from remote server returned by /forest/borrador/1687645/Respuesta a la Solicitud.docx, referer: http://190.27.245.106/forest/usutareas.do?_a=0.42090891883708537&group_system_actual=3
[Fri Mar 20 12:15:09.043798 2015] [proxy_http:error] [pid 7568:tid 1756] (20014)Internal error: [client 201.245.192.253:24367] AH01102: error reading status line from remote server 172.22.1.47:80, referer: http://190.27.245.106/forest/buscar.do?type=procesos
[Fri Mar 20 12:15:09.043798 2015] [proxy:error] [pid 7568:tid 1756] [client 201.245.192.253:24367] AH00898: Error reading from remote server returned by /forest/buscar.do, referer: http://190.27.245.106/forest/buscar.do?type=procesos
[Fri Mar 20 12:15:15.393010 2015] [proxy_http:error] [pid 7568:tid 1588] (20014)Internal error: [client 201.245.226.209:50009] AH01102: error reading status line from remote server 172.22.1.47:80, referer: http://190.27.245.106/forest/usutareas.do?_a=0.42090891883708537&group_system_actual=3
[Fri Mar 20 12:15:19.620617 2015] [proxy_http:error] [pid 7568:tid 1316] (20014)Internal error: [client 201.245.192.253:24398] AH01102: error reading status line from remote server 172.22.1.47:80
[Fri Mar 20 12:15:19.620617 2015] [proxy:error] [pid 7568:tid 1316] [client 201.245.192.253:24398] AH00898: Error reading from remote server returned by /forest/skins/gdocs-jar/js/swfobject.js
[Fri Mar 20 12:15:50.243471 2015] [proxy_http:error] [pid 7568:tid 928] (20014)Internal error: [client 201.245.192.253:24523] AH01102: error reading status line from remote server 172.22.1.47:80
[Fri Mar 20 12:15:50.243471 2015] [proxy:error] [pid 7568:tid 928] [client 201.245.192.253:24523] AH00898: Error reading from remote server returned by /forest/1ibre/jscalendar/calendar-setup.js
[Fri Mar 20 12:17:16.168422 2015] [proxy_http:error] [pid 7568:tid 1676] (20014)Internal error: [client 201.245.192.253:24881] AH01102: error reading status line from remote server 172.22.1.47:80, referer: http://190.27.245.106/forest/buscar.do?type=documentos
[Fri Mar 20 12:17:28.757644 2015] [proxy_http:error] [pid 7568:tid 1676] (20014)Internal error: [client 201.244.129.26:17305] AH01102: error reading status line from remote server 172.22.1.47:80, referer: http://190.27.245.106/forest/usutareas.do?group_system_actual=3&a=0.5824959406163543
[Fri Mar 20 12:17:28.757644 2015] [proxy:error] [pid 7568:tid 1676] [client 201.244.129.26:17305] AH00898: Error reading from remote server returned by /forest/json.do, referer: http://190.27.245.106/forest/usutareas.do?group_system_actual=3&a=0.5824959406163543
[Fri Mar 20 12:17:28.757644 2015] [negotiation:error] [pid 7568:tid 1676] [client 201.244.129.26:17305] AH00690: no acceptable variant: E:/nuevo/apache/error/HTTP_BAD_GATEWAY.html.var, referer: http://190.27.245.106/forest/usutareas.do?group_system_actual=3&a=0.5824959406163543
[Fri Mar 20 12:17:28.804444 2015] [proxy_http:error] [pid 7568:tid 1660] (20014)Internal error: [client 201.244.129.26:17306] AH01102: error reading status line from remote server 172.22.1.47:80, referer: http://190.27.245.106/forest/usutareas.do?group_system_actual=3&a=0.5824959406163543
[Fri Mar 20 12:17:28.804444 2015] [proxy:error] [pid 7568:tid 1660] [client 201.244.129.26:17306] AH00898: Error reading from remote server returned by /forest/json.do, referer: http://190.27.245.106/forest/usutareas.do?group_system_actual=3&a=0.5824959406163543
[Fri Mar 20 12:17:28.804444 2015] [negotiation:error] [pid 7568:tid 1660] [client 201.244.129.26:17306] AH00690: no acceptable variant: E:/nuevo/apache/error/HTTP_BAD_GATEWAY.html.var, referer: http://190.27.245.106/forest/usutareas.do?group_system_actual=3&a=0.5824959406163543
[Fri Mar 20 12:19:28.129054 2015] [proxy_http:error] [pid 7568:tid 1780] (20014)Internal error: [client 201.245.192.253:25325] AH01102: error reading status line from remote server 172.22.1.47:80, referer: http://190.27.245.106/forest/usutareas.do?group_system_actual=3&codAct=1477&numPro=2933286&codPro=134&fecTra=2015-03-19%2016:45:54.0&codInst=2965759&codTraEsc=17755391
[Fri Mar 20 12:19:30.578258 2015] [proxy_http:error] [pid 7568:tid 920] (20014)Internal error: [client 201.245.192.253:25329] AH01102: error reading status line from remote server 172.22.1.47:80, referer: http://190.27.245.106/forest/usutareas.do?group_system_actual=3&a=0.9651417338921521
[Fri Mar 20 12:22:56.607820 2015] [proxy_http:error] [pid 7568:tid 1436] (20014)Internal error: [client 201.245.192.253:26329] AH01102: error reading status line from remote server 172.22.1.47:80, referer: http://190.27.245.106/forest/usutareas.do?group_system_actual=3&codAct=1477&numPro=3044401&codPro=134&fecTra=2015-03-19%2011:46:36.0&codInst=3083817&codTraEsc=17750439
[Fri Mar 20 12:22:58.027422 2015] [proxy_http:error] [pid 7568:tid 1436] (20014)Internal error: [client 201.245.192.253:26332] AH01102: error reading status line from remote server 172.22.1.47:80, referer: http://190.27.245.106/forest/index2.jsp?a=0.039215358596128236
[Fri Mar 20 12:23:01.381428 2015] [proxy_http:error] [pid 7568:tid 1436] (20014)Internal error: [client 201.245.192.253:26341] AH01102: error reading status line from remote server 172.22.1.47:80, referer: http://190.27.245.106/forest/usutareas.do?group_system_actual=3&codAct=1477&numPro=3044401&codPro=134&fecTra=2015-03-19%2011:46:36.0&codInst=3083817&codTraEsc=17750439
[Fri Mar 20 12:24:28.632381 2015] [proxy_http:error] [pid 7568:tid 1188] (20014)Internal error: [client 201.245.226.209:50042] AH01102: error reading status line from remote server 172.22.1.47:80, referer: http://190.27.245.106/forest/misactividades.do?group_system_actual=3&codPro=204&_a=0.21221882722538965
[Fri Mar 20 12:24:31.799187 2015] [proxy_http:error] [pid 7568:tid 1796] (20014)Internal error: [client 201.245.192.253:26711] AH01102: error reading status line from remote server 172.22.1.47:80, referer: http://190.27.245.106/forest/usutareas.do?group_system_actual=3&a=0.7308203182121603
[Fri Mar 20 12:24:31.799187 2015] [proxy:error] [pid 7568:tid 1796] [client 201.245.192.253:26711] AH00898: Error reading from remote server returned by /forest/session.jsp, referer: http://190.27.245.106/forest/usutareas.do?group_system_actual=3&a=0.7308203182121603
[Fri Mar 20 12:24:31.799187 2015] [negotiation:error] [pid 7568:tid 1796] [client 201.245.192.253:26711] AH00690: no acceptable variant: E:/nuevo/apache/error/HTTP_BAD_GATEWAY.html.var, referer: http://190.27.245.106/forest/usutareas.do?group_system_actual=3&a=0.7308203182121603
[Fri Mar 20 12:25:13.498060 2015] [proxy_http:error] [pid 7568:tid 816] (20014)Internal error: [client 201.245.192.253:26854] AH01102: error reading status line from remote server 172.22.1.47:80
[Fri Mar 20 12:25:13.498060 2015] [proxy:error] [pid 7568:tid 816] [client 201.245.192.253:26854] AH00898: Error reading from remote server returned by /forest/js/sarissa.js
[Fri Mar 20 12:25:13.498060 2015] [proxy_http:error] [pid 7568:tid 1676] (20014)Internal error: [client 201.245.192.253:26858] AH01102: error reading status line from remote server 172.22.1.47:80
[Fri Mar 20 12:25:13.498060 2015] [proxy:error] [pid 7568:tid 1676] [client 201.245.192.253:26858] AH00898: Error reading from remote server returned by /forest/1ibre/1ibre.js
[Fri Mar 20 12:25:20.845673 2015] [proxy_http:error] [pid 7568:tid 1796] (20014)Internal error: [client 201.245.192.253:26860] AH01102: error reading status line from remote server 172.22.1.47:80, referer: http://190.27.245.106/forest/buscar.do?
[Fri Mar 20 12:25:26.539683 2015] [proxy_http:error] [pid 7568:tid 1636] (20014)Internal error: [client 201.245.192.253:26912] AH01102: error reading status line from remote server 172.22.1.47:80
[Fri Mar 20 12:25:26.539683 2015] [proxy:error] [pid 7568:tid 1636] [client 201.245.192.253:26912] AH00898: Error reading from remote server returned by /forest/skins/gdocs-jar/css/autocomplete.css
[Fri Mar 20 12:25:26.789284 2015] [proxy_http:error] [pid 7568:tid 1220] (20014)Internal error: [client 201.245.192.253:26923] AH01102: error reading status line from remote server 172.22.1.47:80, referer: http://190.27.245.106/forest/usutareas.do?group_system_actual=3&codAct=1477&numPro=3044389&codPro=134&fecTra=2015-03-19%2011:42:28.0&codInst=3083805&codTraEsc=17750345
[Fri Mar 20 12:25:41.032109 2015] [proxy_http:error] [pid 7568:tid 1156] (20014)Internal error: [client 201.245.192.253:26978] AH01102: error reading status line from remote server 172.22.1.47:80
[Fri Mar 20 12:25:41.032109 2015] [proxy:error] [pid 7568:tid 1156] [client 201.245.192.253:26978] AH00898: Error reading from remote server returned by /forest/js/escritorio/escritorio.js
[Fri Mar 20 12:25:41.094509 2015] [proxy_http:error] [pid 7568:tid 1156] (20014)Internal error: [client 201.245.192.253:26983] AH01102: error reading status line from remote server 172.22.1.47:80, referer: http://190.27.245.106/forest/buscar.do?type=procesos
[Fri Mar 20 12:25:41.094509 2015] [proxy:error] [pid 7568:tid 1156] [client 201.245.192.253:26983] AH00898: Error reading from remote server returned by /forest/json.do, referer: http://190.27.245.106/forest/buscar.do?type=procesos
[Fri Mar 20 12:25:41.094509 2015] [negotiation:error] [pid 7568:tid 1156] [client 201.245.192.253:26983] AH00690: no acceptable variant: E:/nuevo/apache/error/HTTP_BAD_GATEWAY.html.var, referer: http://190.27.245.106/forest/buscar.do?type=procesos
[Fri Mar 20 12:25:41.422109 2015] [proxy_http:error] [pid 7568:tid 1156] (20014)Internal error: [client 201.245.192.253:26983] AH01102: error reading status line from remote server 172.22.1.47:80, referer: http://190.27.245.106/forest/buscar.do?type=procesos
[Fri Mar 20 12:26:23.136582 2015] [proxy_http:error] [pid 7568:tid 1676] (20014)Internal error: [client 201.245.192.253:27129] AH01102: error reading status line from remote server 172.22.1.47:80, referer: http://190.27.245.106/forest/usutareas.do?group_system_actual=3&codAct=1477&numPro=3043925&codPro=134&fecTra=2015-03-19%2014:29:01.0&codInst=3083334&codTraEsc=17752285
