[Mon Apr 06 11:51:40.581975 2015] [core:error] [pid 7568:tid 1612] (20024)The given path is misformatted or contained invalid characters: [client 181.55.126.50:28212] AH00127: Cannot map GET /....\\....\\....\\....\\....\\....\\....\\....\\....\\windows\\win.ini HTTP/1.1 to file
[Mon Apr 06 11:51:40.581975 2015] [core:error] [pid 7568:tid 824] (20024)The given path is misformatted or contained invalid characters: [client 181.55.126.50:27116] AH00127: Cannot map GET /<IMG%20SRC="javascript:alert(cross_site_scripting.nasl);">.jspa HTTP/1.1 to file
[Mon Apr 06 11:51:40.675575 2015] [core:error] [pid 7568:tid 1612] (20024)The given path is misformatted or contained invalid characters: [client 181.55.126.50:28212] AH00127: Cannot map GET /....\\....\\....\\....\\....\\....\\....\\....\\....\\winnt\\win.ini HTTP/1.1 to file
[Mon Apr 06 11:51:40.769175 2015] [core:error] [pid 7568:tid 1612] [client 181.55.126.50:28212] AH00126: Invalid URI in request GET /././././././../../../../../windows/win.ini HTTP/1.1
[Mon Apr 06 11:51:40.784775 2015] [core:error] [pid 7568:tid 824] (20024)The given path is misformatted or contained invalid characters: [client 181.55.126.50:27116] AH00127: Cannot map GET /<script>cross_site_scripting.nasl</script>.kspx HTTP/1.1 to file
[Mon Apr 06 11:51:40.956376 2015] [core:error] [pid 7568:tid 824] (20024)The given path is misformatted or contained invalid characters: [client 181.55.126.50:27116] AH00127: Cannot map GET /<IMG%20SRC="javascript:alert(cross_site_scripting.nasl);">.kspx HTTP/1.1 to file
[Mon Apr 06 11:51:41.112376 2015] [core:error] [pid 7568:tid 824] (20024)The given path is misformatted or contained invalid characters: [client 181.55.126.50:27116] AH00127: Cannot map GET /<script>cross_site_scripting.nasl</script>.mscgi HTTP/1.1 to file
[Mon Apr 06 11:51:41.283976 2015] [core:error] [pid 7568:tid 824] (20024)The given path is misformatted or contained invalid characters: [client 181.55.126.50:27116] AH00127: Cannot map GET /<IMG%20SRC="javascript:alert(cross_site_scripting.nasl);">.mscgi HTTP/1.1 to file
[Mon Apr 06 11:51:41.517977 2015] [core:error] [pid 7568:tid 824] (20024)The given path is misformatted or contained invalid characters: [client 181.55.126.50:27116] AH00127: Cannot map GET /<script>cross_site_scripting.nasl</script>.do HTTP/1.1 to file
[Mon Apr 06 11:51:41.673977 2015] [core:error] [pid 7568:tid 1612] [client 181.55.126.50:28011] AH00135: Invalid method in request INDEX /icons/wX0EQA4t.htm HTTP/1.1
[Mon Apr 06 11:51:42.032778 2015] [core:error] [pid 7568:tid 824] (20024)The given path is misformatted or contained invalid characters: [client 181.55.126.50:27116] AH00127: Cannot map GET /<IMG%20SRC="javascript:alert(cross_site_scripting.nasl);">.do HTTP/1.1 to file
[Mon Apr 06 11:51:42.235578 2015] [core:error] [pid 7568:tid 824] (20024)The given path is misformatted or contained invalid characters: [client 181.55.126.50:27116] AH00127: Cannot map GET /<script>cross_site_scripting.nasl</script>.htm HTTP/1.1 to file
[Mon Apr 06 11:51:42.422778 2015] [core:error] [pid 7568:tid 824] (20024)The given path is misformatted or contained invalid characters: [client 181.55.126.50:27116] AH00127: Cannot map GET /<IMG%20SRC="javascript:alert(cross_site_scripting.nasl);">.htm HTTP/1.1 to file
[Mon Apr 06 11:51:42.578779 2015] [core:error] [pid 7568:tid 824] (20024)The given path is misformatted or contained invalid characters: [client 181.55.126.50:27116] AH00127: Cannot map GET /<script>cross_site_scripting.nasl</script>.idc HTTP/1.1 to file
[Mon Apr 06 11:51:42.703579 2015] [core:error] [pid 7568:tid 1612] [client 181.55.126.50:28427] AH00135: Invalid method in request NOTIFY /icons/wX0EQA4t.htm HTTP/1.1
[Mon Apr 06 11:51:42.812779 2015] [core:error] [pid 7568:tid 824] (20024)The given path is misformatted or contained invalid characters: [client 181.55.126.50:27116] AH00127: Cannot map GET /<IMG%20SRC="javascript:alert(cross_site_scripting.nasl);">.idc HTTP/1.1 to file
[Mon Apr 06 11:51:42.984379 2015] [core:error] [pid 7568:tid 824] (20024)The given path is misformatted or contained invalid characters: [client 181.55.126.50:27116] AH00127: Cannot map GET /<script>cross_site_scripting.nasl</script>.x HTTP/1.1 to file
[Mon Apr 06 11:51:43.015579 2015] [core:error] [pid 7568:tid 1612] [client 181.55.126.50:28660] AH00135: Invalid method in request ORDERPATCH /icons/wX0EQA4t.htm HTTP/1.1
[Mon Apr 06 11:51:43.155980 2015] [core:error] [pid 7568:tid 824] (20024)The given path is misformatted or contained invalid characters: [client 181.55.126.50:27116] AH00127: Cannot map GET /<IMG%20SRC="javascript:alert(cross_site_scripting.nasl);">.x HTTP/1.1 to file
[Mon Apr 06 11:51:43.249580 2015] [core:error] [pid 7568:tid 1612] [client 181.55.126.50:28692] AH00135: Invalid method in request POLL /icons/wX0EQA4t.htm HTTP/1.1
[Mon Apr 06 11:51:43.358780 2015] [core:error] [pid 7568:tid 824] (20024)The given path is misformatted or contained invalid characters: [client 181.55.126.50:27116] AH00127: Cannot map GET /<script>cross_site_scripting.nasl</script> HTTP/1.1 to file
[Mon Apr 06 11:51:43.436780 2015] [core:error] [pid 7568:tid 824] [client 181.55.126.50:27116] AH00126: Invalid URI in request GET <script>cross_site_scripting.nasl</script> HTTP/1.1
[Mon Apr 06 11:51:43.764381 2015] [core:error] [pid 7568:tid 824] (20024)The given path is misformatted or contained invalid characters: [client 181.55.126.50:28817] AH00127: Cannot map GET /<IMG%20SRC="javascript:alert(cross_site_scripting.nasl);"> HTTP/1.1 to file
[Mon Apr 06 11:51:43.951581 2015] [core:error] [pid 7568:tid 1428] [client 181.55.126.50:28339] AH00126: Invalid URI in request GET /././././././../../../../../winnt/win.ini HTTP/1.1
[Mon Apr 06 11:51:43.967181 2015] [core:error] [pid 7568:tid 1612] [client 181.55.126.50:28780] AH00135: Invalid method in request RPC_IN_DATA /icons/wX0EQA4t.htm HTTP/1.1
[Mon Apr 06 11:51:44.123181 2015] [core:error] [pid 7568:tid 1612] [client 181.55.126.50:28935] AH00135: Invalid method in request RPC_OUT_DATA /icons/wX0EQA4t.htm HTTP/1.1
[Mon Apr 06 11:51:44.435182 2015] [core:error] [pid 7568:tid 824] [client 181.55.126.50:29008] AH00126: Invalid URI in request GET /nessus\\..\\..\\..\\..\\..\\..\\windows\\win.ini HTTP/1.1
[Mon Apr 06 11:51:44.575582 2015] [core:error] [pid 7568:tid 1508] [client 181.55.126.50:29036] AH00126: Invalid URI in request GET /nessus\\..\\..\\..\\..\\..\\..\\winnt\\win.ini HTTP/1.1
[Mon Apr 06 11:51:44.669182 2015] [core:error] [pid 7568:tid 1508] [client 181.55.126.50:29057] AH00135: Invalid method in request SEARCH /icons/wX0EQA4t.htm HTTP/1.1
[Mon Apr 06 11:51:44.747182 2015] [core:error] [pid 7568:tid 824] (22)Invalid argument: [client 181.55.126.50:29076] AH00127: Cannot map GET /%80../%80../%80../%80../%80../%80../windows/win.ini HTTP/1.1 to file
[Mon Apr 06 11:51:44.809582 2015] [core:error] [pid 7568:tid 1612] [client 181.55.126.50:29097] AH00135: Invalid method in request SUBSCRIBE /icons/wX0EQA4t.htm HTTP/1.1
[Mon Apr 06 11:51:44.949983 2015] [core:error] [pid 7568:tid 1612] [client 181.55.126.50:29148] AH00135: Invalid method in request TESTZZZ /icons/wX0EQA4t.htm HTTP/1.1
[Mon Apr 06 11:51:45.183983 2015] [core:error] [pid 7568:tid 824] (22)Invalid argument: [client 181.55.126.50:29076] AH00127: Cannot map GET /%80../%80../%80../%80../%80../%80../winnt/win.ini HTTP/1.1 to file
[Mon Apr 06 11:51:45.261983 2015] [core:error] [pid 7568:tid 824] (22)Invalid argument: [client 181.55.126.50:29076] AH00127: Cannot map GET /%c0.%c0./%c0.%c0./%c0.%c0./%c0.%c0./%c0.%c0./windows/win.ini HTTP/1.1 to file
[Mon Apr 06 11:51:45.293183 2015] [cgi:error] [pid 7568:tid 1388] [client 181.55.126.50:29217] script not found or unable to stat: E:/nuevo/cgi-bin/client_execute.cgi
[Mon Apr 06 11:51:45.339983 2015] [core:error] [pid 7568:tid 824] (22)Invalid argument: [client 181.55.126.50:29076] AH00127: Cannot map GET /%c0.%c0./%c0.%c0./%c0.%c0./%c0.%c0./%c0.%c0./winnt/win.ini HTTP/1.1 to file
[Mon Apr 06 11:51:45.433584 2015] [core:error] [pid 7568:tid 824] (22)Invalid argument: [client 181.55.126.50:29076] AH00127: Cannot map GET /%c0%2e%c0%2e/%c0%2e%c0%2e/%c0%2e%c0%2e/%c0%2e%c0%2e/windows/win.ini HTTP/1.1 to file
[Mon Apr 06 11:51:45.527184 2015] [core:error] [pid 7568:tid 824] (22)Invalid argument: [client 181.55.126.50:29076] AH00127: Cannot map GET /%c0%2e%c0%2e/%c0%2e%c0%2e/%c0%2e%c0%2e/%c0%2e%c0%2e/winnt/win.ini HTTP/1.1 to file
[Mon Apr 06 11:51:45.714384 2015] [core:error] [pid 7568:tid 1612] [client 181.55.126.50:29254] AH00135: Invalid method in request UNSUBSCRIBE /icons/wX0EQA4t.htm HTTP/1.1
[Mon Apr 06 11:51:46.010785 2015] [core:error] [pid 7568:tid 1204] [client 181.55.126.50:29333] AH00135: Invalid method in request X-MS-ENUMATTS /icons/wX0EQA4t.htm HTTP/1.1
[Mon Apr 06 11:51:46.322785 2015] [cgi:error] [pid 7568:tid 1612] [client 181.55.126.50:29468] script not found or unable to stat: E:/nuevo/cgi-bin/guestimage.html
[Mon Apr 06 11:51:46.962386 2015] [cgi:error] [pid 7568:tid 824] [client 181.55.126.50:29610] script not found or unable to stat: E:/nuevo/cgi-bin/camctrl.cgi
[Mon Apr 06 11:51:47.102787 2015] [cgi:error] [pid 7568:tid 1612] [client 181.55.126.50:29645] script not found or unable to stat: E:/nuevo/cgi-bin/ctrldirect.cgi
[Mon Apr 06 11:51:47.196387 2015] [core:error] [pid 7568:tid 1204] [client 181.55.126.50:29658] AH00126: Invalid URI in request GET /../../../../../../../../../../../../etc/passwd HTTP/1.1
[Mon Apr 06 11:51:47.367987 2015] [core:error] [pid 7568:tid 824] [client 181.55.126.50:29705] AH00126: Invalid URI in request GET /./../../../../../../../../../../../etc/passwd HTTP/1.1
[Mon Apr 06 11:51:47.539587 2015] [core:error] [pid 7568:tid 700] [client 181.55.126.50:29760] AH00126: Invalid URI in request GET //../../../../../../../../../../../../etc/passwd HTTP/1.1
[Mon Apr 06 11:51:47.695588 2015] [core:error] [pid 7568:tid 824] (20024)The given path is misformatted or contained invalid characters: [client 181.55.126.50:29792] AH00127: Cannot map GET /..../..../..../..../..../..../..../..../..../..../..../..../etc/passwd HTTP/1.1 to file
[Mon Apr 06 11:51:47.773588 2015] [cgi:error] [pid 7568:tid 700] [client 181.55.126.50:29810] script not found or unable to stat: E:/nuevo/htdocs/main.cgi
[Mon Apr 06 11:51:47.773588 2015] [core:error] [pid 7568:tid 824] [client 181.55.126.50:29792] AH00126: Invalid URI in request GET /%2e%2e/%2e%2e/%2e%2e/%2e%2e/%2e%2e/%2e%2e/%2e%2e/%2e%2e/%2e%2e/%2e%2e/%2e%2e/%2e%2e/etc/passwd HTTP/1.1
[Mon Apr 06 11:51:48.459989 2015] [core:error] [pid 7568:tid 824] [client 181.55.126.50:29967] AH00126: Invalid URI in request GET /././././././../../../../../etc/passwd HTTP/1.1
[Mon Apr 06 11:51:54.200799 2015] [cgi:error] [pid 7568:tid 1284] [client 181.55.126.50:31448] attempt to invoke directory as script: E:/nuevo/cgi-bin/
[Mon Apr 06 11:51:54.434799 2015] [autoindex:error] [pid 7568:tid 1284] [client 181.55.126.50:31448] AH01276: Cannot serve directory E:/nuevo/apache/error/: No matching DirectoryIndex (index.php,index.pl,index.cgi,index.asp,index.shtml,index.html,index.htm,default.php,default.pl,default.cgi,default.asp,default.shtml,default.html,default.htm,home.php,home.pl,home.cgi,home.asp,home.shtml,home.html,home.htm) found, and server-generated directory index forbidden by Options directive
[Mon Apr 06 11:51:57.164804 2015] [core:error] [pid 7568:tid 1436] [client 181.55.126.50:33762] AH00135: Invalid method in request ACL /img/PEYFp8mP.htm HTTP/1.1
[Mon Apr 06 11:51:57.383205 2015] [core:error] [pid 7568:tid 1436] [client 181.55.126.50:33818] AH00135: Invalid method in request BCOPY /img/PEYFp8mP.htm HTTP/1.1
[Mon Apr 06 11:51:57.539205 2015] [core:error] [pid 7568:tid 1436] [client 181.55.126.50:33905] AH00135: Invalid method in request BDELETE /img/PEYFp8mP.htm HTTP/1.1
[Mon Apr 06 11:51:57.695205 2015] [core:error] [pid 7568:tid 912] [client 181.55.126.50:33959] AH00135: Invalid method in request BMOVE /img/PEYFp8mP.htm HTTP/1.1
[Mon Apr 06 11:51:57.851205 2015] [core:error] [pid 7568:tid 912] [client 181.55.126.50:33990] AH00135: Invalid method in request BPROPFIND /img/PEYFp8mP.htm HTTP/1.1
[Mon Apr 06 11:51:58.007206 2015] [core:error] [pid 7568:tid 912] [client 181.55.126.50:34074] AH00135: Invalid method in request BPROPPATCH /img/PEYFp8mP.htm HTTP/1.1
[Mon Apr 06 11:51:58.600007 2015] [core:error] [pid 7568:tid 912] [client 181.55.126.50:34309] AH00135: Invalid method in request DEBUG /img/PEYFp8mP.htm HTTP/1.1
[Mon Apr 06 11:51:59.036807 2015] [core:error] [pid 7568:tid 912] [client 181.55.126.50:34471] AH00135: Invalid method in request INDEX /img/PEYFp8mP.htm HTTP/1.1
[Mon Apr 06 11:51:59.754409 2015] [core:error] [pid 7568:tid 912] [client 181.55.126.50:34531] AH00135: Invalid method in request NOTIFY /img/PEYFp8mP.htm HTTP/1.1
[Mon Apr 06 11:52:00.394010 2015] [core:error] [pid 7568:tid 912] [client 181.55.126.50:35711] AH00135: Invalid method in request ORDERPATCH /img/PEYFp8mP.htm HTTP/1.1
[Mon Apr 06 11:52:00.612410 2015] [core:error] [pid 7568:tid 912] [client 181.55.126.50:35863] AH00135: Invalid method in request POLL /img/PEYFp8mP.htm HTTP/1.1
[Mon Apr 06 11:52:01.720012 2015] [core:error] [pid 7568:tid 1748] (20024)The given path is misformatted or contained invalid characters: [client 181.55.126.50:37319] AH00127: Cannot map GET /<script>foo</script> HTTP/1.1 to file
[Mon Apr 06 11:52:02.297213 2015] [core:error] [pid 7568:tid 1316] [client 181.55.126.50:37298] AH00135: Invalid method in request RPC_IN_DATA /img/PEYFp8mP.htm HTTP/1.1
[Mon Apr 06 11:52:02.515614 2015] [core:error] [pid 7568:tid 1316] [client 181.55.126.50:37775] AH00135: Invalid method in request RPC_OUT_DATA /img/PEYFp8mP.htm HTTP/1.1
[Mon Apr 06 11:52:02.656014 2015] [core:error] [pid 7568:tid 824] [client 181.55.126.50:37856] AH00135: Invalid method in request SEARCH /img/PEYFp8mP.htm HTTP/1.1
[Mon Apr 06 11:52:02.796414 2015] [core:error] [pid 7568:tid 1316] [client 181.55.126.50:37935] AH00135: Invalid method in request SUBSCRIBE /img/PEYFp8mP.htm HTTP/1.1
[Mon Apr 06 11:52:02.952414 2015] [core:error] [pid 7568:tid 824] [client 181.55.126.50:38031] AH00135: Invalid method in request TESTZZZ /img/PEYFp8mP.htm HTTP/1.1
[Mon Apr 06 11:52:03.326815 2015] [core:error] [pid 7568:tid 1316] [client 181.55.126.50:38161] AH00135: Invalid method in request UNSUBSCRIBE /img/PEYFp8mP.htm HTTP/1.1
[Mon Apr 06 11:52:04.091216 2015] [core:error] [pid 7568:tid 824] [client 181.55.126.50:39345] AH00135: Invalid method in request X-MS-ENUMATTS /img/PEYFp8mP.htm HTTP/1.1
[Mon Apr 06 11:52:05.276818 2015] [access_compat:error] [pid 7568:tid 1436] [client 181.55.126.50:41133] AH01797: client denied by server configuration: E:/nuevo/htdocs/server-status
[Mon Apr 06 11:52:07.913223 2015] [cgi:error] [pid 7568:tid 1300] [client 181.55.126.50:44227] script not found or unable to stat: E:/nuevo/cgi-bin/printenv
[Mon Apr 06 11:52:10.393627 2015] [cgi:error] [pid 7568:tid 768] [client 181.55.126.50:46425] script not found or unable to stat: E:/nuevo/cgi-bin/pdesk.cgi
[Mon Apr 06 11:52:12.234431 2015] [core:error] [pid 7568:tid 1436] [client 181.55.126.50:48938] AH00135: Invalid method in request ACL /restricted/OMlHpGIk.htm HTTP/1.1
[Mon Apr 06 11:52:12.484031 2015] [core:error] [pid 7568:tid 1460] [client 181.55.126.50:49165] AH00135: Invalid method in request BCOPY /restricted/OMlHpGIk.htm HTTP/1.1
[Mon Apr 06 11:52:12.499631 2015] [core:error] [pid 7568:tid 1468] [client 181.55.126.50:49342] AH00126: Invalid URI in request GET ..\\..\\..\\..\\..\\..\\windows\\win.ini HTTP/1.1
[Mon Apr 06 11:52:12.640031 2015] [core:error] [pid 7568:tid 928] [client 181.55.126.50:49538] AH00135: Invalid method in request BDELETE /restricted/OMlHpGIk.htm HTTP/1.1
[Mon Apr 06 11:52:12.655631 2015] [core:error] [pid 7568:tid 1468] [client 181.55.126.50:49584] AH00126: Invalid URI in request GET ..\\..\\..\\..\\..\\..\\winnt\\win.ini HTTP/1.1
[Mon Apr 06 11:52:12.811632 2015] [core:error] [pid 7568:tid 1468] [client 181.55.126.50:49797] AH00135: Invalid method in request BMOVE /restricted/OMlHpGIk.htm HTTP/1.1
[Mon Apr 06 11:52:12.967632 2015] [core:error] [pid 7568:tid 928] [client 181.55.126.50:50069] AH00135: Invalid method in request BPROPFIND /restricted/OMlHpGIk.htm HTTP/1.1
[Mon Apr 06 11:52:13.123632 2015] [core:error] [pid 7568:tid 1460] [client 181.55.126.50:50307] AH00135: Invalid method in request BPROPPATCH /restricted/OMlHpGIk.htm HTTP/1.1
[Mon Apr 06 11:52:14.075234 2015] [core:error] [pid 7568:tid 912] [client 181.55.126.50:51427] AH00135: Invalid method in request DEBUG /restricted/OMlHpGIk.htm HTTP/1.1
[Mon Apr 06 11:52:14.543235 2015] [core:error] [pid 7568:tid 1652] [client 181.55.126.50:51957] AH00135: Invalid method in request INDEX /restricted/OMlHpGIk.htm HTTP/1.1
[Mon Apr 06 11:52:15.011236 2015] [proxy:error] [pid 7568:tid 728] (OS 10061)No connection could be made because the target machine actively refused it.  : AH00957: AJP: attempt to connect to 127.0.0.1:8009 (*) failed
[Mon Apr 06 11:52:15.011236 2015] [proxy_ajp:error] [pid 7568:tid 728] [client 181.55.126.50:51424] AH00896: failed to make connection to backend: 127.0.0.1
[Mon Apr 06 11:52:15.058036 2015] [cgi:error] [pid 7568:tid 824] [client 181.55.126.50:52172] attempt to invoke directory as script: E:/nuevo/cgi-bin/
[Mon Apr 06 11:52:15.229636 2015] [autoindex:error] [pid 7568:tid 824] [client 181.55.126.50:52172] AH01276: Cannot serve directory E:/nuevo/apache/error/: No matching DirectoryIndex (index.php,index.pl,index.cgi,index.asp,index.shtml,index.html,index.htm,default.php,default.pl,default.cgi,default.asp,default.shtml,default.html,default.htm,home.php,home.pl,home.cgi,home.asp,home.shtml,home.html,home.htm) found, and server-generated directory index forbidden by Options directive
[Mon Apr 06 11:52:16.727239 2015] [core:error] [pid 7568:tid 1796] [client 181.55.126.50:52053] AH00135: Invalid method in request NOTIFY /restricted/OMlHpGIk.htm HTTP/1.1
[Mon Apr 06 11:52:17.023639 2015] [core:error] [pid 7568:tid 1796] [client 181.55.126.50:53601] AH00135: Invalid method in request ORDERPATCH /restricted/OMlHpGIk.htm HTTP/1.1
[Mon Apr 06 11:52:17.257639 2015] [core:error] [pid 7568:tid 1796] [client 181.55.126.50:53679] AH00135: Invalid method in request POLL /restricted/OMlHpGIk.htm HTTP/1.1
[Mon Apr 06 11:52:18.193641 2015] [core:error] [pid 7568:tid 1796] [client 181.55.126.50:53863] AH00135: Invalid method in request RPC_IN_DATA /restricted/OMlHpGIk.htm HTTP/1.1
[Mon Apr 06 11:52:18.334041 2015] [core:error] [pid 7568:tid 1796] [client 181.55.126.50:54327] AH00135: Invalid method in request RPC_OUT_DATA /restricted/OMlHpGIk.htm HTTP/1.1
[Mon Apr 06 11:52:18.490042 2015] [core:error] [pid 7568:tid 1388] [client 181.55.126.50:54423] AH00135: Invalid method in request SEARCH /restricted/OMlHpGIk.htm HTTP/1.1
[Mon Apr 06 11:52:18.630442 2015] [core:error] [pid 7568:tid 1388] [client 181.55.126.50:54487] AH00135: Invalid method in request SUBSCRIBE /restricted/OMlHpGIk.htm HTTP/1.1
[Mon Apr 06 11:52:18.786442 2015] [core:error] [pid 7568:tid 1388] [client 181.55.126.50:54576] AH00135: Invalid method in request TESTZZZ /restricted/OMlHpGIk.htm HTTP/1.1
[Mon Apr 06 11:52:19.192043 2015] [core:error] [pid 7568:tid 1388] [client 181.55.126.50:54613] AH00135: Invalid method in request UNSUBSCRIBE /restricted/OMlHpGIk.htm HTTP/1.1
[Mon Apr 06 11:52:19.909644 2015] [core:error] [pid 7568:tid 1652] [client 181.55.126.50:54830] AH00135: Invalid method in request X-MS-ENUMATTS /restricted/OMlHpGIk.htm HTTP/1.1
[Mon Apr 06 11:52:23.560051 2015] [cgi:error] [pid 7568:tid 1388] [client 181.55.126.50:57100] script not found or unable to stat: E:/nuevo/htdocs/4tznhify.pl
[Mon Apr 06 11:52:37.615675 2015] [access_compat:error] [pid 7568:tid 1556] [client 181.55.126.50:62390] AH01797: client denied by server configuration: E:/nuevo/webalizer/
[Mon Apr 06 11:52:55.571307 2015] [:error] [pid 7568:tid 944] [client 181.55.126.50:13413] script 'E:/nuevo/htdocs/default.php' not found or unable to stat
[Mon Apr 06 11:52:56.257708 2015] [cgi:error] [pid 7568:tid 1316] [client 181.55.126.50:13752] script not found or unable to stat: E:/nuevo/htdocs/4tznhify.cgi
[Mon Apr 06 11:52:56.413708 2015] [:error] [pid 7568:tid 1116] [client 181.55.126.50:13840] script 'E:/nuevo/htdocs/login.php' not found or unable to stat
[Mon Apr 06 11:53:03.620921 2015] [proxy:error] [pid 7568:tid 1436] (OS 10061)No connection could be made because the target machine actively refused it.  : AH00957: AJP: attempt to connect to 127.0.0.1:8009 (*) failed
[Mon Apr 06 11:53:03.620921 2015] [proxy_ajp:error] [pid 7568:tid 1436] [client 181.55.126.50:16392] AH00896: failed to make connection to backend: 127.0.0.1
[Mon Apr 06 11:53:04.790923 2015] [proxy:error] [pid 7568:tid 944] (OS 10061)No connection could be made because the target machine actively refused it.  : AH00957: AJP: attempt to connect to 127.0.0.1:8009 (*) failed
[Mon Apr 06 11:53:04.790923 2015] [proxy_ajp:error] [pid 7568:tid 944] [client 181.55.126.50:17121] AH00896: failed to make connection to backend: 127.0.0.1
[Mon Apr 06 11:53:05.960925 2015] [proxy:error] [pid 7568:tid 944] (OS 10061)No connection could be made because the target machine actively refused it.  : AH00957: AJP: attempt to connect to 127.0.0.1:8009 (*) failed
[Mon Apr 06 11:53:05.960925 2015] [proxy_ajp:error] [pid 7568:tid 944] [client 181.55.126.50:17731] AH00896: failed to make connection to backend: 127.0.0.1
[Mon Apr 06 11:53:07.130927 2015] [proxy:error] [pid 7568:tid 944] (OS 10061)No connection could be made because the target machine actively refused it.  : AH00957: AJP: attempt to connect to 127.0.0.1:8009 (*) failed
[Mon Apr 06 11:53:07.130927 2015] [proxy_ajp:error] [pid 7568:tid 944] [client 181.55.126.50:18200] AH00896: failed to make connection to backend: 127.0.0.1
[Mon Apr 06 11:53:07.177727 2015] [:error] [pid 7568:tid 824] [client 181.55.126.50:17369] script 'E:/nuevo/htdocs/main_internet.php' not found or unable to stat
[Mon Apr 06 11:53:20.297350 2015] [:error] [pid 7568:tid 1508] [client 181.55.126.50:23540] script 'E:/nuevo/htdocs/forum.php' not found or unable to stat
[Mon Apr 06 11:53:23.791756 2015] [access_compat:error] [pid 7568:tid 1484] [client 181.55.126.50:25143] AH01797: client denied by server configuration: E:/nuevo/htdocs/xampp/index.php
[Mon Apr 06 11:53:34.976976 2015] [core:error] [pid 7568:tid 912] [client 181.55.126.50:31039] AH00126: Invalid URI in request GET . HTTP/1.0
[Mon Apr 06 11:53:35.772577 2015] [cgi:error] [pid 7568:tid 912] [client 181.55.126.50:29717] script not found or unable to stat: E:/nuevo/cgi-bin/.svn
[Mon Apr 06 11:53:43.884592 2015] [authz_core:error] [pid 7568:tid 768] [client 181.55.126.50:36725] AH01630: client denied by server configuration: E:/nuevo/htdocs/.htaccess.old
[Mon Apr 06 11:53:44.352592 2015] [authz_core:error] [pid 7568:tid 768] [client 181.55.126.50:36725] AH01630: client denied by server configuration: E:/nuevo/htdocs/.htaccess.bak
[Mon Apr 06 11:53:44.430593 2015] [authz_core:error] [pid 7568:tid 768] [client 181.55.126.50:36725] AH01630: client denied by server configuration: E:/nuevo/htdocs/.htaccess~
[Mon Apr 06 11:53:44.524193 2015] [authz_core:error] [pid 7568:tid 768] [client 181.55.126.50:36725] AH01630: client denied by server configuration: E:/nuevo/htdocs/.htaccess.copy
[Mon Apr 06 11:53:44.602193 2015] [authz_core:error] [pid 7568:tid 768] [client 181.55.126.50:36725] AH01630: client denied by server configuration: E:/nuevo/htdocs/.htaccess.tmp
[Mon Apr 06 11:53:44.820593 2015] [authz_core:error] [pid 7568:tid 768] [client 181.55.126.50:37149] AH01630: client denied by server configuration: E:/nuevo/htdocs/.htaccess.1
[Mon Apr 06 11:53:44.914193 2015] [authz_core:error] [pid 7568:tid 768] [client 181.55.126.50:37149] AH01630: client denied by server configuration: E:/nuevo/htdocs/.htaccess.~1~
[Mon Apr 06 11:53:47.550598 2015] [core:error] [pid 7568:tid 1268] [client 181.55.126.50:39107] AH00126: Invalid URI in request GET /%2e%2e/%2e%2e/%2e%2e/%2e%2e/%2e%2e/%2e%2e/%2e%2e/etc/passwd HTTP/1.1
[Mon Apr 06 11:53:55.335012 2015] [cgi:error] [pid 7568:tid 1612] [client 181.55.126.50:43444] script not found or unable to stat: E:/nuevo/htdocs/OtfHzUWv.asp
[Mon Apr 06 11:54:01.668623 2015] [access_compat:error] [pid 7568:tid 1316] [client 181.55.126.50:46767] AH01797: client denied by server configuration: E:/nuevo/htdocs/server-status
[Mon Apr 06 11:54:39.483089 2015] [negotiation:error] [pid 7568:tid 1428] [client 181.55.126.50:63013] AH00690: no acceptable variant: E:/nuevo/apache/error/HTTP_NOT_FOUND.html.var
[Mon Apr 06 11:54:50.278308 2015] [mpm_winnt:warn] [pid 7568:tid 2668] (OS 64)The specified network name is no longer available.  : AH00341: winnt_accept: Asynchronous AcceptEx failed.
[Mon Apr 06 11:54:58.281122 2015] [cgi:error] [pid 7568:tid 1860] [client 181.55.126.50:12741] script not found or unable to stat: E:/nuevo/cgi-bin/CVS
[Mon Apr 06 11:54:59.170324 2015] [cgi:error] [pid 7568:tid 912] [client 181.55.126.50:13423] script not found or unable to stat: E:/nuevo/cgi-bin/kvm.cgi
[Mon Apr 06 11:55:06.252736 2015] [proxy:error] [pid 7568:tid 1436] (OS 10061)No connection could be made because the target machine actively refused it.  : AH00957: AJP: attempt to connect to 127.0.0.1:8009 (*) failed
[Mon Apr 06 11:55:06.252736 2015] [proxy_ajp:error] [pid 7568:tid 1436] [client 181.55.126.50:16735] AH00896: failed to make connection to backend: 127.0.0.1
[Mon Apr 06 11:55:10.417944 2015] [proxy:error] [pid 7568:tid 1652] (OS 10061)No connection could be made because the target machine actively refused it.  : AH00957: AJP: attempt to connect to 127.0.0.1:8009 (*) failed
[Mon Apr 06 11:55:10.417944 2015] [proxy_ajp:error] [pid 7568:tid 1652] [client 181.55.126.50:17459] AH00896: failed to make connection to backend: 127.0.0.1
[Mon Apr 06 11:55:14.770351 2015] [:error] [pid 7568:tid 1116] [client 181.55.126.50:21578] script 'E:/nuevo/htdocs/header.php' not found or unable to stat
[Mon Apr 06 11:55:19.949560 2015] [core:error] [pid 7568:tid 1820] (20024)The given path is misformatted or contained invalid characters: [client 181.55.126.50:24385] AH00127: Cannot map GET /http://www.ambientebogota.gov.co HTTP/1.1 to file
[Mon Apr 06 11:55:30.307979 2015] [cgi:error] [pid 7568:tid 832] [client 181.55.126.50:29805] script not found or unable to stat: E:/nuevo/cgi-bin/portal
[Mon Apr 06 11:55:41.992399 2015] [cgi:error] [pid 7568:tid 1268] [client 181.55.126.50:35574] script not found or unable to stat: E:/nuevo/htdocs/InitialPage.asp
[Mon Apr 06 11:55:44.316803 2015] [cgi:error] [pid 7568:tid 1788] [client 181.55.126.50:36820] script not found or unable to stat: E:/nuevo/cgi-bin/SnoopServlet
[Mon Apr 06 11:55:44.504003 2015] [cgi:error] [pid 7568:tid 1788] [client 181.55.126.50:36897] script not found or unable to stat: E:/nuevo/cgi-bin/snoopservlet
[Mon Apr 06 11:55:44.675604 2015] [cgi:error] [pid 7568:tid 1876] [client 181.55.126.50:36965] script not found or unable to stat: E:/nuevo/cgi-bin/snoop
[Mon Apr 06 11:55:44.784804 2015] [:error] [pid 7568:tid 1876] [client 181.55.126.50:37015] script 'E:/nuevo/htdocs/login.php' not found or unable to stat
[Mon Apr 06 11:55:44.940804 2015] [:error] [pid 7568:tid 1268] [client 181.55.126.50:37111] script 'E:/nuevo/htdocs/login.php' not found or unable to stat
[Mon Apr 06 11:56:09.947648 2015] [core:error] [pid 7568:tid 1316] [client 181.55.126.50:48206] AH00038: Forbidden: E:/nuevo/htdocs/nul doesn't point to a file or directory
[Mon Apr 06 11:56:11.570051 2015] [cgi:error] [pid 7568:tid 1380] [client 181.55.126.50:48796] script not found or unable to stat: E:/nuevo/htdocs/admin.cgi
[Mon Apr 06 11:56:11.726051 2015] [cgi:error] [pid 7568:tid 1380] [client 181.55.126.50:48860] script not found or unable to stat: E:/nuevo/htdocs/administrator.cgi
[Mon Apr 06 11:56:11.882052 2015] [cgi:error] [pid 7568:tid 1380] [client 181.55.126.50:48934] script not found or unable to stat: E:/nuevo/htdocs/buglist.cgi
[Mon Apr 06 11:56:12.178452 2015] [cgi:error] [pid 7568:tid 1868] [client 181.55.126.50:49044] script not found or unable to stat: E:/nuevo/cgi-bin/admin.cgi
[Mon Apr 06 11:56:15.360858 2015] [cgi:error] [pid 7568:tid 1460] [client 181.55.126.50:49099] script not found or unable to stat: E:/nuevo/cgi-bin/admin.pl
[Mon Apr 06 11:56:15.813258 2015] [cgi:error] [pid 7568:tid 1460] [client 181.55.126.50:50586] script not found or unable to stat: E:/nuevo/cgi-bin/bugreport.cgi
[Mon Apr 06 11:56:15.953659 2015] [cgi:error] [pid 7568:tid 1460] [client 181.55.126.50:50647] script not found or unable to stat: E:/nuevo/cgi-bin/clwarn.cgi
[Mon Apr 06 11:56:16.125259 2015] [cgi:error] [pid 7568:tid 1460] [client 181.55.126.50:50699] script not found or unable to stat: E:/nuevo/cgi-bin/count.cgi
[Mon Apr 06 11:56:16.281259 2015] [cgi:error] [pid 7568:tid 1460] [client 181.55.126.50:50785] script not found or unable to stat: E:/nuevo/cgi-bin/Count.cgi
[Mon Apr 06 11:56:16.421660 2015] [cgi:error] [pid 7568:tid 1460] [client 181.55.126.50:50849] script not found or unable to stat: E:/nuevo/cgi-bin/faqmanager.cgi
[Mon Apr 06 11:56:16.608860 2015] [cgi:error] [pid 7568:tid 1460] [client 181.55.126.50:50874] script not found or unable to stat: E:/nuevo/cgi-bin/FormHandler.cgi
[Mon Apr 06 11:56:16.749260 2015] [cgi:error] [pid 7568:tid 1460] [client 181.55.126.50:50930] script not found or unable to stat: E:/nuevo/cgi-bin/FormMail.cgi
[Mon Apr 06 11:56:16.889660 2015] [cgi:error] [pid 7568:tid 1460] [client 181.55.126.50:50981] script not found or unable to stat: E:/nuevo/cgi-bin/guestbook.cgi
[Mon Apr 06 11:56:16.967661 2015] [proxy_http:error] [pid 7568:tid 1388] (20014)Internal error: [client 201.245.192.253:53316] AH01102: error reading status line from remote server 172.22.1.47:80, referer: http://190.27.245.106/forest/buscar.do?type=procesos
[Mon Apr 06 11:56:16.967661 2015] [proxy:error] [pid 7568:tid 1388] [client 201.245.192.253:53316] AH00898: Error reading from remote server returned by /forest/json.do, referer: http://190.27.245.106/forest/buscar.do?type=procesos
[Mon Apr 06 11:56:16.967661 2015] [negotiation:error] [pid 7568:tid 1388] [client 201.245.192.253:53316] AH00690: no acceptable variant: E:/nuevo/apache/error/HTTP_BAD_GATEWAY.html.var, referer: http://190.27.245.106/forest/buscar.do?type=procesos
[Mon Apr 06 11:56:16.983261 2015] [proxy_http:error] [pid 7568:tid 1388] (20014)Internal error: [client 201.245.192.253:53316] AH01102: error reading status line from remote server 172.22.1.47:80, referer: http://190.27.245.106/forest/buscar.do?type=procesos
[Mon Apr 06 11:56:17.092461 2015] [cgi:error] [pid 7568:tid 1460] [client 181.55.126.50:51037] script not found or unable to stat: E:/nuevo/cgi-bin/help.cgi
[Mon Apr 06 11:56:17.264061 2015] [cgi:error] [pid 7568:tid 1460] [client 181.55.126.50:51063] script not found or unable to stat: E:/nuevo/cgi-bin/hi
[Mon Apr 06 11:56:17.404461 2015] [cgi:error] [pid 7568:tid 1460] [client 181.55.126.50:51105] script not found or unable to stat: E:/nuevo/cgi-bin/index.cgi
[Mon Apr 06 11:56:17.560462 2015] [cgi:error] [pid 7568:tid 1460] [client 181.55.126.50:51124] script not found or unable to stat: E:/nuevo/cgi-bin/index.pl
[Mon Apr 06 11:56:17.700862 2015] [cgi:error] [pid 7568:tid 1380] [client 181.55.126.50:51162] script not found or unable to stat: E:/nuevo/cgi-bin/index.sh
[Mon Apr 06 11:56:17.872462 2015] [cgi:error] [pid 7568:tid 1380] [client 181.55.126.50:51188] script not found or unable to stat: E:/nuevo/cgi-bin/mailit.pl
[Mon Apr 06 11:56:18.028462 2015] [cgi:error] [pid 7568:tid 1460] [client 181.55.126.50:51228] script not found or unable to stat: E:/nuevo/cgi-bin/mt
[Mon Apr 06 11:56:18.200063 2015] [cgi:error] [pid 7568:tid 1460] [client 181.55.126.50:51254] script not found or unable to stat: E:/nuevo/cgi-bin/mt
[Mon Apr 06 11:56:18.340463 2015] [cgi:error] [pid 7568:tid 1460] [client 181.55.126.50:51271] script not found or unable to stat: E:/nuevo/cgi-bin/mt-static
[Mon Apr 06 11:56:18.527663 2015] [cgi:error] [pid 7568:tid 1316] [client 181.55.126.50:51328] script not found or unable to stat: E:/nuevo/cgi-bin/mt-static
[Mon Apr 06 11:56:18.855264 2015] [cgi:error] [pid 7568:tid 1316] [client 181.55.126.50:51372] script not found or unable to stat: E:/nuevo/cgi-bin/ncbook
[Mon Apr 06 11:56:19.026864 2015] [cgi:error] [pid 7568:tid 1316] [client 181.55.126.50:51466] script not found or unable to stat: E:/nuevo/cgi-bin/quickstore.cgi
[Mon Apr 06 11:56:19.214064 2015] [cgi:error] [pid 7568:tid 1316] [client 181.55.126.50:51530] script not found or unable to stat: E:/nuevo/cgi-bin/search
[Mon Apr 06 11:56:19.370065 2015] [cgi:error] [pid 7568:tid 1316] [client 181.55.126.50:51550] script not found or unable to stat: E:/nuevo/cgi-bin/search.cgi
[Mon Apr 06 11:56:19.557265 2015] [cgi:error] [pid 7568:tid 1460] [client 181.55.126.50:51647] script not found or unable to stat: E:/nuevo/cgi-bin/search
[Mon Apr 06 11:56:19.728865 2015] [cgi:error] [pid 7568:tid 1160] [client 181.55.126.50:51688] script not found or unable to stat: E:/nuevo/cgi-bin/test.cgi
[Mon Apr 06 11:56:19.884866 2015] [cgi:error] [pid 7568:tid 1160] [client 181.55.126.50:51769] script not found or unable to stat: E:/nuevo/cgi-bin/test.sh
[Mon Apr 06 11:56:20.056466 2015] [cgi:error] [pid 7568:tid 1460] [client 181.55.126.50:51819] script not found or unable to stat: E:/nuevo/cgi-bin/test-cgi
[Mon Apr 06 11:56:20.212466 2015] [cgi:error] [pid 7568:tid 1460] [client 181.55.126.50:51874] script not found or unable to stat: E:/nuevo/cgi-bin/_vti_inf.html
[Mon Apr 06 11:56:20.212466 2015] [cgi:error] [pid 7568:tid 1160] [client 181.55.126.50:51875] script not found or unable to stat: E:/nuevo/cgi-bin/upload.cgi
[Mon Apr 06 11:56:20.384067 2015] [cgi:error] [pid 7568:tid 1460] [client 181.55.126.50:51945] script not found or unable to stat: E:/nuevo/cgi-bin/urlcount.cgi
[Mon Apr 06 11:56:20.540067 2015] [cgi:error] [pid 7568:tid 1316] [client 181.55.126.50:52025] script not found or unable to stat: E:/nuevo/cgi-bin/viewcvs.cgi
[Mon Apr 06 11:56:20.758467 2015] [cgi:error] [pid 7568:tid 1316] [client 181.55.126.50:52103] script not found or unable to stat: E:/nuevo/cgi-bin/wa
[Mon Apr 06 11:56:20.930067 2015] [cgi:error] [pid 7568:tid 1316] [client 181.55.126.50:52207] script not found or unable to stat: E:/nuevo/cgi-bin/wa.cgi
[Mon Apr 06 11:56:21.101668 2015] [cgi:error] [pid 7568:tid 1460] [client 181.55.126.50:52301] script not found or unable to stat: E:/nuevo/cgi-bin/wa.exe
[Mon Apr 06 11:56:21.273268 2015] [cgi:error] [pid 7568:tid 1460] [client 181.55.126.50:52388] script not found or unable to stat: E:/nuevo/cgi-bin/whois.cgi
[Mon Apr 06 11:56:22.053269 2015] [cgi:error] [pid 7568:tid 1116] [client 181.55.126.50:52641] script not found or unable to stat: E:/nuevo/htdocs/index.cgi
[Mon Apr 06 11:56:22.193670 2015] [cgi:error] [pid 7568:tid 1316] [client 181.55.126.50:52684] script not found or unable to stat: E:/nuevo/htdocs/index.pl
[Mon Apr 06 11:56:22.505670 2015] [cgi:error] [pid 7568:tid 1268] [client 181.55.126.50:52826] script not found or unable to stat: E:/nuevo/htdocs/nph-mr.cgi
[Mon Apr 06 11:56:22.646070 2015] [cgi:error] [pid 7568:tid 1160] [client 181.55.126.50:52876] script not found or unable to stat: E:/nuevo/htdocs/query.cgi
[Mon Apr 06 11:56:22.802071 2015] [cgi:error] [pid 7568:tid 1116] [client 181.55.126.50:52940] script not found or unable to stat: E:/nuevo/htdocs/session_login.cgi
[Mon Apr 06 11:56:22.958071 2015] [cgi:error] [pid 7568:tid 1116] [client 181.55.126.50:53005] script not found or unable to stat: E:/nuevo/htdocs/show_bug.cgi
[Mon Apr 06 11:56:24.237273 2015] [cgi:error] [pid 7568:tid 1160] [client 181.55.126.50:53488] script not found or unable to stat: E:/nuevo/cgi-bin/filescan
[Mon Apr 06 11:56:24.611674 2015] [core:error] [pid 7568:tid 1268] [client 181.55.126.50:53593] AH00126: Invalid URI in request GET /..\\pixfir~1\\how_to_login.html HTTP/1.1
[Mon Apr 06 11:56:24.783274 2015] [cgi:error] [pid 7568:tid 1116] [client 181.55.126.50:53577] attempt to invoke directory as script: E:/nuevo/cgi-bin/
[Mon Apr 06 11:56:24.970475 2015] [autoindex:error] [pid 7568:tid 1116] [client 181.55.126.50:53577] AH01276: Cannot serve directory E:/nuevo/apache/error/: No matching DirectoryIndex (index.php,index.pl,index.cgi,index.asp,index.shtml,index.html,index.htm,default.php,default.pl,default.cgi,default.asp,default.shtml,default.html,default.htm,home.php,home.pl,home.cgi,home.asp,home.shtml,home.html,home.htm) found, and server-generated directory index forbidden by Options directive
[Mon Apr 06 11:56:26.187277 2015] [core:error] [pid 7568:tid 1380] [client 181.55.126.50:54063] AH00126: Invalid URI in request GET /././.. HTTP/1.1
[Mon Apr 06 11:56:26.280877 2015] [cgi:error] [pid 7568:tid 1380] [client 181.55.126.50:53141] script not found or unable to stat: E:/nuevo/htdocs/test.cgi
[Mon Apr 06 11:56:26.327677 2015] [core:error] [pid 7568:tid 912] [client 181.55.126.50:54137] AH00126: Invalid URI in request GET ././././././././././././././././././././././././././././././././././././././././././././././././././././././././././././././././././././././././././././././././././././././././././././././././../../../../../../../../ HTTP/1.1
[Mon Apr 06 11:56:26.592877 2015] [cgi:error] [pid 7568:tid 944] [client 181.55.126.50:54221] script not found or unable to stat: E:/nuevo/htdocs/whois.cgi
[Mon Apr 06 11:56:26.733278 2015] [:error] [pid 7568:tid 1380] [client 181.55.126.50:54294] script 'E:/nuevo/htdocs/wp-login.php' not found or unable to stat
[Mon Apr 06 11:56:26.889278 2015] [cgi:error] [pid 7568:tid 1380] [client 181.55.126.50:54329] script not found or unable to stat: E:/nuevo/htdocs/wwwadmin.cgi
[Mon Apr 06 11:56:27.045278 2015] [cgi:error] [pid 7568:tid 1380] [client 181.55.126.50:54404] script not found or unable to stat: E:/nuevo/htdocs/wwwboard.cgi
[Mon Apr 06 11:56:27.185678 2015] [access_compat:error] [pid 7568:tid 944] [client 181.55.126.50:54462] AH01797: client denied by server configuration: E:/nuevo/htdocs/xampp/cgi.cgi
[Mon Apr 06 11:56:36.389695 2015] [cgi:error] [pid 7568:tid 1160] [client 181.55.126.50:57782] script not found or unable to stat: E:/nuevo/cgi-bin/faqmanager.cgi
[Mon Apr 06 11:56:45.047710 2015] [:error] [pid 7568:tid 1380] [client 181.55.126.50:60734] script 'E:/nuevo/htdocs/enter.php' not found or unable to stat
[Mon Apr 06 11:57:09.633353 2015] [cgi:error] [pid 7568:tid 1180] [client 181.55.126.50:7846] script not found or unable to stat: E:/nuevo/htdocs/FormHandler.cgi
[Mon Apr 06 11:58:33.717501 2015] [access_compat:error] [pid 7568:tid 1364] [client 181.55.126.50:50481] AH01797: client denied by server configuration: E:/nuevo/htdocs/xampp
[Mon Apr 06 11:58:50.409530 2015] [access_compat:error] [pid 7568:tid 1508] [client 181.55.126.50:54265] AH01797: client denied by server configuration: E:/nuevo/htdocs/xampp
[Mon Apr 06 11:59:30.657601 2015] [proxy_http:error] [pid 7568:tid 1868] (20014)Internal error: [client 201.245.192.253:56098] AH01102: error reading status line from remote server 172.22.1.47:80, referer: http://190.27.245.106/forest/buscar.do?
[Mon Apr 06 12:00:33.291711 2015] [proxy_http:error] [pid 7568:tid 700] (20014)Internal error: [client 201.245.192.253:57080] AH01102: error reading status line from remote server 172.22.1.47:80, referer: http://190.27.245.106/forest/buscar.do?type=procesos
[Mon Apr 06 12:00:33.322911 2015] [proxy_http:error] [pid 7568:tid 1204] (20014)Internal error: [client 201.245.192.253:57089] AH01102: error reading status line from remote server 172.22.1.47:80, referer: http://190.27.245.106/forest/buscar.do?type=procesos
[Mon Apr 06 12:00:33.322911 2015] [proxy:error] [pid 7568:tid 1204] [client 201.245.192.253:57089] AH00898: Error reading from remote server returned by /forest/json.do, referer: http://190.27.245.106/forest/buscar.do?type=procesos
[Mon Apr 06 12:00:33.322911 2015] [negotiation:error] [pid 7568:tid 1204] [client 201.245.192.253:57089] AH00690: no acceptable variant: E:/nuevo/apache/error/HTTP_BAD_GATEWAY.html.var, referer: http://190.27.245.106/forest/buscar.do?type=procesos
[Mon Apr 06 12:01:32.556215 2015] [proxy_http:error] [pid 7568:tid 1428] (20014)Internal error: [client 201.245.192.253:57971] AH01102: error reading status line from remote server 172.22.1.47:80, referer: http://190.27.245.106/forest/usutareas.do?_a=0.10373681457713246&group_system_actual=3
[Mon Apr 06 12:01:32.556215 2015] [proxy:error] [pid 7568:tid 1428] [client 201.245.192.253:57971] AH00898: Error reading from remote server returned by /forest/skins/gdocs-jar/popup/escritorio/subirborrador.jsp, referer: http://190.27.245.106/forest/usutareas.do?_a=0.10373681457713246&group_system_actual=3
[Mon Apr 06 12:04:39.148143 2015] [proxy_http:error] [pid 7568:tid 1876] (20014)Internal error: [client 181.61.173.135:61640] AH01102: error reading status line from remote server 172.22.1.47:80, referer: http://190.27.245.106/forest/buscar.do?type=procesos
[Mon Apr 06 12:04:43.110549 2015] [proxy_http:error] [pid 7568:tid 928] (20014)Internal error: [client 201.245.192.253:48359] AH01102: error reading status line from remote server 172.22.1.47:80, referer: http://190.27.245.106/forest/usutareas.do?group_system_actual=3&codTraEsc=17831918&_a=0.3081826611850451
[Mon Apr 06 12:06:13.887109 2015] [proxy_http:error] [pid 7568:tid 1284] (20014)Internal error: [client 201.245.192.253:50163] AH01102: error reading status line from remote server 172.22.1.47:80, referer: http://190.27.245.106/forest/usudocumentos.do?_a=0.8016058932081571&group_system_actual=3
[Mon Apr 06 12:06:13.887109 2015] [proxy:error] [pid 7568:tid 1284] [client 201.245.192.253:50163] AH00898: Error reading from remote server returned by /forest/session.jsp, referer: http://190.27.245.106/forest/usudocumentos.do?_a=0.8016058932081571&group_system_actual=3
[Mon Apr 06 12:06:13.887109 2015] [negotiation:error] [pid 7568:tid 1284] [client 201.245.192.253:50163] AH00690: no acceptable variant: E:/nuevo/apache/error/HTTP_BAD_GATEWAY.html.var, referer: http://190.27.245.106/forest/usudocumentos.do?_a=0.8016058932081571&group_system_actual=3
[Mon Apr 06 12:06:39.252753 2015] [proxy_http:error] [pid 7568:tid 944] (20014)Internal error: [client 181.61.173.135:61708] AH01102: error reading status line from remote server 172.22.1.47:80, referer: http://190.27.245.106/forest/buscar.do?type=procesos
[Mon Apr 06 12:06:48.160369 2015] [proxy_http:error] [pid 7568:tid 1436] (20014)Internal error: [client 181.61.173.135:61716] AH01102: error reading status line from remote server 172.22.1.47:80, referer: http://190.27.245.106/forest/buscar.do?type=procesos
[Mon Apr 06 12:07:37.596856 2015] [proxy_http:error] [pid 7568:tid 1652] (20014)Internal error: [client 201.245.192.253:51320] AH01102: error reading status line from remote server 172.22.1.47:80, referer: http://190.27.245.106/forest/
[Mon Apr 06 12:07:37.596856 2015] [proxy:error] [pid 7568:tid 1652] [client 201.245.192.253:51320] AH00898: Error reading from remote server returned by /forest/session.jsp, referer: http://190.27.245.106/forest/
[Mon Apr 06 12:07:37.596856 2015] [negotiation:error] [pid 7568:tid 1652] [client 201.245.192.253:51320] AH00690: no acceptable variant: E:/nuevo/apache/error/HTTP_BAD_GATEWAY.html.var, referer: http://190.27.245.106/forest/
[Mon Apr 06 12:07:38.252057 2015] [proxy_http:error] [pid 7568:tid 1156] (20014)Internal error: [client 181.61.173.135:61742] AH01102: error reading status line from remote server 172.22.1.47:80, referer: http://190.27.245.106/forest/buscar.do?type=procesos
[Mon Apr 06 12:07:38.252057 2015] [proxy:error] [pid 7568:tid 1156] [client 181.61.173.135:61742] AH00898: Error reading from remote server returned by /forest/json.do, referer: http://190.27.245.106/forest/buscar.do?type=procesos
[Mon Apr 06 12:07:38.252057 2015] [negotiation:error] [pid 7568:tid 1156] [client 181.61.173.135:61742] AH00690: no acceptable variant: E:/nuevo/apache/error/HTTP_BAD_GATEWAY.html.var, referer: http://190.27.245.106/forest/buscar.do?type=procesos
[Mon Apr 06 12:07:38.720058 2015] [proxy_http:error] [pid 7568:tid 1876] (20014)Internal error: [client 181.61.173.135:61740] AH01102: error reading status line from remote server 172.22.1.47:80, referer: http://190.27.245.106/forest/buscar.do?type=procesos
[Mon Apr 06 12:07:56.176489 2015] [proxy_http:error] [pid 7568:tid 760] (20014)Internal error: [client 201.245.192.253:51387] AH01102: error reading status line from remote server 172.22.1.47:80, referer: http://190.27.245.106/forest/buscar.do?type=procesos
[Mon Apr 06 12:07:56.223289 2015] [proxy_http:error] [pid 7568:tid 928] (20014)Internal error: [client 201.245.192.253:51829] AH01102: error reading status line from remote server 172.22.1.47:80, referer: http://190.27.245.106/forest/buscar.do?type=procesos
[Mon Apr 06 12:07:56.223289 2015] [proxy:error] [pid 7568:tid 928] [client 201.245.192.253:51829] AH00898: Error reading from remote server returned by /forest/json.do, referer: http://190.27.245.106/forest/buscar.do?type=procesos
[Mon Apr 06 12:07:56.223289 2015] [negotiation:error] [pid 7568:tid 928] [client 201.245.192.253:51829] AH00690: no acceptable variant: E:/nuevo/apache/error/HTTP_BAD_GATEWAY.html.var, referer: http://190.27.245.106/forest/buscar.do?type=procesos
[Mon Apr 06 12:08:04.194903 2015] [proxy_http:error] [pid 7568:tid 1300] (20014)Internal error: [client 201.245.192.253:51868] AH01102: error reading status line from remote server 172.22.1.47:80, referer: http://190.27.245.106/forest/index2.jsp?a=0.4237862464401714
[Mon Apr 06 12:08:06.644107 2015] [proxy_http:error] [pid 7568:tid 928] (20014)Internal error: [client 201.245.192.253:52003] AH01102: error reading status line from remote server 172.22.1.47:80, referer: http://190.27.245.106/forest/usutareas.do?group_system_actual=3&codTraEsc=17850345&_a=0.08365255248249048
[Mon Apr 06 12:10:24.501549 2015] [access_compat:error] [pid 7568:tid 1364] [client 181.55.126.50:47404] AH01797: client denied by server configuration: E:/nuevo/htdocs/server-info
[Mon Apr 06 12:10:24.657549 2015] [core:error] [pid 7568:tid 832] (20024)The given path is misformatted or contained invalid characters: [client 181.55.126.50:47405] AH00127: Cannot map GET /|~.aspx HTTP/1.1 to file
[Mon Apr 06 12:10:24.657549 2015] [negotiation:error] [pid 7568:tid 944] [client 181.55.126.50:47403] AH00690: no acceptable variant: E:/nuevo/apache/error/HTTP_NOT_FOUND.html.var
[Mon Apr 06 12:10:24.969550 2015] [negotiation:error] [pid 7568:tid 1172] [client 181.55.126.50:47402] AH00690: no acceptable variant: E:/nuevo/apache/error/HTTP_NOT_FOUND.html.var
[Mon Apr 06 12:10:25.031950 2015] [access_compat:error] [pid 7568:tid 832] [client 181.55.126.50:47405] AH01797: client denied by server configuration: E:/nuevo/htdocs/server-status
[Mon Apr 06 12:10:25.609151 2015] [:error] [pid 7568:tid 1364] [client 181.55.126.50:47404] script 'E:/nuevo/htdocs/AN4JVwbyMw.php' not found or unable to stat
[Mon Apr 06 12:10:25.765151 2015] [cgi:error] [pid 7568:tid 832] [client 181.55.126.50:47405] script not found or unable to stat: E:/nuevo/htdocs/AN4JVwbyMw.cgi
[Mon Apr 06 12:10:25.921152 2015] [core:error] [pid 7568:tid 1388] [client 181.55.126.50:47410] AH00126: Invalid URI in request GET @testasp.vulnweb.com/rpb.png HTTP/1.1
[Mon Apr 06 12:10:26.155152 2015] [cgi:error] [pid 7568:tid 1316] [client 181.55.126.50:47464] script not found or unable to stat: E:/nuevo/htdocs/AN4JVwbyMw.pl
[Mon Apr 06 12:10:26.155152 2015] [access_compat:error] [pid 7568:tid 944] [client 181.55.126.50:47403] AH01797: client denied by server configuration: E:/nuevo/phpMyAdmin/main.php
[Mon Apr 06 12:10:26.201952 2015] [core:error] [pid 7568:tid 1156] [client 181.55.126.50:47476] AH00135: Invalid method in request TRACK /VQHzvOPXBH HTTP/1.1
[Mon Apr 06 12:10:26.482753 2015] [access_compat:error] [pid 7568:tid 944] [client 181.55.126.50:47403] AH01797: client denied by server configuration: E:/nuevo/htdocs/phpMyAdmin
[Mon Apr 06 12:10:26.591953 2015] [core:error] [pid 7568:tid 1156] [client 181.55.126.50:47487] AH00126: Invalid URI in request GET /sdk/../../../../../../../../../../../../../etc/passwd HTTP/1.1
[Mon Apr 06 12:10:27.059954 2015] [proxy:error] [pid 7568:tid 1172] (OS 10061)No connection could be made because the target machine actively refused it.  : AH00957: AJP: attempt to connect to 127.0.0.1:8009 (*) failed
[Mon Apr 06 12:10:27.059954 2015] [proxy_ajp:error] [pid 7568:tid 1172] [client 181.55.126.50:47402] AH00896: failed to make connection to backend: 127.0.0.1
[Mon Apr 06 12:10:27.730755 2015] [cgi:error] [pid 7568:tid 1468] [client 181.55.126.50:47539] script not found or unable to stat: E:/nuevo/htdocs/AN4JVwbyMw.asp
[Mon Apr 06 12:10:28.479556 2015] [proxy:error] [pid 7568:tid 1156] (OS 10061)No connection could be made because the target machine actively refused it.  : AH00957: AJP: attempt to connect to 127.0.0.1:8009 (*) failed
[Mon Apr 06 12:10:28.479556 2015] [proxy_ajp:error] [pid 7568:tid 1156] [client 181.55.126.50:47499] AH00896: failed to make connection to backend: 127.0.0.1
[Mon Apr 06 12:10:29.087957 2015] [access_compat:error] [pid 7568:tid 1316] [client 181.55.126.50:47464] AH01797: client denied by server configuration: E:/nuevo/htdocs/phpmyadmin2
[Mon Apr 06 12:10:29.602758 2015] [proxy:error] [pid 7568:tid 1460] (OS 10061)No connection could be made because the target machine actively refused it.  : AH00957: AJP: attempt to connect to 127.0.0.1:8009 (*) failed
[Mon Apr 06 12:10:29.602758 2015] [proxy_ajp:error] [pid 7568:tid 1460] [client 181.55.126.50:47461] AH00896: failed to make connection to backend: 127.0.0.1
[Mon Apr 06 12:10:29.758758 2015] [access_compat:error] [pid 7568:tid 1468] [client 181.55.126.50:47539] AH01797: client denied by server configuration: E:/nuevo/htdocs/phpMyAdmin-3.3.4-all-languages
