!C99Shell v. 1.0 pre-release build #13!

Software: Apache. PHP/5.5.15 

uname -a: Windows NT SVR-DMZ 6.1 build 7600 (Windows Server 2008 R2 Enterprise Edition) i586 

SYSTEM 

Safe-mode: OFF (not secure)

E:\nuevo\apache\logs\   drwxrwxrwx
Free 8.02 GB of 239.26 GB (3.35%)
Detected drives: [ a ] [ c ] [ d ] [ e ] [ f ]
Home    Back    Forward    UPDIR    Refresh    Search    Buffer    Encoder    Tools    Proc.    FTP brute    Sec.    SQL    PHP-code    Update    Feedback    Self remove    Logout    


Viewing file:     error.2015.04.07.log (95.75 KB)      -rw-rw-rw-
Select action/file-type:
(+) | (+) | (+) | Code (+) | Session (+) | (+) | SDB (+) | (+) | (+) | (+) | (+) | (+) |
[Tue Apr 07 00:15:21.307548 2015] [proxy_http:error] [pid 7568:tid 768] (OS 10054)An existing connection was forcibly closed by the remote host.  : [client 186.80.32.251:49855] AH01102: error reading status line from remote server 172.22.1.31:80, referer: http://190.27.245.106/isolucionsda/bancoconocimiento/C/Contrataciondeminimacuantia_v3/Contrataciondeminimacuantia_v3.asp?IdArticulo=8064
[Tue Apr 07 00:15:21.307548 2015] [proxy:error] [pid 7568:tid 768] [client 186.80.32.251:49855] AH00898: Error reading from remote server returned by /isolucionsda/FrameSetGlosario.asp, referer: http://190.27.245.106/isolucionsda/bancoconocimiento/C/Contrataciondeminimacuantia_v3/Contrataciondeminimacuantia_v3.asp?IdArticulo=8064
[Tue Apr 07 00:24:49.226545 2015] [proxy_http:error] [pid 7568:tid 1780] (OS 10054)An existing connection was forcibly closed by the remote host.  : [client 186.80.32.251:49933] AH01102: error reading status line from remote server 172.22.1.31:80, referer: http://190.27.245.106/isolucionsda/FrameSetGeneral.asp?Pagina1=FrameSetGeneral.asp&
[Tue Apr 07 00:24:49.226545 2015] [proxy:error] [pid 7568:tid 1780] [client 186.80.32.251:49933] AH00898: Error reading from remote server returned by /isolucionsda/MagazinHome.asp, referer: http://190.27.245.106/isolucionsda/FrameSetGeneral.asp?Pagina1=FrameSetGeneral.asp&
[Tue Apr 07 00:34:12.917936 2015] [proxy_http:error] [pid 7568:tid 1852] (OS 10054)An existing connection was forcibly closed by the remote host.  : [client 186.80.32.251:49972] AH01102: error reading status line from remote server 172.22.1.31:80, referer: http://190.27.245.106/isolucionsda/Encabezado.asp?Pagina=ListadoMaestroDocumentos3.asp
[Tue Apr 07 00:34:12.917936 2015] [proxy:error] [pid 7568:tid 1852] [client 186.80.32.251:49972] AH00898: Error reading from remote server returned by /isolucionsda/g/Bot_MeciOver_ESP.jpg, referer: http://190.27.245.106/isolucionsda/Encabezado.asp?Pagina=ListadoMaestroDocumentos3.asp
[Tue Apr 07 03:57:06.356517 2015] [mpm_winnt:warn] [pid 7568:tid 2668] (OS 64)The specified network name is no longer available.  : AH00341: winnt_accept: Asynchronous AcceptEx failed.
[Tue Apr 07 05:38:13.645974 2015] [mpm_winnt:warn] [pid 7568:tid 2668] (OS 64)The specified network name is no longer available.  : AH00341: winnt_accept: Asynchronous AcceptEx failed.
[Tue Apr 07 06:43:29.550252 2015] [proxy_http:error] [pid 7568:tid 1556] (20014)Internal error: [client 191.95.243.112:31107] AH01102: error reading status line from remote server 172.22.1.47:80, referer: http://190.27.245.106/forest/usutareas.do?group_system_actual=3&a=0.13997779646888375
[Tue Apr 07 06:43:29.550252 2015] [proxy:error] [pid 7568:tid 1556] [client 191.95.243.112:31107] AH00898: Error reading from remote server returned by /forest/usutareas.do, referer: http://190.27.245.106/forest/usutareas.do?group_system_actual=3&a=0.13997779646888375
[Tue Apr 07 07:10:08.147460 2015] [proxy_http:error] [pid 7568:tid 1852] (20014)Internal error: [client 191.95.243.112:31246] AH01102: error reading status line from remote server 172.22.1.47:80, referer: http://190.27.245.106/forest/usutareas.do?group_system_actual=3&a=0.5760613488964736
[Tue Apr 07 07:18:45.678369 2015] [mpm_winnt:warn] [pid 7568:tid 2668] (OS 64)The specified network name is no longer available.  : AH00341: winnt_accept: Asynchronous AcceptEx failed.
[Tue Apr 07 07:20:56.157998 2015] [proxy_http:error] [pid 7568:tid 1268] (OS 10054)An existing connection was forcibly closed by the remote host.  : [client 201.245.192.253:57352] AH01102: error reading status line from remote server 172.22.1.31:80, referer: http://190.27.245.106/isolucionsda/FrameSetGeneral.asp?Pagina1=FrameSetGeneral.asp&
[Tue Apr 07 07:20:56.157998 2015] [proxy:error] [pid 7568:tid 1268] [client 201.245.192.253:57352] AH00898: Error reading from remote server returned by /isolucionsda/BarraTitulos.asp, referer: http://190.27.245.106/isolucionsda/FrameSetGeneral.asp?Pagina1=FrameSetGeneral.asp&
[Tue Apr 07 07:50:01.613864 2015] [mpm_winnt:warn] [pid 7568:tid 2668] (OS 64)The specified network name is no longer available.  : AH00341: winnt_accept: Asynchronous AcceptEx failed.
[Tue Apr 07 08:11:59.488578 2015] [proxy_http:error] [pid 7568:tid 1160] (OS 10054)An existing connection was forcibly closed by the remote host.  : [client 201.245.192.253:54639] AH01102: error reading status line from remote server 172.22.1.31:80, referer: http://190.27.245.106/isolucionsda/FrameSetGeneral.asp?Pagina=BancoConocimiento/s/SistemadeGestionAmbiental_v0/SistemadeGestionAmbiental_v0.asp?&IdModulo=19
[Tue Apr 07 08:28:48.140550 2015] [proxy_http:error] [pid 7568:tid 1484] (OS 10054)An existing connection was forcibly closed by the remote host.  : [client 201.245.192.253:52821] AH01102: error reading status line from remote server 172.22.1.31:80, referer: http://190.27.245.106/isolucionsda/FrameSetGeneral.asp?Pagina1=FrameSetGeneral.asp&
[Tue Apr 07 08:28:48.140550 2015] [proxy:error] [pid 7568:tid 1484] [client 201.245.192.253:52821] AH00898: Error reading from remote server returned by /isolucionsda/BarraFavoritos.asp, referer: http://190.27.245.106/isolucionsda/FrameSetGeneral.asp?Pagina1=FrameSetGeneral.asp&
[Tue Apr 07 08:31:14.874408 2015] [proxy_http:error] [pid 7568:tid 1428] (OS 10054)An existing connection was forcibly closed by the remote host.  : [client 201.245.192.253:54834] AH01102: error reading status line from remote server 172.22.1.31:80, referer: http://190.27.245.106/isolucionsda/DetalleTareas.aspx?Number=50487070685765674567
[Tue Apr 07 08:35:22.493643 2015] [core:error] [pid 7568:tid 1780] (22)Invalid argument: [client 180.76.5.175:63686] AH00127: Cannot map GET /Autoliquidacion/Grupo%20Forestal%20-%20Silvicultura/Ficha%20t%E9cnica%20de%20registro%20(Ficha%202).docx HTTP/1.1 to file
[Tue Apr 07 08:36:04.847717 2015] [proxy_http:error] [pid 7568:tid 1484] (OS 10054)An existing connection was forcibly closed by the remote host.  : [client 201.245.192.253:58178] AH01102: error reading status line from remote server 172.22.1.31:80, referer: http://190.27.245.106/isolucionsda/Magazin.asp?Sigla=MOSC
[Tue Apr 07 08:36:04.847717 2015] [proxy:error] [pid 7568:tid 1484] [client 201.245.192.253:58178] AH00898: Error reading from remote server returned by /isolucionsda/GrafMagazin/bogota es tic0.png, referer: http://190.27.245.106/isolucionsda/Magazin.asp?Sigla=MOSC
[Tue Apr 07 08:36:44.705787 2015] [access_compat:error] [pid 7568:tid 1300] [client 193.171.252.193:58667] AH01797: client denied by server configuration: E:/nuevo/phpMyAdmin/index.php
[Tue Apr 07 08:36:44.924188 2015] [access_compat:error] [pid 7568:tid 1300] [client 193.171.252.193:58667] AH01797: client denied by server configuration: E:/nuevo/phpMyAdmin/index.php, referer: http://190.27.245.106/phpmyadmin/index.php\r
[Tue Apr 07 08:38:08.181534 2015] [proxy_http:error] [pid 7568:tid 888] (OS 10054)An existing connection was forcibly closed by the remote host.  : [client 201.245.192.253:47541] AH01102: error reading status line from remote server 172.22.1.31:80, referer: http://190.27.245.106/isolucionsda/FrameSetGeneral.asp?Pagina=Menu.asp&IdModulo=15
[Tue Apr 07 08:38:08.181534 2015] [proxy:error] [pid 7568:tid 888] [client 201.245.192.253:47541] AH00898: Error reading from remote server returned by /isolucionsda/Menu.asp, referer: http://190.27.245.106/isolucionsda/FrameSetGeneral.asp?Pagina=Menu.asp&IdModulo=15
[Tue Apr 07 08:47:53.868963 2015] [proxy_http:error] [pid 7568:tid 1008] (OS 10054)An existing connection was forcibly closed by the remote host.  : [client 172.22.2.1:44097] AH01102: error reading status line from remote server 172.22.1.31:80, referer: http://190.27.245.106/isolucionsda/IdentificaUsuario.asp?Pagina1=FrameSetGeneral.asp&
[Tue Apr 07 08:47:59.562973 2015] [proxy_http:error] [pid 7568:tid 1788] (OS 10054)An existing connection was forcibly closed by the remote host.  : [client 172.22.2.1:44103] AH01102: error reading status line from remote server 172.22.1.31:80, referer: http://190.27.245.106/isolucionsda/Encabezado.asp?Pagina1=FrameSetGeneral.asp&&Pagina=MagazinHome.asp
[Tue Apr 07 08:47:59.562973 2015] [proxy:error] [pid 7568:tid 1788] [client 172.22.2.1:44103] AH00898: Error reading from remote server returned by /isolucionsda/g/Bot_Anterior.jpg, referer: http://190.27.245.106/isolucionsda/Encabezado.asp?Pagina1=FrameSetGeneral.asp&&Pagina=MagazinHome.asp
[Tue Apr 07 09:01:19.376377 2015] [proxy_http:error] [pid 7568:tid 1148] (OS 10054)An existing connection was forcibly closed by the remote host.  : [client 201.245.192.253:57526] AH01102: error reading status line from remote server 172.22.1.31:80, referer: http://190.27.245.106/isolucionsda/FrameSetGeneral.asp?Pagina1=FrameSetGeneral.asp&
[Tue Apr 07 09:01:19.376377 2015] [proxy:error] [pid 7568:tid 1148] [client 201.245.192.253:57526] AH00898: Error reading from remote server returned by /isolucionsda/BarraTitulos.asp, referer: http://190.27.245.106/isolucionsda/FrameSetGeneral.asp?Pagina1=FrameSetGeneral.asp&
[Tue Apr 07 09:01:19.376377 2015] [proxy_http:error] [pid 7568:tid 1868] (OS 10054)An existing connection was forcibly closed by the remote host.  : [client 201.245.192.253:57527] AH01102: error reading status line from remote server 172.22.1.31:80, referer: http://190.27.245.106/isolucionsda/FrameSetGeneral.asp?Pagina1=FrameSetGeneral.asp&
[Tue Apr 07 09:01:19.376377 2015] [proxy:error] [pid 7568:tid 1868] [client 201.245.192.253:57527] AH00898: Error reading from remote server returned by /isolucionsda/MagazinHome.asp, referer: http://190.27.245.106/isolucionsda/FrameSetGeneral.asp?Pagina1=FrameSetGeneral.asp&
[Tue Apr 07 09:13:53.467102 2015] [proxy_http:error] [pid 7568:tid 1380] (OS 10054)An existing connection was forcibly closed by the remote host.  : [client 201.245.192.253:59700] AH01102: error reading status line from remote server 172.22.1.31:80, referer: http://190.27.245.106/isolucionsda/Encabezado.asp?Pagina1=FrameSetGeneral.asp&&Pagina=MagazinHome.asp
[Tue Apr 07 09:19:38.227707 2015] [proxy_http:error] [pid 7568:tid 1148] (20014)Internal error: [client 201.245.192.253:53718] AH01102: error reading status line from remote server 172.22.1.47:80, referer: http://190.27.245.106/forest/misactividades.do?group_system_actual=3&codPro=176&_a=0.7463921821665377
[Tue Apr 07 09:19:38.227707 2015] [proxy_http:error] [pid 7568:tid 1380] (20014)Internal error: [client 201.245.192.253:53738] AH01102: error reading status line from remote server 172.22.1.47:80
[Tue Apr 07 09:19:38.227707 2015] [proxy:error] [pid 7568:tid 1380] [client 201.245.192.253:53738] AH00898: Error reading from remote server returned by /forest/js/jquery/jquery-ui-latest.js
[Tue Apr 07 09:19:38.227707 2015] [proxy_http:error] [pid 7568:tid 1316] (20014)Internal error: [client 201.245.192.253:53746] AH01102: error reading status line from remote server 172.22.1.47:80
[Tue Apr 07 09:19:38.227707 2015] [proxy:error] [pid 7568:tid 1316] [client 201.245.192.253:53746] AH00898: Error reading from remote server returned by /forest/js/jquery/jquery.jqGrid.src.js
[Tue Apr 07 09:19:38.227707 2015] [proxy_http:error] [pid 7568:tid 1228] (20014)Internal error: [client 201.245.192.253:53753] AH01102: error reading status line from remote server 172.22.1.47:80
[Tue Apr 07 09:19:38.227707 2015] [proxy:error] [pid 7568:tid 1228] [client 201.245.192.253:53753] AH00898: Error reading from remote server returned by /forest/img/users/5.gif
[Tue Apr 07 09:19:38.227707 2015] [proxy_http:error] [pid 7568:tid 872] (20014)Internal error: [client 201.245.192.253:53757] AH01102: error reading status line from remote server 172.22.1.47:80
[Tue Apr 07 09:19:38.227707 2015] [proxy:error] [pid 7568:tid 872] [client 201.245.192.253:53757] AH00898: Error reading from remote server returned by /forest/img/buscar.jpg
[Tue Apr 07 09:19:38.243307 2015] [proxy_http:error] [pid 7568:tid 1404] (20014)Internal error: [client 201.245.192.253:53756] AH01102: error reading status line from remote server 172.22.1.47:80
[Tue Apr 07 09:19:38.243307 2015] [proxy:error] [pid 7568:tid 1404] [client 201.245.192.253:53756] AH00898: Error reading from remote server returned by /forest/css/index.css
[Tue Apr 07 09:19:38.243307 2015] [proxy_http:error] [pid 7568:tid 1212] (20014)Internal error: [client 201.245.192.253:53751] AH01102: error reading status line from remote server 172.22.1.47:80
[Tue Apr 07 09:19:38.243307 2015] [proxy:error] [pid 7568:tid 1212] [client 201.245.192.253:53751] AH00898: Error reading from remote server returned by /forest/img/users/3.gif
[Tue Apr 07 09:19:38.243307 2015] [proxy_http:error] [pid 7568:tid 1700] (20014)Internal error: [client 201.245.192.253:53750] AH01102: error reading status line from remote server 172.22.1.47:80
[Tue Apr 07 09:19:38.243307 2015] [proxy:error] [pid 7568:tid 1700] [client 201.245.192.253:53750] AH00898: Error reading from remote server returned by /forest/js/jqGridConf.js
[Tue Apr 07 09:23:57.656163 2015] [proxy_http:error] [pid 7568:tid 1316] (OS 10054)An existing connection was forcibly closed by the remote host.  : [client 201.245.192.253:58388] AH01102: error reading status line from remote server 172.22.1.31:80, referer: http://190.27.245.106/isolucionsda/FrameSetGeneral.asp?Pagina=Menu.asp&IdModulo=15
[Tue Apr 07 09:23:57.656163 2015] [proxy:error] [pid 7568:tid 1316] [client 201.245.192.253:58388] AH00898: Error reading from remote server returned by /isolucionsda/Menu.asp, referer: http://190.27.245.106/isolucionsda/FrameSetGeneral.asp?Pagina=Menu.asp&IdModulo=15
[Tue Apr 07 09:24:43.988244 2015] [:error] [pid 7568:tid 1316] [client 195.211.155.206:55343] script 'E:/nuevo/htdocs/xmlrpc.php' not found or unable to stat, referer: http://190.27.245.106/xmlrpc.php
[Tue Apr 07 09:24:44.003844 2015] [:error] [pid 7568:tid 1212] [client 195.211.155.206:55344] script 'E:/nuevo/htdocs/xmlrpc.php' not found or unable to stat, referer: http://190.27.245.106/xmlrpc.php
[Tue Apr 07 09:24:44.222245 2015] [:error] [pid 7568:tid 1316] [client 195.211.155.206:55343] script 'E:/nuevo/htdocs/xmlrpc.php' not found or unable to stat, referer: http://190.27.245.106/xmlrpc.php
[Tue Apr 07 09:24:44.222245 2015] [:error] [pid 7568:tid 1212] [client 195.211.155.206:55344] script 'E:/nuevo/htdocs/xmlrpc.php' not found or unable to stat, referer: http://190.27.245.106/xmlrpc.php
[Tue Apr 07 09:24:44.440645 2015] [:error] [pid 7568:tid 1316] [client 195.211.155.206:55343] script 'E:/nuevo/htdocs/xmlrpc.php' not found or unable to stat, referer: http://190.27.245.106/xmlrpc.php
[Tue Apr 07 09:24:44.456245 2015] [:error] [pid 7568:tid 1212] [client 195.211.155.206:55344] script 'E:/nuevo/htdocs/BLA/xmlrpc.php' not found or unable to stat, referer: http://190.27.245.106/BLA/xmlrpc.php
[Tue Apr 07 09:24:44.674646 2015] [:error] [pid 7568:tid 1212] [client 195.211.155.206:55344] script 'E:/nuevo/htdocs/BLA/xmlrpc.php' not found or unable to stat, referer: http://190.27.245.106/BLA/xmlrpc.php
[Tue Apr 07 09:24:44.893046 2015] [:error] [pid 7568:tid 1212] [client 195.211.155.206:55344] script 'E:/nuevo/htdocs/BLA/xmlrpc.php' not found or unable to stat, referer: http://190.27.245.106/BLA/xmlrpc.php
[Tue Apr 07 09:24:45.127046 2015] [:error] [pid 7568:tid 1212] [client 195.211.155.206:55344] script 'E:/nuevo/htdocs/BLA/xmlrpc.php' not found or unable to stat, referer: http://190.27.245.106/BLA/xmlrpc.php
[Tue Apr 07 09:24:45.345447 2015] [:error] [pid 7568:tid 1212] [client 195.211.155.206:55344] script 'E:/nuevo/htdocs/BLA/resoluciones/xmlrpc.php' not found or unable to stat, referer: http://190.27.245.106/BLA/resoluciones/xmlrpc.php
[Tue Apr 07 09:24:45.361047 2015] [:error] [pid 7568:tid 1316] [client 195.211.155.206:55343] script 'E:/nuevo/htdocs/BLA/resoluciones/xmlrpc.php' not found or unable to stat, referer: http://190.27.245.106/BLA/resoluciones/xmlrpc.php
[Tue Apr 07 09:24:45.579447 2015] [:error] [pid 7568:tid 1316] [client 195.211.155.206:55343] script 'E:/nuevo/htdocs/BLA/resoluciones/xmlrpc.php' not found or unable to stat, referer: http://190.27.245.106/BLA/resoluciones/xmlrpc.php
[Tue Apr 07 09:24:45.579447 2015] [:error] [pid 7568:tid 1212] [client 195.211.155.206:55344] script 'E:/nuevo/htdocs/BLA/resoluciones/xmlrpc.php' not found or unable to stat, referer: http://190.27.245.106/BLA/resoluciones/xmlrpc.php
[Tue Apr 07 09:24:45.797848 2015] [:error] [pid 7568:tid 1316] [client 195.211.155.206:55343] script 'E:/nuevo/htdocs/BLA/xmlrpc.php' not found or unable to stat, referer: http://190.27.245.106/BLA/xmlrpc.php
[Tue Apr 07 09:24:46.016248 2015] [:error] [pid 7568:tid 1316] [client 195.211.155.206:55343] script 'E:/nuevo/htdocs/BLA/resoluciones/xmlrpc.php' not found or unable to stat, referer: http://190.27.245.106/BLA/resoluciones/xmlrpc.php
[Tue Apr 07 09:41:57.802060 2015] [proxy_http:error] [pid 7568:tid 1180] (20014)Internal error: [client 201.245.192.253:55759] AH01102: error reading status line from remote server 172.22.1.47:80
[Tue Apr 07 09:41:57.802060 2015] [proxy:error] [pid 7568:tid 1180] [client 201.245.192.253:55759] AH00898: Error reading from remote server returned by /forest/skins/gdocs-jar/css/forms.css
[Tue Apr 07 09:42:19.564098 2015] [proxy_http:error] [pid 7568:tid 1740] (20014)Internal error: [client 201.245.192.253:56148] AH01102: error reading status line from remote server 172.22.1.47:80, referer: http://190.27.245.106/forest/buscar.do?
[Tue Apr 07 09:42:31.576120 2015] [proxy_http:error] [pid 7568:tid 784] (20014)Internal error: [client 201.245.192.253:56231] AH01102: error reading status line from remote server 172.22.1.47:80, referer: http://190.27.245.106/forest/usutareas.do?_a=0.8165420808576118&group_system_actual=3
[Tue Apr 07 09:44:33.334333 2015] [proxy_http:error] [pid 7568:tid 880] (20014)Internal error: [client 181.61.173.135:49563] AH01102: error reading status line from remote server 172.22.1.47:80, referer: http://190.27.245.106/forest/index2.jsp?_a=0.6547754083294421
[Tue Apr 07 09:44:33.365533 2015] [proxy_http:error] [pid 7568:tid 1556] (20014)Internal error: [client 181.61.173.135:49573] AH01102: error reading status line from remote server 172.22.1.47:80, referer: http://190.27.245.106/forest/index2.jsp?_a=0.6547754083294421
[Tue Apr 07 09:44:57.483176 2015] [proxy_http:error] [pid 7568:tid 872] (20014)Internal error: [client 201.245.192.253:59311] AH01102: error reading status line from remote server 172.22.1.47:80, referer: http://190.27.245.106/forest/frameset?
[Tue Apr 07 09:45:14.892806 2015] [proxy_http:error] [pid 7568:tid 880] (20014)Internal error: [client 201.245.192.253:59479] AH01102: error reading status line from remote server 172.22.1.47:80, referer: http://190.27.245.106/forest/frameset?
[Tue Apr 07 09:46:12.862508 2015] [proxy_http:error] [pid 7568:tid 768] (20014)Internal error: [client 201.245.192.253:48413] AH01102: error reading status line from remote server 172.22.1.47:80
[Tue Apr 07 09:46:12.862508 2015] [proxy:error] [pid 7568:tid 768] [client 201.245.192.253:48413] AH00898: Error reading from remote server returned by /forest/js/inicio.js
[Tue Apr 07 09:46:18.026117 2015] [proxy_http:error] [pid 7568:tid 1820] (20014)Internal error: [client 201.245.192.253:48538] AH01102: error reading status line from remote server 172.22.1.47:80
[Tue Apr 07 09:46:18.026117 2015] [proxy:error] [pid 7568:tid 1820] [client 201.245.192.253:48538] AH00898: Error reading from remote server returned by /forest/js/internJS.js
[Tue Apr 07 09:46:18.026117 2015] [proxy_http:error] [pid 7568:tid 720] (20014)Internal error: [client 201.245.192.253:48542] AH01102: error reading status line from remote server 172.22.1.47:80
[Tue Apr 07 09:46:18.026117 2015] [proxy:error] [pid 7568:tid 720] [client 201.245.192.253:48542] AH00898: Error reading from remote server returned by /forest/js/sarissa.js
[Tue Apr 07 09:46:24.656129 2015] [proxy_http:error] [pid 7568:tid 1268] (20014)Internal error: [client 201.245.192.253:48590] AH01102: error reading status line from remote server 172.22.1.47:80, referer: http://190.27.245.106/forest/buscar.do?
[Tue Apr 07 09:47:54.574687 2015] [proxy_http:error] [pid 7568:tid 1180] (20014)Internal error: [client 201.245.192.253:50693] AH01102: error reading status line from remote server 172.22.1.47:80
[Tue Apr 07 09:47:54.574687 2015] [proxy:error] [pid 7568:tid 1180] [client 201.245.192.253:50693] AH00898: Error reading from remote server returned by /forest/js/load_func.js
[Tue Apr 07 09:55:01.656637 2015] [proxy_http:error] [pid 7568:tid 1092] (20014)Internal error: [client 201.245.192.253:57797] AH01102: error reading status line from remote server 172.22.1.47:80, referer: http://190.27.245.106/forest/buscar.do?type=documentos
[Tue Apr 07 10:15:58.224244 2015] [proxy_http:error] [pid 7568:tid 768] (20014)Internal error: [client 201.245.192.253:53023] AH01102: error reading status line from remote server 172.22.1.47:80, referer: http://190.27.245.106/forest/index2.jsp?a=0.005312340013763905
[Tue Apr 07 10:31:31.464683 2015] [proxy_http:error] [pid 7568:tid 872] (20014)Internal error: [client 201.245.192.253:56459] AH01102: error reading status line from remote server 172.22.1.47:80
[Tue Apr 07 10:31:31.464683 2015] [proxy:error] [pid 7568:tid 872] [client 201.245.192.253:56459] AH00898: Error reading from remote server returned by /forest/skins/gdocs-jar/css/menu.css
[Tue Apr 07 10:51:36.754000 2015] [proxy_http:error] [pid 7568:tid 768] (20014)Internal error: [client 201.245.192.253:51919] AH01102: error reading status line from remote server 172.22.1.47:80, referer: http://190.27.245.106/forest/buscar.do?type=procesos
[Tue Apr 07 10:55:20.567593 2015] [proxy_http:error] [pid 7568:tid 728] (20014)Internal error: [client 201.245.192.253:54394] AH01102: error reading status line from remote server 172.22.1.47:80, referer: http://190.27.245.106/forest/usutareas.do?group_system_actual=3&codAct=1614&numPro=3025643&codPro=143&fecTra=2015-04-01%2011:30:54.0&codInst=3063809&codTraEsc=17839783
[Tue Apr 07 10:56:16.977292 2015] [proxy_http:error] [pid 7568:tid 1788] (20014)Internal error: [client 201.245.192.253:56158] AH01102: error reading status line from remote server 172.22.1.47:80
[Tue Apr 07 10:56:16.977292 2015] [proxy:error] [pid 7568:tid 1788] [client 201.245.192.253:56158] AH00898: Error reading from remote server returned by /forest/1ibre/jscalendar/calendar.js
[Tue Apr 07 10:56:22.000501 2015] [proxy_http:error] [pid 7568:tid 1268] (20014)Internal error: [client 201.245.192.253:56276] AH01102: error reading status line from remote server 172.22.1.47:80
[Tue Apr 07 10:56:22.000501 2015] [proxy:error] [pid 7568:tid 1268] [client 201.245.192.253:56276] AH00898: Error reading from remote server returned by /forest/img/forestIcon.gif
[Tue Apr 07 10:56:22.016101 2015] [proxy_http:error] [pid 7568:tid 1180] (20014)Internal error: [client 201.245.192.253:56282] AH01102: error reading status line from remote server 172.22.1.47:80
[Tue Apr 07 10:56:22.016101 2015] [proxy:error] [pid 7568:tid 1180] [client 201.245.192.253:56282] AH00898: Error reading from remote server returned by /forest/skins/gdocs-jar/js/swfobject.js
[Tue Apr 07 10:56:22.671302 2015] [proxy_http:error] [pid 7568:tid 1556] (20014)Internal error: [client 201.245.192.253:56325] AH01102: error reading status line from remote server 172.22.1.47:80
[Tue Apr 07 10:56:22.671302 2015] [proxy:error] [pid 7568:tid 1556] [client 201.245.192.253:56325] AH00898: Error reading from remote server returned by /forest/skins/gdocs-jar/img/clip.gif
[Tue Apr 07 10:57:10.968987 2015] [proxy_http:error] [pid 7568:tid 1796] (20014)Internal error: [client 201.245.192.253:56943] AH01102: error reading status line from remote server 172.22.1.47:80, referer: http://190.27.245.106/forest/suactividades.do?group_system_actual=3&_a=0.9761507347360787
[Tue Apr 07 10:57:11.327788 2015] [proxy_http:error] [pid 7568:tid 1548] (20014)Internal error: [client 201.245.192.253:57039] AH01102: error reading status line from remote server 172.22.1.47:80, referer: http://190.27.245.106/forest/buscar.do?type=procesos
[Tue Apr 07 10:57:17.302598 2015] [proxy_http:error] [pid 7568:tid 1380] (20014)Internal error: [client 201.245.192.253:57099] AH01102: error reading status line from remote server 172.22.1.47:80
[Tue Apr 07 10:57:17.302598 2015] [proxy:error] [pid 7568:tid 1380] [client 201.245.192.253:57099] AH00898: Error reading from remote server returned by /forest/skins/gdocs-jar/js/graphicForm.js
[Tue Apr 07 10:57:17.318198 2015] [proxy_http:error] [pid 7568:tid 1132] (20014)Internal error: [client 201.245.192.253:57094] AH01102: error reading status line from remote server 172.22.1.47:80
[Tue Apr 07 10:57:17.318198 2015] [proxy:error] [pid 7568:tid 1132] [client 201.245.192.253:57094] AH00898: Error reading from remote server returned by /forest/skins/gdocs-jar/css/dialog.css
[Tue Apr 07 10:57:52.371460 2015] [proxy_http:error] [pid 7568:tid 1788] (20014)Internal error: [client 201.245.192.253:57736] AH01102: error reading status line from remote server 172.22.1.47:80, referer: http://190.27.245.106/forest/index2.jsp?_a=0.7113960173446685
[Tue Apr 07 10:59:12.711601 2015] [proxy_http:error] [pid 7568:tid 1748] (20014)Internal error: [client 201.245.192.253:58745] AH01102: error reading status line from remote server 172.22.1.47:80, referer: http://190.27.245.106/forest/system/process.jsp?numPro=2967161
[Tue Apr 07 10:59:43.677655 2015] [proxy_http:error] [pid 7568:tid 1468] (20014)Internal error: [client 201.245.192.253:59262] AH01102: error reading status line from remote server 172.22.1.47:80
[Tue Apr 07 10:59:43.677655 2015] [proxy:error] [pid 7568:tid 1468] [client 201.245.192.253:59262] AH00898: Error reading from remote server returned by /forest/js/xml_utilities.js
[Tue Apr 07 10:59:46.080060 2015] [proxy_http:error] [pid 7568:tid 1636] (20014)Internal error: [client 201.245.192.253:59265] AH01102: error reading status line from remote server 172.22.1.47:80, referer: http://190.27.245.106/forest/usutareas.do?_a=0.9828294345923761&group_system_actual=3
[Tue Apr 07 10:59:50.354467 2015] [proxy_http:error] [pid 7568:tid 1708] (20014)Internal error: [client 201.245.192.253:59405] AH01102: error reading status line from remote server 172.22.1.47:80, referer: http://190.27.245.106/forest/system/process.jsp?numPro=3055516
[Tue Apr 07 10:59:50.354467 2015] [proxy:error] [pid 7568:tid 1708] [client 201.245.192.253:59405] AH00898: Error reading from remote server returned by /forest/documentos/2046627/2015EE54254.docx, referer: http://190.27.245.106/forest/system/process.jsp?numPro=3055516
[Tue Apr 07 10:59:55.159276 2015] [proxy_http:error] [pid 7568:tid 880] (20014)Internal error: [client 201.245.192.253:59497] AH01102: error reading status line from remote server 172.22.1.47:80
[Tue Apr 07 10:59:55.159276 2015] [proxy:error] [pid 7568:tid 880] [client 201.245.192.253:59497] AH00898: Error reading from remote server returned by /forest/1ibre/1ibre.js
[Tue Apr 07 11:00:31.898340 2015] [proxy_http:error] [pid 7568:tid 720] (20014)Internal error: [client 201.245.192.253:47553] AH01102: error reading status line from remote server 172.22.1.47:80, referer: http://190.27.245.106/forest/buscar.do?type=procesos
[Tue Apr 07 11:01:41.271662 2015] [proxy_http:error] [pid 7568:tid 1092] (20014)Internal error: [client 201.245.192.253:48394] AH01102: error reading status line from remote server 172.22.1.47:80, referer: http://190.27.245.106/forest/buscar.do?type=procesos
[Tue Apr 07 11:02:12.736917 2015] [proxy_http:error] [pid 7568:tid 1700] (20014)Internal error: [client 201.245.192.253:49065] AH01102: error reading status line from remote server 172.22.1.47:80
[Tue Apr 07 11:02:12.736917 2015] [proxy:error] [pid 7568:tid 1700] [client 201.245.192.253:49065] AH00898: Error reading from remote server returned by /forest/js/dialog.js
[Tue Apr 07 11:04:13.215929 2015] [proxy_http:error] [pid 7568:tid 1708] (20014)Internal error: [client 201.245.192.253:51053] AH01102: error reading status line from remote server 172.22.1.47:80, referer: http://190.27.245.106/forest/suactividades.do?group_system_actual=3&_a=0.9761507347360787
[Tue Apr 07 11:04:56.896006 2015] [proxy_http:error] [pid 7568:tid 720] (20014)Internal error: [client 201.245.192.253:51860] AH01102: error reading status line from remote server 172.22.1.47:80, referer: http://190.27.245.106/forest/index2.jsp?_a=0.088777112815278
[Tue Apr 07 11:05:00.172011 2015] [proxy_http:error] [pid 7568:tid 720] (20014)Internal error: [client 201.245.192.253:51906] AH01102: error reading status line from remote server 172.22.1.47:80
[Tue Apr 07 11:05:00.172011 2015] [proxy:error] [pid 7568:tid 720] [client 201.245.192.253:51906] AH00898: Error reading from remote server returned by /forest/skins/gdocs-jar/css/forest.css
[Tue Apr 07 11:05:24.305254 2015] [proxy_http:error] [pid 7568:tid 728] (20014)Internal error: [client 201.245.192.253:52345] AH01102: error reading status line from remote server 172.22.1.47:80, referer: http://190.27.245.106/forest/buscar.do
[Tue Apr 07 11:05:25.178855 2015] [proxy_http:error] [pid 7568:tid 720] (20014)Internal error: [client 201.245.192.253:52370] AH01102: error reading status line from remote server 172.22.1.47:80
[Tue Apr 07 11:05:25.178855 2015] [proxy:error] [pid 7568:tid 720] [client 201.245.192.253:52370] AH00898: Error reading from remote server returned by /forest/js/autocompletar2.js
[Tue Apr 07 11:05:25.288056 2015] [proxy_http:error] [pid 7568:tid 720] (20014)Internal error: [client 201.245.192.253:52392] AH01102: error reading status line from remote server 172.22.1.47:80, referer: http://190.27.245.106/forest/buscar.do
[Tue Apr 07 11:05:25.288056 2015] [proxy:error] [pid 7568:tid 720] [client 201.245.192.253:52392] AH00898: Error reading from remote server returned by /forest/json.do, referer: http://190.27.245.106/forest/buscar.do
[Tue Apr 07 11:05:25.288056 2015] [negotiation:error] [pid 7568:tid 720] [client 201.245.192.253:52392] AH00690: no acceptable variant: E:/nuevo/apache/error/HTTP_BAD_GATEWAY.html.var, referer: http://190.27.245.106/forest/buscar.do
[Tue Apr 07 11:05:25.834056 2015] [proxy_http:error] [pid 7568:tid 720] (20014)Internal error: [client 201.245.192.253:52392] AH01102: error reading status line from remote server 172.22.1.47:80, referer: http://190.27.245.106/forest/buscar.do
[Tue Apr 07 11:05:25.896457 2015] [proxy_http:error] [pid 7568:tid 1556] (20014)Internal error: [client 201.245.192.253:52405] AH01102: error reading status line from remote server 172.22.1.47:80, referer: http://190.27.245.106/forest/usutareas.do?group_system_actual=3&codTraEsc=17857143&_a=0.031186970969630523
[Tue Apr 07 11:05:25.896457 2015] [proxy:error] [pid 7568:tid 1556] [client 201.245.192.253:52405] AH00898: Error reading from remote server returned by /forest/json.do, referer: http://190.27.245.106/forest/usutareas.do?group_system_actual=3&codTraEsc=17857143&_a=0.031186970969630523
[Tue Apr 07 11:05:25.896457 2015] [negotiation:error] [pid 7568:tid 1556] [client 201.245.192.253:52405] AH00690: no acceptable variant: E:/nuevo/apache/error/HTTP_BAD_GATEWAY.html.var, referer: http://190.27.245.106/forest/usutareas.do?group_system_actual=3&codTraEsc=17857143&_a=0.031186970969630523
[Tue Apr 07 11:05:28.127261 2015] [proxy_http:error] [pid 7568:tid 1556] (20014)Internal error: [client 201.245.192.253:52405] AH01102: error reading status line from remote server 172.22.1.47:80, referer: http://190.27.245.106/forest/buscar.do
[Tue Apr 07 11:05:31.746467 2015] [proxy_http:error] [pid 7568:tid 720] (20014)Internal error: [client 201.245.192.253:52578] AH01102: error reading status line from remote server 172.22.1.47:80, referer: http://190.27.245.106/forest/suactividades.do?group_system_actual=3
[Tue Apr 07 11:05:39.328080 2015] [proxy_http:error] [pid 7568:tid 1796] (20014)Internal error: [client 201.245.192.253:52748] AH01102: error reading status line from remote server 172.22.1.47:80, referer: http://190.27.245.106/forest/usutareas.do?group_system_actual=3&codTraEsc=17857143&_a=0.031186970969630523
[Tue Apr 07 11:05:40.529282 2015] [proxy_http:error] [pid 7568:tid 1796] (20014)Internal error: [client 201.245.192.253:52777] AH01102: error reading status line from remote server 172.22.1.47:80, referer: http://190.27.245.106/forest/suactividades.do?group_system_actual=3
[Tue Apr 07 11:05:40.810083 2015] [proxy_http:error] [pid 7568:tid 1860] (20014)Internal error: [client 201.245.192.253:52780] AH01102: error reading status line from remote server 172.22.1.47:80, referer: http://190.27.245.106/forest/buscar.do?type=documentos
[Tue Apr 07 11:05:40.841283 2015] [proxy_http:error] [pid 7568:tid 824] (20014)Internal error: [client 201.245.192.253:52791] AH01102: error reading status line from remote server 172.22.1.47:80
[Tue Apr 07 11:05:40.841283 2015] [proxy:error] [pid 7568:tid 824] [client 201.245.192.253:52791] AH00898: Error reading from remote server returned by /forest/1ibre/jscalendar/lang/calendar-es.js
[Tue Apr 07 11:06:25.472961 2015] [proxy_http:error] [pid 7568:tid 1148] (20014)Internal error: [client 181.61.173.135:52523] AH01102: error reading status line from remote server 172.22.1.47:80, referer: http://190.27.245.106/forest/index2.jsp?a=0.50135540874787
[Tue Apr 07 11:06:25.472961 2015] [proxy_http:error] [pid 7568:tid 1220] (20014)Internal error: [client 181.61.173.135:52526] AH01102: error reading status line from remote server 172.22.1.47:80, referer: http://190.27.245.106/forest/index2.jsp?a=0.50135540874787
[Tue Apr 07 11:06:25.472961 2015] [proxy:error] [pid 7568:tid 1148] [client 181.61.173.135:52523] AH00898: Error reading from remote server returned by /forest/skins/gdocs-jar/css/menu.css, referer: http://190.27.245.106/forest/index2.jsp?a=0.50135540874787
[Tue Apr 07 11:06:25.472961 2015] [proxy_http:error] [pid 7568:tid 1700] (20014)Internal error: [client 181.61.173.135:52516] AH01102: error reading status line from remote server 172.22.1.47:80, referer: http://190.27.245.106/forest/index2.jsp?a=0.50135540874787
[Tue Apr 07 11:08:37.386793 2015] [proxy_http:error] [pid 7568:tid 1380] (20014)Internal error: [client 201.245.192.253:56089] AH01102: error reading status line from remote server 172.22.1.47:80
[Tue Apr 07 11:08:37.386793 2015] [proxy:error] [pid 7568:tid 1380] [client 201.245.192.253:56089] AH00898: Error reading from remote server returned by /forest/css/autocomplete.css
[Tue Apr 07 11:08:37.417993 2015] [proxy_http:error] [pid 7568:tid 768] (20014)Internal error: [client 201.245.192.253:56092] AH01102: error reading status line from remote server 172.22.1.47:80, referer: http://190.27.245.106/forest/buscar.do
[Tue Apr 07 11:08:37.417993 2015] [proxy:error] [pid 7568:tid 768] [client 201.245.192.253:56092] AH00898: Error reading from remote server returned by /forest/js/autocompletar2.js, referer: http://190.27.245.106/forest/buscar.do
[Tue Apr 07 11:08:37.433593 2015] [proxy_http:error] [pid 7568:tid 768] (20014)Internal error: [client 201.245.192.253:56092] AH01102: error reading status line from remote server 172.22.1.47:80, referer: http://190.27.245.106/forest/buscar.do
[Tue Apr 07 11:09:02.705637 2015] [proxy_http:error] [pid 7568:tid 1740] (20014)Internal error: [client 201.245.192.253:56416] AH01102: error reading status line from remote server 172.22.1.47:80
[Tue Apr 07 11:09:02.705637 2015] [proxy:error] [pid 7568:tid 1740] [client 201.245.192.253:56416] AH00898: Error reading from remote server returned by /forest/skins/gdocs-jar/js/autocompletar2.js
[Tue Apr 07 11:09:02.705637 2015] [proxy_http:error] [pid 7568:tid 1820] (20014)Internal error: [client 201.245.192.253:56417] AH01102: error reading status line from remote server 172.22.1.47:80
[Tue Apr 07 11:09:02.705637 2015] [proxy:error] [pid 7568:tid 1820] [client 201.245.192.253:56417] AH00898: Error reading from remote server returned by /forest/skins/gdocs-jar/js/tareas.js
[Tue Apr 07 11:09:05.513642 2015] [proxy_http:error] [pid 7568:tid 1212] (20014)Internal error: [client 201.245.192.253:56425] AH01102: error reading status line from remote server 172.22.1.47:80, referer: http://190.27.245.106/forest/usutareas.do?group_system_actual=3&a=0.883103342493996
[Tue Apr 07 11:09:06.106443 2015] [proxy_http:error] [pid 7568:tid 1212] (20014)Internal error: [client 201.245.192.253:56462] AH01102: error reading status line from remote server 172.22.1.47:80, referer: http://190.27.245.106/forest/usutareas.do?group_system_actual=3&a=0.883103342493996
[Tue Apr 07 11:09:06.106443 2015] [proxy:error] [pid 7568:tid 1212] [client 201.245.192.253:56462] AH00898: Error reading from remote server returned by /forest/actions/forms.getList, referer: http://190.27.245.106/forest/usutareas.do?group_system_actual=3&a=0.883103342493996
[Tue Apr 07 11:09:06.106443 2015] [negotiation:error] [pid 7568:tid 1212] [client 201.245.192.253:56462] AH00690: no acceptable variant: E:/nuevo/apache/error/HTTP_BAD_GATEWAY.html.var, referer: http://190.27.245.106/forest/usutareas.do?group_system_actual=3&a=0.883103342493996
[Tue Apr 07 11:09:19.428867 2015] [proxy_http:error] [pid 7568:tid 1316] (20014)Internal error: [client 201.245.192.253:56685] AH01102: error reading status line from remote server 172.22.1.47:80, referer: http://190.27.245.106/forest/usutareas.do?group_system_actual=3&a=0.8552454539649631
[Tue Apr 07 11:09:19.428867 2015] [proxy:error] [pid 7568:tid 1316] [client 201.245.192.253:56685] AH00898: Error reading from remote server returned by /forest/session.jsp, referer: http://190.27.245.106/forest/usutareas.do?group_system_actual=3&a=0.8552454539649631
[Tue Apr 07 11:09:19.428867 2015] [negotiation:error] [pid 7568:tid 1316] [client 201.245.192.253:56685] AH00690: no acceptable variant: E:/nuevo/apache/error/HTTP_BAD_GATEWAY.html.var, referer: http://190.27.245.106/forest/usutareas.do?group_system_actual=3&a=0.8552454539649631
[Tue Apr 07 11:09:27.806081 2015] [proxy_http:error] [pid 7568:tid 856] (20014)Internal error: [client 201.245.192.253:56796] AH01102: error reading status line from remote server 172.22.1.47:80
[Tue Apr 07 11:09:27.806081 2015] [proxy:error] [pid 7568:tid 856] [client 201.245.192.253:56796] AH00898: Error reading from remote server returned by /forest/skins/gdocs-jar/js/xml_utilities.js
[Tue Apr 07 11:09:41.331305 2015] [proxy_http:error] [pid 7568:tid 856] (20014)Internal error: [client 201.245.192.253:56958] AH01102: error reading status line from remote server 172.22.1.47:80, referer: http://190.27.245.106/forest/usugrafico.do?_a=0.27321079513058066&group_system_actual=3
[Tue Apr 07 11:09:54.326128 2015] [proxy_http:error] [pid 7568:tid 1660] (20014)Internal error: [client 201.245.192.253:57151] AH01102: error reading status line from remote server 172.22.1.47:80
[Tue Apr 07 11:09:54.326128 2015] [proxy:error] [pid 7568:tid 1660] [client 201.245.192.253:57151] AH00898: Error reading from remote server returned by /forest/skins/gdocs-jar/img/pencil.png
[Tue Apr 07 11:09:54.326128 2015] [proxy_http:error] [pid 7568:tid 1844] (20014)Internal error: [client 201.245.192.253:57152] AH01102: error reading status line from remote server 172.22.1.47:80
[Tue Apr 07 11:09:54.326128 2015] [proxy:error] [pid 7568:tid 1844] [client 201.245.192.253:57152] AH00898: Error reading from remote server returned by /forest/skins/gdocs-jar/img/minus.png
[Tue Apr 07 11:10:06.384949 2015] [proxy_http:error] [pid 7568:tid 1316] (20014)Internal error: [client 201.245.192.253:57173] AH01102: error reading status line from remote server 172.22.1.47:80, referer: http://190.27.245.106/forest/usutareas.do?group_system_actual=3&a=0.703825747251325
[Tue Apr 07 11:11:06.741455 2015] [proxy_http:error] [pid 7568:tid 1700] (20014)Internal error: [client 201.245.192.253:58358] AH01102: error reading status line from remote server 172.22.1.47:80, referer: http://190.27.245.106/forest/skins/gdocs-jar/popup/FileViewer.jsp?codDoc=2009428&ext=pdf&codfile=-1&iscodfile=false&nombre=2015ER17054.pdf
[Tue Apr 07 11:12:00.233949 2015] [proxy_http:error] [pid 7568:tid 824] (20014)Internal error: [client 201.245.192.253:59285] AH01102: error reading status line from remote server 172.22.1.47:80, referer: http://190.27.245.106/forest/index2.jsp?_a=0.23099227854982018
[Tue Apr 07 11:12:04.383557 2015] [proxy_http:error] [pid 7568:tid 1820] (20014)Internal error: [client 201.245.192.253:59410] AH01102: error reading status line from remote server 172.22.1.47:80, referer: http://190.27.245.106/forest/misactividades.do?_a=0.08468701876699924&group_system_actual=3
[Tue Apr 07 11:12:04.383557 2015] [proxy:error] [pid 7568:tid 1820] [client 201.245.192.253:59410] AH00898: Error reading from remote server returned by /forest/usutareas.do, referer: http://190.27.245.106/forest/misactividades.do?_a=0.08468701876699924&group_system_actual=3
[Tue Apr 07 11:17:47.974160 2015] [proxy_http:error] [pid 7568:tid 856] (20014)Internal error: [client 201.245.192.253:51535] AH01102: error reading status line from remote server 172.22.1.47:80, referer: http://190.27.245.106/forest/buscar.do?
[Tue Apr 07 11:17:48.270561 2015] [proxy_http:error] [pid 7568:tid 856] (20014)Internal error: [client 201.245.192.253:51733] AH01102: error reading status line from remote server 172.22.1.47:80, referer: http://190.27.245.106/forest/usutareas.do?codTraEsc=17854255
[Tue Apr 07 11:17:48.270561 2015] [proxy:error] [pid 7568:tid 856] [client 201.245.192.253:51733] AH00898: Error reading from remote server returned by /forest/session.jsp, referer: http://190.27.245.106/forest/usutareas.do?codTraEsc=17854255
[Tue Apr 07 11:17:48.270561 2015] [negotiation:error] [pid 7568:tid 856] [client 201.245.192.253:51733] AH00690: no acceptable variant: E:/nuevo/apache/error/HTTP_BAD_GATEWAY.html.var, referer: http://190.27.245.106/forest/usutareas.do?codTraEsc=17854255
[Tue Apr 07 11:19:44.225564 2015] [proxy_http:error] [pid 7568:tid 1316] (20014)Internal error: [client 201.245.192.253:53637] AH01102: error reading status line from remote server 172.22.1.47:80, referer: http://190.27.245.106/forest/buscar.do?type=procesos
[Tue Apr 07 11:20:03.850399 2015] [proxy_http:error] [pid 7568:tid 1132] (20014)Internal error: [client 201.245.192.253:54033] AH01102: error reading status line from remote server 172.22.1.47:80
[Tue Apr 07 11:20:03.850399 2015] [proxy:error] [pid 7568:tid 1132] [client 201.245.192.253:54033] AH00898: Error reading from remote server returned by /forest/skins/gdocs-jar/img/disk.png
[Tue Apr 07 11:27:02.523934 2015] [proxy_http:error] [pid 7568:tid 1388] (20014)Internal error: [client 201.245.192.253:49340] AH01102: error reading status line from remote server 172.22.1.47:80, referer: http://190.27.245.106/forest/buscar.do?type=documentos
[Tue Apr 07 11:30:54.090741 2015] [proxy_http:error] [pid 7568:tid 1796] (20014)Internal error: [client 201.245.192.253:52844] AH01102: error reading status line from remote server 172.22.1.47:80
[Tue Apr 07 11:30:54.090741 2015] [proxy:error] [pid 7568:tid 1796] [client 201.245.192.253:52844] AH00898: Error reading from remote server returned by /forest/1ibre/protoaculous.js
[Tue Apr 07 11:32:09.813274 2015] [proxy_http:error] [pid 7568:tid 1796] (20014)Internal error: [client 190.157.172.223:50921] AH01102: error reading status line from remote server 172.22.1.47:80, referer: http://190.27.245.106/forest/buscar.do?type=documentos
[Tue Apr 07 11:33:06.722174 2015] [proxy_http:error] [pid 7568:tid 888] (20014)Internal error: [client 201.245.192.253:54466] AH01102: error reading status line from remote server 172.22.1.47:80, referer: http://190.27.245.106/forest/suactividades.do?group_system_actual=3
[Tue Apr 07 11:33:06.722174 2015] [proxy:error] [pid 7568:tid 888] [client 201.245.192.253:54466] AH00898: Error reading from remote server returned by /forest/suactividades.do, referer: http://190.27.245.106/forest/suactividades.do?group_system_actual=3
[Tue Apr 07 11:33:44.349440 2015] [proxy_http:error] [pid 7568:tid 888] (20014)Internal error: [client 201.245.192.253:54998] AH01102: error reading status line from remote server 172.22.1.47:80, referer: http://190.27.245.106/forest/suactividades.do?group_system_actual=3
[Tue Apr 07 11:36:04.063285 2015] [proxy_http:error] [pid 7568:tid 1788] (20014)Internal error: [client 201.245.192.253:57104] AH01102: error reading status line from remote server 172.22.1.47:80, referer: http://190.27.245.106/forest/usutareas.do?_a=0.8339375201096724&group_system_actual=3
[Tue Apr 07 11:36:04.063285 2015] [proxy:error] [pid 7568:tid 1788] [client 201.245.192.253:57104] AH00898: Error reading from remote server returned by /forest/session.jsp, referer: http://190.27.245.106/forest/usutareas.do?_a=0.8339375201096724&group_system_actual=3
[Tue Apr 07 11:36:04.063285 2015] [negotiation:error] [pid 7568:tid 1788] [client 201.245.192.253:57104] AH00690: no acceptable variant: E:/nuevo/apache/error/HTTP_BAD_GATEWAY.html.var, referer: http://190.27.245.106/forest/usutareas.do?_a=0.8339375201096724&group_system_actual=3
[Tue Apr 07 11:36:04.234885 2015] [proxy_http:error] [pid 7568:tid 700] (20014)Internal error: [client 201.245.192.253:57100] AH01102: error reading status line from remote server 172.22.1.47:80
[Tue Apr 07 11:36:04.234885 2015] [proxy:error] [pid 7568:tid 700] [client 201.245.192.253:57100] AH00898: Error reading from remote server returned by /forest/img/warning.gif
[Tue Apr 07 11:37:44.808262 2015] [proxy_http:error] [pid 7568:tid 1284] (20014)Internal error: [client 181.61.173.135:52841] AH01102: error reading status line from remote server 172.22.1.47:80, referer: http://190.27.245.106/forest/index2.jsp?a=0.50135540874787
[Tue Apr 07 11:37:44.808262 2015] [proxy:error] [pid 7568:tid 1284] [client 181.61.173.135:52841] AH00898: Error reading from remote server returned by /forest/css/index.css, referer: http://190.27.245.106/forest/index2.jsp?a=0.50135540874787
[Tue Apr 07 11:39:46.722476 2015] [negotiation:error] [pid 7568:tid 1788] [client 201.245.192.253:47817] AH00690: no acceptable variant: E:/nuevo/apache/error/HTTP_NOT_FOUND.html.var, referer: http://ambientebogota.gov.co/es/presupuesto-orientado-a-resultados
[Tue Apr 07 11:39:46.722476 2015] [negotiation:error] [pid 7568:tid 1484] [client 201.245.192.253:47851] AH00690: no acceptable variant: E:/nuevo/apache/error/HTTP_NOT_FOUND.html.var, referer: http://ambientebogota.gov.co/es/presupuesto-orientado-a-resultados
[Tue Apr 07 11:40:08.078914 2015] [negotiation:error] [pid 7568:tid 1484] [client 201.245.192.253:48010] AH00690: no acceptable variant: E:/nuevo/apache/error/HTTP_NOT_FOUND.html.var, referer: http://ambientebogota.gov.co/es/presupuesto-orientado-a-resultados
[Tue Apr 07 11:40:08.094514 2015] [negotiation:error] [pid 7568:tid 1212] [client 201.245.192.253:48162] AH00690: no acceptable variant: E:/nuevo/apache/error/HTTP_NOT_FOUND.html.var, referer: http://ambientebogota.gov.co/es/presupuesto-orientado-a-resultados
[Tue Apr 07 11:41:06.033016 2015] [proxy_http:error] [pid 7568:tid 1092] (20014)Internal error: [client 201.245.192.253:48895] AH01102: error reading status line from remote server 172.22.1.47:80
[Tue Apr 07 11:41:06.033016 2015] [proxy:error] [pid 7568:tid 1092] [client 201.245.192.253:48895] AH00898: Error reading from remote server returned by /forest/js/escritorio/escritorio.js
[Tue Apr 07 11:41:19.511439 2015] [proxy_http:error] [pid 7568:tid 1796] (20014)Internal error: [client 201.245.192.253:49129] AH01102: error reading status line from remote server 172.22.1.47:80
[Tue Apr 07 11:41:19.511439 2015] [proxy:error] [pid 7568:tid 1796] [client 201.245.192.253:49129] AH00898: Error reading from remote server returned by /forest/1ibre/jscalendar/calendar-win2k-1.css
[Tue Apr 07 11:42:21.256348 2015] [proxy_http:error] [pid 7568:tid 1868] (20014)Internal error: [client 201.245.192.253:49931] AH01102: error reading status line from remote server 172.22.1.47:80
[Tue Apr 07 11:42:21.256348 2015] [proxy:error] [pid 7568:tid 1868] [client 201.245.192.253:49931] AH00898: Error reading from remote server returned by /forest/skins/gdocs-jar/js/formsBase.js
[Tue Apr 07 11:43:27.353664 2015] [proxy_http:error] [pid 7568:tid 856] (20014)Internal error: [client 201.245.192.253:50969] AH01102: error reading status line from remote server 172.22.1.47:80
[Tue Apr 07 11:43:27.353664 2015] [proxy:error] [pid 7568:tid 856] [client 201.245.192.253:50969] AH00898: Error reading from remote server returned by /forest/css/escritorio.css
[Tue Apr 07 11:56:05.827996 2015] [proxy_http:error] [pid 7568:tid 1284] (20014)Internal error: [client 201.245.192.253:50392] AH01102: error reading status line from remote server 172.22.1.47:80, referer: http://190.27.245.106/forest/buscar.do?type=procesos
[Tue Apr 07 11:58:01.314999 2015] [proxy_http:error] [pid 7568:tid 1484] (20014)Internal error: [client 201.245.192.253:52614] AH01102: error reading status line from remote server 172.22.1.47:80, referer: http://190.27.245.106/forest/usutareas.do?group_system_actual=3&codAct=916&numPro=3061134&codPro=95&fecTra=2015-04-01%2009:22:30.0&codInst=3101484&codTraEsc=17837338
