!C99Shell v. 1.0 pre-release build #13!

Software: Apache. PHP/5.5.15 

uname -a: Windows NT SVR-DMZ 6.1 build 7600 (Windows Server 2008 R2 Enterprise Edition) i586 

SYSTEM 

Safe-mode: OFF (not secure)

E:\nuevo\apache\logs\   drwxrwxrwx
Free 8.02 GB of 239.26 GB (3.35%)
Detected drives: [ a ] [ c ] [ d ] [ e ] [ f ]
Home    Back    Forward    UPDIR    Refresh    Search    Buffer    Encoder    Tools    Proc.    FTP brute    Sec.    SQL    PHP-code    Update    Feedback    Self remove    Logout    


Viewing file:     error.2015.04.27.log (88.48 KB)      -rw-rw-rw-
Select action/file-type:
(+) | (+) | (+) | Code (+) | Session (+) | (+) | SDB (+) | (+) | (+) | (+) | (+) | (+) |
[Mon Apr 27 01:00:23.272539 2015] [core:error] [pid 7296:tid 1244] [client 37.53.69.177:32908] AH00126: Invalid URI in request GET HTTP/1.1 HTTP/1.1
[Mon Apr 27 01:00:23.958940 2015] [cgi:error] [pid 7296:tid 744] [client 37.53.69.177:33185] script not found or unable to stat: E:/nuevo/cgi-bin/php
[Mon Apr 27 01:00:29.559350 2015] [cgi:error] [pid 7296:tid 744] [client 37.53.69.177:33501] script not found or unable to stat: E:/nuevo/cgi-bin/bash
[Mon Apr 27 01:00:30.230151 2015] [cgi:error] [pid 7296:tid 1244] [client 37.53.69.177:34255] script not found or unable to stat: E:/nuevo/cgi-bin/contact.cgi
[Mon Apr 27 01:00:31.899354 2015] [cgi:error] [pid 7296:tid 1484] [client 37.53.69.177:34327] script not found or unable to stat: E:/nuevo/cgi-bin/defaultwebpage.cgi
[Mon Apr 27 01:00:54.893795 2015] [cgi:error] [pid 7296:tid 1484] [client 37.53.69.177:35618] script not found or unable to stat: E:/nuevo/cgi-bin/forum.cgi
[Mon Apr 27 01:00:55.564596 2015] [cgi:error] [pid 7296:tid 1484] [client 37.53.69.177:38174] script not found or unable to stat: E:/nuevo/cgi-bin/main.cgi
[Mon Apr 27 01:00:56.235397 2015] [cgi:error] [pid 7296:tid 1244] [client 37.53.69.177:38529] script not found or unable to stat: E:/nuevo/cgi-bin/meme.cgi
[Mon Apr 27 01:00:59.698603 2015] [cgi:error] [pid 7296:tid 744] [client 37.53.69.177:38601] script not found or unable to stat: E:/nuevo/cgi-bin/php4
[Mon Apr 27 01:01:00.338204 2015] [cgi:error] [pid 7296:tid 1244] [client 37.53.69.177:39195] script not found or unable to stat: E:/nuevo/cgi-bin/php5
[Mon Apr 27 01:01:01.960607 2015] [cgi:error] [pid 7296:tid 1484] [client 37.53.69.177:39255] script not found or unable to stat: E:/nuevo/cgi-bin/php5-cli
[Mon Apr 27 01:01:03.629810 2015] [cgi:error] [pid 7296:tid 1244] [client 37.53.69.177:39538] script not found or unable to stat: E:/nuevo/cgi-bin/recent.cgi
[Mon Apr 27 01:01:04.253811 2015] [cgi:error] [pid 7296:tid 744] [client 37.53.69.177:39830] script not found or unable to stat: E:/nuevo/cgi-bin/sat-ir-web.pl
[Mon Apr 27 01:01:05.501813 2015] [cgi:error] [pid 7296:tid 1580] [client 37.53.69.177:40006] script not found or unable to stat: E:/nuevo/cgi-bin/test-cgi
[Mon Apr 27 01:01:06.172615 2015] [cgi:error] [pid 7296:tid 1244] [client 37.53.69.177:40124] script not found or unable to stat: E:/nuevo/cgi-bin/test.cgi
[Mon Apr 27 01:02:02.738314 2015] [cgi:error] [pid 7296:tid 744] [client 37.53.69.177:40200] script not found or unable to stat: E:/nuevo/cgi-bin/test-cgi.pl
[Mon Apr 27 03:06:54.731473 2015] [proxy_http:error] [pid 7296:tid 744] (OS 10054)An existing connection was forcibly closed by the remote host.  : [client 181.61.4.89:49291] AH01102: error reading status line from remote server 172.22.1.31:80, referer: http://190.27.245.106/isolucionsda/IdentificaUsuario.asp?Pagina1=FrameSetGeneral.asp&
[Mon Apr 27 03:06:54.731473 2015] [proxy:error] [pid 7296:tid 744] [client 181.61.4.89:49291] AH00898: Error reading from remote server returned by /isolucionsda/g/shim.gif, referer: http://190.27.245.106/isolucionsda/IdentificaUsuario.asp?Pagina1=FrameSetGeneral.asp&
[Mon Apr 27 06:37:43.393689 2015] [access_compat:error] [pid 7296:tid 1260] [client 121.14.5.125:52038] AH01797: client denied by server configuration: E:/nuevo/htdocs/phpMyAdmin
[Mon Apr 27 06:37:44.906892 2015] [access_compat:error] [pid 7296:tid 1244] [client 121.14.5.125:53082] AH01797: client denied by server configuration: E:/nuevo/phpMyAdmin/scripts
[Mon Apr 27 07:17:08.249643 2015] [proxy:error] [pid 7296:tid 1756] (OS 10061)No connection could be made because the target machine actively refused it.  : AH00957: HTTP: attempt to connect to 172.22.1.36:8080 (172.22.1.36) failed
[Mon Apr 27 07:17:08.249643 2015] [proxy:error] [pid 7296:tid 1756] AH00959: ap_proxy_connect_backend disabling worker for (172.22.1.36) for 60s
[Mon Apr 27 07:17:08.249643 2015] [proxy_http:error] [pid 7296:tid 1756] [client 66.249.64.84:61876] AH01114: HTTP: failed to make connection to backend: 172.22.1.36
[Mon Apr 27 08:05:35.596550 2015] [proxy_http:error] [pid 7296:tid 1244] (OS 10054)An existing connection was forcibly closed by the remote host.  : [client 201.245.192.253:57564] AH01102: error reading status line from remote server 172.22.1.31:80, referer: http://190.27.245.106/isolucionsda/FrameSetGeneral.asp?Pagina1=FrameSetGeneral.asp&
[Mon Apr 27 08:05:35.596550 2015] [proxy:error] [pid 7296:tid 1244] [client 201.245.192.253:57564] AH00898: Error reading from remote server returned by /isolucionsda/BarraTitulos.asp, referer: http://190.27.245.106/isolucionsda/FrameSetGeneral.asp?Pagina1=FrameSetGeneral.asp&
[Mon Apr 27 08:10:45.085493 2015] [proxy_http:error] [pid 7296:tid 1580] (OS 10054)An existing connection was forcibly closed by the remote host.  : [client 201.245.192.253:49951] AH01102: error reading status line from remote server 172.22.1.31:80, referer: http://www.ambientebogota.gov.co/web/intranet/aplicaciones-para-acceder-fuera-de-la-sda
[Mon Apr 27 08:10:45.085493 2015] [proxy:error] [pid 7296:tid 1580] [client 201.245.192.253:49951] AH00898: Error reading from remote server returned by /isolucionsda/, referer: http://www.ambientebogota.gov.co/web/intranet/aplicaciones-para-acceder-fuera-de-la-sda
[Mon Apr 27 09:00:03.818890 2015] [proxy_http:error] [pid 7296:tid 1444] (OS 10054)An existing connection was forcibly closed by the remote host.  : [client 201.245.192.253:54557] AH01102: error reading status line from remote server 172.22.1.31:80, referer: http://190.27.245.106/isolucionsda/FrameSetGeneral.asp?Pagina1=FrameSetGeneral.asp&
[Mon Apr 27 09:00:03.818890 2015] [proxy:error] [pid 7296:tid 1444] [client 201.245.192.253:54557] AH00898: Error reading from remote server returned by /isolucionsda/BarraFavoritos.asp, referer: http://190.27.245.106/isolucionsda/FrameSetGeneral.asp?Pagina1=FrameSetGeneral.asp&
[Mon Apr 27 09:16:24.842213 2015] [proxy_http:error] [pid 7296:tid 752] (20014)Internal error: [client 201.245.192.253:58524] AH01102: error reading status line from remote server 172.22.1.47:80, referer: http://190.27.245.106/forest/buscar.do
[Mon Apr 27 09:18:05.212789 2015] [mpm_winnt:warn] [pid 7296:tid 2800] (OS 64)The specified network name is no longer available.  : AH00341: winnt_accept: Asynchronous AcceptEx failed.
[Mon Apr 27 09:19:31.558941 2015] [proxy_http:error] [pid 7296:tid 1260] (20014)Internal error: [client 201.245.192.253:49411] AH01102: error reading status line from remote server 172.22.1.47:80
[Mon Apr 27 09:19:31.558941 2015] [proxy:error] [pid 7296:tid 1260] [client 201.245.192.253:49411] AH00898: Error reading from remote server returned by /forest/img/panel/menu/hoy.png
[Mon Apr 27 09:26:11.247243 2015] [proxy_http:error] [pid 7296:tid 1324] (20014)Internal error: [client 201.245.192.253:56326] AH01102: error reading status line from remote server 172.22.1.47:80
[Mon Apr 27 09:26:11.247243 2015] [proxy:error] [pid 7296:tid 1324] [client 201.245.192.253:56326] AH00898: Error reading from remote server returned by /forest/skins/gdocs-jar/js/xml_utilities.js
[Mon Apr 27 09:26:11.247243 2015] [proxy_http:error] [pid 7296:tid 1548] (20014)Internal error: [client 201.245.192.253:56328] AH01102: error reading status line from remote server 172.22.1.47:80
[Mon Apr 27 09:26:11.247243 2015] [proxy:error] [pid 7296:tid 1548] [client 201.245.192.253:56328] AH00898: Error reading from remote server returned by /forest/skins/gdocs-jar/js/misprocesos.js
[Mon Apr 27 09:29:24.921583 2015] [proxy_http:error] [pid 7296:tid 1700] (20014)Internal error: [client 201.245.192.253:59510] AH01102: error reading status line from remote server 172.22.1.47:80, referer: http://190.27.245.106/forest/system/document.jsp?codDoc=1665072
[Mon Apr 27 09:29:27.511188 2015] [proxy_http:error] [pid 7296:tid 1692] (OS 10054)An existing connection was forcibly closed by the remote host.  : [client 201.245.192.253:59629] AH01102: error reading status line from remote server 172.22.1.31:80, referer: http://190.27.245.106/isolucionsda/Encabezado.asp?Pagina=Menu.asp&IdModulo=7
[Mon Apr 27 09:32:28.611906 2015] [proxy_http:error] [pid 7296:tid 1428] (20014)Internal error: [client 201.245.192.253:50797] AH01102: error reading status line from remote server 172.22.1.47:80
[Mon Apr 27 09:32:28.611906 2015] [proxy:error] [pid 7296:tid 1428] [client 201.245.192.253:50797] AH00898: Error reading from remote server returned by /forest/skins/gdocs-jar/img/user_search.gif
[Mon Apr 27 09:34:44.005544 2015] [proxy_http:error] [pid 7296:tid 1340] (OS 10054)An existing connection was forcibly closed by the remote host.  : [client 201.245.192.253:52984] AH01102: error reading status line from remote server 172.22.1.31:80, referer: http://190.27.245.106/isolucionsda/FrameSetGeneral.asp?Pagina=ListadoMaestroDocumentos3.asp
[Mon Apr 27 09:34:44.005544 2015] [proxy:error] [pid 7296:tid 1340] [client 201.245.192.253:52984] AH00898: Error reading from remote server returned by /isolucionsda/BarraFavoritos.asp, referer: http://190.27.245.106/isolucionsda/FrameSetGeneral.asp?Pagina=ListadoMaestroDocumentos3.asp
[Mon Apr 27 09:37:31.050637 2015] [proxy_http:error] [pid 7296:tid 1700] (OS 10054)An existing connection was forcibly closed by the remote host.  : [client 201.245.192.253:55488] AH01102: error reading status line from remote server 172.22.1.31:80, referer: http://190.27.245.106/isolucionsda/Encabezado.asp?Pagina=FiltroNoConformidades.asp&CodTipoNoConf=6&EsAbierta=1&ConMenu=NO
[Mon Apr 27 09:38:02.063492 2015] [proxy_http:error] [pid 7296:tid 1692] (20014)Internal error: [client 201.245.192.253:56024] AH01102: error reading status line from remote server 172.22.1.47:80, referer: http://190.27.245.106/forest/index2.jsp?a=0.8307923323784249
[Mon Apr 27 09:38:02.125892 2015] [proxy_http:error] [pid 7296:tid 752] (20014)Internal error: [client 201.245.192.253:56098] AH01102: error reading status line from remote server 172.22.1.47:80, referer: http://190.27.245.106/forest/index2.jsp?a=0.8307923323784249
[Mon Apr 27 09:38:02.125892 2015] [proxy:error] [pid 7296:tid 752] [client 201.245.192.253:56098] AH00898: Error reading from remote server returned by /forest/system/document.jsp, referer: http://190.27.245.106/forest/index2.jsp?a=0.8307923323784249
[Mon Apr 27 09:46:06.101142 2015] [proxy_http:error] [pid 7296:tid 1036] (OS 10054)An existing connection was forcibly closed by the remote host.  : [client 201.245.192.253:52356] AH01102: error reading status line from remote server 172.22.1.31:80, referer: http://190.27.245.106/isolucionsda/FrameSetGeneral.asp?Pagina1=FrameSetGeneral.asp&
[Mon Apr 27 09:46:06.101142 2015] [proxy:error] [pid 7296:tid 1036] [client 201.245.192.253:52356] AH00898: Error reading from remote server returned by /isolucionsda/BarraFavoritos.asp, referer: http://190.27.245.106/isolucionsda/FrameSetGeneral.asp?Pagina1=FrameSetGeneral.asp&
[Mon Apr 27 09:49:30.945102 2015] [proxy_http:error] [pid 7296:tid 1684] (20014)Internal error: [client 201.245.192.253:55538] AH01102: error reading status line from remote server 172.22.1.47:80, referer: http://190.27.245.106/forest/index2.jsp?_a=0.1679320998955518
[Mon Apr 27 09:54:37.906841 2015] [proxy_http:error] [pid 7296:tid 760] (OS 10054)An existing connection was forcibly closed by the remote host.  : [client 201.245.192.253:49546] AH01102: error reading status line from remote server 172.22.1.31:80, referer: http://190.27.245.106/isolucionsda/ListadoMaestroDocumentos3.asp
[Mon Apr 27 09:54:37.906841 2015] [proxy:error] [pid 7296:tid 760] [client 201.245.192.253:49546] AH00898: Error reading from remote server returned by /isolucionsda/FramesetArticulo.asp, referer: http://190.27.245.106/isolucionsda/ListadoMaestroDocumentos3.asp
[Mon Apr 27 09:55:57.841381 2015] [core:error] [pid 7296:tid 1692] [client 190.232.142.110:35398] AH00126: Invalid URI in request GET HTTP/1.1 HTTP/1.1
[Mon Apr 27 09:56:02.412189 2015] [cgi:error] [pid 7296:tid 1324] [client 190.232.142.110:35755] script not found or unable to stat: E:/nuevo/cgi-bin/php
[Mon Apr 27 09:56:12.786207 2015] [cgi:error] [pid 7296:tid 1484] [client 190.232.142.110:36628] script not found or unable to stat: E:/nuevo/cgi-bin/bash
[Mon Apr 27 09:56:16.733014 2015] [cgi:error] [pid 7296:tid 1876] [client 190.232.142.110:36965] script not found or unable to stat: E:/nuevo/cgi-bin/contact.cgi
[Mon Apr 27 09:56:19.634619 2015] [proxy_http:error] [pid 7296:tid 1444] (20014)Internal error: [client 201.184.33.61:49910] AH01102: error reading status line from remote server 172.22.1.47:80, referer: http://190.27.245.106/forest/usudocumentos.do?_a=0.20695242751389742&group_system_actual=3
[Mon Apr 27 09:56:20.742221 2015] [cgi:error] [pid 7296:tid 716] [client 190.232.142.110:37316] script not found or unable to stat: E:/nuevo/cgi-bin/defaultwebpage.cgi
[Mon Apr 27 09:56:24.501828 2015] [cgi:error] [pid 7296:tid 716] [client 190.232.142.110:37661] script not found or unable to stat: E:/nuevo/cgi-bin/env.cgi
[Mon Apr 27 09:56:32.333042 2015] [cgi:error] [pid 7296:tid 1236] [client 190.232.142.110:38352] script not found or unable to stat: E:/nuevo/cgi-bin/fire.cgi
[Mon Apr 27 09:56:36.201849 2015] [cgi:error] [pid 7296:tid 1276] [client 190.232.142.110:38688] script not found or unable to stat: E:/nuevo/cgi-bin/forum.cgi
[Mon Apr 27 09:56:45.655465 2015] [cgi:error] [pid 7296:tid 1548] [client 190.232.142.110:39515] script not found or unable to stat: E:/nuevo/cgi-bin/login.cgi
[Mon Apr 27 09:56:52.316677 2015] [cgi:error] [pid 7296:tid 1484] [client 190.232.142.110:40145] script not found or unable to stat: E:/nuevo/cgi-bin/meme.cgi
[Mon Apr 27 09:57:03.798297 2015] [proxy_http:error] [pid 7296:tid 1220] (20014)Internal error: [client 181.61.173.135:52357] AH01102: error reading status line from remote server 172.22.1.47:80, referer: http://190.27.245.106/forest/usutareas.do?_a=0.21209600754082203&group_system_actual=3
[Mon Apr 27 09:57:18.103522 2015] [cgi:error] [pid 7296:tid 1484] [client 190.232.142.110:42497] script not found or unable to stat: E:/nuevo/cgi-bin/test-cgi
[Mon Apr 27 09:57:22.081529 2015] [cgi:error] [pid 7296:tid 1484] [client 190.232.142.110:42809] script not found or unable to stat: E:/nuevo/cgi-bin/test.cgi
[Mon Apr 27 09:57:26.153136 2015] [cgi:error] [pid 7296:tid 1260] [client 190.232.142.110:43141] script not found or unable to stat: E:/nuevo/cgi-bin/test-cgi.pl
[Mon Apr 27 09:57:30.099943 2015] [cgi:error] [pid 7296:tid 1260] [client 190.232.142.110:43436] script not found or unable to stat: E:/nuevo/cgi-bin/test.sh
[Mon Apr 27 10:20:34.680375 2015] [proxy_http:error] [pid 7296:tid 1244] (20014)Internal error: [client 186.113.86.134:56666] AH01102: error reading status line from remote server 172.22.1.47:80, referer: http://190.27.245.106/forest/index2.jsp?_a=0.9751290660351515
[Mon Apr 27 10:25:56.774141 2015] [proxy_http:error] [pid 7296:tid 1468] (20014)Internal error: [client 201.245.192.253:56321] AH01102: error reading status line from remote server 172.22.1.47:80
[Mon Apr 27 10:25:56.774141 2015] [proxy:error] [pid 7296:tid 1468] [client 201.245.192.253:56321] AH00898: Error reading from remote server returned by /forest/js/jquery/grid/css/ui.jqgrid.css
[Mon Apr 27 10:25:56.867741 2015] [proxy_http:error] [pid 7296:tid 1324] (20014)Internal error: [client 201.245.192.253:56331] AH01102: error reading status line from remote server 172.22.1.47:80
[Mon Apr 27 10:25:56.867741 2015] [proxy:error] [pid 7296:tid 1324] [client 201.245.192.253:56331] AH00898: Error reading from remote server returned by /forest/js/jquery/plugins/jquery.tablednd.js
[Mon Apr 27 10:25:56.930141 2015] [proxy_http:error] [pid 7296:tid 1852] (20014)Internal error: [client 201.245.192.253:56333] AH01102: error reading status line from remote server 172.22.1.47:80
[Mon Apr 27 10:25:56.930141 2015] [proxy:error] [pid 7296:tid 1852] [client 201.245.192.253:56333] AH00898: Error reading from remote server returned by /forest/js/jquery/plugins/jquery.contextmenu.js
[Mon Apr 27 10:26:48.269831 2015] [proxy_http:error] [pid 7296:tid 1508] (20014)Internal error: [client 201.245.192.253:57172] AH01102: error reading status line from remote server 172.22.1.47:80
[Mon Apr 27 10:26:48.269831 2015] [proxy:error] [pid 7296:tid 1508] [client 201.245.192.253:57172] AH00898: Error reading from remote server returned by /forest/img/nav_first.gif
[Mon Apr 27 10:27:06.771464 2015] [proxy_http:error] [pid 7296:tid 1692] (20014)Internal error: [client 201.245.192.253:57575] AH01102: error reading status line from remote server 172.22.1.47:80
[Mon Apr 27 10:27:06.771464 2015] [proxy:error] [pid 7296:tid 1692] [client 201.245.192.253:57575] AH00898: Error reading from remote server returned by /forest/1ibre/protoaculous.js
[Mon Apr 27 10:27:20.531688 2015] [proxy_http:error] [pid 7296:tid 1692] (20014)Internal error: [client 201.245.192.253:57639] AH01102: error reading status line from remote server 172.22.1.47:80, referer: http://190.27.245.106/forest/usutareas.do?_a=0.8497285321533878&group_system_actual=3
[Mon Apr 27 10:27:25.180496 2015] [proxy_http:error] [pid 7296:tid 892] (20014)Internal error: [client 201.245.192.253:57871] AH01102: error reading status line from remote server 172.22.1.47:80
[Mon Apr 27 10:27:25.180496 2015] [proxy:error] [pid 7296:tid 892] [client 201.245.192.253:57871] AH00898: Error reading from remote server returned by /forest/skins/gdocs-jar/css/forest.css
[Mon Apr 27 10:28:14.960184 2015] [proxy_http:error] [pid 7296:tid 1324] (20014)Internal error: [client 201.245.192.253:58875] AH01102: error reading status line from remote server 172.22.1.47:80
[Mon Apr 27 10:28:14.960184 2015] [proxy:error] [pid 7296:tid 1324] [client 201.245.192.253:58875] AH00898: Error reading from remote server returned by /forest/css/escritorio.css
[Mon Apr 27 10:36:04.708209 2015] [proxy_http:error] [pid 7296:tid 1852] (20014)Internal error: [client 201.245.192.253:53735] AH01102: error reading status line from remote server 172.22.1.47:80
[Mon Apr 27 10:36:04.708209 2015] [proxy:error] [pid 7296:tid 1852] [client 201.245.192.253:53735] AH00898: Error reading from remote server returned by /forest/img/forestIcon.gif
[Mon Apr 27 10:37:26.748753 2015] [proxy_http:error] [pid 7296:tid 1572] (20014)Internal error: [client 201.245.192.253:55203] AH01102: error reading status line from remote server 172.22.1.47:80, referer: http://190.27.245.106/forest/usutareas.do?_a=0.9047813238576055&group_system_actual=3
[Mon Apr 27 10:38:39.460480 2015] [proxy_http:error] [pid 7296:tid 1684] (20014)Internal error: [client 201.245.192.253:56284] AH01102: error reading status line from remote server 172.22.1.47:80
[Mon Apr 27 10:38:39.460480 2015] [proxy:error] [pid 7296:tid 1684] [client 201.245.192.253:56284] AH00898: Error reading from remote server returned by /forest/1ibre/jscalendar/calendar-win2k-1.css
[Mon Apr 27 10:42:47.688116 2015] [proxy_http:error] [pid 7296:tid 1444] (20014)Internal error: [client 201.245.192.253:48144] AH01102: error reading status line from remote server 172.22.1.47:80, referer: http://190.27.245.106/forest/reportes.do?menu=1&group_system_actual=5
[Mon Apr 27 10:42:47.688116 2015] [proxy:error] [pid 7296:tid 1444] [client 201.245.192.253:48144] AH00898: Error reading from remote server returned by /forest/parameter, referer: http://190.27.245.106/forest/reportes.do?menu=1&group_system_actual=5
[Mon Apr 27 10:42:47.688116 2015] [negotiation:error] [pid 7296:tid 1444] [client 201.245.192.253:48144] AH00690: no acceptable variant: E:/nuevo/apache/error/HTTP_BAD_GATEWAY.html.var, referer: http://190.27.245.106/forest/reportes.do?menu=1&group_system_actual=5
[Mon Apr 27 10:59:01.660227 2015] [mpm_winnt:warn] [pid 7296:tid 2800] (OS 64)The specified network name is no longer available.  : AH00341: winnt_accept: Asynchronous AcceptEx failed.
[Mon Apr 27 10:59:43.967501 2015] [mpm_winnt:warn] [pid 7296:tid 2800] (OS 64)The specified network name is no longer available.  : AH00341: winnt_accept: Asynchronous AcceptEx failed.
[Mon Apr 27 11:07:17.319898 2015] [proxy_http:error] [pid 7296:tid 892] (20014)Internal error: [client 201.245.192.253:50524] AH01102: error reading status line from remote server 172.22.1.47:80
[Mon Apr 27 11:07:17.319898 2015] [proxy:error] [pid 7296:tid 892] [client 201.245.192.253:50524] AH00898: Error reading from remote server returned by /forest/skins/gdocs-jar/img/select.gif
[Mon Apr 27 11:11:53.643183 2015] [proxy_http:error] [pid 7296:tid 1852] (20014)Internal error: [client 201.245.192.253:54970] AH01102: error reading status line from remote server 172.22.1.47:80
[Mon Apr 27 11:11:53.643183 2015] [proxy:error] [pid 7296:tid 1852] [client 201.245.192.253:54970] AH00898: Error reading from remote server returned by /forest/skins/gdocs-jar/css/forms.css
[Mon Apr 27 11:13:17.586931 2015] [proxy_http:error] [pid 7296:tid 1388] (20014)Internal error: [client 201.245.192.253:56479] AH01102: error reading status line from remote server 172.22.1.47:80
[Mon Apr 27 11:13:17.586931 2015] [proxy:error] [pid 7296:tid 1388] [client 201.245.192.253:56479] AH00898: Error reading from remote server returned by /forest/skins/gdocs-jar/css/menu.css
[Mon Apr 27 11:13:20.566536 2015] [proxy_http:error] [pid 7296:tid 1484] (20014)Internal error: [client 201.245.192.253:56500] AH01102: error reading status line from remote server 172.22.1.47:80, referer: http://190.27.245.106/forest/suactividades.do?group_system_actual=3&_a=0.21866793001961926
[Mon Apr 27 11:13:23.858142 2015] [proxy_http:error] [pid 7296:tid 1468] (20014)Internal error: [client 201.245.192.253:56575] AH01102: error reading status line from remote server 172.22.1.47:80
[Mon Apr 27 11:13:23.858142 2015] [proxy:error] [pid 7296:tid 1468] [client 201.245.192.253:56575] AH00898: Error reading from remote server returned by /forest/1ibre/jscalendar/lang/calendar-es.js
[Mon Apr 27 11:16:28.234865 2015] [proxy_http:error] [pid 7296:tid 1604] (20014)Internal error: [client 201.245.192.253:59214] AH01102: error reading status line from remote server 172.22.1.47:80
[Mon Apr 27 11:16:28.234865 2015] [proxy:error] [pid 7296:tid 1604] [client 201.245.192.253:59214] AH00898: Error reading from remote server returned by /forest/skins/gdocs-jar/js/swfobject.js
[Mon Apr 27 11:23:03.384559 2015] [proxy_http:error] [pid 7296:tid 1772] (20014)Internal error: [client 201.245.192.253:52599] AH01102: error reading status line from remote server 172.22.1.47:80
[Mon Apr 27 11:23:03.384559 2015] [proxy:error] [pid 7296:tid 1772] [client 201.245.192.253:52599] AH00898: Error reading from remote server returned by /forest/skins/gdocs-jar/css/tree.css
[Mon Apr 27 11:23:19.093787 2015] [proxy_http:error] [pid 7296:tid 1484] (20014)Internal error: [client 201.245.192.253:52951] AH01102: error reading status line from remote server 172.22.1.47:80
[Mon Apr 27 11:23:19.093787 2015] [proxy:error] [pid 7296:tid 1484] [client 201.245.192.253:52951] AH00898: Error reading from remote server returned by /forest/skins/gdocs-jar/js/formsBase.js
[Mon Apr 27 11:23:19.156187 2015] [proxy_http:error] [pid 7296:tid 1564] (20014)Internal error: [client 201.245.192.253:52967] AH01102: error reading status line from remote server 172.22.1.47:80
[Mon Apr 27 11:23:19.156187 2015] [proxy:error] [pid 7296:tid 1564] [client 201.245.192.253:52967] AH00898: Error reading from remote server returned by /forest/skins/gdocs-jar/img/asociarUserOtraDependencia.gif
[Mon Apr 27 11:23:19.171787 2015] [proxy_http:error] [pid 7296:tid 744] (20014)Internal error: [client 201.245.192.253:52968] AH01102: error reading status line from remote server 172.22.1.47:80
[Mon Apr 27 11:23:19.171787 2015] [proxy:error] [pid 7296:tid 744] [client 201.245.192.253:52968] AH00898: Error reading from remote server returned by /forest/skins/gdocs-jar/img/actividad2.gif
[Mon Apr 27 11:24:26.517105 2015] [proxy_http:error] [pid 7296:tid 744] (20014)Internal error: [client 201.245.192.253:54046] AH01102: error reading status line from remote server 172.22.1.47:80
[Mon Apr 27 11:24:26.517105 2015] [proxy:error] [pid 7296:tid 744] [client 201.245.192.253:54046] AH00898: Error reading from remote server returned by /forest/css/index.css
[Mon Apr 27 11:24:29.730711 2015] [proxy_http:error] [pid 7296:tid 1580] (20014)Internal error: [client 201.245.192.253:54098] AH01102: error reading status line from remote server 172.22.1.47:80, referer: http://190.27.245.106/forest/index2.jsp?a=0.538134894229627
[Mon Apr 27 11:24:29.730711 2015] [proxy:error] [pid 7296:tid 1580] [client 201.245.192.253:54098] AH00898: Error reading from remote server returned by /forest/session.jsp, referer: http://190.27.245.106/forest/index2.jsp?a=0.538134894229627
[Mon Apr 27 11:24:29.730711 2015] [negotiation:error] [pid 7296:tid 1580] [client 201.245.192.253:54098] AH00690: no acceptable variant: E:/nuevo/apache/error/HTTP_BAD_GATEWAY.html.var, referer: http://190.27.245.106/forest/index2.jsp?a=0.538134894229627
[Mon Apr 27 11:24:44.893938 2015] [proxy_http:error] [pid 7296:tid 1276] (20014)Internal error: [client 201.245.192.253:54420] AH01102: error reading status line from remote server 172.22.1.47:80
[Mon Apr 27 11:24:44.893938 2015] [proxy:error] [pid 7296:tid 1276] [client 201.245.192.253:54420] AH00898: Error reading from remote server returned by /forest/skins/gdocs-jar/img/expandido.gif
[Mon Apr 27 11:26:00.881671 2015] [proxy_http:error] [pid 7296:tid 1564] (20014)Internal error: [client 201.245.192.253:55373] AH01102: error reading status line from remote server 172.22.1.47:80, referer: http://190.27.245.106/forest/buscar.do
[Mon Apr 27 11:29:03.214791 2015] [proxy_http:error] [pid 7296:tid 760] (20014)Internal error: [client 201.245.192.253:58035] AH01102: error reading status line from remote server 172.22.1.47:80, referer: http://190.27.245.106/forest/usutareas.do?codTraEsc=18010072
[Mon Apr 27 11:30:18.266523 2015] [proxy_http:error] [pid 7296:tid 1692] (20014)Internal error: [client 201.245.192.253:34244] AH01102: error reading status line from remote server 172.22.1.47:80, referer: http://190.27.245.106/forest/usudocumentos.do?_a=0.44186438557442187&group_system_actual=3
[Mon Apr 27 11:32:06.499513 2015] [proxy_http:error] [pid 7296:tid 716] (OS 10054)An existing connection was forcibly closed by the remote host.  : [client 201.245.192.253:34889] AH01102: error reading status line from remote server 172.22.1.31:80, referer: http://190.27.245.106/isolucionsda/FrameSetGeneral.asp?Pagina=Menu.asp&IdModulo=4
[Mon Apr 27 11:32:06.499513 2015] [proxy:error] [pid 7296:tid 716] [client 201.245.192.253:34889] AH00898: Error reading from remote server returned by /isolucionsda/BarraTitulos.asp, referer: http://190.27.245.106/isolucionsda/FrameSetGeneral.asp?Pagina=Menu.asp&IdModulo=4
[Mon Apr 27 11:32:39.930372 2015] [proxy_http:error] [pid 7296:tid 1468] (20014)Internal error: [client 201.245.192.253:22582] AH01102: error reading status line from remote server 172.22.1.47:80
[Mon Apr 27 11:32:39.930372 2015] [proxy:error] [pid 7296:tid 1468] [client 201.245.192.253:22582] AH00898: Error reading from remote server returned by /forest/skins/gdocs-jar/css/tree.css
[Mon Apr 27 11:32:40.070772 2015] [proxy_http:error] [pid 7296:tid 1180] (20014)Internal error: [client 201.245.192.253:22593] AH01102: error reading status line from remote server 172.22.1.47:80
[Mon Apr 27 11:32:40.070772 2015] [proxy:error] [pid 7296:tid 1180] [client 201.245.192.253:22593] AH00898: Error reading from remote server returned by /forest/img/jquery/ui-icons_469bdd_256x240.png
[Mon Apr 27 11:33:01.318010 2015] [proxy_http:error] [pid 7296:tid 1508] (20014)Internal error: [client 201.245.192.253:22737] AH01102: error reading status line from remote server 172.22.1.47:80, referer: http://190.27.245.106/forest/js/jquery/css/jquery-ui-1.8.1.custom.css
[Mon Apr 27 11:33:01.318010 2015] [proxy:error] [pid 7296:tid 1508] [client 201.245.192.253:22737] AH00898: Error reading from remote server returned by /forest/img/jquery/ui-icons_f9bd01_256x240.png, referer: http://190.27.245.106/forest/js/jquery/css/jquery-ui-1.8.1.custom.css
[Mon Apr 27 11:33:01.427210 2015] [proxy_http:error] [pid 7296:tid 892] (20014)Internal error: [client 201.245.192.253:22739] AH01102: error reading status line from remote server 172.22.1.47:80
[Mon Apr 27 11:33:01.427210 2015] [proxy:error] [pid 7296:tid 892] [client 201.245.192.253:22739] AH00898: Error reading from remote server returned by /forest/skins/gdocs-jar/js/grid.js
[Mon Apr 27 11:33:01.442810 2015] [proxy_http:error] [pid 7296:tid 1564] (20014)Internal error: [client 201.245.192.253:22743] AH01102: error reading status line from remote server 172.22.1.47:80
[Mon Apr 27 11:33:01.442810 2015] [proxy:error] [pid 7296:tid 1564] [client 201.245.192.253:22743] AH00898: Error reading from remote server returned by /forest/js/socketConnection.js
[Mon Apr 27 11:35:05.213427 2015] [:error] [pid 7296:tid 1564] [client 186.168.5.70:49478] script 'E:/nuevo/htdocs/dama.php' not found or unable to stat
[Mon Apr 27 11:35:07.475431 2015] [proxy_http:error] [pid 7296:tid 1564] (20014)Internal error: [client 201.245.192.253:23563] AH01102: error reading status line from remote server 172.22.1.47:80
[Mon Apr 27 11:35:07.475431 2015] [proxy:error] [pid 7296:tid 1564] [client 201.245.192.253:23563] AH00898: Error reading from remote server returned by /forest/img/users/3.gif
[Mon Apr 27 11:39:30.413893 2015] [proxy_http:error] [pid 7296:tid 1220] (20014)Internal error: [client 201.245.192.253:53893] AH01102: error reading status line from remote server 172.22.1.47:80, referer: http://190.27.245.106/forest/usutareas.do?group_system_actual=3&a=0.6237858682870865
[Mon Apr 27 11:53:46.636997 2015] [proxy_http:error] [pid 7296:tid 1468] (20014)Internal error: [client 201.245.192.253:52441] AH01102: error reading status line from remote server 172.22.1.47:80, referer: http://190.27.245.106/forest/usutareas.do?group_system_actual=3&codTraEsc=17986488&_a=0.9231619527869855
[Mon Apr 27 11:53:58.368218 2015] [proxy_http:error] [pid 7296:tid 1724] (20014)Internal error: [client 201.245.192.253:52704] AH01102: error reading status line from remote server 172.22.1.47:80
[Mon Apr 27 11:53:58.368218 2015] [proxy:error] [pid 7296:tid 1724] [client 201.245.192.253:52704] AH00898: Error reading from remote server returned by /forest/1ibre/jscalendar/calendar.js
[Mon Apr 27 11:55:50.282814 2015] [proxy_http:error] [pid 7296:tid 1404] (20014)Internal error: [client 181.50.92.73:62416] AH01102: error reading status line from remote server 172.22.1.47:80, referer: http://190.27.245.106/forest/usutareas.do?_a=0.3630246492102742&group_system_actual=3
[Mon Apr 27 11:57:22.198176 2015] [proxy_http:error] [pid 7296:tid 1340] (20014)Internal error: [client 201.245.192.253:30234] AH01102: error reading status line from remote server 172.22.1.47:80, referer: http://190.27.245.106/forest/usutareas.do?group_system_actual=3&a=0.9107126707676798
[Mon Apr 27 12:01:23.639800 2015] [proxy_http:error] [pid 7296:tid 744] (20014)Internal error: [client 201.245.192.253:31603] AH01102: error reading status line from remote server 172.22.1.47:80, referer: http://190.27.245.106/forest/usutareas.do?group_system_actual=3&a=0.6237858682870865
[Mon Apr 27 12:01:41.470631 2015] [proxy_http:error] [pid 7296:tid 1492] (20014)Internal error: [client 201.245.192.253:31691] AH01102: error reading status line from remote server 172.22.1.47:80, referer: http://190.27.245.106/forest/usutareas.do?_a=0.39364035680096876&group_system_actual=3
[Mon Apr 27 12:02:17.116694 2015] [proxy_http:error] [pid 7296:tid 1244] (20014)Internal error: [client 201.245.192.253:31879] AH01102: error reading status line from remote server 172.22.1.47:80, referer: http://190.27.245.106/forest/buscar.do
[Mon Apr 27 12:05:39.714249 2015] [proxy_http:error] [pid 7296:tid 1756] (20014)Internal error: [client 201.245.192.253:33050] AH01102: error reading status line from remote server 172.22.1.47:80
[Mon Apr 27 12:05:39.714249 2015] [proxy:error] [pid 7296:tid 1756] [client 201.245.192.253:33050] AH00898: Error reading from remote server returned by /forest/skins/gdocs-jar/img/process-alert.gif
[Mon Apr 27 12:07:43.796867 2015] [proxy_http:error] [pid 7296:tid 760] (20014)Internal error: [client 201.245.192.253:33735] AH01102: error reading status line from remote server 172.22.1.47:80
[Mon Apr 27 12:07:43.796867 2015] [proxy:error] [pid 7296:tid 760] [client 201.245.192.253:33735] AH00898: Error reading from remote server returned by /forest/1ibre/jscalendar/calendar-setup.js
[Mon Apr 27 12:08:06.916108 2015] [proxy_http:error] [pid 7296:tid 1340] (OS 10054)An existing connection was forcibly closed by the remote host.  : [client 201.245.192.253:33859] AH01102: error reading status line from remote server 172.22.1.31:80, referer: http://190.27.245.106/isolucionsda/FrameSetGeneral.asp?Pagina1=FrameSetGeneral.asp&
[Mon Apr 27 12:08:06.916108 2015] [proxy:error] [pid 7296:tid 1340] [client 201.245.192.253:33859] AH00898: Error reading from remote server returned by /isolucionsda/BarraTitulos.asp, referer: http://190.27.245.106/isolucionsda/FrameSetGeneral.asp?Pagina1=FrameSetGeneral.asp&
[Mon Apr 27 12:14:05.857138 2015] [proxy_http:error] [pid 7296:tid 736] (20014)Internal error: [client 201.245.192.253:23337] AH01102: error reading status line from remote server 172.22.1.47:80
[Mon Apr 27 12:14:05.857138 2015] [proxy:error] [pid 7296:tid 736] [client 201.245.192.253:23337] AH00898: Error reading from remote server returned by /forest/js/xml_utilities.js
[Mon Apr 27 12:14:12.502750 2015] [proxy_http:error] [pid 7296:tid 1756] (20014)Internal error: [client 201.245.192.253:23372] AH01102: error reading status line from remote server 172.22.1.47:80, referer: http://190.27.245.106/forest/buscar.do?type=documentos
[Mon Apr 27 12:14:49.708815 2015] [proxy_http:error] [pid 7296:tid 752] (20014)Internal error: [client 191.151.98.188:43355] AH01102: error reading status line from remote server 172.22.1.47:80, referer: http://190.27.245.106/webfile/
[Mon Apr 27 12:14:50.036416 2015] [proxy_http:error] [pid 7296:tid 1160] (20014)Internal error: [client 191.151.98.188:43099] AH01102: error reading status line from remote server 172.22.1.47:80, referer: http://190.27.245.106/webfile/
[Mon Apr 27 12:15:25.198878 2015] [proxy_http:error] [pid 7296:tid 1556] (20014)Internal error: [client 201.245.192.253:23827] AH01102: error reading status line from remote server 172.22.1.47:80, referer: http://190.27.245.106/forest/usutareas.do?group_system_actual=3&codAct=1476&numPro=2364691&codPro=134&fecTra=2015-03-09%2014:41:29.0&codInst=2367478&codTraEsc=17668427
[Mon Apr 27 12:15:25.198878 2015] [proxy:error] [pid 7296:tid 1556] [client 201.245.192.253:23827] AH00898: Error reading from remote server returned by /forest/session.jsp, referer: http://190.27.245.106/forest/usutareas.do?group_system_actual=3&codAct=1476&numPro=2364691&codPro=134&fecTra=2015-03-09%2014:41:29.0&codInst=2367478&codTraEsc=17668427
[Mon Apr 27 12:15:25.198878 2015] [negotiation:error] [pid 7296:tid 1556] [client 201.245.192.253:23827] AH00690: no acceptable variant: E:/nuevo/apache/error/HTTP_BAD_GATEWAY.html.var, referer: http://190.27.245.106/forest/usutareas.do?group_system_actual=3&codAct=1476&numPro=2364691&codPro=134&fecTra=2015-03-09%2014:41:29.0&codInst=2367478&codTraEsc=17668427
[Mon Apr 27 12:19:36.282319 2015] [proxy_http:error] [pid 7296:tid 1772] (20014)Internal error: [client 201.245.192.253:25296] AH01102: error reading status line from remote server 172.22.1.47:80
[Mon Apr 27 12:19:36.282319 2015] [proxy:error] [pid 7296:tid 1772] [client 201.245.192.253:25296] AH00898: Error reading from remote server returned by /forest/skins/gdocs-jar/js/graphicForm.js
[Mon Apr 27 12:19:36.360319 2015] [proxy_http:error] [pid 7296:tid 1684] (20014)Internal error: [client 201.245.192.253:25300] AH01102: error reading status line from remote server 172.22.1.47:80
[Mon Apr 27 12:19:36.360319 2015] [proxy:error] [pid 7296:tid 1684] [client 201.245.192.253:25300] AH00898: Error reading from remote server returned by /forest/skins/gdocs-jar/img/clip.gif
[Mon Apr 27 12:45:52.368687 2015] [proxy_http:error] [pid 7296:tid 1460] (20014)Internal error: [client 201.245.192.253:31741] AH01102: error reading status line from remote server 172.22.1.47:80, referer: http://190.27.245.106/forest/misactividades.do?group_system_actual=3&codPro=134&_a=0.841801277592447
[Mon Apr 27 12:56:46.368636 2015] [proxy_http:error] [pid 7296:tid 1692] (20014)Internal error: [client 201.245.192.253:34371] AH01102: error reading status line from remote server 172.22.1.47:80, referer: http://190.27.245.106/forest/usutareas.do?group_system_actual=3&a=0.4391435528321881
[Mon Apr 27 13:20:12.634106 2015] [proxy_http:error] [pid 7296:tid 1756] (20014)Internal error: [client 201.245.192.253:27726] AH01102: error reading status line from remote server 172.22.1.47:80, referer: http://190.27.245.106/forest/index2.jsp?_a=0.31924800944665266
[Mon Apr 27 13:23:42.532474 2015] [proxy_http:error] [pid 7296:tid 1236] (20014)Internal error: [client 201.245.192.253:28811] AH01102: error reading status line from remote server 172.22.1.47:80, referer: http://190.27.245.106/forest/
[Mon Apr 27 13:37:42.578350 2015] [proxy_http:error] [pid 7296:tid 716] (OS 10054)An existing connection was forcibly closed by the remote host.  : [client 201.245.192.253:32545] AH01102: error reading status line from remote server 172.22.1.31:80, referer: http://190.27.245.106/isolucionsda/SesionExpira.asp
[Mon Apr 27 13:38:23.512822 2015] [proxy_http:error] [pid 7296:tid 1508] (OS 10054)An existing connection was forcibly closed by the remote host.  : [client 201.245.192.253:32736] AH01102: error reading status line from remote server 172.22.1.31:80, referer: http://190.27.245.106/isolucionsda/Encabezado.asp?Pagina1=FrameSetGeneral.asp&&Pagina=MagazinHome.asp
[Mon Apr 27 13:43:11.957328 2015] [proxy_http:error] [pid 7296:tid 1716] (20014)Internal error: [client 186.154.253.106:49912] AH01102: error reading status line from remote server 172.22.1.47:80, referer: http://190.27.245.106/forest/radicacion.do?codMod=11&group_system_actual=4&_a=0.6658891357947141
[Mon Apr 27 13:44:23.358654 2015] [proxy_http:error] [pid 7296:tid 1716] (20014)Internal error: [client 186.154.253.106:49923] AH01102: error reading status line from remote server 172.22.1.47:80, referer: http://190.27.245.106/forest/radicacion.do?codMod=11&group_system_actual=4&_a=0.6658891357947141
[Mon Apr 27 13:45:02.701923 2015] [proxy_http:error] [pid 7296:tid 1556] (20014)Internal error: [client 201.245.192.253:34559] AH01102: error reading status line from remote server 172.22.1.47:80, referer: http://190.27.245.106/forest/index2.jsp?group_system_actual=5&a=0.8906203284859657
[Mon Apr 27 13:45:56.397217 2015] [proxy_http:error] [pid 7296:tid 1492] (20014)Internal error: [client 201.245.192.253:34807] AH01102: error reading status line from remote server 172.22.1.47:80, referer: http://190.27.245.106/forest/
[Mon Apr 27 13:46:34.196084 2015] [proxy_http:error] [pid 7296:tid 1692] (20014)Internal error: [client 201.245.192.253:34927] AH01102: error reading status line from remote server 172.22.1.47:80, referer: http://190.27.245.106/forest/usutareas.do?group_system_actual=3&a=0.4946464446838945
[Mon Apr 27 13:46:36.629688 2015] [proxy_http:error] [pid 7296:tid 1492] (20014)Internal error: [client 201.245.192.253:22511] AH01102: error reading status line from remote server 172.22.1.47:80, referer: http://190.27.245.106/forest/usutareas.do?group_system_actual=3&a=0.4946464446838945
[Mon Apr 27 13:46:36.629688 2015] [proxy:error] [pid 7296:tid 1492] [client 201.245.192.253:22511] AH00898: Error reading from remote server returned by /forest/index2.jsp, referer: http://190.27.245.106/forest/usutareas.do?group_system_actual=3&a=0.4946464446838945
[Mon Apr 27 13:46:40.108494 2015] [proxy_http:error] [pid 7296:tid 1036] (20014)Internal error: [client 201.245.192.253:22533] AH01102: error reading status line from remote server 172.22.1.47:80, referer: http://190.27.245.106/forest/usutareas.do?_a=0.7758254956460161&group_system_actual=3
[Mon Apr 27 13:46:40.108494 2015] [proxy:error] [pid 7296:tid 1036] [client 201.245.192.253:22533] AH00898: Error reading from remote server returned by /forest/session.jsp, referer: http://190.27.245.106/forest/usutareas.do?_a=0.7758254956460161&group_system_actual=3
[Mon Apr 27 13:46:40.108494 2015] [negotiation:error] [pid 7296:tid 1036] [client 201.245.192.253:22533] AH00690: no acceptable variant: E:/nuevo/apache/error/HTTP_BAD_GATEWAY.html.var, referer: http://190.27.245.106/forest/usutareas.do?_a=0.7758254956460161&group_system_actual=3
[Mon Apr 27 14:24:23.423869 2015] [proxy_http:error] [pid 7296:tid 1692] (20014)Internal error: [client 201.245.192.253:23182] AH01102: error reading status line from remote server 172.22.1.47:80, referer: http://190.27.245.106/forest/usutareas.do?group_system_actual=3&a=0.534885574830696
[Mon Apr 27 14:27:03.542551 2015] [proxy_http:error] [pid 7296:tid 1756] (20014)Internal error: [client 201.245.192.253:23953] AH01102: error reading status line from remote server 172.22.1.47:80
[Mon Apr 27 14:27:03.542551 2015] [proxy:error] [pid 7296:tid 1756] [client 201.245.192.253:23953] AH00898: Error reading from remote server returned by /forest/img/download_large.gif
[Mon Apr 27 14:27:03.604951 2015] [proxy_http:error] [pid 7296:tid 1756] (20014)Internal error: [client 201.245.192.253:23955] AH01102: error reading status line from remote server 172.22.1.47:80
[Mon Apr 27 14:27:03.604951 2015] [proxy:error] [pid 7296:tid 1756] [client 201.245.192.253:23955] AH00898: Error reading from remote server returned by /forest/img/asociarUser.gif
[Mon Apr 27 14:27:03.698551 2015] [proxy_http:error] [pid 7296:tid 1300] (20014)Internal error: [client 201.245.192.253:23965] AH01102: error reading status line from remote server 172.22.1.47:80
[Mon Apr 27 14:27:03.698551 2015] [proxy:error] [pid 7296:tid 1300] [client 201.245.192.253:23965] AH00898: Error reading from remote server returned by /forest/img/buscar_procesos.gif
[Mon Apr 27 14:27:03.714151 2015] [proxy_http:error] [pid 7296:tid 1160] (20014)Internal error: [client 201.245.192.253:23976] AH01102: error reading status line from remote server 172.22.1.47:80
[Mon Apr 27 14:27:03.714151 2015] [proxy:error] [pid 7296:tid 1160] [client 201.245.192.253:23976] AH00898: Error reading from remote server returned by /forest/skins/gdocs-jar/img/cancel.gif
[Mon Apr 27 14:27:03.714151 2015] [proxy_http:error] [pid 7296:tid 1340] (20014)Internal error: [client 201.245.192.253:23977] AH01102: error reading status line from remote server 172.22.1.47:80
[Mon Apr 27 14:27:03.714151 2015] [proxy:error] [pid 7296:tid 1340] [client 201.245.192.253:23977] AH00898: Error reading from remote server returned by /forest/skins/gdocs-jar/img/spacer.gif
[Mon Apr 27 14:27:14.914971 2015] [proxy_http:error] [pid 7296:tid 1524] (20014)Internal error: [client 201.245.192.253:24016] AH01102: error reading status line from remote server 172.22.1.47:80, referer: http://190.27.245.106/forest/usutareas.do?group_system_actual=3&a=0.17180542617814942
[Mon Apr 27 14:27:15.648172 2015] [proxy_http:error] [pid 7296:tid 1160] (20014)Internal error: [client 201.245.192.253:24039] AH01102: error reading status line from remote server 172.22.1.47:80
[Mon Apr 27 14:27:15.648172 2015] [proxy:error] [pid 7296:tid 1160] [client 201.245.192.253:24039] AH00898: Error reading from remote server returned by /forest/skins/gdocs-jar/js/popup.js
[Mon Apr 27 14:27:45.147824 2015] [proxy_http:error] [pid 7296:tid 728] (20014)Internal error: [client 201.245.192.253:24144] AH01102: error reading status line from remote server 172.22.1.47:80, referer: http://190.27.245.106/forest/index2.jsp?group_system_actual=5&a=0.3643507813103497
[Mon Apr 27 14:29:11.197575 2015] [proxy_http:error] [pid 7296:tid 1444] (20014)Internal error: [client 201.245.192.253:24664] AH01102: error reading status line from remote server 172.22.1.47:80
[Mon Apr 27 14:29:11.197575 2015] [proxy:error] [pid 7296:tid 1444] [client 201.245.192.253:24664] AH00898: Error reading from remote server returned by /forest/img/inicio.jpg
[Mon Apr 27 14:29:13.116378 2015] [proxy_http:error] [pid 7296:tid 1444] (20014)Internal error: [client 201.245.192.253:24673] AH01102: error reading status line from remote server 172.22.1.47:80, referer: http://190.27.245.106/forest/index2.jsp?group_system_actual=5&a=0.3643507813103497
[Mon Apr 27 14:29:13.116378 2015] [proxy:error] [pid 7296:tid 1444] [client 201.245.192.253:24673] AH00898: Error reading from remote server returned by /forest/actions/forms.getList, referer: http://190.27.245.106/forest/index2.jsp?group_system_actual=5&a=0.3643507813103497
[Mon Apr 27 14:29:13.116378 2015] [negotiation:error] [pid 7296:tid 1444] [client 201.245.192.253:24673] AH00690: no acceptable variant: E:/nuevo/apache/error/HTTP_BAD_GATEWAY.html.var, referer: http://190.27.245.106/forest/index2.jsp?group_system_actual=5&a=0.3643507813103497
[Mon Apr 27 14:29:13.631179 2015] [proxy_http:error] [pid 7296:tid 1508] (20014)Internal error: [client 201.245.192.253:24675] AH01102: error reading status line from remote server 172.22.1.47:80
[Mon Apr 27 14:29:13.631179 2015] [proxy:error] [pid 7296:tid 1508] [client 201.245.192.253:24675] AH00898: Error reading from remote server returned by /forest/img/users/7.gif
[Mon Apr 27 14:29:20.058390 2015] [proxy_http:error] [pid 7296:tid 1508] (20014)Internal error: [client 201.245.192.253:24718] AH01102: error reading status line from remote server 172.22.1.47:80
[Mon Apr 27 14:29:20.058390 2015] [proxy:error] [pid 7296:tid 1508] [client 201.245.192.253:24718] AH00898: Error reading from remote server returned by /forest/img/panel/menu/add.png
[Mon Apr 27 14:30:28.105710 2015] [proxy_http:error] [pid 7296:tid 1036] (20014)Internal error: [client 201.245.192.253:25062] AH01102: error reading status line from remote server 172.22.1.47:80, referer: http://190.27.245.106/forest/usutareas.do?codTraEsc=18011193
[Mon Apr 27 14:30:28.105710 2015] [proxy:error] [pid 7296:tid 1036] [client 201.245.192.253:25062] AH00898: Error reading from remote server returned by /forest/actions/forms.getList, referer: http://190.27.245.106/forest/usutareas.do?codTraEsc=18011193
[Mon Apr 27 14:30:28.105710 2015] [negotiation:error] [pid 7296:tid 1036] [client 201.245.192.253:25062] AH00690: no acceptable variant: E:/nuevo/apache/error/HTTP_BAD_GATEWAY.html.var, referer: http://190.27.245.106/forest/usutareas.do?codTraEsc=18011193
[Mon Apr 27 14:38:41.144576 2015] [proxy_http:error] [pid 7296:tid 1300] (20014)Internal error: [client 181.61.173.135:55538] AH01102: error reading status line from remote server 172.22.1.47:80, referer: http://190.27.245.106/forest/usutareas.do?group_system_actual=3&codTraEsc=17958295&_a=0.8025525071664446
[Mon Apr 27 14:38:41.144576 2015] [proxy:error] [pid 7296:tid 1300] [client 181.61.173.135:55538] AH00898: Error reading from remote server returned by /forest/session.jsp, referer: http://190.27.245.106/forest/usutareas.do?group_system_actual=3&codTraEsc=17958295&_a=0.8025525071664446
[Mon Apr 27 14:38:41.144576 2015] [negotiation:error] [pid 7296:tid 1300] [client 181.61.173.135:55538] AH00690: no acceptable variant: E:/nuevo/apache/error/HTTP_BAD_GATEWAY.html.var, referer: http://190.27.245.106/forest/usutareas.do?group_system_actual=3&codTraEsc=17958295&_a=0.8025525071664446
[Mon Apr 27 14:44:22.114375 2015] [proxy_http:error] [pid 7296:tid 1300] (20014)Internal error: [client 201.245.192.253:51752] AH01102: error reading status line from remote server 172.22.1.47:80, referer: http://190.27.245.106/forest/usutareas.do?group_system_actual=3&a=0.44970539671291443
[Mon Apr 27 14:46:03.077752 2015] [proxy_http:error] [pid 7296:tid 1372] (20014)Internal error: [client 201.245.192.253:53118] AH01102: error reading status line from remote server 172.22.1.47:80, referer: http://190.27.245.106/forest/misactividades.do?_a=0.6278000429738313&group_system_actual=3
[Mon Apr 27 14:50:42.583443 2015] [proxy_http:error] [pid 7296:tid 1324] (20014)Internal error: [client 201.245.192.253:56609] AH01102: error reading status line from remote server 172.22.1.47:80
[Mon Apr 27 14:50:42.583443 2015] [proxy:error] [pid 7296:tid 1324] [client 201.245.192.253:56609] AH00898: Error reading from remote server returned by /forest/skins/gdocs-jar/js/autocompletar2.js
[Mon Apr 27 14:51:09.555890 2015] [proxy_http:error] [pid 7296:tid 1472] (20014)Internal error: [client 181.50.92.73:49334] AH01102: error reading status line from remote server 172.22.1.47:80, referer: http://190.27.245.106/forest/index2.jsp?a=0.20923402964044824
[Mon Apr 27 14:53:36.788949 2015] [proxy_http:error] [pid 7296:tid 1160] (20014)Internal error: [client 201.245.192.253:59053] AH01102: error reading status line from remote server 172.22.1.47:80, referer: http://190.27.245.106/forest/usutareas.do?_a=0.5159859124989076&group_system_actual=3
