[Mon Apr 27 14:53:36.788949 2015] [proxy:error] [pid 7296:tid 1160] [client 201.245.192.253:59053] AH00898: Error reading from remote server returned by /forest/json.do, referer: http://190.27.245.106/forest/usutareas.do?_a=0.5159859124989076&group_system_actual=3
[Mon Apr 27 14:53:36.788949 2015] [negotiation:error] [pid 7296:tid 1160] [client 201.245.192.253:59053] AH00690: no acceptable variant: E:/nuevo/apache/error/HTTP_BAD_GATEWAY.html.var, referer: http://190.27.245.106/forest/usutareas.do?_a=0.5159859124989076&group_system_actual=3
[Mon Apr 27 14:55:26.659942 2015] [proxy_http:error] [pid 7296:tid 1036] (20014)Internal error: [client 201.245.192.253:47950] AH01102: error reading status line from remote server 172.22.1.47:80
[Mon Apr 27 14:55:26.659942 2015] [proxy:error] [pid 7296:tid 1036] [client 201.245.192.253:47950] AH00898: Error reading from remote server returned by /forest/skins/gdocs-jar/img/prev.gif
[Mon Apr 27 14:55:33.352354 2015] [proxy_http:error] [pid 7296:tid 1460] (20014)Internal error: [client 201.245.192.253:48020] AH01102: error reading status line from remote server 172.22.1.47:80, referer: http://190.27.245.106/forest/usutareas.do?group_system_actual=3&a=0.7135243471176013
[Mon Apr 27 14:55:44.178773 2015] [proxy_http:error] [pid 7296:tid 1484] (20014)Internal error: [client 201.245.192.253:48120] AH01102: error reading status line from remote server 172.22.1.47:80, referer: http://190.27.245.106/forest/usudocumentos.do?_a=0.3008870731573552&group_system_actual=3
[Mon Apr 27 14:55:53.257989 2015] [proxy_http:error] [pid 7296:tid 1484] (20014)Internal error: [client 201.245.192.253:48238] AH01102: error reading status line from remote server 172.22.1.47:80
[Mon Apr 27 14:55:53.257989 2015] [proxy:error] [pid 7296:tid 1484] [client 201.245.192.253:48238] AH00898: Error reading from remote server returned by /forest/skins/gdocs-jar/img/icon_document_completed.gif
[Mon Apr 27 14:55:53.881990 2015] [proxy_http:error] [pid 7296:tid 1324] (20014)Internal error: [client 201.245.192.253:48251] AH01102: error reading status line from remote server 172.22.1.47:80
[Mon Apr 27 14:55:53.881990 2015] [proxy:error] [pid 7296:tid 1324] [client 201.245.192.253:48251] AH00898: Error reading from remote server returned by /forest/skins/gdocs-jar/img/control-double.png
[Mon Apr 27 14:55:57.891197 2015] [proxy_http:error] [pid 7296:tid 1372] (20014)Internal error: [client 201.245.192.253:48324] AH01102: error reading status line from remote server 172.22.1.47:80
[Mon Apr 27 14:55:57.891197 2015] [proxy:error] [pid 7296:tid 1372] [client 201.245.192.253:48324] AH00898: Error reading from remote server returned by /forest/img/fondo-barra.gif
[Mon Apr 27 14:58:30.397065 2015] [proxy_http:error] [pid 7296:tid 1684] (20014)Internal error: [client 201.245.192.253:50330] AH01102: error reading status line from remote server 172.22.1.47:80
[Mon Apr 27 14:58:30.397065 2015] [proxy:error] [pid 7296:tid 1684] [client 201.245.192.253:50330] AH00898: Error reading from remote server returned by /forest/skins/gdocs-jar/img/disk.png
[Mon Apr 27 14:59:33.530376 2015] [proxy_http:error] [pid 7296:tid 728] (20014)Internal error: [client 201.245.192.253:51166] AH01102: error reading status line from remote server 172.22.1.47:80, referer: http://190.27.245.106/forest/index2.jsp?_a=0.6095861892179059
[Mon Apr 27 15:04:27.935093 2015] [proxy_http:error] [pid 7296:tid 728] (20014)Internal error: [client 186.113.86.134:57546] AH01102: error reading status line from remote server 172.22.1.47:80, referer: http://190.27.245.106/forest/usutareas.do?group_system_actual=3&codTraEsc=18011923&_a=0.7728439979617656
[Mon Apr 27 15:04:27.935093 2015] [proxy:error] [pid 7296:tid 728] [client 186.113.86.134:57546] AH00898: Error reading from remote server returned by /forest/documentos/1793866/2014ER023500.pdf, referer: http://190.27.245.106/forest/usutareas.do?group_system_actual=3&codTraEsc=18011923&_a=0.7728439979617656
[Mon Apr 27 15:04:28.730694 2015] [proxy_http:error] [pid 7296:tid 1404] (20014)Internal error: [client 201.245.192.253:55461] AH01102: error reading status line from remote server 172.22.1.47:80
[Mon Apr 27 15:04:28.730694 2015] [proxy:error] [pid 7296:tid 1404] [client 201.245.192.253:55461] AH00898: Error reading from remote server returned by /forest/skins/gdocs-jar/img/comments.gif
[Mon Apr 27 15:04:30.072297 2015] [proxy_http:error] [pid 7296:tid 1548] (20014)Internal error: [client 181.61.173.135:55849] AH01102: error reading status line from remote server 172.22.1.47:80, referer: http://190.27.245.106/forest/usutareas.do?group_system_actual=3&a=0.13078633835539222
[Mon Apr 27 15:04:30.072297 2015] [proxy:error] [pid 7296:tid 1548] [client 181.61.173.135:55849] AH00898: Error reading from remote server returned by /forest/json.do, referer: http://190.27.245.106/forest/usutareas.do?group_system_actual=3&a=0.13078633835539222
[Mon Apr 27 15:04:30.072297 2015] [negotiation:error] [pid 7296:tid 1548] [client 181.61.173.135:55849] AH00690: no acceptable variant: E:/nuevo/apache/error/HTTP_BAD_GATEWAY.html.var, referer: http://190.27.245.106/forest/usutareas.do?group_system_actual=3&a=0.13078633835539222
[Mon Apr 27 15:05:23.939191 2015] [proxy_http:error] [pid 7296:tid 892] (20014)Internal error: [client 201.245.192.253:56136] AH01102: error reading status line from remote server 172.22.1.47:80
[Mon Apr 27 15:05:23.939191 2015] [proxy:error] [pid 7296:tid 892] [client 201.245.192.253:56136] AH00898: Error reading from remote server returned by /forest/1ibre/1ibre.js
[Mon Apr 27 15:05:40.350420 2015] [proxy_http:error] [pid 7296:tid 1472] (20014)Internal error: [client 201.245.192.253:56376] AH01102: error reading status line from remote server 172.22.1.47:80, referer: http://190.27.245.106/forest/buscar.do?type=procesos
[Mon Apr 27 15:05:40.350420 2015] [proxy:error] [pid 7296:tid 1472] [client 201.245.192.253:56376] AH00898: Error reading from remote server returned by /forest/json.do, referer: http://190.27.245.106/forest/buscar.do?type=procesos
[Mon Apr 27 15:05:40.350420 2015] [negotiation:error] [pid 7296:tid 1472] [client 201.245.192.253:56376] AH00690: no acceptable variant: E:/nuevo/apache/error/HTTP_BAD_GATEWAY.html.var, referer: http://190.27.245.106/forest/buscar.do?type=procesos
[Mon Apr 27 15:06:18.648487 2015] [proxy_http:error] [pid 7296:tid 912] (20014)Internal error: [client 201.245.192.253:56772] AH01102: error reading status line from remote server 172.22.1.47:80, referer: http://190.27.245.106/forest/usutareas.do?group_system_actual=3&codTraEsc=18013696&_a=0.46293735341840236
[Mon Apr 27 15:06:20.302090 2015] [proxy_http:error] [pid 7296:tid 1484] (20014)Internal error: [client 201.245.192.253:56831] AH01102: error reading status line from remote server 172.22.1.47:80, referer: http://190.27.245.106/forest/buscar.do?type=procesos
[Mon Apr 27 15:06:20.302090 2015] [proxy:error] [pid 7296:tid 1484] [client 201.245.192.253:56831] AH00898: Error reading from remote server returned by /forest/json.do, referer: http://190.27.245.106/forest/buscar.do?type=procesos
[Mon Apr 27 15:06:20.302090 2015] [negotiation:error] [pid 7296:tid 1484] [client 201.245.192.253:56831] AH00690: no acceptable variant: E:/nuevo/apache/error/HTTP_BAD_GATEWAY.html.var, referer: http://190.27.245.106/forest/buscar.do?type=procesos
[Mon Apr 27 15:07:05.900970 2015] [proxy_http:error] [pid 7296:tid 892] (20014)Internal error: [client 181.61.173.135:55893] AH01102: error reading status line from remote server 172.22.1.47:80, referer: http://190.27.245.106/forest/buscar.do?type=procesos
[Mon Apr 27 15:07:06.010170 2015] [proxy_http:error] [pid 7296:tid 1460] (20014)Internal error: [client 181.61.173.135:55897] AH01102: error reading status line from remote server 172.22.1.47:80, referer: http://190.27.245.106/forest/buscar.do?type=procesos
[Mon Apr 27 15:07:06.010170 2015] [proxy:error] [pid 7296:tid 1460] [client 181.61.173.135:55897] AH00898: Error reading from remote server returned by /forest/json.do, referer: http://190.27.245.106/forest/buscar.do?type=procesos
[Mon Apr 27 15:07:06.010170 2015] [negotiation:error] [pid 7296:tid 1460] [client 181.61.173.135:55897] AH00690: no acceptable variant: E:/nuevo/apache/error/HTTP_BAD_GATEWAY.html.var, referer: http://190.27.245.106/forest/buscar.do?type=procesos
[Mon Apr 27 15:07:06.384571 2015] [proxy_http:error] [pid 7296:tid 1460] (20014)Internal error: [client 181.61.173.135:55897] AH01102: error reading status line from remote server 172.22.1.47:80, referer: http://190.27.245.106/forest/buscar.do?type=procesos
[Mon Apr 27 15:07:11.501380 2015] [proxy_http:error] [pid 7296:tid 1460] (20014)Internal error: [client 181.61.173.135:55899] AH01102: error reading status line from remote server 172.22.1.47:80, referer: http://190.27.245.106/forest/usutareas.do?codTraEsc=18010041
[Mon Apr 27 15:08:21.108702 2015] [proxy_http:error] [pid 7296:tid 1580] (20014)Internal error: [client 201.245.192.253:58326] AH01102: error reading status line from remote server 172.22.1.47:80, referer: http://190.27.245.106/forest/index2.jsp?_a=0.32258704481007405
[Mon Apr 27 15:08:45.226345 2015] [proxy_http:error] [pid 7296:tid 1692] (20014)Internal error: [client 186.113.86.134:57574] AH01102: error reading status line from remote server 172.22.1.47:80, referer: http://190.27.245.106/forest/index2.jsp?_a=0.6016540313139558
[Mon Apr 27 15:08:45.444745 2015] [proxy_http:error] [pid 7296:tid 1692] (20014)Internal error: [client 186.113.86.134:57579] AH01102: error reading status line from remote server 172.22.1.47:80, referer: http://190.27.245.106/forest/index2.jsp?_a=0.6016540313139558
[Mon Apr 27 15:08:45.444745 2015] [proxy:error] [pid 7296:tid 1692] [client 186.113.86.134:57579] AH00898: Error reading from remote server returned by /forest/img/salir3.gif, referer: http://190.27.245.106/forest/index2.jsp?_a=0.6016540313139558
[Mon Apr 27 15:08:45.663145 2015] [proxy_http:error] [pid 7296:tid 1548] (20014)Internal error: [client 186.113.86.134:57577] AH01102: error reading status line from remote server 172.22.1.47:80, referer: http://190.27.245.106/forest/index2.jsp?_a=0.6016540313139558
[Mon Apr 27 15:08:45.787946 2015] [proxy_http:error] [pid 7296:tid 1580] (20014)Internal error: [client 186.113.86.134:57571] AH01102: error reading status line from remote server 172.22.1.47:80, referer: http://190.27.245.106/forest/index2.jsp?_a=0.6016540313139558
[Mon Apr 27 15:08:45.803546 2015] [proxy_http:error] [pid 7296:tid 1484] (20014)Internal error: [client 186.113.86.134:57576] AH01102: error reading status line from remote server 172.22.1.47:80, referer: http://190.27.245.106/forest/index2.jsp?_a=0.6016540313139558
[Mon Apr 27 15:09:29.405622 2015] [proxy_http:error] [pid 7296:tid 1564] (20014)Internal error: [client 201.245.192.253:59043] AH01102: error reading status line from remote server 172.22.1.47:80, referer: http://190.27.245.106/forest/index2.jsp?_a=0.2102328887751298
[Mon Apr 27 15:10:21.478514 2015] [proxy_http:error] [pid 7296:tid 1260] (20014)Internal error: [client 201.245.192.253:59857] AH01102: error reading status line from remote server 172.22.1.47:80
[Mon Apr 27 15:10:21.478514 2015] [proxy:error] [pid 7296:tid 1260] [client 201.245.192.253:59857] AH00898: Error reading from remote server returned by /forest/js/jquery/jquery.atmosphere.js
[Mon Apr 27 15:10:54.207371 2015] [proxy_http:error] [pid 7296:tid 1356] (20014)Internal error: [client 201.245.192.253:47742] AH01102: error reading status line from remote server 172.22.1.47:80
[Mon Apr 27 15:10:54.207371 2015] [proxy:error] [pid 7296:tid 1356] [client 201.245.192.253:47742] AH00898: Error reading from remote server returned by /forest/js/inicio.js
[Mon Apr 27 15:11:01.149383 2015] [proxy_http:error] [pid 7296:tid 1036] (20014)Internal error: [client 201.245.192.253:47842] AH01102: error reading status line from remote server 172.22.1.47:80
[Mon Apr 27 15:11:01.149383 2015] [proxy:error] [pid 7296:tid 1036] [client 201.245.192.253:47842] AH00898: Error reading from remote server returned by /forest/img/notify.gif
[Mon Apr 27 15:11:02.007385 2015] [proxy_http:error] [pid 7296:tid 1468] (20014)Internal error: [client 201.245.192.253:47857] AH01102: error reading status line from remote server 172.22.1.47:80
[Mon Apr 27 15:11:02.007385 2015] [proxy:error] [pid 7296:tid 1468] [client 201.245.192.253:47857] AH00898: Error reading from remote server returned by /forest/img/panel/menu/danger2.png
[Mon Apr 27 15:12:18.151119 2015] [proxy_http:error] [pid 7296:tid 1444] (20014)Internal error: [client 201.245.192.253:48923] AH01102: error reading status line from remote server 172.22.1.47:80, referer: http://190.27.245.106/forest/usutareas.do?codTraEsc=18016274
[Mon Apr 27 15:12:40.131557 2015] [proxy_http:error] [pid 7296:tid 1220] (20014)Internal error: [client 186.31.156.33:1829] AH01102: error reading status line from remote server 172.22.1.47:80, referer: http://190.27.245.106/forest/login.do
[Mon Apr 27 15:12:40.131557 2015] [proxy:error] [pid 7296:tid 1220] [client 186.31.156.33:1829] AH00898: Error reading from remote server returned by /forest/skins/gdocs-jar/css/autocomplete.css, referer: http://190.27.245.106/forest/login.do
[Mon Apr 27 15:12:40.147157 2015] [proxy_http:error] [pid 7296:tid 1460] (20014)Internal error: [client 186.31.156.33:1830] AH01102: error reading status line from remote server 172.22.1.47:80, referer: http://190.27.245.106/forest/login.do
[Mon Apr 27 15:12:40.147157 2015] [proxy:error] [pid 7296:tid 1460] [client 186.31.156.33:1830] AH00898: Error reading from remote server returned by /forest/css/index.css, referer: http://190.27.245.106/forest/login.do
[Mon Apr 27 15:12:40.193957 2015] [proxy_http:error] [pid 7296:tid 1468] (20014)Internal error: [client 186.31.156.33:1828] AH01102: error reading status line from remote server 172.22.1.47:80, referer: http://190.27.245.106/forest/login.do
[Mon Apr 27 15:13:21.034829 2015] [proxy_http:error] [pid 7296:tid 1160] (20014)Internal error: [client 186.31.156.33:1844] AH01102: error reading status line from remote server 172.22.1.47:80, referer: http://190.27.245.106/forest/buscar.do?type=procesos
[Mon Apr 27 15:13:21.034829 2015] [proxy_http:error] [pid 7296:tid 1468] (20014)Internal error: [client 186.31.156.33:1847] AH01102: error reading status line from remote server 172.22.1.47:80, referer: http://190.27.245.106/forest/buscar.do?type=procesos
[Mon Apr 27 15:14:14.589723 2015] [proxy_http:error] [pid 7296:tid 1260] (20014)Internal error: [client 201.245.192.253:50450] AH01102: error reading status line from remote server 172.22.1.47:80, referer: http://190.27.245.106/forest/usutareas.do?group_system_actual=3&codTraEsc=18011766&_a=0.9942566875877212
[Mon Apr 27 15:15:30.951857 2015] [proxy_http:error] [pid 7296:tid 1468] (20014)Internal error: [client 201.245.192.253:51572] AH01102: error reading status line from remote server 172.22.1.47:80, referer: http://190.27.245.106/forest/usudocumentos.do?_a=0.8283382109501848&group_system_actual=3
[Mon Apr 27 15:15:30.967457 2015] [proxy_http:error] [pid 7296:tid 1468] (20014)Internal error: [client 201.245.192.253:51580] AH01102: error reading status line from remote server 172.22.1.47:80, referer: http://190.27.245.106/forest/usudocumentos.do?_a=0.8283382109501848&group_system_actual=3
[Mon Apr 27 15:15:30.967457 2015] [proxy:error] [pid 7296:tid 1468] [client 201.245.192.253:51580] AH00898: Error reading from remote server returned by /forest/skins/gdocs-jar/popup/escritorio/asociardoc.jsp, referer: http://190.27.245.106/forest/usudocumentos.do?_a=0.8283382109501848&group_system_actual=3
[Mon Apr 27 15:15:51.684294 2015] [proxy_http:error] [pid 7296:tid 1684] (20014)Internal error: [client 201.245.192.253:51834] AH01102: error reading status line from remote server 172.22.1.47:80
[Mon Apr 27 15:15:51.684294 2015] [proxy:error] [pid 7296:tid 1684] [client 201.245.192.253:51834] AH00898: Error reading from remote server returned by /forest/skins/gdocs-jar/js/number-functions.js
[Mon Apr 27 15:15:58.985107 2015] [proxy_http:error] [pid 7296:tid 1428] (20014)Internal error: [client 186.154.253.106:50494] AH01102: error reading status line from remote server 172.22.1.47:80, referer: http://190.27.245.106/forest/buscar.do
[Mon Apr 27 15:15:59.593508 2015] [proxy_http:error] [pid 7296:tid 1508] (20014)Internal error: [client 201.245.192.253:51928] AH01102: error reading status line from remote server 172.22.1.47:80, referer: http://190.27.245.106/forest/misactividades.do?group_system_actual=3&codPro=134&_a=0.46702145173920695
[Mon Apr 27 15:15:59.593508 2015] [proxy:error] [pid 7296:tid 1508] [client 201.245.192.253:51928] AH00898: Error reading from remote server returned by /forest/index2.jsp, referer: http://190.27.245.106/forest/misactividades.do?group_system_actual=3&codPro=134&_a=0.46702145173920695
[Mon Apr 27 15:17:02.680018 2015] [proxy_http:error] [pid 7296:tid 1428] (20014)Internal error: [client 201.245.192.253:52762] AH01102: error reading status line from remote server 172.22.1.47:80
[Mon Apr 27 15:17:02.680018 2015] [proxy:error] [pid 7296:tid 1428] [client 201.245.192.253:52762] AH00898: Error reading from remote server returned by /forest/skins/gdocs-jar/img/grid-prev.gif
[Mon Apr 27 15:19:36.277888 2015] [proxy_http:error] [pid 7296:tid 1308] (OS 10054)An existing connection was forcibly closed by the remote host.  : [client 201.245.192.253:54658] AH01102: error reading status line from remote server 172.22.1.31:80
[Mon Apr 27 15:19:36.277888 2015] [proxy:error] [pid 7296:tid 1308] [client 201.245.192.253:54658] AH00898: Error reading from remote server returned by /isolucionsda/g/Bot_Administrador.jpg
[Mon Apr 27 15:21:54.509731 2015] [proxy_http:error] [pid 7296:tid 1160] (20014)Internal error: [client 181.61.173.135:56134] AH01102: error reading status line from remote server 172.22.1.47:80, referer: http://190.27.245.106/forest/buscar.do?type=procesos
[Mon Apr 27 15:26:48.273847 2015] [proxy_http:error] [pid 7296:tid 1388] (20014)Internal error: [client 201.245.192.253:26118] AH01102: error reading status line from remote server 172.22.1.47:80, referer: http://190.27.245.106/forest/usutareas.do?group_system_actual=3&codAct=3220&numPro=3081379&codPro=235&fecTra=2015-04-27%2009:47:03.0&codInst=3122783&codTraEsc=18012034
[Mon Apr 27 15:27:10.987487 2015] [proxy_http:error] [pid 7296:tid 1188] (20014)Internal error: [client 201.245.192.253:26214] AH01102: error reading status line from remote server 172.22.1.47:80
[Mon Apr 27 15:27:10.987487 2015] [proxy:error] [pid 7296:tid 1188] [client 201.245.192.253:26214] AH00898: Error reading from remote server returned by /forest/js/load_func.js
[Mon Apr 27 15:27:12.672290 2015] [proxy_http:error] [pid 7296:tid 1388] (20014)Internal error: [client 201.245.192.253:26221] AH01102: error reading status line from remote server 172.22.1.47:80, referer: http://190.27.245.106/forest/usutareas.do?_a=0.8086293480457025&group_system_actual=3
[Mon Apr 27 15:27:12.672290 2015] [proxy:error] [pid 7296:tid 1388] [client 201.245.192.253:26221] AH00898: Error reading from remote server returned by /forest/json.do, referer: http://190.27.245.106/forest/usutareas.do?_a=0.8086293480457025&group_system_actual=3
[Mon Apr 27 15:27:12.672290 2015] [negotiation:error] [pid 7296:tid 1388] [client 201.245.192.253:26221] AH00690: no acceptable variant: E:/nuevo/apache/error/HTTP_BAD_GATEWAY.html.var, referer: http://190.27.245.106/forest/usutareas.do?_a=0.8086293480457025&group_system_actual=3
[Mon Apr 27 15:28:11.609193 2015] [proxy_http:error] [pid 7296:tid 1492] (20014)Internal error: [client 201.245.192.253:26470] AH01102: error reading status line from remote server 172.22.1.47:80, referer: http://190.27.245.106/forest/suactividades.do?_a=0.3369803309906274&group_system_actual=3
[Mon Apr 27 15:28:11.609193 2015] [proxy:error] [pid 7296:tid 1492] [client 201.245.192.253:26470] AH00898: Error reading from remote server returned by /forest/actions/workplace.getReparto, referer: http://190.27.245.106/forest/suactividades.do?_a=0.3369803309906274&group_system_actual=3
[Mon Apr 27 15:28:33.761232 2015] [proxy_http:error] [pid 7296:tid 1492] (20014)Internal error: [client 201.245.192.253:26581] AH01102: error reading status line from remote server 172.22.1.47:80, referer: http://190.27.245.106/forest/usutareas.do?codTraEsc=18016274
[Mon Apr 27 15:29:48.703764 2015] [proxy_http:error] [pid 7296:tid 1564] (20014)Internal error: [client 201.245.192.253:26995] AH01102: error reading status line from remote server 172.22.1.47:80, referer: http://190.27.245.106/forest/usutareas.do?group_system_actual=3&a=0.7286509307370107
[Mon Apr 27 15:31:01.446692 2015] [proxy_http:error] [pid 7296:tid 1556] (20014)Internal error: [client 201.245.192.253:27377] AH01102: error reading status line from remote server 172.22.1.47:80, referer: http://190.27.245.106/forest/index2.jsp?a=0.8142556442310472
[Mon Apr 27 15:32:13.815219 2015] [proxy:error] [pid 7296:tid 752] (OS 10061)No connection could be made because the target machine actively refused it.  : AH00957: HTTP: attempt to connect to 172.22.1.36:8080 (172.22.1.36) failed
[Mon Apr 27 15:32:13.815219 2015] [proxy:error] [pid 7296:tid 752] AH00959: ap_proxy_connect_backend disabling worker for (172.22.1.36) for 60s
[Mon Apr 27 15:32:13.815219 2015] [proxy_http:error] [pid 7296:tid 752] [client 66.249.64.82:56793] AH01114: HTTP: failed to make connection to backend: 172.22.1.36
[Mon Apr 27 15:32:30.257648 2015] [proxy_http:error] [pid 7296:tid 752] (OS 10054)An existing connection was forcibly closed by the remote host.  : [client 201.245.192.253:27871] AH01102: error reading status line from remote server 172.22.1.31:80, referer: http://190.27.245.106/isolucionsda/Menu.asp?Pagina=Menu.asp&IdModulo=7
[Mon Apr 27 15:34:22.063044 2015] [proxy_http:error] [pid 7296:tid 1472] (20014)Internal error: [client 186.113.86.134:57730] AH01102: error reading status line from remote server 172.22.1.47:80, referer: http://190.27.245.106/forest/usutareas.do?group_system_actual=3&a=0.9557620144914836
[Mon Apr 27 15:36:05.787626 2015] [proxy_http:error] [pid 7296:tid 1876] (20014)Internal error: [client 201.245.192.253:28875] AH01102: error reading status line from remote server 172.22.1.47:80, referer: http://190.27.245.106/forest/usutareas.do?_a=0.7441709525883198&group_system_actual=3
[Mon Apr 27 15:36:29.281267 2015] [proxy_http:error] [pid 7296:tid 1876] (20014)Internal error: [client 201.245.192.253:28989] AH01102: error reading status line from remote server 172.22.1.47:80, referer: http://190.27.245.106/forest/usutareas.do?_a=0.7441709525883198&group_system_actual=3
[Mon Apr 27 15:36:29.328068 2015] [proxy_http:error] [pid 7296:tid 1876] (20014)Internal error: [client 201.245.192.253:28991] AH01102: error reading status line from remote server 172.22.1.47:80, referer: http://190.27.245.106/forest/usutareas.do?_a=0.7633395160520234&group_system_actual=3
[Mon Apr 27 15:36:29.328068 2015] [proxy:error] [pid 7296:tid 1876] [client 201.245.192.253:28991] AH00898: Error reading from remote server returned by /forest/json.do, referer: http://190.27.245.106/forest/usutareas.do?_a=0.7633395160520234&group_system_actual=3
[Mon Apr 27 15:36:29.328068 2015] [negotiation:error] [pid 7296:tid 1876] [client 201.245.192.253:28991] AH00690: no acceptable variant: E:/nuevo/apache/error/HTTP_BAD_GATEWAY.html.var, referer: http://190.27.245.106/forest/usutareas.do?_a=0.7633395160520234&group_system_actual=3
[Mon Apr 27 15:36:40.263687 2015] [proxy_http:error] [pid 7296:tid 1548] (20014)Internal error: [client 201.245.192.253:29037] AH01102: error reading status line from remote server 172.22.1.47:80, referer: http://190.27.245.106/forest/usutareas.do?_a=0.7441709525883198&group_system_actual=3
[Mon Apr 27 15:37:33.303780 2015] [proxy_http:error] [pid 7296:tid 1228] (20014)Internal error: [client 201.245.192.253:29302] AH01102: error reading status line from remote server 172.22.1.47:80, referer: http://190.27.245.106/forest/usutareas.do?_a=0.7633395160520234&group_system_actual=3
[Mon Apr 27 15:37:33.381780 2015] [proxy_http:error] [pid 7296:tid 736] (20014)Internal error: [client 201.245.192.253:29276] AH01102: error reading status line from remote server 172.22.1.47:80, referer: http://190.27.245.106/forest/usutareas.do?_a=0.7633395160520234&group_system_actual=3
[Mon Apr 27 15:37:41.556194 2015] [proxy_http:error] [pid 7296:tid 1484] (20014)Internal error: [client 201.245.192.253:29327] AH01102: error reading status line from remote server 172.22.1.47:80, referer: http://190.27.245.106/forest/usutareas.do?_a=0.7633395160520234&group_system_actual=3
[Mon Apr 27 15:38:20.150662 2015] [proxy_http:error] [pid 7296:tid 1188] (20014)Internal error: [client 201.245.192.253:29533] AH01102: error reading status line from remote server 172.22.1.47:80, referer: http://190.27.245.106/forest/usutareas.do?_a=0.7633395160520234&group_system_actual=3
[Mon Apr 27 15:39:48.868018 2015] [proxy_http:error] [pid 7296:tid 1548] (20014)Internal error: [client 186.154.253.106:50672] AH01102: error reading status line from remote server 172.22.1.47:80, referer: http://190.27.245.106/forest/index2.jsp?_a=0.9971097530797124
[Mon Apr 27 15:39:48.868018 2015] [proxy:error] [pid 7296:tid 1548] [client 186.154.253.106:50672] AH00898: Error reading from remote server returned by /forest/reportes.do, referer: http://190.27.245.106/forest/index2.jsp?_a=0.9971097530797124
[Mon Apr 27 15:40:45.730118 2015] [proxy_http:error] [pid 7296:tid 912] (20014)Internal error: [client 201.245.192.253:30336] AH01102: error reading status line from remote server 172.22.1.47:80
[Mon Apr 27 15:40:45.730118 2015] [proxy:error] [pid 7296:tid 912] [client 201.245.192.253:30336] AH00898: Error reading from remote server returned by /forest/skins/gdocs-jar/img/icons/pdf.gif
[Mon Apr 27 15:46:01.349872 2015] [proxy_http:error] [pid 7296:tid 1492] (20014)Internal error: [client 201.245.192.253:31977] AH01102: error reading status line from remote server 172.22.1.47:80, referer: http://190.27.245.106/forest/index2.jsp?_a=0.35747712780819774
[Mon Apr 27 15:46:01.396672 2015] [proxy_http:error] [pid 7296:tid 1492] (20014)Internal error: [client 201.245.192.253:32022] AH01102: error reading status line from remote server 172.22.1.47:80, referer: http://190.27.245.106/forest/index2.jsp?_a=0.35747712780819774
[Mon Apr 27 15:46:01.396672 2015] [proxy:error] [pid 7296:tid 1492] [client 201.245.192.253:32022] AH00898: Error reading from remote server returned by /forest/actions/forms.getList, referer: http://190.27.245.106/forest/index2.jsp?_a=0.35747712780819774
[Mon Apr 27 15:46:01.396672 2015] [negotiation:error] [pid 7296:tid 1492] [client 201.245.192.253:32022] AH00690: no acceptable variant: E:/nuevo/apache/error/HTTP_BAD_GATEWAY.html.var, referer: http://190.27.245.106/forest/index2.jsp?_a=0.35747712780819774
[Mon Apr 27 15:48:04.902089 2015] [proxy_http:error] [pid 7296:tid 1472] (20014)Internal error: [client 201.245.192.253:32634] AH01102: error reading status line from remote server 172.22.1.47:80
[Mon Apr 27 15:48:04.902089 2015] [proxy:error] [pid 7296:tid 1472] [client 201.245.192.253:32634] AH00898: Error reading from remote server returned by /forest/skins/gdocs-jar/js/tareas.js
[Mon Apr 27 15:56:20.670960 2015] [proxy_http:error] [pid 7296:tid 1524] (20014)Internal error: [client 201.245.192.253:34738] AH01102: error reading status line from remote server 172.22.1.47:80, referer: http://190.27.245.106/forest/usutareas.do?group_system_actual=3&codTraEsc=18018713&_a=0.8052474891679577
[Mon Apr 27 16:00:32.830803 2015] [proxy_http:error] [pid 7296:tid 1876] (20014)Internal error: [client 201.245.192.253:23585] AH01102: error reading status line from remote server 172.22.1.47:80, referer: http://190.27.245.106/forest/usutareas.do?group_system_actual=3&a=0.900482740951702
[Mon Apr 27 16:01:19.802485 2015] [proxy_http:error] [pid 7296:tid 1604] (20014)Internal error: [client 201.245.192.253:23849] AH01102: error reading status line from remote server 172.22.1.47:80, referer: http://190.27.245.106/forest/usutareas.do?group_system_actual=3&a=0.900482740951702
[Mon Apr 27 16:01:19.802485 2015] [proxy:error] [pid 7296:tid 1604] [client 201.245.192.253:23849] AH00898: Error reading from remote server returned by /forest/json.do, referer: http://190.27.245.106/forest/usutareas.do?group_system_actual=3&a=0.900482740951702
[Mon Apr 27 16:01:19.802485 2015] [negotiation:error] [pid 7296:tid 1604] [client 201.245.192.253:23849] AH00690: no acceptable variant: E:/nuevo/apache/error/HTTP_BAD_GATEWAY.html.var, referer: http://190.27.245.106/forest/usutareas.do?group_system_actual=3&a=0.900482740951702
[Mon Apr 27 16:01:29.677303 2015] [proxy_http:error] [pid 7296:tid 1756] (20014)Internal error: [client 201.245.192.253:23917] AH01102: error reading status line from remote server 172.22.1.47:80, referer: http://190.27.245.106/forest/misactividades.do?_a=0.2987071492243558&group_system_actual=3
[Mon Apr 27 16:02:07.725770 2015] [proxy_http:error] [pid 7296:tid 1532] (20014)Internal error: [client 201.245.192.253:24220] AH01102: error reading status line from remote server 172.22.1.47:80
[Mon Apr 27 16:02:07.725770 2015] [proxy:error] [pid 7296:tid 1532] [client 201.245.192.253:24220] AH00898: Error reading from remote server returned by /forest/js/usutareas-docs.js
[Mon Apr 27 16:02:51.936247 2015] [proxy_http:error] [pid 7296:tid 1356] (20014)Internal error: [client 181.61.173.135:49487] AH01102: error reading status line from remote server 172.22.1.47:80, referer: http://190.27.245.106/forest/login.do
[Mon Apr 27 16:02:51.936247 2015] [proxy_http:error] [pid 7296:tid 1756] (20014)Internal error: [client 181.61.173.135:49486] AH01102: error reading status line from remote server 172.22.1.47:80, referer: http://190.27.245.106/forest/login.do
[Mon Apr 27 16:02:51.967447 2015] [proxy_http:error] [pid 7296:tid 1628] (20014)Internal error: [client 181.61.173.135:49484] AH01102: error reading status line from remote server 172.22.1.47:80, referer: http://190.27.245.106/forest/login.do
[Mon Apr 27 16:13:47.730199 2015] [proxy_http:error] [pid 7296:tid 1372] (20014)Internal error: [client 201.245.192.253:56839] AH01102: error reading status line from remote server 172.22.1.47:80, referer: http://190.27.245.106/forest/suactividades.do?group_system_actual=3
[Mon Apr 27 16:33:29.884675 2015] [proxy_http:error] [pid 7296:tid 1308] (20014)Internal error: [client 201.245.192.253:33682] AH01102: error reading status line from remote server 172.22.1.47:80, referer: http://190.27.245.106/forest/buscar.do?
[Mon Apr 27 16:35:17.556065 2015] [proxy_http:error] [pid 7296:tid 1756] (20014)Internal error: [client 186.154.253.106:50934] AH01102: error reading status line from remote server 172.22.1.47:80, referer: http://190.27.245.106/forest/buscar.do?
[Mon Apr 27 16:38:43.102026 2015] [mpm_winnt:warn] [pid 7296:tid 2800] (OS 64)The specified network name is no longer available.  : AH00341: winnt_accept: Asynchronous AcceptEx failed.
[Mon Apr 27 16:39:08.093270 2015] [mpm_winnt:warn] [pid 7296:tid 2800] (OS 64)The specified network name is no longer available.  : AH00341: winnt_accept: Asynchronous AcceptEx failed.
[Mon Apr 27 16:40:31.381816 2015] [proxy_http:error] [pid 7296:tid 1372] (20014)Internal error: [client 190.84.185.167:58637] AH01102: error reading status line from remote server 172.22.1.47:80, referer: http://190.27.245.106/forest/js/jquery/css/jquery-ui-1.8.1.custom.css
[Mon Apr 27 16:46:26.391639 2015] [proxy_http:error] [pid 7296:tid 1484] (20014)Internal error: [client 201.245.192.253:25539] AH01102: error reading status line from remote server 172.22.1.47:80, referer: http://190.27.245.106/forest/index2.jsp?group_system_actual=3&a=0.37694144692541487
[Mon Apr 27 16:46:44.815272 2015] [proxy_http:error] [pid 7296:tid 1472] (20014)Internal error: [client 201.245.192.253:25649] AH01102: error reading status line from remote server 172.22.1.47:80
[Mon Apr 27 16:46:44.815272 2015] [proxy:error] [pid 7296:tid 1472] [client 201.245.192.253:25649] AH00898: Error reading from remote server returned by /forest/skins/gdocs-jar/js/documentos.js
[Mon Apr 27 16:48:09.133420 2015] [proxy_http:error] [pid 7296:tid 1244] (20014)Internal error: [client 201.245.192.253:26012] AH01102: error reading status line from remote server 172.22.1.47:80, referer: http://190.27.245.106/forest/buscar.do
[Mon Apr 27 16:49:44.527587 2015] [proxy_http:error] [pid 7296:tid 1388] (20014)Internal error: [client 186.154.253.106:51046] AH01102: error reading status line from remote server 172.22.1.47:80, referer: http://190.27.245.106/forest/radicacion.do?codMod=80&_a=0.5895454462151974&group_system_actual=4
[Mon Apr 27 16:57:05.634962 2015] [proxy_http:error] [pid 7296:tid 1228] (20014)Internal error: [client 201.245.192.253:28456] AH01102: error reading status line from remote server 172.22.1.47:80, referer: http://190.27.245.106/forest/suactividades.do?group_system_actual=3
[Mon Apr 27 16:57:05.634962 2015] [proxy:error] [pid 7296:tid 1228] [client 201.245.192.253:28456] AH00898: Error reading from remote server returned by /forest/system/process.jsp, referer: http://190.27.245.106/forest/suactividades.do?group_system_actual=3
[Mon Apr 27 16:57:28.457802 2015] [proxy_http:error] [pid 7296:tid 1228] (20014)Internal error: [client 201.245.192.253:28571] AH01102: error reading status line from remote server 172.22.1.47:80, referer: http://190.27.245.106/forest/usutareas.do?group_system_actual=3&codAct=879&numPro=3083218&codPro=90&fecTra=2015-04-27%2014:21:03.0&codInst=3124668&codTraEsc=18017161
[Mon Apr 27 16:58:35.272720 2015] [proxy_http:error] [pid 7296:tid 752] (20014)Internal error: [client 201.245.192.253:28970] AH01102: error reading status line from remote server 172.22.1.47:80
[Mon Apr 27 16:58:35.272720 2015] [proxy:error] [pid 7296:tid 752] [client 201.245.192.253:28970] AH00898: Error reading from remote server returned by /forest/js/internJS.js
[Mon Apr 27 16:58:35.553520 2015] [proxy_http:error] [pid 7296:tid 1460] (20014)Internal error: [client 201.245.192.253:28972] AH01102: error reading status line from remote server 172.22.1.47:80, referer: http://190.27.245.106/forest/buscar.do?type=procesos
[Mon Apr 27 16:58:59.437162 2015] [proxy_http:error] [pid 7296:tid 892] (20014)Internal error: [client 190.158.111.88:49283] AH01102: error reading status line from remote server 172.22.1.47:80, referer: http://190.27.245.106/forest/
[Mon Apr 27 17:00:45.860549 2015] [proxy_http:error] [pid 7296:tid 752] (20014)Internal error: [client 190.158.111.88:49336] AH01102: error reading status line from remote server 172.22.1.47:80, referer: http://190.27.245.106/forest/usudocumentos.do?_a=0.713410826632753&group_system_actual=3
[Mon Apr 27 17:36:40.739134 2015] [proxy_http:error] [pid 7296:tid 1876] (20014)Internal error: [client 190.158.111.88:49562] AH01102: error reading status line from remote server 172.22.1.47:80, referer: http://190.27.245.106/forest/buscar.do?type=documentos
[Mon Apr 27 19:49:41.232551 2015] [:error] [pid 7296:tid 1716] [client 5.254.98.73:49758] script 'E:/nuevo/htdocs/wp-login.php' not found or unable to stat
[Mon Apr 27 19:49:42.698954 2015] [:error] [pid 7296:tid 1716] [client 5.254.98.73:49758] script 'E:/nuevo/htdocs/admin.php' not found or unable to stat
[Mon Apr 27 21:33:57.391539 2015] [proxy_http:error] [pid 7296:tid 1772] (OS 10054)An existing connection was forcibly closed by the remote host.  : [client 186.28.37.26:49465] AH01102: error reading status line from remote server 172.22.1.31:80, referer: http://190.27.245.106/isolucionsda/Encabezado.asp?Pagina=ListadoMaestroDocumentos3.asp
[Mon Apr 27 21:33:57.391539 2015] [proxy:error] [pid 7296:tid 1772] [client 186.28.37.26:49465] AH00898: Error reading from remote server returned by /isolucionsda/g/Bot_ProcesosOver_ESP.jpg, referer: http://190.27.245.106/isolucionsda/Encabezado.asp?Pagina=ListadoMaestroDocumentos3.asp
[Mon Apr 27 22:05:18.739244 2015] [:error] [pid 7296:tid 1772] [client 113.174.177.224:50954] script 'E:/nuevo/htdocs/wp-login.php' not found or unable to stat
[Mon Apr 27 22:06:08.066530 2015] [:error] [pid 7296:tid 1244] [client 176.108.23.118:2685] script 'E:/nuevo/htdocs/wp-login.php' not found or unable to stat
[Mon Apr 27 22:37:04.299191 2015] [proxy_http:error] [pid 7296:tid 1188] (OS 10054)An existing connection was forcibly closed by the remote host.  : [client 186.81.171.136:50318] AH01102: error reading status line from remote server 172.22.1.31:80, referer: http://190.27.245.106/isolucionsda/FrameSetGeneral.asp?Pagina1=FrameSetGeneral.asp&
[Mon Apr 27 22:37:04.299191 2015] [proxy:error] [pid 7296:tid 1188] [client 186.81.171.136:50318] AH00898: Error reading from remote server returned by /isolucionsda/BarraTitulos.asp, referer: http://190.27.245.106/isolucionsda/FrameSetGeneral.asp?Pagina1=FrameSetGeneral.asp&
[Mon Apr 27 22:37:04.314791 2015] [proxy_http:error] [pid 7296:tid 1460] (OS 10054)An existing connection was forcibly closed by the remote host.  : [client 186.81.171.136:50316] AH01102: error reading status line from remote server 172.22.1.31:80, referer: http://190.27.245.106/isolucionsda/FrameSetGeneral.asp?Pagina1=FrameSetGeneral.asp&
[Mon Apr 27 22:37:04.314791 2015] [proxy:error] [pid 7296:tid 1460] [client 186.81.171.136:50316] AH00898: Error reading from remote server returned by /isolucionsda/MagazinHome.asp, referer: http://190.27.245.106/isolucionsda/FrameSetGeneral.asp?Pagina1=FrameSetGeneral.asp&
[Mon Apr 27 22:37:04.314791 2015] [proxy_http:error] [pid 7296:tid 1444] (OS 10054)An existing connection was forcibly closed by the remote host.  : [client 186.81.171.136:50317] AH01102: error reading status line from remote server 172.22.1.31:80, referer: http://190.27.245.106/isolucionsda/FrameSetGeneral.asp?Pagina1=FrameSetGeneral.asp&
[Mon Apr 27 22:37:04.314791 2015] [proxy:error] [pid 7296:tid 1444] [client 186.81.171.136:50317] AH00898: Error reading from remote server returned by /isolucionsda/BarraFavoritos.asp, referer: http://190.27.245.106/isolucionsda/FrameSetGeneral.asp?Pagina1=FrameSetGeneral.asp&
[Mon Apr 27 22:37:13.893208 2015] [proxy_http:error] [pid 7296:tid 1188] (OS 10054)An existing connection was forcibly closed by the remote host.  : [client 186.81.171.136:50318] AH01102: error reading status line from remote server 172.22.1.31:80, referer: http://190.27.245.106/isolucionsda/BancoConocimiento/s/SistemadeGestionAmbiental_v0/SistemadeGestionAmbiental_v0.asp??Pagina=BancoConocimiento/s/SistemadeGestionAmbiental_v0/SistemadeGestionAmbiental_v0.asp?&IdModulo=19
[Mon Apr 27 22:38:54.606985 2015] [mpm_winnt:warn] [pid 7296:tid 2800] (OS 64)The specified network name is no longer available.  : AH00341: winnt_accept: Asynchronous AcceptEx failed.
[Mon Apr 27 22:39:19.598228 2015] [mpm_winnt:warn] [pid 7296:tid 2800] (OS 64)The specified network name is no longer available.  : AH00341: winnt_accept: Asynchronous AcceptEx failed.
[Mon Apr 27 22:45:04.764435 2015] [proxy_http:error] [pid 7296:tid 1548] (OS 10054)An existing connection was forcibly closed by the remote host.  : [client 186.81.171.136:50340] AH01102: error reading status line from remote server 172.22.1.31:80, referer: http://190.27.245.106/isolucionsda/Encabezado.asp?Pagina=Magazin.asp&Sigla=MAC&IdModulo=2
[Mon Apr 27 22:45:04.764435 2015] [proxy:error] [pid 7296:tid 1548] [client 186.81.171.136:50340] AH00898: Error reading from remote server returned by /isolucionsda/FrameSetGeneral.asp, referer: http://190.27.245.106/isolucionsda/Encabezado.asp?Pagina=Magazin.asp&Sigla=MAC&IdModulo=2
[Mon Apr 27 22:45:14.623652 2015] [proxy_http:error] [pid 7296:tid 1220] (OS 10054)An existing connection was forcibly closed by the remote host.  : [client 186.81.171.136:50342] AH01102: error reading status line from remote server 172.22.1.31:80, referer: http://190.27.245.106/isolucionsda/FrameSetGeneral.asp?Pagina1=FrameSetGeneral.asp&
[Mon Apr 27 22:45:14.623652 2015] [proxy:error] [pid 7296:tid 1220] [client 186.81.171.136:50342] AH00898: Error reading from remote server returned by /isolucionsda/BarraFavoritos.asp, referer: http://190.27.245.106/isolucionsda/FrameSetGeneral.asp?Pagina1=FrameSetGeneral.asp&
[Mon Apr 27 22:45:17.884058 2015] [proxy_http:error] [pid 7296:tid 1308] (OS 10054)An existing connection was forcibly closed by the remote host.  : [client 186.81.171.136:50347] AH01102: error reading status line from remote server 172.22.1.31:80, referer: http://190.27.245.106/isolucionsda/FrameSetGeneral.asp?Pagina=SucursalSeleccion.asp&CargaPagina=ModuloProcesos&IdModulo=3
[Mon Apr 27 22:45:17.884058 2015] [proxy:error] [pid 7296:tid 1308] [client 186.81.171.136:50347] AH00898: Error reading from remote server returned by /isolucionsda/BarraFavoritos.asp, referer: http://190.27.245.106/isolucionsda/FrameSetGeneral.asp?Pagina=SucursalSeleccion.asp&CargaPagina=ModuloProcesos&IdModulo=3

:: Command execute ::

Enter:
 
Select:
 

:: Search ::
regexp 

:: Upload ::
 
[ ok ]

:: Make Dir ::
 
[ ok ]
:: Make File ::
 
[ ok ]

:: Go Dir ::
 
:: Go File ::
 

--[ c99shell v. 1.0 pre-release build #13 powered by Captain Crunch Security Team | http://ccteam.ru | Generation time: 0.0468 ]--