!C99Shell v. 1.0 pre-release build #13!

Software: Apache. PHP/5.5.15 

uname -a: Windows NT SVR-DMZ 6.1 build 7600 (Windows Server 2008 R2 Enterprise Edition) i586 

SYSTEM 

Safe-mode: OFF (not secure)

E:\nuevo\apache\logs\   drwxrwxrwx
Free 9.41 GB of 239.26 GB (3.93%)
Detected drives: [ a ] [ c ] [ d ] [ e ] [ f ]
Home    Back    Forward    UPDIR    Refresh    Search    Buffer    Encoder    Tools    Proc.    FTP brute    Sec.    SQL    PHP-code    Update    Feedback    Self remove    Logout    


Viewing file:     error.2015.04.29.log (123.09 KB)      -rw-rw-rw-
Select action/file-type:
(+) | (+) | (+) | Code (+) | Session (+) | (+) | SDB (+) | (+) | (+) | (+) | (+) | (+) |
[Wed Apr 29 00:47:19.679673 2015] [mpm_winnt:warn] [pid 7296:tid 2800] (OS 64)The specified network name is no longer available.  : AH00341: winnt_accept: Asynchronous AcceptEx failed.
[Wed Apr 29 01:02:45.354099 2015] [mpm_winnt:warn] [pid 7296:tid 2800] (OS 64)The specified network name is no longer available.  : AH00341: winnt_accept: Asynchronous AcceptEx failed.
[Wed Apr 29 01:23:35.462295 2015] [mpm_winnt:warn] [pid 7296:tid 2800] (OS 64)The specified network name is no longer available.  : AH00341: winnt_accept: Asynchronous AcceptEx failed.
[Wed Apr 29 01:41:04.050336 2015] [proxy_http:error] [pid 7296:tid 1188] (OS 10054)An existing connection was forcibly closed by the remote host.  : [client 186.155.113.157:19712] AH01102: error reading status line from remote server 172.22.1.31:80, referer: http://190.27.245.106/isolucionsda/Encabezado.asp?Pagina=ListadoMaestroDocumentos3.asp
[Wed Apr 29 01:41:04.050336 2015] [proxy:error] [pid 7296:tid 1188] [client 186.155.113.157:19712] AH00898: Error reading from remote server returned by /isolucionsda/g/Bot_SiguienteOver.jpg, referer: http://190.27.245.106/isolucionsda/Encabezado.asp?Pagina=ListadoMaestroDocumentos3.asp
[Wed Apr 29 02:10:16.261014 2015] [core:error] [pid 7296:tid 1036] [client 195.22.104.168:34642] AH00126: Invalid URI in request GET HTTP/1.1 HTTP/1.1
[Wed Apr 29 03:44:08.980507 2015] [mpm_winnt:warn] [pid 7296:tid 2800] (OS 64)The specified network name is no longer available.  : AH00341: winnt_accept: Asynchronous AcceptEx failed.
[Wed Apr 29 04:16:54.661960 2015] [mpm_winnt:warn] [pid 7296:tid 2800] (OS 64)The specified network name is no longer available.  : AH00341: winnt_accept: Asynchronous AcceptEx failed.
[Wed Apr 29 04:17:19.668804 2015] [mpm_winnt:warn] [pid 7296:tid 2800] (OS 64)The specified network name is no longer available.  : AH00341: winnt_accept: Asynchronous AcceptEx failed.
[Wed Apr 29 04:40:27.541842 2015] [mpm_winnt:warn] [pid 7296:tid 2800] (OS 64)The specified network name is no longer available.  : AH00341: winnt_accept: Asynchronous AcceptEx failed.
[Wed Apr 29 04:40:52.564286 2015] [mpm_winnt:warn] [pid 7296:tid 2800] (OS 64)The specified network name is no longer available.  : AH00341: winnt_accept: Asynchronous AcceptEx failed.
[Wed Apr 29 06:54:18.157147 2015] [core:error] [pid 7296:tid 1556] (22)Invalid argument: [client 180.76.6.48:50871] AH00127: Cannot map GET /Autoliquidacion/TR%C1MITES%20AGUAS%20SUPERFICIALES/FORMULARIO%20NACIONAL%20SOLICITUD%20-Concesion%20Aguas%20Superficiales.pdf HTTP/1.1 to file
[Wed Apr 29 07:12:59.722117 2015] [proxy_http:error] [pid 7296:tid 1428] (OS 10054)An existing connection was forcibly closed by the remote host.  : [client 201.245.192.253:32856] AH01102: error reading status line from remote server 172.22.1.31:80, referer: http://190.27.245.106/isolucionsda/FrameSetGeneral.asp?Pagina1=FrameSetGeneral.asp&
[Wed Apr 29 07:12:59.722117 2015] [proxy:error] [pid 7296:tid 1428] [client 201.245.192.253:32856] AH00898: Error reading from remote server returned by /isolucionsda/BarraTitulos.asp, referer: http://190.27.245.106/isolucionsda/FrameSetGeneral.asp?Pagina1=FrameSetGeneral.asp&
[Wed Apr 29 07:13:12.233339 2015] [proxy_http:error] [pid 7296:tid 1500] (OS 10054)An existing connection was forcibly closed by the remote host.  : [client 201.245.192.253:32883] AH01102: error reading status line from remote server 172.22.1.31:80, referer: http://190.27.245.106/isolucionsda/FrameSetGeneral.asp?Pagina=ListadoMaestroDocumentos3.asp
[Wed Apr 29 07:13:12.233339 2015] [proxy:error] [pid 7296:tid 1500] [client 201.245.192.253:32883] AH00898: Error reading from remote server returned by /isolucionsda/BarraFavoritos.asp, referer: http://190.27.245.106/isolucionsda/FrameSetGeneral.asp?Pagina=ListadoMaestroDocumentos3.asp
[Wed Apr 29 07:20:15.945683 2015] [proxy:error] [pid 7296:tid 1260] (OS 10061)No connection could be made because the target machine actively refused it.  : AH00957: HTTP: attempt to connect to 172.22.1.36:8080 (172.22.1.36) failed
[Wed Apr 29 07:20:15.945683 2015] [proxy:error] [pid 7296:tid 1260] AH00959: ap_proxy_connect_backend disabling worker for (172.22.1.36) for 60s
[Wed Apr 29 07:20:15.945683 2015] [proxy_http:error] [pid 7296:tid 1260] [client 200.119.83.77:58330] AH01114: HTTP: failed to make connection to backend: 172.22.1.36
[Wed Apr 29 07:22:04.225473 2015] [proxy_http:error] [pid 7296:tid 1228] (OS 10054)An existing connection was forcibly closed by the remote host.  : [client 190.24.223.132:19158] AH01102: error reading status line from remote server 172.22.1.31:80, referer: http://www.ambientebogota.gov.co/web/intranet/aplicaciones-para-acceder-fuera-de-la-sda
[Wed Apr 29 07:22:04.225473 2015] [proxy:error] [pid 7296:tid 1228] [client 190.24.223.132:19158] AH00898: Error reading from remote server returned by /isolucionsda/, referer: http://www.ambientebogota.gov.co/web/intranet/aplicaciones-para-acceder-fuera-de-la-sda
[Wed Apr 29 07:31:25.218058 2015] [proxy_http:error] [pid 7296:tid 1468] (OS 10054)An existing connection was forcibly closed by the remote host.  : [client 201.245.192.253:24725] AH01102: error reading status line from remote server 172.22.1.31:80, referer: http://190.27.245.106/isolucionsda/Encabezado.asp?Pagina=ListadoMaestroDocumentos3.asp
[Wed Apr 29 07:31:25.218058 2015] [proxy:error] [pid 7296:tid 1468] [client 201.245.192.253:24725] AH00898: Error reading from remote server returned by /isolucionsda/Session.asp, referer: http://190.27.245.106/isolucionsda/Encabezado.asp?Pagina=ListadoMaestroDocumentos3.asp
[Wed Apr 29 07:31:47.463698 2015] [:error] [pid 7296:tid 1356] [client 94.23.210.101:51908] script 'E:/nuevo/htdocs/wp-login.php' not found or unable to stat
[Wed Apr 29 07:31:48.961300 2015] [:error] [pid 7296:tid 1356] [client 94.23.210.101:51908] script 'E:/nuevo/htdocs/admin.php' not found or unable to stat
[Wed Apr 29 07:58:03.643666 2015] [:error] [pid 7296:tid 1604] [client 157.55.39.196:44828] script 'E:/nuevo/htdocs/dama.php' not found or unable to stat
[Wed Apr 29 08:19:58.633376 2015] [proxy_http:error] [pid 7296:tid 1244] (OS 10054)An existing connection was forcibly closed by the remote host.  : [client 201.245.192.253:26755] AH01102: error reading status line from remote server 172.22.1.31:80
[Wed Apr 29 08:19:58.633376 2015] [proxy:error] [pid 7296:tid 1244] [client 201.245.192.253:26755] AH00898: Error reading from remote server returned by /isolucionsda/g/Img_LogoIcono.jpg
[Wed Apr 29 08:26:49.038896 2015] [proxy_http:error] [pid 7296:tid 1628] (OS 10054)An existing connection was forcibly closed by the remote host.  : [client 201.245.192.253:28877] AH01102: error reading status line from remote server 172.22.1.31:80, referer: http://www.ambientebogota.gov.co/web/intranet/aplicaciones-para-acceder-fuera-de-la-sda
[Wed Apr 29 08:26:49.038896 2015] [proxy:error] [pid 7296:tid 1628] [client 201.245.192.253:28877] AH00898: Error reading from remote server returned by /isolucionsda/, referer: http://www.ambientebogota.gov.co/web/intranet/aplicaciones-para-acceder-fuera-de-la-sda
[Wed Apr 29 08:26:53.141704 2015] [proxy_http:error] [pid 7296:tid 1036] (OS 10054)An existing connection was forcibly closed by the remote host.  : [client 201.245.192.253:28896] AH01102: error reading status line from remote server 172.22.1.31:80, referer: http://190.27.245.106/isolucionsda/FrameSetGeneral.asp?Pagina1=FrameSetGeneral.asp&
[Wed Apr 29 08:26:53.141704 2015] [proxy:error] [pid 7296:tid 1036] [client 201.245.192.253:28896] AH00898: Error reading from remote server returned by /isolucionsda/MagazinHome.asp, referer: http://190.27.245.106/isolucionsda/FrameSetGeneral.asp?Pagina1=FrameSetGeneral.asp&
[Wed Apr 29 08:26:53.141704 2015] [proxy_http:error] [pid 7296:tid 736] (OS 10054)An existing connection was forcibly closed by the remote host.  : [client 201.245.192.253:28897] AH01102: error reading status line from remote server 172.22.1.31:80, referer: http://190.27.245.106/isolucionsda/FrameSetGeneral.asp?Pagina1=FrameSetGeneral.asp&
[Wed Apr 29 08:26:53.141704 2015] [proxy:error] [pid 7296:tid 736] [client 201.245.192.253:28897] AH00898: Error reading from remote server returned by /isolucionsda/BarraFavoritos.asp, referer: http://190.27.245.106/isolucionsda/FrameSetGeneral.asp?Pagina1=FrameSetGeneral.asp&
[Wed Apr 29 08:42:18.488529 2015] [mpm_winnt:warn] [pid 7296:tid 2800] (OS 64)The specified network name is no longer available.  : AH00341: winnt_accept: Asynchronous AcceptEx failed.
[Wed Apr 29 09:06:47.606509 2015] [proxy_http:error] [pid 7296:tid 1356] (20014)Internal error: [client 201.245.192.253:33819] AH01102: error reading status line from remote server 172.22.1.47:80
[Wed Apr 29 09:06:47.606509 2015] [proxy:error] [pid 7296:tid 1356] [client 201.245.192.253:33819] AH00898: Error reading from remote server returned by /forest/img/asociarUser.gif
[Wed Apr 29 09:16:29.534332 2015] [proxy_http:error] [pid 7296:tid 716] (20014)Internal error: [client 201.245.192.253:25789] AH01102: error reading status line from remote server 172.22.1.47:80
[Wed Apr 29 09:16:29.534332 2015] [proxy:error] [pid 7296:tid 716] [client 201.245.192.253:25789] AH00898: Error reading from remote server returned by /forest/skins/gdocs-jar/img/icons/docx.gif
[Wed Apr 29 09:17:13.620009 2015] [proxy_http:error] [pid 7296:tid 1492] (20014)Internal error: [client 201.245.192.253:26063] AH01102: error reading status line from remote server 172.22.1.47:80
[Wed Apr 29 09:17:13.620009 2015] [proxy:error] [pid 7296:tid 1492] [client 201.245.192.253:26063] AH00898: Error reading from remote server returned by /forest/skins/gdocs-jar/css/forms.css
[Wed Apr 29 09:17:13.635609 2015] [proxy_http:error] [pid 7296:tid 1036] (20014)Internal error: [client 201.245.192.253:26065] AH01102: error reading status line from remote server 172.22.1.47:80
[Wed Apr 29 09:17:13.635609 2015] [proxy:error] [pid 7296:tid 1036] [client 201.245.192.253:26065] AH00898: Error reading from remote server returned by /forest/img/forestIcon.gif
[Wed Apr 29 09:24:40.326794 2015] [proxy_http:error] [pid 7296:tid 1372] (20014)Internal error: [client 201.245.192.253:29209] AH01102: error reading status line from remote server 172.22.1.47:80, referer: http://190.27.245.106/forest/usutareas.do?codTraEsc=18009958
[Wed Apr 29 09:25:54.083723 2015] [proxy_http:error] [pid 7296:tid 736] (OS 10054)An existing connection was forcibly closed by the remote host.  : [client 201.244.55.205:22457] AH01102: error reading status line from remote server 172.22.1.31:80, referer: http://190.27.245.106/isolucionsda/bancoconocimiento/F/Formulacion_Inscripcion_RegistroyActualizaciondelosProyectosdeInversiondelaSDA_v9/Formulacion_Inscripcion_RegistroyActualizaciondelosProyectosdeInversiondelaSDA_v9.asp?IdArticulo=6064
[Wed Apr 29 09:25:54.083723 2015] [proxy:error] [pid 7296:tid 736] [client 201.244.55.205:22457] AH00898: Error reading from remote server returned by /isolucionsda/FrameSetArticulo.asp, referer: http://190.27.245.106/isolucionsda/bancoconocimiento/F/Formulacion_Inscripcion_RegistroyActualizaciondelosProyectosdeInversiondelaSDA_v9/Formulacion_Inscripcion_RegistroyActualizaciondelosProyectosdeInversiondelaSDA_v9.asp?IdArticulo=6064
[Wed Apr 29 09:29:39.660119 2015] [proxy_http:error] [pid 7296:tid 1148] (20014)Internal error: [client 201.245.192.253:31206] AH01102: error reading status line from remote server 172.22.1.47:80, referer: http://190.27.245.106/forest/usutareas.do?group_system_actual=3&a=0.915444583632052
[Wed Apr 29 09:30:04.713763 2015] [proxy_http:error] [pid 7296:tid 1036] (20014)Internal error: [client 190.84.185.167:50139] AH01102: error reading status line from remote server 172.22.1.47:80, referer: http://190.27.245.106/forest/index2.jsp?_a=0.12066917773336172
[Wed Apr 29 09:30:29.330607 2015] [proxy_http:error] [pid 7296:tid 1300] (20014)Internal error: [client 201.245.192.253:31609] AH01102: error reading status line from remote server 172.22.1.47:80, referer: http://190.27.245.106/forest/usugrafico.do?_a=0.8894210893195122&group_system_actual=3
[Wed Apr 29 09:30:29.330607 2015] [proxy:error] [pid 7296:tid 1300] [client 201.245.192.253:31609] AH00898: Error reading from remote server returned by /forest/session.jsp, referer: http://190.27.245.106/forest/usugrafico.do?_a=0.8894210893195122&group_system_actual=3
[Wed Apr 29 09:30:29.330607 2015] [negotiation:error] [pid 7296:tid 1300] [client 201.245.192.253:31609] AH00690: no acceptable variant: E:/nuevo/apache/error/HTTP_BAD_GATEWAY.html.var, referer: http://190.27.245.106/forest/usugrafico.do?_a=0.8894210893195122&group_system_actual=3
[Wed Apr 29 09:30:47.317438 2015] [proxy_http:error] [pid 7296:tid 1372] (20014)Internal error: [client 181.50.92.73:52791] AH01102: error reading status line from remote server 172.22.1.47:80, referer: http://190.27.245.106/forest/buscar.do?type=procesos
[Wed Apr 29 09:31:00.733462 2015] [proxy_http:error] [pid 7296:tid 1532] (OS 10054)An existing connection was forcibly closed by the remote host.  : [client 201.244.55.205:22727] AH01102: error reading status line from remote server 172.22.1.31:80, referer: http://190.27.245.106/isolucionsda/FrameSetArticulo.asp?Pagina=/isolucionsda/bancoconocimiento/B/BancoDistritaldeProgramasyProyectos_v9/BancoDistritaldeProgramasyProyectos_v9.asp?IdArticulo=7368
[Wed Apr 29 09:31:00.733462 2015] [proxy:error] [pid 7296:tid 1532] [client 201.244.55.205:22727] AH00898: Error reading from remote server returned by /isolucionsda/bancoconocimiento/B/BancoDistritaldeProgramasyProyectos_v9/BancoDistritaldeProgramasyProyectos_v9.asp, referer: http://190.27.245.106/isolucionsda/FrameSetArticulo.asp?Pagina=/isolucionsda/bancoconocimiento/B/BancoDistritaldeProgramasyProyectos_v9/BancoDistritaldeProgramasyProyectos_v9.asp?IdArticulo=7368
[Wed Apr 29 09:31:06.723872 2015] [proxy_http:error] [pid 7296:tid 1684] (20014)Internal error: [client 181.50.92.73:52796] AH01102: error reading status line from remote server 172.22.1.47:80, referer: http://190.27.245.106/forest/misactividades.do?group_system_actual=3&codPro=95&_a=0.030139283091596636
[Wed Apr 29 09:32:21.479204 2015] [proxy_http:error] [pid 7296:tid 1524] (20014)Internal error: [client 181.50.92.73:52837] AH01102: error reading status line from remote server 172.22.1.47:80, referer: http://190.27.245.106/forest/system/process.jsp?numPro=3052253
[Wed Apr 29 09:35:47.446365 2015] [proxy_http:error] [pid 7296:tid 1300] (20014)Internal error: [client 201.245.192.253:33818] AH01102: error reading status line from remote server 172.22.1.47:80, referer: http://190.27.245.106/forest/usutareas.do?_a=0.31272125625956615&group_system_actual=3
[Wed Apr 29 09:39:59.355608 2015] [proxy_http:error] [pid 7296:tid 1548] (20014)Internal error: [client 201.245.192.253:23436] AH01102: error reading status line from remote server 172.22.1.47:80
[Wed Apr 29 09:39:59.355608 2015] [proxy:error] [pid 7296:tid 1548] [client 201.245.192.253:23436] AH00898: Error reading from remote server returned by /forest/skins/gdocs-jar/img/process-alert-no.gif
[Wed Apr 29 09:40:16.718438 2015] [proxy_http:error] [pid 7296:tid 1148] (20014)Internal error: [client 186.154.253.106:50939] AH01102: error reading status line from remote server 172.22.1.47:80, referer: http://190.27.245.106/forest/buscar.do
[Wed Apr 29 09:40:16.718438 2015] [proxy:error] [pid 7296:tid 1148] [client 186.154.253.106:50939] AH00898: Error reading from remote server returned by /forest/json.do, referer: http://190.27.245.106/forest/buscar.do
[Wed Apr 29 09:40:16.718438 2015] [negotiation:error] [pid 7296:tid 1148] [client 186.154.253.106:50939] AH00690: no acceptable variant: E:/nuevo/apache/error/HTTP_BAD_GATEWAY.html.var, referer: http://190.27.245.106/forest/buscar.do
[Wed Apr 29 09:40:16.749638 2015] [proxy_http:error] [pid 7296:tid 1148] (20014)Internal error: [client 186.154.253.106:50939] AH01102: error reading status line from remote server 172.22.1.47:80, referer: http://190.27.245.106/forest/buscar.do
[Wed Apr 29 09:40:20.680845 2015] [proxy_http:error] [pid 7296:tid 1428] (20014)Internal error: [client 201.245.192.253:23596] AH01102: error reading status line from remote server 172.22.1.47:80, referer: http://190.27.245.106/forest/suactividades.do?group_system_actual=3
[Wed Apr 29 09:40:20.680845 2015] [proxy:error] [pid 7296:tid 1428] [client 201.245.192.253:23596] AH00898: Error reading from remote server returned by /forest/documentos/2061093/2015ER68720.pdf, referer: http://190.27.245.106/forest/suactividades.do?group_system_actual=3
[Wed Apr 29 09:40:29.619661 2015] [proxy_http:error] [pid 7296:tid 1348] (20014)Internal error: [client 186.154.253.106:50942] AH01102: error reading status line from remote server 172.22.1.47:80, referer: http://190.27.245.106/forest/radicacion.do?codMod=11&group_system_actual=4&_a=0.8254839095752686
[Wed Apr 29 09:40:30.649263 2015] [proxy_http:error] [pid 7296:tid 1428] (20014)Internal error: [client 201.245.192.253:23641] AH01102: error reading status line from remote server 172.22.1.47:80, referer: http://190.27.245.106/forest/usutareas.do?_a=0.033988828122150205&group_system_actual=3
[Wed Apr 29 09:40:30.649263 2015] [proxy:error] [pid 7296:tid 1428] [client 201.245.192.253:23641] AH00898: Error reading from remote server returned by /forest/session.jsp, referer: http://190.27.245.106/forest/usutareas.do?_a=0.033988828122150205&group_system_actual=3
[Wed Apr 29 09:40:30.649263 2015] [negotiation:error] [pid 7296:tid 1428] [client 201.245.192.253:23641] AH00690: no acceptable variant: E:/nuevo/apache/error/HTTP_BAD_GATEWAY.html.var, referer: http://190.27.245.106/forest/usutareas.do?_a=0.033988828122150205&group_system_actual=3
[Wed Apr 29 09:40:36.483673 2015] [proxy_http:error] [pid 7296:tid 1228] (20014)Internal error: [client 186.154.253.106:50946] AH01102: error reading status line from remote server 172.22.1.47:80, referer: http://190.27.245.106/forest/buscar.do
[Wed Apr 29 09:40:41.740882 2015] [proxy_http:error] [pid 7296:tid 1524] (20014)Internal error: [client 201.245.192.253:23736] AH01102: error reading status line from remote server 172.22.1.47:80, referer: http://190.27.245.106/forest/usutareas.do?_a=0.033988828122150205&group_system_actual=3
[Wed Apr 29 09:40:46.795291 2015] [proxy_http:error] [pid 7296:tid 1444] (20014)Internal error: [client 201.245.192.253:23737] AH01102: error reading status line from remote server 172.22.1.47:80, referer: http://190.27.245.106/forest/suactividades.do?group_system_actual=3
[Wed Apr 29 09:40:52.692101 2015] [proxy_http:error] [pid 7296:tid 1300] (20014)Internal error: [client 186.154.253.106:50948] AH01102: error reading status line from remote server 172.22.1.47:80, referer: http://190.27.245.106/forest/radicacion.do?codMod=11&group_system_actual=4&_a=0.8254839095752686
[Wed Apr 29 09:41:00.070914 2015] [proxy_http:error] [pid 7296:tid 1460] (20014)Internal error: [client 201.245.192.253:23863] AH01102: error reading status line from remote server 172.22.1.47:80
[Wed Apr 29 09:41:00.070914 2015] [proxy:error] [pid 7296:tid 1460] [client 201.245.192.253:23863] AH00898: Error reading from remote server returned by /forest/skins/gdocs-jar/css/autocomplete.css
[Wed Apr 29 09:41:00.086514 2015] [proxy_http:error] [pid 7296:tid 892] (20014)Internal error: [client 201.245.192.253:23872] AH01102: error reading status line from remote server 172.22.1.47:80
[Wed Apr 29 09:41:00.086514 2015] [proxy:error] [pid 7296:tid 892] [client 201.245.192.253:23872] AH00898: Error reading from remote server returned by /forest/js/jquery/plugins/grid.setcolumns.js
[Wed Apr 29 09:41:00.180115 2015] [proxy_http:error] [pid 7296:tid 1500] (20014)Internal error: [client 201.245.192.253:23879] AH01102: error reading status line from remote server 172.22.1.47:80
[Wed Apr 29 09:41:00.180115 2015] [proxy:error] [pid 7296:tid 1500] [client 201.245.192.253:23879] AH00898: Error reading from remote server returned by /forest/img/buscar_documentos.gif
[Wed Apr 29 09:41:08.853730 2015] [proxy_http:error] [pid 7296:tid 1300] (20014)Internal error: [client 201.245.192.253:23984] AH01102: error reading status line from remote server 172.22.1.47:80, referer: http://190.27.245.106/forest/suactividades.do?group_system_actual=3
[Wed Apr 29 09:41:08.853730 2015] [proxy:error] [pid 7296:tid 1300] [client 201.245.192.253:23984] AH00898: Error reading from remote server returned by /forest/skins/gdocs-jar/img/process-alert.gif, referer: http://190.27.245.106/forest/suactividades.do?group_system_actual=3
[Wed Apr 29 09:48:02.628857 2015] [proxy_http:error] [pid 7296:tid 1524] (20014)Internal error: [client 201.245.192.253:27230] AH01102: error reading status line from remote server 172.22.1.47:80, referer: http://190.27.245.106/forest/buscar.do?
[Wed Apr 29 09:48:02.628857 2015] [proxy:error] [pid 7296:tid 1524] [client 201.245.192.253:27230] AH00898: Error reading from remote server returned by /forest/img/candado.gif, referer: http://190.27.245.106/forest/buscar.do?
[Wed Apr 29 09:49:03.671764 2015] [proxy_http:error] [pid 7296:tid 1524] (20014)Internal error: [client 181.61.173.135:49190] AH01102: error reading status line from remote server 172.22.1.47:80
[Wed Apr 29 09:49:03.671764 2015] [proxy:error] [pid 7296:tid 1524] [client 181.61.173.135:49190] AH00898: Error reading from remote server returned by /forest/login.do
[Wed Apr 29 09:50:06.196674 2015] [proxy_http:error] [pid 7296:tid 912] (20014)Internal error: [client 181.50.92.73:52828] AH01102: error reading status line from remote server 172.22.1.47:80, referer: http://190.27.245.106/forest/usutareas.do?_a=0.26696547446772456&group_system_actual=3
[Wed Apr 29 09:51:00.952770 2015] [proxy_http:error] [pid 7296:tid 1308] (20014)Internal error: [client 201.245.192.253:59564] AH01102: error reading status line from remote server 172.22.1.47:80, referer: http://190.27.245.106/forest/usutareas.do?group_system_actual=3&a=0.835100996134315
[Wed Apr 29 09:51:00.952770 2015] [proxy:error] [pid 7296:tid 1308] [client 201.245.192.253:59564] AH00898: Error reading from remote server returned by /forest/usutareas.do, referer: http://190.27.245.106/forest/usutareas.do?group_system_actual=3&a=0.835100996134315
[Wed Apr 29 09:51:02.824773 2015] [proxy_http:error] [pid 7296:tid 1308] (20014)Internal error: [client 201.245.192.253:59564] AH01102: error reading status line from remote server 172.22.1.47:80, referer: http://190.27.245.106/forest/usutareas.do?group_system_actual=3&a=0.835100996134315
[Wed Apr 29 09:51:53.259662 2015] [proxy_http:error] [pid 7296:tid 1356] (20014)Internal error: [client 201.245.192.253:29561] AH01102: error reading status line from remote server 172.22.1.47:80, referer: http://190.27.245.106/forest/usutareas.do?_a=0.033988828122150205&group_system_actual=3
[Wed Apr 29 09:53:46.033260 2015] [proxy_http:error] [pid 7296:tid 1356] (20014)Internal error: [client 201.245.192.253:30781] AH01102: error reading status line from remote server 172.22.1.47:80, referer: http://190.27.245.106/forest/usutareas.do?group_system_actual=3&a=0.7023880907421168
[Wed Apr 29 09:56:03.438301 2015] [proxy_http:error] [pid 7296:tid 1188] (20014)Internal error: [client 201.245.192.253:32097] AH01102: error reading status line from remote server 172.22.1.47:80
[Wed Apr 29 09:56:03.438301 2015] [proxy:error] [pid 7296:tid 1188] [client 201.245.192.253:32097] AH00898: Error reading from remote server returned by /forest/js/dialog.js
[Wed Apr 29 09:56:21.144332 2015] [proxy_http:error] [pid 7296:tid 1716] (20014)Internal error: [client 201.245.192.253:32276] AH01102: error reading status line from remote server 172.22.1.47:80
[Wed Apr 29 09:56:21.144332 2015] [proxy:error] [pid 7296:tid 1716] [client 201.245.192.253:32276] AH00898: Error reading from remote server returned by /forest/js/jquery/plugins/jquery.tablednd.js
[Wed Apr 29 10:03:18.928666 2015] [proxy_http:error] [pid 7296:tid 1532] (20014)Internal error: [client 201.245.192.253:22812] AH01102: error reading status line from remote server 172.22.1.47:80
[Wed Apr 29 10:03:18.928666 2015] [proxy:error] [pid 7296:tid 1532] [client 201.245.192.253:22812] AH00898: Error reading from remote server returned by /forest/1ibre/protoaculous.js
[Wed Apr 29 10:03:48.085117 2015] [proxy_http:error] [pid 7296:tid 1556] (20014)Internal error: [client 201.245.192.253:23120] AH01102: error reading status line from remote server 172.22.1.47:80
[Wed Apr 29 10:03:48.085117 2015] [proxy:error] [pid 7296:tid 1556] [client 201.245.192.253:23120] AH00898: Error reading from remote server returned by /forest/js/escritorio/escritorio.js
[Wed Apr 29 10:03:57.008333 2015] [proxy_http:error] [pid 7296:tid 752] (20014)Internal error: [client 201.245.192.253:23172] AH01102: error reading status line from remote server 172.22.1.47:80, referer: http://190.27.245.106/forest/buscar.do?type=procesos
[Wed Apr 29 10:04:28.067987 2015] [proxy_http:error] [pid 7296:tid 1220] (20014)Internal error: [client 201.245.192.253:23337] AH01102: error reading status line from remote server 172.22.1.47:80
[Wed Apr 29 10:04:28.067987 2015] [proxy:error] [pid 7296:tid 1220] [client 201.245.192.253:23337] AH00898: Error reading from remote server returned by /forest/1ibre/jscalendar/calendar-setup.js
[Wed Apr 29 10:04:28.083587 2015] [proxy_http:error] [pid 7296:tid 1532] (20014)Internal error: [client 201.245.192.253:23338] AH01102: error reading status line from remote server 172.22.1.47:80
[Wed Apr 29 10:04:28.083587 2015] [proxy:error] [pid 7296:tid 1532] [client 201.245.192.253:23338] AH00898: Error reading from remote server returned by /forest/js/xml_utilities.js
[Wed Apr 29 10:04:36.882003 2015] [proxy_http:error] [pid 7296:tid 1220] (20014)Internal error: [client 181.61.173.135:49305] AH01102: error reading status line from remote server 172.22.1.47:80, referer: http://190.27.245.106/forest/usutareas.do?codTraEsc=18025599
[Wed Apr 29 10:06:03.181355 2015] [proxy_http:error] [pid 7296:tid 1260] (20014)Internal error: [client 181.50.92.73:53053] AH01102: error reading status line from remote server 172.22.1.47:80, referer: http://190.27.245.106/forest/usutareas.do?group_system_actual=3&a=0.808032396947965
[Wed Apr 29 10:06:03.384155 2015] [proxy_http:error] [pid 7296:tid 1260] (20014)Internal error: [client 181.50.92.73:53054] AH01102: error reading status line from remote server 172.22.1.47:80, referer: http://190.27.245.106/forest/usutareas.do?group_system_actual=3&a=0.808032396947965
[Wed Apr 29 10:06:03.477755 2015] [proxy_http:error] [pid 7296:tid 1716] (20014)Internal error: [client 181.50.92.73:53055] AH01102: error reading status line from remote server 172.22.1.47:80, referer: http://190.27.245.106/forest/usutareas.do?group_system_actual=3&a=0.808032396947965
[Wed Apr 29 10:06:12.447771 2015] [proxy_http:error] [pid 7296:tid 1716] (20014)Internal error: [client 181.50.92.73:53058] AH01102: error reading status line from remote server 172.22.1.47:80, referer: http://190.27.245.106/forest/usutareas.do?group_system_actual=3&a=0.9306737810838968
[Wed Apr 29 10:06:12.978172 2015] [proxy_http:error] [pid 7296:tid 1692] (20014)Internal error: [client 201.245.192.253:23923] AH01102: error reading status line from remote server 172.22.1.47:80, referer: http://190.27.245.106/forest/usutareas.do?group_system_actual=3&a=0.8974193043541163
[Wed Apr 29 10:06:12.978172 2015] [proxy:error] [pid 7296:tid 1692] [client 201.245.192.253:23923] AH00898: Error reading from remote server returned by /forest/session.jsp, referer: http://190.27.245.106/forest/usutareas.do?group_system_actual=3&a=0.8974193043541163
[Wed Apr 29 10:06:12.978172 2015] [negotiation:error] [pid 7296:tid 1692] [client 201.245.192.253:23923] AH00690: no acceptable variant: E:/nuevo/apache/error/HTTP_BAD_GATEWAY.html.var, referer: http://190.27.245.106/forest/usutareas.do?group_system_actual=3&a=0.8974193043541163
[Wed Apr 29 10:06:58.717452 2015] [proxy_http:error] [pid 7296:tid 1148] (20014)Internal error: [client 201.245.192.253:24393] AH01102: error reading status line from remote server 172.22.1.47:80, referer: http://190.27.245.106/forest/buscar.do
[Wed Apr 29 10:14:32.771850 2015] [proxy_http:error] [pid 7296:tid 1260] (20014)Internal error: [client 201.245.192.253:28594] AH01102: error reading status line from remote server 172.22.1.47:80, referer: http://190.27.245.106/forest/usutareas.do?group_system_actual=3&a=0.7655493116471916
[Wed Apr 29 10:14:40.041462 2015] [proxy_http:error] [pid 7296:tid 1684] (20014)Internal error: [client 201.245.192.253:28647] AH01102: error reading status line from remote server 172.22.1.47:80, referer: http://190.27.245.106/forest/buscar.do?type=procesos
[Wed Apr 29 10:14:40.041462 2015] [proxy:error] [pid 7296:tid 1684] [client 201.245.192.253:28647] AH00898: Error reading from remote server returned by /forest/buscar.do, referer: http://190.27.245.106/forest/buscar.do?type=procesos
[Wed Apr 29 10:14:45.751072 2015] [proxy_http:error] [pid 7296:tid 1484] (20014)Internal error: [client 201.245.192.253:28677] AH01102: error reading status line from remote server 172.22.1.47:80, referer: http://190.27.245.106/forest/buscar.do?type=procesos
[Wed Apr 29 10:17:39.722578 2015] [proxy_http:error] [pid 7296:tid 1260] (20014)Internal error: [client 201.245.192.253:29770] AH01102: error reading status line from remote server 172.22.1.47:80, referer: http://190.27.245.106/forest/usutareas.do?group_system_actual=3&a=0.6640652460046113
[Wed Apr 29 10:17:40.658580 2015] [proxy_http:error] [pid 7296:tid 1404] (20014)Internal error: [client 201.245.192.253:29782] AH01102: error reading status line from remote server 172.22.1.47:80, referer: http://190.27.245.106/forest/usutareas.do?group_system_actual=3&a=0.6640652460046113
[Wed Apr 29 10:17:40.658580 2015] [proxy:error] [pid 7296:tid 1404] [client 201.245.192.253:29782] AH00898: Error reading from remote server returned by /forest/index2.jsp, referer: http://190.27.245.106/forest/usutareas.do?group_system_actual=3&a=0.6640652460046113
[Wed Apr 29 10:17:47.444591 2015] [proxy_http:error] [pid 7296:tid 1236] (20014)Internal error: [client 201.245.192.253:29802] AH01102: error reading status line from remote server 172.22.1.47:80, referer: http://190.27.245.106/forest/usutareas.do?group_system_actual=3&codTraEsc=18032909&_a=0.12636437912143395
[Wed Apr 29 10:17:48.068593 2015] [proxy_http:error] [pid 7296:tid 1324] (20014)Internal error: [client 201.245.192.253:29825] AH01102: error reading status line from remote server 172.22.1.47:80, referer: http://190.27.245.106/forest/system/instance.jsp?codInst=3096425
[Wed Apr 29 10:23:47.727224 2015] [proxy_http:error] [pid 7296:tid 1260] (20014)Internal error: [client 186.154.216.114:52571] AH01102: error reading status line from remote server 172.22.1.47:80, referer: http://190.27.245.106/webfile/actividad.jsp?codTraEsc=18033085&codInst=3126638&numPro=3085148&codForm=ESCOMBROS_ActualizacionProyecto
[Wed Apr 29 10:23:51.923632 2015] [proxy_http:error] [pid 7296:tid 1148] (20014)Internal error: [client 186.154.216.114:52567] AH01102: error reading status line from remote server 172.22.1.47:80, referer: http://190.27.245.106/webfile/actividad.jsp?codTraEsc=18033085&codInst=3126638&numPro=3085148&codForm=ESCOMBROS_ActualizacionProyecto
[Wed Apr 29 10:23:53.000034 2015] [proxy_http:error] [pid 7296:tid 1716] (20014)Internal error: [client 186.154.216.114:52572] AH01102: error reading status line from remote server 172.22.1.47:80, referer: http://190.27.245.106/webfile/actividad.jsp?codTraEsc=18033085&codInst=3126638&numPro=3085148&codForm=ESCOMBROS_ActualizacionProyecto
[Wed Apr 29 10:26:10.545475 2015] [proxy_http:error] [pid 7296:tid 736] (20014)Internal error: [client 201.245.192.253:33482] AH01102: error reading status line from remote server 172.22.1.47:80
[Wed Apr 29 10:26:10.545475 2015] [proxy:error] [pid 7296:tid 736] [client 201.245.192.253:33482] AH00898: Error reading from remote server returned by /forest/js/jquery/jquery-ui-latest.js
[Wed Apr 29 10:26:10.592275 2015] [proxy_http:error] [pid 7296:tid 1356] (20014)Internal error: [client 201.245.192.253:33484] AH01102: error reading status line from remote server 172.22.1.47:80
[Wed Apr 29 10:26:10.592275 2015] [proxy:error] [pid 7296:tid 1356] [client 201.245.192.253:33484] AH00898: Error reading from remote server returned by /forest/js/jquery/plugins/jquery.ui.selectmenu.js
[Wed Apr 29 10:26:10.966676 2015] [proxy_http:error] [pid 7296:tid 1700] (20014)Internal error: [client 201.245.192.253:33502] AH01102: error reading status line from remote server 172.22.1.47:80
[Wed Apr 29 10:26:10.966676 2015] [proxy:error] [pid 7296:tid 1700] [client 201.245.192.253:33502] AH00898: Error reading from remote server returned by /forest/img/jquery/ui-bg_flat_0_aaaaaa_40x100.png
[Wed Apr 29 10:27:59.730067 2015] [proxy_http:error] [pid 7296:tid 1876] (OS 10054)An existing connection was forcibly closed by the remote host.  : [client 201.245.192.253:34229] AH01102: error reading status line from remote server 172.22.1.31:80, referer: http://190.27.245.106/isolucionsda/FrameSetGeneral.asp?Pagina=SucursalSeleccion.asp&CargaPagina=ModuloProcesos&IdModulo=3
[Wed Apr 29 10:27:59.730067 2015] [proxy:error] [pid 7296:tid 1876] [client 201.245.192.253:34229] AH00898: Error reading from remote server returned by /isolucionsda/BarraTitulos.asp, referer: http://190.27.245.106/isolucionsda/FrameSetGeneral.asp?Pagina=SucursalSeleccion.asp&CargaPagina=ModuloProcesos&IdModulo=3
[Wed Apr 29 10:27:59.730067 2015] [proxy_http:error] [pid 7296:tid 1124] (OS 10054)An existing connection was forcibly closed by the remote host.  : [client 201.245.192.253:34228] AH01102: error reading status line from remote server 172.22.1.31:80, referer: http://190.27.245.106/isolucionsda/FrameSetGeneral.asp?Pagina=SucursalSeleccion.asp&CargaPagina=ModuloProcesos&IdModulo=3
[Wed Apr 29 10:27:59.730067 2015] [proxy:error] [pid 7296:tid 1124] [client 201.245.192.253:34228] AH00898: Error reading from remote server returned by /isolucionsda/SucursalSeleccion.asp, referer: http://190.27.245.106/isolucionsda/FrameSetGeneral.asp?Pagina=SucursalSeleccion.asp&CargaPagina=ModuloProcesos&IdModulo=3
[Wed Apr 29 10:28:14.550093 2015] [proxy_http:error] [pid 7296:tid 736] (20014)Internal error: [client 201.245.192.253:34386] AH01102: error reading status line from remote server 172.22.1.47:80, referer: http://190.27.245.106/forest/misactividades.do?_a=0.2848937623202801&group_system_actual=3
[Wed Apr 29 10:30:58.896382 2015] [proxy_http:error] [pid 7296:tid 1484] (20014)Internal error: [client 201.245.192.253:23231] AH01102: error reading status line from remote server 172.22.1.47:80, referer: http://190.27.245.106/forest/usutareas.do?group_system_actual=3&codAct=1477&numPro=2786499&codPro=134&fecTra=2015-04-27%2020:32:30.0&codInst=2809398&codTraEsc=18021017
[Wed Apr 29 10:33:14.117419 2015] [proxy_http:error] [pid 7296:tid 912] (20014)Internal error: [client 181.50.97.189:50748] AH01102: error reading status line from remote server 172.22.1.47:80, referer: http://190.27.245.106/forest/usutareas.do?_a=0.8836573285516351&group_system_actual=3
[Wed Apr 29 10:33:54.115889 2015] [proxy_http:error] [pid 7296:tid 736] (20014)Internal error: [client 201.245.192.253:24827] AH01102: error reading status line from remote server 172.22.1.47:80, referer: http://190.27.245.106/forest/suactividades.do?group_system_actual=3
[Wed Apr 29 10:34:10.542718 2015] [proxy_http:error] [pid 7296:tid 1372] (20014)Internal error: [client 201.245.192.253:25079] AH01102: error reading status line from remote server 172.22.1.47:80, referer: http://190.27.245.106/forest/usutareas.do?group_system_actual=3&codAct=1477&numPro=2786499&codPro=134&fecTra=2015-04-27%2020:32:30.0&codInst=2809398&codTraEsc=18021017
[Wed Apr 29 10:34:10.807919 2015] [proxy_http:error] [pid 7296:tid 1372] (20014)Internal error: [client 201.245.192.253:25107] AH01102: error reading status line from remote server 172.22.1.47:80, referer: http://190.27.245.106/forest/usutareas.do?group_system_actual=3&codAct=1477&numPro=2786499&codPro=134&fecTra=2015-04-27%2020:32:30.0&codInst=2809398&codTraEsc=18021017
[Wed Apr 29 10:34:10.807919 2015] [proxy:error] [pid 7296:tid 1372] [client 201.245.192.253:25107] AH00898: Error reading from remote server returned by /forest/actions/forms.getList, referer: http://190.27.245.106/forest/usutareas.do?group_system_actual=3&codAct=1477&numPro=2786499&codPro=134&fecTra=2015-04-27%2020:32:30.0&codInst=2809398&codTraEsc=18021017
[Wed Apr 29 10:34:10.807919 2015] [negotiation:error] [pid 7296:tid 1372] [client 201.245.192.253:25107] AH00690: no acceptable variant: E:/nuevo/apache/error/HTTP_BAD_GATEWAY.html.var, referer: http://190.27.245.106/forest/usutareas.do?group_system_actual=3&codAct=1477&numPro=2786499&codPro=134&fecTra=2015-04-27%2020:32:30.0&codInst=2809398&codTraEsc=18021017
[Wed Apr 29 10:34:21.837138 2015] [proxy_http:error] [pid 7296:tid 1372] (20014)Internal error: [client 201.245.192.253:25170] AH01102: error reading status line from remote server 172.22.1.47:80, referer: http://190.27.245.106/forest/usutareas.do?group_system_actual=3&codAct=1477&numPro=2786499&codPro=134&fecTra=2015-04-27%2020:32:30.0&codInst=2809398&codTraEsc=18021017
[Wed Apr 29 10:37:47.648300 2015] [proxy_http:error] [pid 7296:tid 1572] (20014)Internal error: [client 201.245.192.253:27078] AH01102: error reading status line from remote server 172.22.1.47:80
[Wed Apr 29 10:37:47.648300 2015] [proxy:error] [pid 7296:tid 1572] [client 201.245.192.253:27078] AH00898: Error reading from remote server returned by /forest/img/panel/menu/folder.png
[Wed Apr 29 10:37:47.648300 2015] [proxy_http:error] [pid 7296:tid 1188] (20014)Internal error: [client 201.245.192.253:27081] AH01102: error reading status line from remote server 172.22.1.47:80
[Wed Apr 29 10:37:47.648300 2015] [proxy:error] [pid 7296:tid 1188] [client 201.245.192.253:27081] AH00898: Error reading from remote server returned by /forest/js/inicio.js
[Wed Apr 29 10:40:30.247385 2015] [proxy_http:error] [pid 7296:tid 1772] (20014)Internal error: [client 201.245.192.253:28722] AH01102: error reading status line from remote server 172.22.1.47:80
[Wed Apr 29 10:40:30.247385 2015] [proxy:error] [pid 7296:tid 1772] [client 201.245.192.253:28722] AH00898: Error reading from remote server returned by /forest/skins/gdocs-jar/css/dialog.css
[Wed Apr 29 10:40:40.184603 2015] [proxy_http:error] [pid 7296:tid 1428] (20014)Internal error: [client 201.245.192.253:28852] AH01102: error reading status line from remote server 172.22.1.47:80, referer: http://190.27.245.106/forest/usutareas.do?group_system_actual=3&a=0.4896654925705951
[Wed Apr 29 10:41:37.779904 2015] [proxy_http:error] [pid 7296:tid 1484] (20014)Internal error: [client 190.84.185.167:50893] AH01102: error reading status line from remote server 172.22.1.47:80, referer: http://190.27.245.106/forest/usutareas.do?group_system_actual=3&a=0.2251658313907683
[Wed Apr 29 10:41:58.387540 2015] [proxy_http:error] [pid 7296:tid 1300] (20014)Internal error: [client 201.245.192.253:29292] AH01102: error reading status line from remote server 172.22.1.47:80, referer: http://190.27.245.106/forest/buscar.do?type=procesos
[Wed Apr 29 10:42:13.098366 2015] [proxy_http:error] [pid 7296:tid 1356] (20014)Internal error: [client 201.245.192.253:29586] AH01102: error reading status line from remote server 172.22.1.47:80
[Wed Apr 29 10:42:13.098366 2015] [proxy:error] [pid 7296:tid 1356] [client 201.245.192.253:29586] AH00898: Error reading from remote server returned by /forest/skins/gdocs-jar/js/formsBase.js
[Wed Apr 29 10:42:56.216841 2015] [proxy_http:error] [pid 7296:tid 1308] (20014)Internal error: [client 201.245.192.253:29947] AH01102: error reading status line from remote server 172.22.1.47:80
[Wed Apr 29 10:42:56.216841 2015] [proxy:error] [pid 7296:tid 1308] [client 201.245.192.253:29947] AH00898: Error reading from remote server returned by /forest/skins/gdocs-jar/js/xml_utilities.js
[Wed Apr 29 10:42:56.216841 2015] [proxy_http:error] [pid 7296:tid 1772] (20014)Internal error: [client 201.245.192.253:29948] AH01102: error reading status line from remote server 172.22.1.47:80
[Wed Apr 29 10:42:56.216841 2015] [proxy:error] [pid 7296:tid 1772] [client 201.245.192.253:29948] AH00898: Error reading from remote server returned by /forest/skins/gdocs-jar/js/grid.js
[Wed Apr 29 10:42:56.216841 2015] [proxy_http:error] [pid 7296:tid 1372] (20014)Internal error: [client 201.245.192.253:29950] AH01102: error reading status line from remote server 172.22.1.47:80
[Wed Apr 29 10:42:56.216841 2015] [proxy:error] [pid 7296:tid 1372] [client 201.245.192.253:29950] AH00898: Error reading from remote server returned by /forest/skins/gdocs-jar/js/swfobject.js
[Wed Apr 29 10:43:37.338514 2015] [proxy_http:error] [pid 7296:tid 1572] (20014)Internal error: [client 201.245.192.253:30341] AH01102: error reading status line from remote server 172.22.1.47:80, referer: http://190.27.245.106/forest/usutareas.do?_a=0.6851056577163698&group_system_actual=3
[Wed Apr 29 10:43:37.338514 2015] [proxy:error] [pid 7296:tid 1572] [client 201.245.192.253:30341] AH00898: Error reading from remote server returned by /forest/skins/gdocs-jar/js/xml_utilities.js, referer: http://190.27.245.106/forest/usutareas.do?_a=0.6851056577163698&group_system_actual=3
[Wed Apr 29 10:43:37.385314 2015] [proxy_http:error] [pid 7296:tid 1716] (20014)Internal error: [client 201.245.192.253:30347] AH01102: error reading status line from remote server 172.22.1.47:80
[Wed Apr 29 10:43:37.385314 2015] [proxy:error] [pid 7296:tid 1716] [client 201.245.192.253:30347] AH00898: Error reading from remote server returned by /forest/skins/gdocs-jar/js/graphicForm.js
[Wed Apr 29 10:43:42.611323 2015] [proxy_http:error] [pid 7296:tid 1220] (20014)Internal error: [client 201.245.192.253:30355] AH01102: error reading status line from remote server 172.22.1.47:80, referer: http://190.27.245.106/forest/buscar.do?type=documentos
[Wed Apr 29 10:44:03.031759 2015] [proxy_http:error] [pid 7296:tid 1556] (20014)Internal error: [client 201.245.192.253:30559] AH01102: error reading status line from remote server 172.22.1.47:80, referer: http://190.27.245.106/forest/usutareas.do?_a=0.4752540389135751&group_system_actual=3
[Wed Apr 29 10:44:11.206173 2015] [proxy_http:error] [pid 7296:tid 1700] (20014)Internal error: [client 201.245.192.253:30635] AH01102: error reading status line from remote server 172.22.1.47:80
[Wed Apr 29 10:44:11.206173 2015] [proxy:error] [pid 7296:tid 1700] [client 201.245.192.253:30635] AH00898: Error reading from remote server returned by /forest/js/autocompletar2.js
[Wed Apr 29 10:47:12.494092 2015] [proxy_http:error] [pid 7296:tid 1572] (20014)Internal error: [client 186.154.253.106:52144] AH01102: error reading status line from remote server 172.22.1.47:80, referer: http://190.27.245.106/forest/radicacion.do?codMod=11&_a=0.45903755770996213&group_system_actual=4
[Wed Apr 29 10:47:12.494092 2015] [proxy:error] [pid 7296:tid 1572] [client 186.154.253.106:52144] AH00898: Error reading from remote server returned by /forest/json.do, referer: http://190.27.245.106/forest/radicacion.do?codMod=11&_a=0.45903755770996213&group_system_actual=4
[Wed Apr 29 10:47:12.494092 2015] [negotiation:error] [pid 7296:tid 1572] [client 186.154.253.106:52144] AH00690: no acceptable variant: E:/nuevo/apache/error/HTTP_BAD_GATEWAY.html.var, referer: http://190.27.245.106/forest/radicacion.do?codMod=11&_a=0.45903755770996213&group_system_actual=4
[Wed Apr 29 10:52:47.271680 2015] [proxy_http:error] [pid 7296:tid 1460] (20014)Internal error: [client 181.61.173.135:61177] AH01102: error reading status line from remote server 172.22.1.47:80, referer: http://190.27.245.106/forest/buscar.do?type=procesos
[Wed Apr 29 10:55:15.471940 2015] [proxy_http:error] [pid 7296:tid 1564] (20014)Internal error: [client 181.61.173.135:61214] AH01102: error reading status line from remote server 172.22.1.47:80, referer: http://190.27.245.106/forest/usugrafico.do?_a=0.5490685515105724&group_system_actual=3
[Wed Apr 29 10:55:19.465547 2015] [proxy_http:error] [pid 7296:tid 1468] (20014)Internal error: [client 201.245.192.253:22502] AH01102: error reading status line from remote server 172.22.1.47:80, referer: http://190.27.245.106/forest/misactividades.do?_a=0.5988548186141998&group_system_actual=3
[Wed Apr 29 10:55:19.668347 2015] [proxy_http:error] [pid 7296:tid 1604] (20014)Internal error: [client 201.245.192.253:22516] AH01102: error reading status line from remote server 172.22.1.47:80, referer: http://190.27.245.106/forest/usutareas.do?_a=0.5844734760466963&group_system_actual=3
[Wed Apr 29 10:55:19.668347 2015] [proxy:error] [pid 7296:tid 1604] [client 201.245.192.253:22516] AH00898: Error reading from remote server returned by /forest/session.jsp, referer: http://190.27.245.106/forest/usutareas.do?_a=0.5844734760466963&group_system_actual=3
[Wed Apr 29 10:55:19.668347 2015] [negotiation:error] [pid 7296:tid 1604] [client 201.245.192.253:22516] AH00690: no acceptable variant: E:/nuevo/apache/error/HTTP_BAD_GATEWAY.html.var, referer: http://190.27.245.106/forest/usutareas.do?_a=0.5844734760466963&group_system_actual=3
[Wed Apr 29 10:55:20.885149 2015] [proxy_http:error] [pid 7296:tid 1772] (20014)Internal error: [client 201.245.192.253:22510] AH01102: error reading status line from remote server 172.22.1.47:80, referer: http://190.27.245.106/forest/buscar.do?type=documentos
[Wed Apr 29 10:55:22.991153 2015] [proxy_http:error] [pid 7296:tid 1340] (20014)Internal error: [client 201.245.192.253:22514] AH01102: error reading status line from remote server 172.22.1.47:80, referer: http://190.27.245.106/forest/index2.jsp?_a=0.40270820003934205
[Wed Apr 29 10:55:29.121964 2015] [proxy_http:error] [pid 7296:tid 1604] (20014)Internal error: [client 201.245.192.253:22610] AH01102: error reading status line from remote server 172.22.1.47:80
[Wed Apr 29 10:55:29.121964 2015] [proxy:error] [pid 7296:tid 1604] [client 201.245.192.253:22610] AH00898: Error reading from remote server returned by /forest/img/jquery/ui-icons_469bdd_256x240.png
[Wed Apr 29 10:55:36.781577 2015] [proxy_http:error] [pid 7296:tid 1756] (20014)Internal error: [client 201.245.192.253:22634] AH01102: error reading status line from remote server 172.22.1.47:80, referer: http://190.27.245.106/forest/misactividades.do?_a=0.5988548186141998&group_system_actual=3
[Wed Apr 29 10:56:57.854920 2015] [proxy_http:error] [pid 7296:tid 1340] (20014)Internal error: [client 201.245.192.253:23476] AH01102: error reading status line from remote server 172.22.1.47:80, referer: http://190.27.245.106/forest/index2.jsp?_a=0.5082486905157566
[Wed Apr 29 10:57:39.475793 2015] [proxy_http:error] [pid 7296:tid 1388] (20014)Internal error: [client 201.245.192.253:23772] AH01102: error reading status line from remote server 172.22.1.47:80, referer: http://190.27.245.106/forest/usutareas.do?group_system_actual=3&codTraEsc=18032909&_a=0.12636437912143395
[Wed Apr 29 10:58:09.537046 2015] [proxy_http:error] [pid 7296:tid 1524] (20014)Internal error: [client 201.245.192.253:24143] AH01102: error reading status line from remote server 172.22.1.47:80
[Wed Apr 29 10:58:09.537046 2015] [proxy:error] [pid 7296:tid 1524] [client 201.245.192.253:24143] AH00898: Error reading from remote server returned by /forest/css/escritorio.css
[Wed Apr 29 10:58:26.619076 2015] [proxy_http:error] [pid 7296:tid 1532] (20014)Internal error: [client 201.245.192.253:24294] AH01102: error reading status line from remote server 172.22.1.47:80, referer: http://190.27.245.106/forest/suactividades.do?group_system_actual=3
[Wed Apr 29 10:59:00.829936 2015] [proxy_http:error] [pid 7296:tid 1444] (20014)Internal error: [client 201.245.192.253:24546] AH01102: error reading status line from remote server 172.22.1.47:80, referer: http://190.27.245.106/forest/misactividades.do?group_system_actual=3&codPro=95&_a=0.8859121600361809
[Wed Apr 29 11:02:45.797931 2015] [proxy_http:error] [pid 7296:tid 1244] (20014)Internal error: [client 181.61.173.135:61286] AH01102: error reading status line from remote server 172.22.1.47:80, referer: http://190.27.245.106/forest/usutareas.do?_a=0.856304032728076&group_system_actual=3
[Wed Apr 29 11:04:03.439267 2015] [proxy_http:error] [pid 7296:tid 1244] (OS 10054)An existing connection was forcibly closed by the remote host.  : [client 190.24.223.132:26140] AH01102: error reading status line from remote server 172.22.1.31:80, referer: http://190.27.245.106/isolucionsda/Session.asp?Continue=1
[Wed Apr 29 11:04:03.439267 2015] [proxy:error] [pid 7296:tid 1244] [client 190.24.223.132:26140] AH00898: Error reading from remote server returned by /isolucionsda/Session.asp, referer: http://190.27.245.106/isolucionsda/Session.asp?Continue=1
[Wed Apr 29 11:05:10.737786 2015] [proxy_http:error] [pid 7296:tid 1036] (20014)Internal error: [client 201.245.192.253:49184] AH01102: error reading status line from remote server 172.22.1.47:80, referer: http://190.27.245.106/forest/usutareas.do?group_system_actual=3&a=0.5758099617686693
