!C99Shell v. 1.0 pre-release build #13!

Software: Apache. PHP/5.5.15 

uname -a: Windows NT SVR-DMZ 6.1 build 7600 (Windows Server 2008 R2 Enterprise Edition) i586 

SYSTEM 

Safe-mode: OFF (not secure)

E:\nuevo\apache\logs\   drwxrwxrwx
Free 9.41 GB of 239.26 GB (3.93%)
Detected drives: [ a ] [ c ] [ d ] [ e ] [ f ]
Home    Back    Forward    UPDIR    Refresh    Search    Buffer    Encoder    Tools    Proc.    FTP brute    Sec.    SQL    PHP-code    Update    Feedback    Self remove    Logout    


Viewing file:     error.2015.05.07.log (118.84 KB)      -rw-rw-rw-
Select action/file-type:
(+) | (+) | (+) | Code (+) | Session (+) | (+) | SDB (+) | (+) | (+) | (+) | (+) | (+) |
[Thu May 07 02:33:06.427661 2015] [core:error] [pid 7296:tid 1772] [client 37.53.69.177:51080] AH00126: Invalid URI in request GET HTTP/1.1 HTTP/1.1
[Thu May 07 02:33:08.783265 2015] [cgi:error] [pid 7296:tid 1556] [client 37.53.69.177:51148] script not found or unable to stat: E:/nuevo/cgi-bin/php
[Thu May 07 02:33:12.402471 2015] [cgi:error] [pid 7296:tid 1556] [client 37.53.69.177:52103] script not found or unable to stat: E:/nuevo/cgi-bin/bash
[Thu May 07 02:33:14.914076 2015] [cgi:error] [pid 7296:tid 1228] [client 37.53.69.177:52161] script not found or unable to stat: E:/nuevo/cgi-bin/contact.cgi
[Thu May 07 02:33:15.522477 2015] [cgi:error] [pid 7296:tid 1772] [client 37.53.69.177:52541] script not found or unable to stat: E:/nuevo/cgi-bin/defaultwebpage.cgi
[Thu May 07 02:33:17.987281 2015] [cgi:error] [pid 7296:tid 1228] [client 37.53.69.177:52653] script not found or unable to stat: E:/nuevo/cgi-bin/env.cgi
[Thu May 07 02:33:18.595682 2015] [cgi:error] [pid 7296:tid 1772] [client 37.53.69.177:53048] script not found or unable to stat: E:/nuevo/cgi-bin/fire.cgi
[Thu May 07 02:33:21.091687 2015] [cgi:error] [pid 7296:tid 1228] [client 37.53.69.177:53168] script not found or unable to stat: E:/nuevo/cgi-bin/forum.cgi
[Thu May 07 02:33:24.726493 2015] [cgi:error] [pid 7296:tid 1228] [client 37.53.69.177:54054] script not found or unable to stat: E:/nuevo/cgi-bin/index.cgi
[Thu May 07 02:33:26.333296 2015] [cgi:error] [pid 7296:tid 1772] [client 37.53.69.177:54173] script not found or unable to stat: E:/nuevo/cgi-bin/login.cgi
[Thu May 07 02:33:30.904104 2015] [cgi:error] [pid 7296:tid 1772] [client 37.53.69.177:54909] script not found or unable to stat: E:/nuevo/cgi-bin/meme.cgi
[Thu May 07 02:33:32.510907 2015] [cgi:error] [pid 7296:tid 1228] [client 37.53.69.177:55185] script not found or unable to stat: E:/nuevo/cgi-bin/php4
[Thu May 07 02:33:33.134908 2015] [cgi:error] [pid 7296:tid 1556] [client 37.53.69.177:55462] script not found or unable to stat: E:/nuevo/cgi-bin/php5
[Thu May 07 02:33:33.727709 2015] [cgi:error] [pid 7296:tid 1772] [client 37.53.69.177:55535] script not found or unable to stat: E:/nuevo/cgi-bin/php5-cli
[Thu May 07 02:33:35.350112 2015] [cgi:error] [pid 7296:tid 1228] [client 37.53.69.177:55661] script not found or unable to stat: E:/nuevo/cgi-bin/recent.cgi
[Thu May 07 02:33:36.972515 2015] [cgi:error] [pid 7296:tid 1772] [client 37.53.69.177:55895] script not found or unable to stat: E:/nuevo/cgi-bin/sat-ir-web.pl
[Thu May 07 02:33:46.784932 2015] [cgi:error] [pid 7296:tid 1228] [client 37.53.69.177:56684] script not found or unable to stat: E:/nuevo/cgi-bin/test-cgi
[Thu May 07 02:33:47.549333 2015] [cgi:error] [pid 7296:tid 1228] [client 37.53.69.177:57541] script not found or unable to stat: E:/nuevo/cgi-bin/test.cgi
[Thu May 07 02:33:49.624137 2015] [cgi:error] [pid 7296:tid 1772] [client 37.53.69.177:57920] script not found or unable to stat: E:/nuevo/cgi-bin/test-cgi.pl
[Thu May 07 02:33:50.185738 2015] [cgi:error] [pid 7296:tid 1228] [client 37.53.69.177:58227] script not found or unable to stat: E:/nuevo/cgi-bin/test.sh
[Thu May 07 02:33:51.792541 2015] [cgi:error] [pid 7296:tid 1556] [client 37.53.69.177:58284] script not found or unable to stat: E:/nuevo/cgi-bin/tools
[Thu May 07 03:39:56.322104 2015] [:error] [pid 7296:tid 812] [client 37.115.187.54:51640] script 'E:/nuevo/htdocs/xmlrpc.php' not found or unable to stat
[Thu May 07 04:45:20.603597 2015] [mpm_winnt:warn] [pid 7296:tid 2800] (OS 64)The specified network name is no longer available.  : AH00341: winnt_accept: Asynchronous AcceptEx failed.
[Thu May 07 04:47:48.539657 2015] [mpm_winnt:warn] [pid 7296:tid 2800] (OS 64)The specified network name is no longer available.  : AH00341: winnt_accept: Asynchronous AcceptEx failed.
[Thu May 07 05:20:23.597490 2015] [core:error] [pid 7296:tid 696] (20024)The given path is misformatted or contained invalid characters: [client 212.247.211.200:10871] AH00127: Cannot map GET /galeria/carrusel/Carrusel/jquery-ui-%0A%0A1.8.13.custom.min.js HTTP/1.1 to file, referer: http://ambientebogota.gov.co/
[Thu May 07 06:23:50.551177 2015] [access_compat:error] [pid 7296:tid 812] [client 140.120.232.71:61070] AH01797: client denied by server configuration: E:/nuevo/htdocs/phpMyAdmin
[Thu May 07 07:37:59.556191 2015] [proxy_http:error] [pid 7296:tid 1292] (OS 10054)An existing connection was forcibly closed by the remote host.  : [client 201.244.55.205:18365] AH01102: error reading status line from remote server 172.22.1.31:80, referer: http://190.27.245.106/isolucionsda/bancoconocimiento/P/PARTICIPACION_v7/PARTICIPACION_v7.asp?IdArticulo=6824
[Thu May 07 07:37:59.556191 2015] [proxy:error] [pid 7296:tid 1292] [client 201.244.55.205:18365] AH00898: Error reading from remote server returned by /isolucionsda/bancoconocimiento/D/DesarrollodesecretariatecnicadeInstanciasdeparticipacion_v1/DesarrollodesecretariatecnicadeInstanciasdeparticipacion_v1.asp, referer: http://190.27.245.106/isolucionsda/bancoconocimiento/P/PARTICIPACION_v7/PARTICIPACION_v7.asp?IdArticulo=6824
[Thu May 07 07:55:08.440399 2015] [proxy_http:error] [pid 7296:tid 1108] (OS 10054)An existing connection was forcibly closed by the remote host.  : [client 201.244.55.205:19168] AH01102: error reading status line from remote server 172.22.1.31:80, referer: http://190.27.245.106/isolucionsda/bancoconocimiento/D/DesarrollodesecretariatecnicadeInstanciasdeparticipacion_v2/DesarrollodesecretariatecnicadeInstanciasdeparticipacion_v2.asp?Id_Articulo=6739
[Thu May 07 07:55:08.440399 2015] [proxy:error] [pid 7296:tid 1108] [client 201.244.55.205:19168] AH00898: Error reading from remote server returned by /isolucionsda/FrameSetArticulo.asp, referer: http://190.27.245.106/isolucionsda/bancoconocimiento/D/DesarrollodesecretariatecnicadeInstanciasdeparticipacion_v2/DesarrollodesecretariatecnicadeInstanciasdeparticipacion_v2.asp?Id_Articulo=6739
[Thu May 07 08:04:13.084155 2015] [proxy_http:error] [pid 7296:tid 812] (OS 10054)An existing connection was forcibly closed by the remote host.  : [client 201.245.192.253:54769] AH01102: error reading status line from remote server 172.22.1.31:80
[Thu May 07 08:04:13.084155 2015] [proxy:error] [pid 7296:tid 812] [client 201.245.192.253:54769] AH00898: Error reading from remote server returned by /isolucionsda/IdentificaUsuario.asp
[Thu May 07 09:00:55.513531 2015] [proxy_http:error] [pid 7296:tid 1244] (OS 10054)An existing connection was forcibly closed by the remote host.  : [client 201.245.192.253:48885] AH01102: error reading status line from remote server 172.22.1.31:80, referer: http://190.27.245.106/isolucionsda/FrameSetGeneral.asp?Pagina=ListadoMaestroDocumentos3.asp
[Thu May 07 09:10:22.777328 2015] [proxy_http:error] [pid 7296:tid 712] (20014)Internal error: [client 201.245.192.253:59861] AH01102: error reading status line from remote server 172.22.1.47:80, referer: http://190.27.245.106/forest/usutareas.do?group_system_actual=3&a=0.2772634070476452
[Thu May 07 09:10:22.777328 2015] [proxy:error] [pid 7296:tid 712] [client 201.245.192.253:59861] AH00898: Error reading from remote server returned by /forest/usutareas.do, referer: http://190.27.245.106/forest/usutareas.do?group_system_actual=3&a=0.2772634070476452
[Thu May 07 09:15:12.625837 2015] [proxy_http:error] [pid 7296:tid 704] (20014)Internal error: [client 201.245.192.253:53002] AH01102: error reading status line from remote server 172.22.1.47:80
[Thu May 07 09:15:12.625837 2015] [proxy:error] [pid 7296:tid 704] [client 201.245.192.253:53002] AH00898: Error reading from remote server returned by /forest/img/inicio/7.gif
[Thu May 07 09:29:21.377528 2015] [proxy_http:error] [pid 7296:tid 1356] (OS 10054)An existing connection was forcibly closed by the remote host.  : [client 201.244.55.205:23149] AH01102: error reading status line from remote server 172.22.1.31:80, referer: http://190.27.245.106/isolucionsda/bancoconocimiento/D/DesarrollodeestrategiasdeEducacionAmbiental__v2/DesarrollodeestrategiasdeEducacionAmbiental__v2.asp?Id_Articulo=6163
[Thu May 07 09:29:21.377528 2015] [proxy:error] [pid 7296:tid 1356] [client 201.244.55.205:23149] AH00898: Error reading from remote server returned by /isolucionsda/FrameSetArticulo.asp, referer: http://190.27.245.106/isolucionsda/bancoconocimiento/D/DesarrollodeestrategiasdeEducacionAmbiental__v2/DesarrollodeestrategiasdeEducacionAmbiental__v2.asp?Id_Articulo=6163
[Thu May 07 09:39:47.110227 2015] [access_compat:error] [pid 7296:tid 1636] [client 84.14.101.25:47504] AH01797: client denied by server configuration: E:/nuevo/phpMyAdmin/index.php
[Thu May 07 09:39:47.281827 2015] [access_compat:error] [pid 7296:tid 1636] [client 84.14.101.25:47504] AH01797: client denied by server configuration: E:/nuevo/phpMyAdmin/index.php, referer: http://190.27.245.106/phpmyadmin/index.php\r
[Thu May 07 09:48:49.179979 2015] [proxy_http:error] [pid 7296:tid 1772] (20014)Internal error: [client 201.245.192.253:59578] AH01102: error reading status line from remote server 172.22.1.47:80, referer: http://190.27.245.106/forest/usutareas.do?group_system_actual=3&a=0.35147571843117476
[Thu May 07 10:02:01.661371 2015] [proxy_http:error] [pid 7296:tid 1532] (20014)Internal error: [client 201.245.192.253:54521] AH01102: error reading status line from remote server 172.22.1.47:80
[Thu May 07 10:02:01.661371 2015] [proxy:error] [pid 7296:tid 1532] [client 201.245.192.253:54521] AH00898: Error reading from remote server returned by /forest/skins/gdocs-jar/js/tareas.js
[Thu May 07 10:05:38.127351 2015] [proxy_http:error] [pid 7296:tid 1836] (20014)Internal error: [client 201.245.192.253:58583] AH01102: error reading status line from remote server 172.22.1.47:80
[Thu May 07 10:05:38.127351 2015] [proxy:error] [pid 7296:tid 1836] [client 201.245.192.253:58583] AH00898: Error reading from remote server returned by /forest/css/index.css
[Thu May 07 10:05:38.127351 2015] [proxy_http:error] [pid 7296:tid 1228] (20014)Internal error: [client 201.245.192.253:58589] AH01102: error reading status line from remote server 172.22.1.47:80
[Thu May 07 10:05:38.127351 2015] [proxy:error] [pid 7296:tid 1228] [client 201.245.192.253:58589] AH00898: Error reading from remote server returned by /forest/skins/gdocs-jar/css/autocomplete.css
[Thu May 07 10:05:38.127351 2015] [proxy_http:error] [pid 7296:tid 1508] (20014)Internal error: [client 201.245.192.253:58590] AH01102: error reading status line from remote server 172.22.1.47:80
[Thu May 07 10:05:38.127351 2015] [proxy:error] [pid 7296:tid 1508] [client 201.245.192.253:58590] AH00898: Error reading from remote server returned by /forest/skins/gdocs-jar/js/swfobject.js
[Thu May 07 10:05:54.288979 2015] [proxy_http:error] [pid 7296:tid 1160] (20014)Internal error: [client 201.245.192.253:58944] AH01102: error reading status line from remote server 172.22.1.47:80
[Thu May 07 10:05:54.288979 2015] [proxy:error] [pid 7296:tid 1160] [client 201.245.192.253:58944] AH00898: Error reading from remote server returned by /forest/1ibre/jscalendar/calendar-setup.js
[Thu May 07 10:18:17.272484 2015] [proxy_http:error] [pid 7296:tid 1220] (20014)Internal error: [client 201.245.192.253:51763] AH01102: error reading status line from remote server 172.22.1.47:80, referer: http://190.27.245.106/forest/usutareas.do?_a=0.414582813314084&group_system_actual=3
[Thu May 07 10:21:25.143614 2015] [proxy_http:error] [pid 7296:tid 1636] (20014)Internal error: [client 201.245.192.253:56724] AH01102: error reading status line from remote server 172.22.1.47:80, referer: http://190.27.245.106/forest/usutareas.do?group_system_actual=3&a=0.13847158756107092
[Thu May 07 10:21:26.797217 2015] [proxy_http:error] [pid 7296:tid 1636] (20014)Internal error: [client 201.245.192.253:56741] AH01102: error reading status line from remote server 172.22.1.47:80, referer: http://190.27.245.106/forest/usutareas.do?group_system_actual=3&a=0.8536025905050337
[Thu May 07 10:26:57.751798 2015] [proxy_http:error] [pid 7296:tid 1532] (20014)Internal error: [client 201.245.192.253:50971] AH01102: error reading status line from remote server 172.22.1.47:80
[Thu May 07 10:26:57.751798 2015] [proxy:error] [pid 7296:tid 1532] [client 201.245.192.253:50971] AH00898: Error reading from remote server returned by /forestReports/webcontent/birt/ajax/core/BirtDndManager.js
[Thu May 07 10:31:19.379858 2015] [proxy_http:error] [pid 7296:tid 1356] (20014)Internal error: [client 201.245.192.253:57723] AH01102: error reading status line from remote server 172.22.1.47:80
[Thu May 07 10:31:19.379858 2015] [proxy:error] [pid 7296:tid 1356] [client 201.245.192.253:57723] AH00898: Error reading from remote server returned by /forest/skins/gdocs-jar/js/misprocesos.js
[Thu May 07 10:32:13.496353 2015] [proxy_http:error] [pid 7296:tid 752] (20014)Internal error: [client 186.155.238.196:1933] AH01102: error reading status line from remote server 172.22.1.47:80, referer: http://190.27.245.106/forest/index2.jsp?a=0.6765798123599569
[Thu May 07 10:32:19.237163 2015] [proxy_http:error] [pid 7296:tid 1780] (20014)Internal error: [client 186.155.238.196:1767] AH01102: error reading status line from remote server 172.22.1.47:80, referer: http://190.27.245.106/forest/buscar.do?type=documentos
[Thu May 07 10:32:28.051179 2015] [proxy_http:error] [pid 7296:tid 1472] (20014)Internal error: [client 186.155.238.196:1891] AH01102: error reading status line from remote server 172.22.1.47:80, referer: http://190.27.245.106/forest/index2.jsp?a=0.6765798123599569
[Thu May 07 10:42:28.480633 2015] [proxy_http:error] [pid 7296:tid 1260] (20014)Internal error: [client 201.245.192.253:49968] AH01102: error reading status line from remote server 172.22.1.47:80
[Thu May 07 10:42:28.480633 2015] [proxy:error] [pid 7296:tid 1260] [client 201.245.192.253:49968] AH00898: Error reading from remote server returned by /forest/skins/gdocs-jar/css/forms.css
[Thu May 07 10:48:41.695689 2015] [proxy_http:error] [pid 7296:tid 1188] (20014)Internal error: [client 201.245.192.253:49946] AH01102: error reading status line from remote server 172.22.1.47:80, referer: http://190.27.245.106/forest/usutareas.do?group_system_actual=3&a=0.34324274701066315
[Thu May 07 10:48:48.778101 2015] [proxy_http:error] [pid 7296:tid 1188] (20014)Internal error: [client 201.245.192.253:49951] AH01102: error reading status line from remote server 172.22.1.47:80, referer: http://190.27.245.106/forest/usutareas.do?group_system_actual=3&codTraEsc=18090906&_a=0.5996426949892862
[Thu May 07 10:48:49.901303 2015] [proxy_http:error] [pid 7296:tid 1188] (20014)Internal error: [client 201.245.192.253:50149] AH01102: error reading status line from remote server 172.22.1.47:80, referer: http://190.27.245.106/forest/usutareas.do?group_system_actual=3&codTraEsc=18090906&_a=0.5996426949892862
[Thu May 07 10:56:49.134145 2015] [proxy_http:error] [pid 7296:tid 712] (20014)Internal error: [client 201.245.192.253:51923] AH01102: error reading status line from remote server 172.22.1.47:80
[Thu May 07 10:56:49.134145 2015] [proxy:error] [pid 7296:tid 712] [client 201.245.192.253:51923] AH00898: Error reading from remote server returned by /forest/skins/gdocs-jar/css/autocomplete.css
[Thu May 07 10:58:38.162736 2015] [proxy_http:error] [pid 7296:tid 752] (20014)Internal error: [client 201.245.192.253:55812] AH01102: error reading status line from remote server 172.22.1.47:80
[Thu May 07 10:58:38.162736 2015] [proxy:error] [pid 7296:tid 752] [client 201.245.192.253:55812] AH00898: Error reading from remote server returned by /forest/css/escritorio.css
[Thu May 07 10:58:38.209536 2015] [proxy_http:error] [pid 7296:tid 1116] (20014)Internal error: [client 201.245.192.253:55821] AH01102: error reading status line from remote server 172.22.1.47:80
[Thu May 07 10:58:38.209536 2015] [proxy:error] [pid 7296:tid 1116] [client 201.245.192.253:55821] AH00898: Error reading from remote server returned by /forest/skins/gdocs-jar/js/formsBase.js
[Thu May 07 11:05:45.603487 2015] [proxy_http:error] [pid 7296:tid 1220] (20014)Internal error: [client 201.245.192.253:55628] AH01102: error reading status line from remote server 172.22.1.47:80
[Thu May 07 11:05:45.603487 2015] [proxy:error] [pid 7296:tid 1220] [client 201.245.192.253:55628] AH00898: Error reading from remote server returned by /forest/skins/gdocs-jar/js/xml_utilities.js
[Thu May 07 11:05:51.110297 2015] [proxy_http:error] [pid 7296:tid 1428] (20014)Internal error: [client 201.245.192.253:54117] AH01102: error reading status line from remote server 172.22.1.47:80, referer: http://190.27.245.106/forest/usutareas.do?group_system_actual=3&a=0.5227623786577635
[Thu May 07 11:05:51.203897 2015] [proxy_http:error] [pid 7296:tid 1428] (20014)Internal error: [client 201.245.192.253:55774] AH01102: error reading status line from remote server 172.22.1.47:80, referer: http://190.27.245.106/forest/usutareas.do?group_system_actual=3&a=0.5227623786577635
[Thu May 07 11:05:51.203897 2015] [proxy:error] [pid 7296:tid 1428] [client 201.245.192.253:55774] AH00898: Error reading from remote server returned by /forest/actions/forms.getList, referer: http://190.27.245.106/forest/usutareas.do?group_system_actual=3&a=0.5227623786577635
[Thu May 07 11:05:51.203897 2015] [negotiation:error] [pid 7296:tid 1428] [client 201.245.192.253:55774] AH00690: no acceptable variant: E:/nuevo/apache/error/HTTP_BAD_GATEWAY.html.var, referer: http://190.27.245.106/forest/usutareas.do?group_system_actual=3&a=0.5227623786577635
[Thu May 07 11:09:15.705656 2015] [proxy_http:error] [pid 7296:tid 1116] (20014)Internal error: [client 201.245.192.253:49460] AH01102: error reading status line from remote server 172.22.1.47:80
[Thu May 07 11:09:15.705656 2015] [proxy:error] [pid 7296:tid 1116] [client 201.245.192.253:49460] AH00898: Error reading from remote server returned by /forest/skins/gdocs-jar/css/forest.css
[Thu May 07 11:09:59.588533 2015] [proxy_http:error] [pid 7296:tid 752] (20014)Internal error: [client 201.245.192.253:51295] AH01102: error reading status line from remote server 172.22.1.47:80, referer: http://190.27.245.106/forest/login.do
[Thu May 07 11:11:10.787058 2015] [proxy_http:error] [pid 7296:tid 696] (20014)Internal error: [client 201.245.192.253:54474] AH01102: error reading status line from remote server 172.22.1.47:80
[Thu May 07 11:11:10.787058 2015] [proxy:error] [pid 7296:tid 696] [client 201.245.192.253:54474] AH00898: Error reading from remote server returned by /forest/skins/gdocs-jar/img/asociarUserOtraDependencia.gif
[Thu May 07 11:11:10.787058 2015] [proxy_http:error] [pid 7296:tid 1140] (20014)Internal error: [client 201.245.192.253:54476] AH01102: error reading status line from remote server 172.22.1.47:80
[Thu May 07 11:11:10.787058 2015] [proxy:error] [pid 7296:tid 1140] [client 201.245.192.253:54476] AH00898: Error reading from remote server returned by /forest/skins/gdocs-jar/img/vertodossubprocesos.gif
[Thu May 07 11:17:57.604573 2015] [proxy_http:error] [pid 7296:tid 1124] (20014)Internal error: [client 201.245.192.253:55247] AH01102: error reading status line from remote server 172.22.1.47:80
[Thu May 07 11:17:57.604573 2015] [proxy:error] [pid 7296:tid 1124] [client 201.245.192.253:55247] AH00898: Error reading from remote server returned by /forest/skins/gdocs-jar/img/pencil.png
[Thu May 07 11:19:33.497941 2015] [proxy_http:error] [pid 7296:tid 1636] (20014)Internal error: [client 201.245.192.253:58407] AH01102: error reading status line from remote server 172.22.1.47:80
[Thu May 07 11:19:33.497941 2015] [proxy:error] [pid 7296:tid 1636] [client 201.245.192.253:58407] AH00898: Error reading from remote server returned by /forest/skins/gdocs-jar/img/minus.png
[Thu May 07 11:20:22.372827 2015] [proxy_http:error] [pid 7296:tid 1508] (20014)Internal error: [client 201.245.192.253:47536] AH01102: error reading status line from remote server 172.22.1.47:80
[Thu May 07 11:20:22.372827 2015] [proxy:error] [pid 7296:tid 1508] [client 201.245.192.253:47536] AH00898: Error reading from remote server returned by /forest/1ibre/jscalendar/calendar-win2k-1.css
[Thu May 07 11:21:13.478517 2015] [proxy_http:error] [pid 7296:tid 1124] (20014)Internal error: [client 186.154.253.106:51897] AH01102: error reading status line from remote server 172.22.1.47:80, referer: http://190.27.245.106/forest/radicacion.do?codMod=11&group_system_actual=4&_a=0.8727839707862586
[Thu May 07 11:21:27.736942 2015] [proxy_http:error] [pid 7296:tid 1836] (20014)Internal error: [client 191.148.6.25:39454] AH01102: error reading status line from remote server 172.22.1.47:80, referer: http://190.27.245.106/webfile/tramiteform.jsp?webfile=true&codForm=ESCOMBROS_ActualizacionProyecto_DatosGen&codproceso=164&tramite=3015
[Thu May 07 11:23:35.781967 2015] [proxy_http:error] [pid 7296:tid 1124] (20014)Internal error: [client 201.245.192.253:52329] AH01102: error reading status line from remote server 172.22.1.47:80
[Thu May 07 11:23:35.781967 2015] [proxy:error] [pid 7296:tid 1124] [client 201.245.192.253:52329] AH00898: Error reading from remote server returned by /forest/js/dialog.js
[Thu May 07 11:25:51.190205 2015] [proxy_http:error] [pid 7296:tid 1780] (20014)Internal error: [client 201.245.192.253:55586] AH01102: error reading status line from remote server 172.22.1.47:80
[Thu May 07 11:25:51.190205 2015] [proxy:error] [pid 7296:tid 1780] [client 201.245.192.253:55586] AH00898: Error reading from remote server returned by /forest/skins/gdocs-jar/css/dialog.css
[Thu May 07 11:25:51.205805 2015] [proxy_http:error] [pid 7296:tid 752] (20014)Internal error: [client 201.245.192.253:55588] AH01102: error reading status line from remote server 172.22.1.47:80
[Thu May 07 11:25:51.205805 2015] [proxy:error] [pid 7296:tid 752] [client 201.245.192.253:55588] AH00898: Error reading from remote server returned by /forest/js/json3.js
[Thu May 07 11:25:51.221405 2015] [proxy_http:error] [pid 7296:tid 1652] (20014)Internal error: [client 201.245.192.253:55590] AH01102: error reading status line from remote server 172.22.1.47:80, referer: http://190.27.245.106/forest/usutareas.do?group_system_actual=3&codTraEsc=17627335&_a=0.0661914752647399
[Thu May 07 11:25:51.221405 2015] [proxy:error] [pid 7296:tid 1652] [client 201.245.192.253:55590] AH00898: Error reading from remote server returned by /forest/img/inicio/1.gif, referer: http://190.27.245.106/forest/usutareas.do?group_system_actual=3&codTraEsc=17627335&_a=0.0661914752647399
[Thu May 07 11:25:51.237005 2015] [proxy_http:error] [pid 7296:tid 1228] (20014)Internal error: [client 201.245.192.253:55595] AH01102: error reading status line from remote server 172.22.1.47:80
[Thu May 07 11:25:51.237005 2015] [proxy:error] [pid 7296:tid 1228] [client 201.245.192.253:55595] AH00898: Error reading from remote server returned by /forest/img/panel/view_icon.gif
[Thu May 07 11:25:51.252605 2015] [proxy_http:error] [pid 7296:tid 712] (20014)Internal error: [client 201.245.192.253:55599] AH01102: error reading status line from remote server 172.22.1.47:80
[Thu May 07 11:25:51.252605 2015] [proxy:error] [pid 7296:tid 712] [client 201.245.192.253:55599] AH00898: Error reading from remote server returned by /forest/img/mplogo.gif
[Thu May 07 11:26:13.061443 2015] [proxy_http:error] [pid 7296:tid 1644] (20014)Internal error: [client 201.245.192.253:56181] AH01102: error reading status line from remote server 172.22.1.47:80, referer: http://190.27.245.106/forest/misactividades.do?group_system_actual=3&todas=1&codPro=0&_a=0.5787396643613462
[Thu May 07 11:26:13.108243 2015] [proxy_http:error] [pid 7296:tid 1508] (20014)Internal error: [client 201.245.192.253:56183] AH01102: error reading status line from remote server 172.22.1.47:80, referer: http://190.27.245.106/forest/misactividades.do?group_system_actual=3&todas=1&codPro=0&_a=0.5787396643613462
[Thu May 07 11:26:13.108243 2015] [proxy:error] [pid 7296:tid 1508] [client 201.245.192.253:56183] AH00898: Error reading from remote server returned by /forest/system/document.jsp, referer: http://190.27.245.106/forest/misactividades.do?group_system_actual=3&todas=1&codPro=0&_a=0.5787396643613462
[Thu May 07 11:27:00.079926 2015] [proxy_http:error] [pid 7296:tid 1220] (OS 10054)An existing connection was forcibly closed by the remote host.  : [client 201.245.192.253:57302] AH01102: error reading status line from remote server 172.22.1.31:80, referer: http://190.27.245.106/isolucionsda/FrameSetGeneral.asp?Pagina1=FrameSetGeneral.asp&
[Thu May 07 11:27:00.079926 2015] [proxy:error] [pid 7296:tid 1220] [client 201.245.192.253:57302] AH00898: Error reading from remote server returned by /isolucionsda/BarraTitulos.asp, referer: http://190.27.245.106/isolucionsda/FrameSetGeneral.asp?Pagina1=FrameSetGeneral.asp&
[Thu May 07 11:27:00.079926 2015] [proxy_http:error] [pid 7296:tid 1228] (OS 10054)An existing connection was forcibly closed by the remote host.  : [client 201.245.192.253:57304] AH01102: error reading status line from remote server 172.22.1.31:80, referer: http://190.27.245.106/isolucionsda/FrameSetGeneral.asp?Pagina1=FrameSetGeneral.asp&
[Thu May 07 11:27:00.079926 2015] [proxy:error] [pid 7296:tid 1228] [client 201.245.192.253:57304] AH00898: Error reading from remote server returned by /isolucionsda/BarraFavoritos.asp, referer: http://190.27.245.106/isolucionsda/FrameSetGeneral.asp?Pagina1=FrameSetGeneral.asp&
[Thu May 07 11:27:17.489556 2015] [proxy_http:error] [pid 7296:tid 912] (20014)Internal error: [client 201.184.33.61:49438] AH01102: error reading status line from remote server 172.22.1.47:80, referer: http://190.27.245.106/forest/usutareas.do?_a=0.7475993325933814&group_system_actual=3
[Thu May 07 11:31:21.723585 2015] [proxy_http:error] [pid 7296:tid 1244] (20014)Internal error: [client 201.245.192.253:51952] AH01102: error reading status line from remote server 172.22.1.47:80, referer: http://190.27.245.106/forest/usutareas.do?group_system_actual=3&a=0.8286849855028413
[Thu May 07 11:31:59.834452 2015] [proxy_http:error] [pid 7296:tid 752] (20014)Internal error: [client 201.245.192.253:53091] AH01102: error reading status line from remote server 172.22.1.47:80, referer: http://190.27.245.106/forest/usutareas.do?_a=0.04307290527050722&group_system_actual=3
[Thu May 07 11:31:59.834452 2015] [proxy:error] [pid 7296:tid 752] [client 201.245.192.253:53091] AH00898: Error reading from remote server returned by /forest/skins/gdocs-jar/jsp/escritorio/usudocumentos-borr-adj.jsp, referer: http://190.27.245.106/forest/usutareas.do?_a=0.04307290527050722&group_system_actual=3
[Thu May 07 11:32:03.562859 2015] [proxy_http:error] [pid 7296:tid 1492] (OS 10054)An existing connection was forcibly closed by the remote host.  : [client 201.245.192.253:53117] AH01102: error reading status line from remote server 172.22.1.31:80, referer: http://190.27.245.106/isolucionsda/FrameSetGeneral.asp?Pagina1=FrameSetGeneral.asp&
[Thu May 07 11:32:03.578459 2015] [proxy_http:error] [pid 7296:tid 752] (OS 10054)An existing connection was forcibly closed by the remote host.  : [client 201.245.192.253:53091] AH01102: error reading status line from remote server 172.22.1.31:80, referer: http://190.27.245.106/isolucionsda/Encabezado.asp?Pagina1=FrameSetGeneral.asp&&Pagina=MagazinHome.asp
[Thu May 07 11:32:06.636064 2015] [proxy_http:error] [pid 7296:tid 1836] (20014)Internal error: [client 201.245.192.253:53118] AH01102: error reading status line from remote server 172.22.1.47:80, referer: http://190.27.245.106/forest/usutareas.do?group_system_actual=3&a=0.9647559432778507
[Thu May 07 11:34:03.917070 2015] [proxy_http:error] [pid 7296:tid 1228] (20014)Internal error: [client 201.245.192.253:56427] AH01102: error reading status line from remote server 172.22.1.47:80
[Thu May 07 11:34:03.917070 2015] [proxy:error] [pid 7296:tid 1228] [client 201.245.192.253:56427] AH00898: Error reading from remote server returned by /forest/skins/gdocs-jar/css/menu.css
[Thu May 07 11:35:52.727261 2015] [proxy_http:error] [pid 7296:tid 1276] (20014)Internal error: [client 201.245.192.253:59733] AH01102: error reading status line from remote server 172.22.1.47:80, referer: http://190.27.245.106/forest/usutareas.do?group_system_actual=3&codTraEsc=18091405&_a=0.43694579026202884
[Thu May 07 11:38:16.231913 2015] [proxy_http:error] [pid 7296:tid 760] (20014)Internal error: [client 201.245.192.253:51050] AH01102: error reading status line from remote server 172.22.1.47:80, referer: http://190.27.245.106/forest/usutareas.do?_a=0.03432803050470734&group_system_actual=3
[Thu May 07 11:39:54.855286 2015] [proxy_http:error] [pid 7296:tid 1684] (20014)Internal error: [client 201.245.192.253:53706] AH01102: error reading status line from remote server 172.22.1.47:80, referer: http://190.27.245.106/forest/index2.jsp?a=0.9876272293242033
[Thu May 07 11:40:28.566946 2015] [negotiation:error] [pid 7296:tid 1652] [client 200.75.48.35:57400] AH00690: no acceptable variant: E:/nuevo/apache/error/HTTP_NOT_FOUND.html.var, referer: http://190.27.245.106/stormWeb/infReportadaEnt.jsp
[Thu May 07 11:44:00.321718 2015] [proxy_http:error] [pid 7296:tid 1124] (20014)Internal error: [client 201.245.192.253:47583] AH01102: error reading status line from remote server 172.22.1.47:80, referer: http://190.27.245.106/forest/index2.jsp?group_system_actual=5&a=0.5626513331662863
[Thu May 07 11:44:01.008119 2015] [proxy_http:error] [pid 7296:tid 1124] (20014)Internal error: [client 201.245.192.253:47605] AH01102: error reading status line from remote server 172.22.1.47:80, referer: http://190.27.245.106/forest/index2.jsp?group_system_actual=5&a=0.5626513331662863
[Thu May 07 11:44:01.008119 2015] [proxy:error] [pid 7296:tid 1124] [client 201.245.192.253:47605] AH00898: Error reading from remote server returned by /forest/forms/showform.jsp, referer: http://190.27.245.106/forest/index2.jsp?group_system_actual=5&a=0.5626513331662863
[Thu May 07 11:44:05.812927 2015] [proxy_http:error] [pid 7296:tid 1260] (20014)Internal error: [client 201.245.192.253:47585] AH01102: error reading status line from remote server 172.22.1.47:80, referer: http://190.27.245.106/forest/index2.jsp?group_system_actual=5&a=0.5626513331662863
[Thu May 07 11:44:57.636218 2015] [proxy_http:error] [pid 7296:tid 1124] (20014)Internal error: [client 201.245.192.253:48690] AH01102: error reading status line from remote server 172.22.1.47:80, referer: http://190.27.245.106/forest/usutareas.do?_a=0.1221320144300122&group_system_actual=3
[Thu May 07 11:45:22.658662 2015] [proxy_http:error] [pid 7296:tid 1636] (20014)Internal error: [client 201.245.192.253:49117] AH01102: error reading status line from remote server 172.22.1.47:80, referer: http://190.27.245.106/forest/suactividades.do?group_system_actual=3
[Thu May 07 11:45:34.935884 2015] [proxy_http:error] [pid 7296:tid 1444] (20014)Internal error: [client 201.245.192.253:49537] AH01102: error reading status line from remote server 172.22.1.47:80
[Thu May 07 11:45:34.935884 2015] [proxy:error] [pid 7296:tid 1444] [client 201.245.192.253:49537] AH00898: Error reading from remote server returned by /forest/js/sarissa.js
[Thu May 07 11:45:51.612313 2015] [proxy_http:error] [pid 7296:tid 1276] (20014)Internal error: [client 201.245.192.253:50005] AH01102: error reading status line from remote server 172.22.1.47:80
[Thu May 07 11:45:51.612313 2015] [proxy:error] [pid 7296:tid 1276] [client 201.245.192.253:50005] AH00898: Error reading from remote server returned by /forest/img/notify.gif
[Thu May 07 11:46:29.255179 2015] [proxy_http:error] [pid 7296:tid 1108] (20014)Internal error: [client 201.245.192.253:50896] AH01102: error reading status line from remote server 172.22.1.47:80
[Thu May 07 11:46:29.255179 2015] [proxy:error] [pid 7296:tid 1108] [client 201.245.192.253:50896] AH00898: Error reading from remote server returned by /forest/js/jquery/jquery.layout-latest.js
[Thu May 07 11:51:48.806140 2015] [proxy_http:error] [pid 7296:tid 1604] (20014)Internal error: [client 201.245.192.253:58515] AH01102: error reading status line from remote server 172.22.1.47:80
[Thu May 07 11:51:48.806140 2015] [proxy:error] [pid 7296:tid 1604] [client 201.245.192.253:58515] AH00898: Error reading from remote server returned by /forest/css/autocomplete.css
[Thu May 07 11:51:48.806140 2015] [proxy_http:error] [pid 7296:tid 1444] (20014)Internal error: [client 201.245.192.253:58520] AH01102: error reading status line from remote server 172.22.1.47:80
[Thu May 07 11:51:48.806140 2015] [proxy:error] [pid 7296:tid 1444] [client 201.245.192.253:58520] AH00898: Error reading from remote server returned by /forest/js/internJS.js
[Thu May 07 11:51:48.852940 2015] [proxy_http:error] [pid 7296:tid 1472] (20014)Internal error: [client 201.245.192.253:58524] AH01102: error reading status line from remote server 172.22.1.47:80
[Thu May 07 11:51:48.852940 2015] [proxy:error] [pid 7296:tid 1472] [client 201.245.192.253:58524] AH00898: Error reading from remote server returned by /forest/1ibre/jscalendar/lang/calendar-es.js
[Thu May 07 11:53:00.691067 2015] [proxy_http:error] [pid 7296:tid 1188] (20014)Internal error: [client 201.184.33.61:50042] AH01102: error reading status line from remote server 172.22.1.47:80, referer: http://190.27.245.106/forest/misactividades.do?group_system_actual=3&_a=0.7761915207374841
[Thu May 07 11:54:31.062025 2015] [proxy_http:error] [pid 7296:tid 1116] (20014)Internal error: [client 201.245.192.253:49978] AH01102: error reading status line from remote server 172.22.1.47:80, referer: http://190.27.245.106/forest/misactividades.do?_a=0.8252347721862409&group_system_actual=3
[Thu May 07 11:54:32.434828 2015] [proxy_http:error] [pid 7296:tid 1116] (20014)Internal error: [client 201.245.192.253:50211] AH01102: error reading status line from remote server 172.22.1.47:80, referer: http://190.27.245.106/forest/usutareas.do?_a=0.6061960209086468&group_system_actual=3
[Thu May 07 11:54:32.434828 2015] [proxy:error] [pid 7296:tid 1116] [client 201.245.192.253:50211] AH00898: Error reading from remote server returned by /forest/session.jsp, referer: http://190.27.245.106/forest/usutareas.do?_a=0.6061960209086468&group_system_actual=3
[Thu May 07 11:54:32.434828 2015] [negotiation:error] [pid 7296:tid 1116] [client 201.245.192.253:50211] AH00690: no acceptable variant: E:/nuevo/apache/error/HTTP_BAD_GATEWAY.html.var, referer: http://190.27.245.106/forest/usutareas.do?_a=0.6061960209086468&group_system_actual=3
[Thu May 07 11:54:43.963248 2015] [proxy_http:error] [pid 7296:tid 1188] (20014)Internal error: [client 201.245.192.253:50343] AH01102: error reading status line from remote server 172.22.1.47:80, referer: http://190.27.245.106/forest/suactividades.do?group_system_actual=3
[Thu May 07 11:54:45.694851 2015] [proxy_http:error] [pid 7296:tid 1772] (20014)Internal error: [client 201.245.192.253:50436] AH01102: error reading status line from remote server 172.22.1.47:80, referer: http://190.27.245.106/forest/misactividades.do?group_system_actual=3&codPro=95&_a=0.9545907553052958
[Thu May 07 11:54:45.694851 2015] [proxy:error] [pid 7296:tid 1772] [client 201.245.192.253:50436] AH00898: Error reading from remote server returned by /forest/skins/gdocs-jar/popup/popup.jsp, referer: http://190.27.245.106/forest/misactividades.do?group_system_actual=3&codPro=95&_a=0.9545907553052958
[Thu May 07 11:57:08.481902 2015] [proxy_http:error] [pid 7296:tid 1428] (20014)Internal error: [client 201.245.192.253:54010] AH01102: error reading status line from remote server 172.22.1.47:80, referer: http://190.27.245.106/forest/suactividades.do?group_system_actual=3
[Thu May 07 11:57:16.765516 2015] [proxy_http:error] [pid 7296:tid 1428] (20014)Internal error: [client 201.245.192.253:54316] AH01102: error reading status line from remote server 172.22.1.47:80, referer: http://190.27.245.106/forest/buscar.do?
[Thu May 07 11:57:56.264786 2015] [proxy_http:error] [pid 7296:tid 1772] (20014)Internal error: [client 201.245.192.253:55317] AH01102: error reading status line from remote server 172.22.1.47:80, referer: http://190.27.245.106/forest/buscar.do?type=documentos
[Thu May 07 11:57:56.841987 2015] [proxy_http:error] [pid 7296:tid 1772] (20014)Internal error: [client 201.245.192.253:55414] AH01102: error reading status line from remote server 172.22.1.47:80
[Thu May 07 11:57:56.841987 2015] [proxy:error] [pid 7296:tid 1772] [client 201.245.192.253:55414] AH00898: Error reading from remote server returned by /forest/skins/gdocs-jar/js/autocompletar2.js
[Thu May 07 11:58:56.699292 2015] [proxy_http:error] [pid 7296:tid 1692] (20014)Internal error: [client 186.154.253.106:52805] AH01102: error reading status line from remote server 172.22.1.47:80, referer: http://190.27.245.106/forest/login.do
[Thu May 07 11:58:57.572893 2015] [proxy_http:error] [pid 7296:tid 1276] (20014)Internal error: [client 201.245.192.253:57073] AH01102: error reading status line from remote server 172.22.1.47:80
[Thu May 07 11:58:57.572893 2015] [proxy:error] [pid 7296:tid 1276] [client 201.245.192.253:57073] AH00898: Error reading from remote server returned by /forest/img/forestIcon.gif
[Thu May 07 11:58:58.181295 2015] [proxy_http:error] [pid 7296:tid 968] (20014)Internal error: [client 186.154.253.106:52807] AH01102: error reading status line from remote server 172.22.1.47:80, referer: http://190.27.245.106/forest/login.do
[Thu May 07 11:58:58.196895 2015] [proxy_http:error] [pid 7296:tid 1644] (20014)Internal error: [client 186.154.253.106:52804] AH01102: error reading status line from remote server 172.22.1.47:80, referer: http://190.27.245.106/forest/login.do
[Thu May 07 11:59:02.752103 2015] [proxy_http:error] [pid 7296:tid 716] (20014)Internal error: [client 201.245.192.253:57124] AH01102: error reading status line from remote server 172.22.1.47:80, referer: http://190.27.245.106/forest/usutareas.do?group_system_actual=3&a=0.5658518848893045
[Thu May 07 11:59:38.195365 2015] [proxy_http:error] [pid 7296:tid 1356] (20014)Internal error: [client 201.245.192.253:58092] AH01102: error reading status line from remote server 172.22.1.47:80, referer: http://190.27.245.106/forest/usutareas.do?_a=0.5780291711263323&group_system_actual=3
[Thu May 07 11:59:47.945382 2015] [proxy_http:error] [pid 7296:tid 1644] (20014)Internal error: [client 201.245.192.253:58378] AH01102: error reading status line from remote server 172.22.1.47:80
[Thu May 07 11:59:47.945382 2015] [proxy:error] [pid 7296:tid 1644] [client 201.245.192.253:58378] AH00898: Error reading from remote server returned by /forest/img/jquery/ui-bg_flat_55_fbec88_40x100.png
[Thu May 07 12:00:14.964629 2015] [proxy_http:error] [pid 7296:tid 716] (20014)Internal error: [client 201.245.192.253:58953] AH01102: error reading status line from remote server 172.22.1.47:80
[Thu May 07 12:00:14.964629 2015] [proxy:error] [pid 7296:tid 716] [client 201.245.192.253:58953] AH00898: Error reading from remote server returned by /forest/skins/gdocs-jar/css/tree.css
[Thu May 07 12:00:29.519455 2015] [proxy_http:error] [pid 7296:tid 1036] (20014)Internal error: [client 201.245.192.253:59249] AH01102: error reading status line from remote server 172.22.1.47:80, referer: http://190.27.245.106/forest/suactividades.do?group_system_actual=3
[Thu May 07 12:00:29.753455 2015] [proxy_http:error] [pid 7296:tid 704] (20014)Internal error: [client 201.245.192.253:59475] AH01102: error reading status line from remote server 172.22.1.47:80
[Thu May 07 12:00:29.753455 2015] [proxy:error] [pid 7296:tid 704] [client 201.245.192.253:59475] AH00898: Error reading from remote server returned by /forest/1ibre/jscalendar/calendar.js
[Thu May 07 12:03:24.693163 2015] [proxy_http:error] [pid 7296:tid 1220] (20014)Internal error: [client 201.245.192.253:51611] AH01102: error reading status line from remote server 172.22.1.47:80, referer: http://190.27.245.106/forest/usutareas.do?_a=0.8283248263931685&group_system_actual=3
[Thu May 07 12:03:37.875186 2015] [proxy_http:error] [pid 7296:tid 1396] (20014)Internal error: [client 201.245.192.253:51946] AH01102: error reading status line from remote server 172.22.1.47:80
[Thu May 07 12:03:37.875186 2015] [proxy:error] [pid 7296:tid 1396] [client 201.245.192.253:51946] AH00898: Error reading from remote server returned by /forest/js/jquery/jquery.jqGrid.src.js
[Thu May 07 12:04:31.586080 2015] [proxy_http:error] [pid 7296:tid 1684] (20014)Internal error: [client 201.245.192.253:53388] AH01102: error reading status line from remote server 172.22.1.47:80
[Thu May 07 12:04:31.586080 2015] [proxy:error] [pid 7296:tid 1684] [client 201.245.192.253:53388] AH00898: Error reading from remote server returned by /forest/skins/gdocs-jar/img/user_search.gif
[Thu May 07 12:06:04.858644 2015] [proxy_http:error] [pid 7296:tid 1508] (20014)Internal error: [client 201.245.192.253:55159] AH01102: error reading status line from remote server 172.22.1.47:80
[Thu May 07 12:06:04.858644 2015] [proxy:error] [pid 7296:tid 1508] [client 201.245.192.253:55159] AH00898: Error reading from remote server returned by /forestReports/webcontent/birt/admin/img/popup/close.gif
[Thu May 07 12:08:10.282864 2015] [proxy_http:error] [pid 7296:tid 1684] (20014)Internal error: [client 201.245.192.253:57146] AH01102: error reading status line from remote server 172.22.1.47:80, referer: http://190.27.245.106/forest/usutareas.do?_a=0.1275987630741071&group_system_actual=3
[Thu May 07 12:08:10.282864 2015] [proxy:error] [pid 7296:tid 1684] [client 201.245.192.253:57146] AH00898: Error reading from remote server returned by /forest/skins/gdocs-jar/popup/popup.jsp, referer: http://190.27.245.106/forest/usutareas.do?_a=0.1275987630741071&group_system_actual=3
[Thu May 07 12:08:14.245271 2015] [proxy_http:error] [pid 7296:tid 824] (20014)Internal error: [client 201.245.192.253:57125] AH01102: error reading status line from remote server 172.22.1.47:80, referer: http://190.27.245.106/forest/usutareas.do?_a=0.1275987630741071&group_system_actual=3
[Thu May 07 12:09:16.582981 2015] [proxy_http:error] [pid 7296:tid 1092] (OS 10054)An existing connection was forcibly closed by the remote host.  : [client 201.245.192.253:58784] AH01102: error reading status line from remote server 172.22.1.31:80, referer: http://190.27.245.106/isolucionsda/FrameSetGeneral.asp?Pagina=Menu.asp&IdModulo=4
[Thu May 07 12:09:16.582981 2015] [proxy_http:error] [pid 7296:tid 1244] (OS 10054)An existing connection was forcibly closed by the remote host.  : [client 201.245.192.253:58783] AH01102: error reading status line from remote server 172.22.1.31:80, referer: http://190.27.245.106/isolucionsda/FrameSetGeneral.asp?Pagina=Menu.asp&IdModulo=4
[Thu May 07 12:09:17.269382 2015] [proxy_http:error] [pid 7296:tid 1532] (20014)Internal error: [client 201.245.192.253:58809] AH01102: error reading status line from remote server 172.22.1.47:80, referer: http://190.27.245.106/forest/usutareas.do?_a=0.79363673708712&group_system_actual=3
[Thu May 07 12:11:03.552369 2015] [proxy_http:error] [pid 7296:tid 1292] (20014)Internal error: [client 201.245.192.253:48148] AH01102: error reading status line from remote server 172.22.1.47:80, referer: http://190.27.245.106/forest/usutareas.do?_a=0.2799407701447967&group_system_actual=3
[Thu May 07 12:11:03.552369 2015] [proxy:error] [pid 7296:tid 1292] [client 201.245.192.253:48148] AH00898: Error reading from remote server returned by /forest/session.jsp, referer: http://190.27.245.106/forest/usutareas.do?_a=0.2799407701447967&group_system_actual=3
[Thu May 07 12:11:03.552369 2015] [negotiation:error] [pid 7296:tid 1292] [client 201.245.192.253:48148] AH00690: no acceptable variant: E:/nuevo/apache/error/HTTP_BAD_GATEWAY.html.var, referer: http://190.27.245.106/forest/usutareas.do?_a=0.2799407701447967&group_system_actual=3
[Thu May 07 12:11:08.949978 2015] [proxy_http:error] [pid 7296:tid 1292] (20014)Internal error: [client 201.245.192.253:48295] AH01102: error reading status line from remote server 172.22.1.47:80
[Thu May 07 12:11:08.949978 2015] [proxy:error] [pid 7296:tid 1292] [client 201.245.192.253:48295] AH00898: Error reading from remote server returned by /forest/js/inicio.js
[Thu May 07 12:11:51.834453 2015] [proxy_http:error] [pid 7296:tid 1684] (20014)Internal error: [client 201.245.192.253:48964] AH01102: error reading status line from remote server 172.22.1.47:80, referer: http://190.27.245.106/forest/usutareas.do?_a=0.5780291711263323&group_system_actual=3
[Thu May 07 12:11:51.959254 2015] [proxy_http:error] [pid 7296:tid 1444] (20014)Internal error: [client 201.245.192.253:48943] AH01102: error reading status line from remote server 172.22.1.47:80, referer: http://190.27.245.106/forest/usutareas.do?_a=0.5780291711263323&group_system_actual=3
[Thu May 07 12:13:01.566576 2015] [proxy_http:error] [pid 7296:tid 1684] (20014)Internal error: [client 201.245.192.253:50517] AH01102: error reading status line from remote server 172.22.1.47:80
[Thu May 07 12:13:01.566576 2015] [proxy:error] [pid 7296:tid 1684] [client 201.245.192.253:50517] AH00898: Error reading from remote server returned by /forest/js/jquery/plugins/grid.setcolumns.js
[Thu May 07 12:13:01.925377 2015] [proxy_http:error] [pid 7296:tid 1604] (20014)Internal error: [client 201.245.192.253:50534] AH01102: error reading status line from remote server 172.22.1.47:80
[Thu May 07 12:13:01.925377 2015] [proxy:error] [pid 7296:tid 1604] [client 201.245.192.253:50534] AH00898: Error reading from remote server returned by /forest/img/jquery/quitarfiltrar.gif
[Thu May 07 12:14:23.622720 2015] [proxy_http:error] [pid 7296:tid 1844] (20014)Internal error: [client 181.48.143.26:15318] AH01102: error reading status line from remote server 172.22.1.47:80, referer: http://190.27.245.106/webfile/actividad.jsp?codTraEsc=18073790&codInst=3131643&numPro=3090040&codForm=ESCOMBROS_ActualizacionProyecto
[Thu May 07 12:14:23.700720 2015] [proxy_http:error] [pid 7296:tid 1844] (20014)Internal error: [client 181.48.143.26:15319] AH01102: error reading status line from remote server 172.22.1.47:80, referer: http://190.27.245.106/webfile/
[Thu May 07 12:14:49.986766 2015] [proxy_http:error] [pid 7296:tid 1092] (20014)Internal error: [client 201.245.192.253:53121] AH01102: error reading status line from remote server 172.22.1.47:80, referer: http://190.27.245.106/forest/buscar.do?type=procesos
[Thu May 07 12:14:50.064767 2015] [proxy_http:error] [pid 7296:tid 1092] (20014)Internal error: [client 201.245.192.253:53125] AH01102: error reading status line from remote server 172.22.1.47:80, referer: http://190.27.245.106/forest/buscar.do?type=procesos
[Thu May 07 12:14:50.064767 2015] [proxy:error] [pid 7296:tid 1092] [client 201.245.192.253:53125] AH00898: Error reading from remote server returned by /forest/json.do, referer: http://190.27.245.106/forest/buscar.do?type=procesos
[Thu May 07 12:14:50.064767 2015] [negotiation:error] [pid 7296:tid 1092] [client 201.245.192.253:53125] AH00690: no acceptable variant: E:/nuevo/apache/error/HTTP_BAD_GATEWAY.html.var, referer: http://190.27.245.106/forest/buscar.do?type=procesos
[Thu May 07 12:15:03.870791 2015] [proxy_http:error] [pid 7296:tid 1092] (20014)Internal error: [client 201.245.192.253:53252] AH01102: error reading status line from remote server 172.22.1.47:80, referer: http://190.27.245.106/forest/misactividades.do?group_system_actual=3&codPro=229&_a=0.12296837451634735
[Thu May 07 12:19:19.648840 2015] [proxy_http:error] [pid 7296:tid 692] (20014)Internal error: [client 201.245.192.253:58311] AH01102: error reading status line from remote server 172.22.1.47:80, referer: http://190.27.245.106/forest/buscar.do?type=procesos
[Thu May 07 12:20:26.978558 2015] [proxy_http:error] [pid 7296:tid 1116] (20014)Internal error: [client 201.245.192.253:59497] AH01102: error reading status line from remote server 172.22.1.47:80, referer: http://190.27.245.106/forest/suactividades.do?group_system_actual=3
[Thu May 07 12:27:04.919657 2015] [proxy_http:error] [pid 7296:tid 1604] (20014)Internal error: [client 201.245.192.253:54090] AH01102: error reading status line from remote server 172.22.1.47:80, referer: http://190.27.245.106/forest/usutareas.do?group_system_actual=3&a=0.528102993266657
[Thu May 07 12:27:04.919657 2015] [proxy:error] [pid 7296:tid 1604] [client 201.245.192.253:54090] AH00898: Error reading from remote server returned by /forest/usutareas.do, referer: http://190.27.245.106/forest/usutareas.do?group_system_actual=3&a=0.528102993266657
[Thu May 07 12:27:33.530107 2015] [proxy_http:error] [pid 7296:tid 716] (20014)Internal error: [client 201.245.192.253:54593] AH01102: error reading status line from remote server 172.22.1.47:80
[Thu May 07 12:27:33.530107 2015] [proxy:error] [pid 7296:tid 716] [client 201.245.192.253:54593] AH00898: Error reading from remote server returned by /forest/skins/gdocs-jar/img/process-alert.gif
[Thu May 07 12:28:23.699796 2015] [proxy_http:error] [pid 7296:tid 1772] (20014)Internal error: [client 201.245.192.253:55247] AH01102: error reading status line from remote server 172.22.1.47:80, referer: http://190.27.245.106/forest/suactividades.do?group_system_actual=3
