!C99Shell v. 1.0 pre-release build #13!

Software: Apache. PHP/5.5.15 

uname -a: Windows NT SVR-DMZ 6.1 build 7600 (Windows Server 2008 R2 Enterprise Edition) i586 

SYSTEM 

Safe-mode: OFF (not secure)

E:\nuevo\apache\logs\   drwxrwxrwx
Free 9.41 GB of 239.26 GB (3.93%)
Detected drives: [ a ] [ c ] [ d ] [ e ] [ f ]
Home    Back    Forward    UPDIR    Refresh    Search    Buffer    Encoder    Tools    Proc.    FTP brute    Sec.    SQL    PHP-code    Update    Feedback    Self remove    Logout    


Viewing file:     error.2015.05.25.log (186.49 KB)      -rw-rw-rw-
Select action/file-type:
(+) | (+) | (+) | Code (+) | Session (+) | (+) | SDB (+) | (+) | (+) | (+) | (+) | (+) |
[Mon May 25 03:22:12.904515 2015] [proxy_http:error] [pid 7296:tid 1612] (OS 10054)An existing connection was forcibly closed by the remote host.  : [client 181.129.81.164:49431] AH01102: error reading status line from remote server 172.22.1.31:80, referer: http://190.27.245.106/isolucionsda/FrameSetGeneral.asp?Pagina1=FrameSetGeneral.asp&
[Mon May 25 03:22:12.904515 2015] [proxy:error] [pid 7296:tid 1612] [client 181.129.81.164:49431] AH00898: Error reading from remote server returned by /isolucionsda/BarraTitulos.asp, referer: http://190.27.245.106/isolucionsda/FrameSetGeneral.asp?Pagina1=FrameSetGeneral.asp&
[Mon May 25 03:42:01.908404 2015] [core:error] [pid 7296:tid 1508] (20024)The given path is misformatted or contained invalid characters: [client 191.238.8.154:27519] AH00127: Cannot map GET /galeria/carrusel/Carrusel/jquery-ui-%0A%0A1.8.13.custom.min.js HTTP/1.1 to file
[Mon May 25 03:54:02.286469 2015] [mpm_winnt:warn] [pid 7296:tid 2800] (OS 64)The specified network name is no longer available.  : AH00341: winnt_accept: Asynchronous AcceptEx failed.
[Mon May 25 03:59:57.717493 2015] [mpm_winnt:warn] [pid 7296:tid 2800] (OS 64)The specified network name is no longer available.  : AH00341: winnt_accept: Asynchronous AcceptEx failed.
[Mon May 25 04:14:56.794872 2015] [proxy_http:error] [pid 7296:tid 1508] (OS 10054)An existing connection was forcibly closed by the remote host.  : [client 186.84.193.240:49658] AH01102: error reading status line from remote server 172.22.1.31:80, referer: http://190.27.245.106/isolucionsda/FrameSetGeneral.asp?Pagina1=FrameSetGeneral.asp&
[Mon May 25 04:14:56.794872 2015] [proxy:error] [pid 7296:tid 1508] [client 186.84.193.240:49658] AH00898: Error reading from remote server returned by /isolucionsda/MagazinHome.asp, referer: http://190.27.245.106/isolucionsda/FrameSetGeneral.asp?Pagina1=FrameSetGeneral.asp&
[Mon May 25 04:33:38.203842 2015] [mpm_winnt:warn] [pid 7296:tid 2800] (OS 64)The specified network name is no longer available.  : AH00341: winnt_accept: Asynchronous AcceptEx failed.
[Mon May 25 06:23:05.304577 2015] [proxy_http:error] [pid 7296:tid 1612] (OS 10054)An existing connection was forcibly closed by the remote host.  : [client 186.84.193.240:50685] AH01102: error reading status line from remote server 172.22.1.31:80, referer: http://190.27.245.106/isolucionsda/FrameSetGeneral.asp?Pagina1=FrameSetGeneral.asp&
[Mon May 25 06:23:05.304577 2015] [proxy:error] [pid 7296:tid 1612] [client 186.84.193.240:50685] AH00898: Error reading from remote server returned by /isolucionsda/BarraTitulos.asp, referer: http://190.27.245.106/isolucionsda/FrameSetGeneral.asp?Pagina1=FrameSetGeneral.asp&
[Mon May 25 06:44:07.112793 2015] [proxy_http:error] [pid 7296:tid 1388] (OS 10054)An existing connection was forcibly closed by the remote host.  : [client 186.84.193.240:50850] AH01102: error reading status line from remote server 172.22.1.31:80, referer: http://190.27.245.106/isolucionsda/FramesetArticulo.asp?Pagina=bancoconocimiento%2FO%2FOrientacionparalaFormulaciondeInstrumentosdePlaneacion%5Fv6%2FOrientacionparalaFormulaciondeInstrumentosdePlaneacion%5Fv6%2Easp&IdArticulo=5817
[Mon May 25 06:44:07.112793 2015] [proxy:error] [pid 7296:tid 1388] [client 186.84.193.240:50850] AH00898: Error reading from remote server returned by /isolucionsda/bancoconocimiento/O/OrientacionparalaFormulaciondeInstrumentosdePlaneacion_v6/OrientacionparalaFormulaciondeInstrumentosdePlaneacion_v6.asp, referer: http://190.27.245.106/isolucionsda/FramesetArticulo.asp?Pagina=bancoconocimiento%2FO%2FOrientacionparalaFormulaciondeInstrumentosdePlaneacion%5Fv6%2FOrientacionparalaFormulaciondeInstrumentosdePlaneacion%5Fv6%2Easp&IdArticulo=5817
[Mon May 25 06:51:25.911364 2015] [proxy_http:error] [pid 7296:tid 728] (OS 10054)An existing connection was forcibly closed by the remote host.  : [client 201.245.192.253:28326] AH01102: error reading status line from remote server 172.22.1.31:80, referer: http://www.ambientebogota.gov.co/web/intranet/aplicaciones-para-acceder-fuera-de-la-sda
[Mon May 25 06:51:25.911364 2015] [proxy:error] [pid 7296:tid 728] [client 201.245.192.253:28326] AH00898: Error reading from remote server returned by /isolucionsda/, referer: http://www.ambientebogota.gov.co/web/intranet/aplicaciones-para-acceder-fuera-de-la-sda
[Mon May 25 07:31:08.130148 2015] [proxy_http:error] [pid 7296:tid 1420] (OS 10054)An existing connection was forcibly closed by the remote host.  : [client 186.84.193.240:51685] AH01102: error reading status line from remote server 172.22.1.31:80, referer: http://190.27.245.106/isolucionsda/FrameSetGeneral.asp?Pagina1=FrameSetGeneral.asp&
[Mon May 25 07:31:08.130148 2015] [proxy:error] [pid 7296:tid 1420] [client 186.84.193.240:51685] AH00898: Error reading from remote server returned by /isolucionsda/BarraFavoritos.asp, referer: http://190.27.245.106/isolucionsda/FrameSetGeneral.asp?Pagina1=FrameSetGeneral.asp&
[Mon May 25 07:35:49.164642 2015] [mpm_winnt:warn] [pid 7296:tid 2800] (OS 64)The specified network name is no longer available.  : AH00341: winnt_accept: Asynchronous AcceptEx failed.
[Mon May 25 07:58:58.644482 2015] [cgi:error] [pid 7296:tid 1260] [client 190.27.195.195:38277] script not found or unable to stat: E:/nuevo/htdocs/Diagnostics.asp
[Mon May 25 08:03:34.905367 2015] [proxy_http:error] [pid 7296:tid 1784] (OS 10054)An existing connection was forcibly closed by the remote host.  : [client 186.31.226.118:13662] AH01102: error reading status line from remote server 172.22.1.31:80
[Mon May 25 08:03:34.905367 2015] [proxy:error] [pid 7296:tid 1784] [client 186.31.226.118:13662] AH00898: Error reading from remote server returned by /isolucionsda/FrameSetGeneral.asp
[Mon May 25 08:16:14.268901 2015] [proxy_http:error] [pid 7296:tid 1784] (OS 10054)An existing connection was forcibly closed by the remote host.  : [client 201.245.192.253:24502] AH01102: error reading status line from remote server 172.22.1.31:80, referer: http://190.27.245.106/isolucionsda/FrameSetGeneral.asp?Pagina=Menu.asp&IdModulo=4
[Mon May 25 08:16:14.268901 2015] [proxy:error] [pid 7296:tid 1784] [client 201.245.192.253:24502] AH00898: Error reading from remote server returned by /isolucionsda/BarraTitulos.asp, referer: http://190.27.245.106/isolucionsda/FrameSetGeneral.asp?Pagina=Menu.asp&IdModulo=4
[Mon May 25 08:16:14.268901 2015] [proxy_http:error] [pid 7296:tid 1756] (OS 10054)An existing connection was forcibly closed by the remote host.  : [client 201.245.192.253:24504] AH01102: error reading status line from remote server 172.22.1.31:80, referer: http://190.27.245.106/isolucionsda/FrameSetGeneral.asp?Pagina=Menu.asp&IdModulo=4
[Mon May 25 08:16:14.268901 2015] [proxy:error] [pid 7296:tid 1756] [client 201.245.192.253:24504] AH00898: Error reading from remote server returned by /isolucionsda/BarraFavoritos.asp, referer: http://190.27.245.106/isolucionsda/FrameSetGeneral.asp?Pagina=Menu.asp&IdModulo=4
[Mon May 25 08:16:15.173703 2015] [proxy_http:error] [pid 7296:tid 968] (OS 10054)An existing connection was forcibly closed by the remote host.  : [client 201.245.192.253:24512] AH01102: error reading status line from remote server 172.22.1.31:80, referer: http://190.27.245.106/isolucionsda/FrameSetGeneral.asp?Pagina=ListadoMaestroDocumentos3.asp
[Mon May 25 08:16:15.173703 2015] [proxy:error] [pid 7296:tid 968] [client 201.245.192.253:24512] AH00898: Error reading from remote server returned by /isolucionsda/BarraFavoritos.asp, referer: http://190.27.245.106/isolucionsda/FrameSetGeneral.asp?Pagina=ListadoMaestroDocumentos3.asp
[Mon May 25 08:23:12.926837 2015] [proxy_http:error] [pid 7296:tid 1160] (OS 10054)An existing connection was forcibly closed by the remote host.  : [client 201.245.192.253:27259] AH01102: error reading status line from remote server 172.22.1.31:80, referer: http://190.27.245.106/isolucionsda/FrameSetGeneral.asp?Pagina1=FrameSetGeneral.asp&
[Mon May 25 08:23:12.926837 2015] [proxy:error] [pid 7296:tid 1160] [client 201.245.192.253:27259] AH00898: Error reading from remote server returned by /isolucionsda/BarraFavoritos.asp, referer: http://190.27.245.106/isolucionsda/FrameSetGeneral.asp?Pagina1=FrameSetGeneral.asp&
[Mon May 25 08:34:56.503672 2015] [proxy_http:error] [pid 7296:tid 1636] (OS 10054)An existing connection was forcibly closed by the remote host.  : [client 201.245.192.253:33395] AH01102: error reading status line from remote server 172.22.1.31:80, referer: http://190.27.245.106/isolucionsda/FrameSetGeneral.asp?Pagina1=FrameSetGeneral.asp&
[Mon May 25 08:34:56.503672 2015] [proxy:error] [pid 7296:tid 1636] [client 201.245.192.253:33395] AH00898: Error reading from remote server returned by /isolucionsda/BarraFavoritos.asp, referer: http://190.27.245.106/isolucionsda/FrameSetGeneral.asp?Pagina1=FrameSetGeneral.asp&
[Mon May 25 08:37:58.104591 2015] [:error] [pid 7296:tid 1524] [client 207.46.13.35:16672] script 'E:/nuevo/htdocs/prueba2.php' not found or unable to stat
[Mon May 25 08:39:15.901928 2015] [proxy_http:error] [pid 7296:tid 1060] (OS 10054)An existing connection was forcibly closed by the remote host.  : [client 201.245.192.253:22685] AH01102: error reading status line from remote server 172.22.1.31:80, referer: http://190.27.245.106/isolucionsda/ListadoMaestroDocumentos3.asp
[Mon May 25 08:39:15.901928 2015] [proxy:error] [pid 7296:tid 1060] [client 201.245.192.253:22685] AH00898: Error reading from remote server returned by /isolucionsda/ListadoMaestroDocumentos3.asp, referer: http://190.27.245.106/isolucionsda/ListadoMaestroDocumentos3.asp
[Mon May 25 08:40:29.159657 2015] [proxy_http:error] [pid 7296:tid 1324] (OS 10060)A connection attempt failed because the connected party did not properly respond after a period of time, or established connection failed because connected host has failed to respond.  : [client 201.245.192.253:33507] AH01102: error reading status line from remote server 172.22.1.31:80, referer: http://190.27.245.106/isolucionsda//Administracion/Upload/Upload.asp?Id_Articulo=8356&UPLDQuerystring=Id_Articulo=8356&UPLDMODO=SubirArchivoADocumento&UPLDRuta=C:\\ISOlucion\\Web\\BancoConocimiento\\A\\Anexo5SolicituddeAprobacionSolicituddeaprobaciondelplandecontingenciaparaactividadesy_v1\\&UPLDAtras=http://190.27.245.106/isolucionsda/Administracion/SalaEdicion/Articulo.asp&UPLDAdelante=http://190.27.245.106/isolucionsda/Administracion/SalaEdicion/Articulo.asp
[Mon May 25 08:40:29.159657 2015] [proxy:error] [pid 7296:tid 1324] [client 201.245.192.253:33507] AH00898: Error reading from remote server returned by /isolucionsda//Administracion/Upload/UploadArchivo.asp, referer: http://190.27.245.106/isolucionsda//Administracion/Upload/Upload.asp?Id_Articulo=8356&UPLDQuerystring=Id_Articulo=8356&UPLDMODO=SubirArchivoADocumento&UPLDRuta=C:\\ISOlucion\\Web\\BancoConocimiento\\A\\Anexo5SolicituddeAprobacionSolicituddeaprobaciondelplandecontingenciaparaactividadesy_v1\\&UPLDAtras=http://190.27.245.106/isolucionsda/Administracion/SalaEdicion/Articulo.asp&UPLDAdelante=http://190.27.245.106/isolucionsda/Administracion/SalaEdicion/Articulo.asp
[Mon May 25 08:41:47.799395 2015] [proxy:error] [pid 7296:tid 1756] (OS 10053)An established connection was aborted by the software in your host machine.  : [client 201.245.192.253:22818] AH01084: pass request body failed to 172.22.1.31:80 (172.22.1.31), referer: http://190.27.245.106/isolucionsda//Administracion/Upload/Upload.asp?Id_Articulo=8356&UPLDQuerystring=Id_Articulo=8356&UPLDMODO=SubirArchivoADocumento&UPLDRuta=C:\\ISOlucion\\Web\\BancoConocimiento\\A\\Anexo5SolicituddeAprobacionSolicituddeaprobaciondelplandecontingenciaparaactividadesy_v1\\&UPLDAtras=http://190.27.245.106/isolucionsda/Administracion/SalaEdicion/Articulo.asp&UPLDAdelante=http://190.27.245.106/isolucionsda/Administracion/SalaEdicion/Articulo.asp
[Mon May 25 08:41:47.799395 2015] [proxy_http:error] [pid 7296:tid 1756] [client 201.245.192.253:22818] AH01097: pass request body failed to 172.22.1.31:80 (172.22.1.31) from 201.245.192.253 (), referer: http://190.27.245.106/isolucionsda//Administracion/Upload/Upload.asp?Id_Articulo=8356&UPLDQuerystring=Id_Articulo=8356&UPLDMODO=SubirArchivoADocumento&UPLDRuta=C:\\ISOlucion\\Web\\BancoConocimiento\\A\\Anexo5SolicituddeAprobacionSolicituddeaprobaciondelplandecontingenciaparaactividadesy_v1\\&UPLDAtras=http://190.27.245.106/isolucionsda/Administracion/SalaEdicion/Articulo.asp&UPLDAdelante=http://190.27.245.106/isolucionsda/Administracion/SalaEdicion/Articulo.asp
[Mon May 25 09:13:22.361322 2015] [proxy_http:error] [pid 7296:tid 1780] (20014)Internal error: [client 201.245.192.253:31422] AH01102: error reading status line from remote server 172.22.1.47:80
[Mon May 25 09:13:22.361322 2015] [proxy:error] [pid 7296:tid 1780] [client 201.245.192.253:31422] AH00898: Error reading from remote server returned by /forest/skins/gdocs-jar/css/autocomplete.css
[Mon May 25 09:13:22.361322 2015] [proxy_http:error] [pid 7296:tid 1244] (20014)Internal error: [client 201.245.192.253:31423] AH01102: error reading status line from remote server 172.22.1.47:80
[Mon May 25 09:13:22.361322 2015] [proxy:error] [pid 7296:tid 1244] [client 201.245.192.253:31423] AH00898: Error reading from remote server returned by /forest/skins/gdocs-jar/css/forms.css
[Mon May 25 09:13:46.276165 2015] [proxy_http:error] [pid 7296:tid 1036] (OS 10060)A connection attempt failed because the connected party did not properly respond after a period of time, or established connection failed because connected host has failed to respond.  : [client 201.245.192.253:29067] AH01102: error reading status line from remote server 172.22.1.31:80, referer: http://190.27.245.106/isolucionsda/Administracion/SalaEdicion/Articulo.asp?Id_Articulo=8356
[Mon May 25 09:13:46.276165 2015] [proxy:error] [pid 7296:tid 1036] [client 201.245.192.253:29067] AH00898: Error reading from remote server returned by /isolucionsda//Administracion/Upload/Upload.asp, referer: http://190.27.245.106/isolucionsda/Administracion/SalaEdicion/Articulo.asp?Id_Articulo=8356
[Mon May 25 09:14:28.162238 2015] [proxy_http:error] [pid 7296:tid 1160] (OS 10060)A connection attempt failed because the connected party did not properly respond after a period of time, or established connection failed because connected host has failed to respond.  : [client 201.245.192.253:29464] AH01102: error reading status line from remote server 172.22.1.31:80, referer: http://190.27.245.106/isolucionsda/Encabezado.asp?Pagina=Administracion/SalaEdicion/Magazines.asp
[Mon May 25 09:14:28.162238 2015] [proxy:error] [pid 7296:tid 1160] [client 201.245.192.253:29464] AH00898: Error reading from remote server returned by /isolucionsda/FrameSetGeneral.asp, referer: http://190.27.245.106/isolucionsda/Encabezado.asp?Pagina=Administracion/SalaEdicion/Magazines.asp
[Mon May 25 09:16:46.253681 2015] [proxy_http:error] [pid 7296:tid 812] (OS 10060)A connection attempt failed because the connected party did not properly respond after a period of time, or established connection failed because connected host has failed to respond.  : [client 201.245.192.253:30644] AH01102: error reading status line from remote server 172.22.1.31:80, referer: http://190.27.245.106/isolucionsda/Administracion/SalaEdicion/Articulo.asp?Id_Articulo=8356
[Mon May 25 09:16:46.253681 2015] [proxy:error] [pid 7296:tid 812] [client 201.245.192.253:30644] AH00898: Error reading from remote server returned by /isolucionsda//Administracion/Upload/Upload.asp, referer: http://190.27.245.106/isolucionsda/Administracion/SalaEdicion/Articulo.asp?Id_Articulo=8356
[Mon May 25 09:17:28.124154 2015] [proxy_http:error] [pid 7296:tid 1844] (OS 10060)A connection attempt failed because the connected party did not properly respond after a period of time, or established connection failed because connected host has failed to respond.  : [client 201.245.192.253:31042] AH01102: error reading status line from remote server 172.22.1.31:80, referer: http://190.27.245.106/isolucionsda/Encabezado.asp?Pagina=Administracion/SalaEdicion/Magazines.asp
[Mon May 25 09:17:28.124154 2015] [proxy:error] [pid 7296:tid 1844] [client 201.245.192.253:31042] AH00898: Error reading from remote server returned by /isolucionsda/FrameSetGeneral.asp, referer: http://190.27.245.106/isolucionsda/Encabezado.asp?Pagina=Administracion/SalaEdicion/Magazines.asp
[Mon May 25 09:18:03.817017 2015] [proxy_http:error] [pid 7296:tid 1844] (20014)Internal error: [client 201.245.192.253:22527] AH01102: error reading status line from remote server 172.22.1.47:80
[Mon May 25 09:18:03.817017 2015] [proxy:error] [pid 7296:tid 1844] [client 201.245.192.253:22527] AH00898: Error reading from remote server returned by /forest/css/index.css
[Mon May 25 09:18:03.817017 2015] [proxy_http:error] [pid 7296:tid 1556] (20014)Internal error: [client 201.245.192.253:22536] AH01102: error reading status line from remote server 172.22.1.47:80
[Mon May 25 09:18:03.817017 2015] [proxy:error] [pid 7296:tid 1556] [client 201.245.192.253:22536] AH00898: Error reading from remote server returned by /forest/skins/gdocs-jar/js/swfobject.js
[Mon May 25 09:27:32.375615 2015] [proxy_http:error] [pid 7296:tid 1388] (20014)Internal error: [client 201.245.192.253:28079] AH01102: error reading status line from remote server 172.22.1.47:80
[Mon May 25 09:27:32.375615 2015] [proxy:error] [pid 7296:tid 1388] [client 201.245.192.253:28079] AH00898: Error reading from remote server returned by /forest/skins/gdocs-jar/js/tareas.js
[Mon May 25 09:28:10.938883 2015] [proxy_http:error] [pid 7296:tid 1380] (20014)Internal error: [client 186.29.157.16:59804] AH01102: error reading status line from remote server 172.22.1.47:80, referer: http://190.27.245.106/forest/usutareas.do?_a=0.9748839610256255&group_system_actual=3
[Mon May 25 09:28:21.437702 2015] [proxy_http:error] [pid 7296:tid 1472] (20014)Internal error: [client 186.29.157.16:59807] AH01102: error reading status line from remote server 172.22.1.47:80, referer: http://190.27.245.106/forest/usutareas.do?_a=0.9748839610256255&group_system_actual=3
[Mon May 25 09:28:21.437702 2015] [proxy:error] [pid 7296:tid 1472] [client 186.29.157.16:59807] AH00898: Error reading from remote server returned by /forest/usutareas.do, referer: http://190.27.245.106/forest/usutareas.do?_a=0.9748839610256255&group_system_actual=3
[Mon May 25 09:29:04.790178 2015] [proxy_http:error] [pid 7296:tid 1472] (20014)Internal error: [client 201.245.192.253:28639] AH01102: error reading status line from remote server 172.22.1.47:80
[Mon May 25 09:29:04.790178 2015] [proxy:error] [pid 7296:tid 1472] [client 201.245.192.253:28639] AH00898: Error reading from remote server returned by /forest/js/sarissa.js
[Mon May 25 09:29:40.888641 2015] [proxy_http:error] [pid 7296:tid 1748] (20014)Internal error: [client 201.245.192.253:29066] AH01102: error reading status line from remote server 172.22.1.47:80
[Mon May 25 09:29:40.888641 2015] [proxy:error] [pid 7296:tid 1748] [client 201.245.192.253:29066] AH00898: Error reading from remote server returned by /forest/skins/gdocs-jar/js/grid.js
[Mon May 25 09:29:47.253452 2015] [proxy_http:error] [pid 7296:tid 1116] (20014)Internal error: [client 201.245.192.253:29169] AH01102: error reading status line from remote server 172.22.1.47:80, referer: http://190.27.245.106/forest/misactividades.do?group_system_actual=3&codPro=235&_a=0.23959165063245125
[Mon May 25 09:29:47.253452 2015] [proxy:error] [pid 7296:tid 1116] [client 201.245.192.253:29169] AH00898: Error reading from remote server returned by /forest/session.jsp, referer: http://190.27.245.106/forest/misactividades.do?group_system_actual=3&codPro=235&_a=0.23959165063245125
[Mon May 25 09:29:47.253452 2015] [negotiation:error] [pid 7296:tid 1116] [client 201.245.192.253:29169] AH00690: no acceptable variant: E:/nuevo/apache/error/HTTP_BAD_GATEWAY.html.var, referer: http://190.27.245.106/forest/misactividades.do?group_system_actual=3&codPro=235&_a=0.23959165063245125
[Mon May 25 09:29:47.752653 2015] [proxy_http:error] [pid 7296:tid 1116] (20014)Internal error: [client 201.245.192.253:29182] AH01102: error reading status line from remote server 172.22.1.47:80
[Mon May 25 09:29:47.752653 2015] [proxy:error] [pid 7296:tid 1116] [client 201.245.192.253:29182] AH00898: Error reading from remote server returned by /forest/skins/gdocs-jar/img/doc-alert.gif
[Mon May 25 09:29:56.504269 2015] [proxy_http:error] [pid 7296:tid 712] (20014)Internal error: [client 201.245.192.253:29310] AH01102: error reading status line from remote server 172.22.1.47:80
[Mon May 25 09:29:56.504269 2015] [proxy:error] [pid 7296:tid 712] [client 201.245.192.253:29310] AH00898: Error reading from remote server returned by /forest/img/mireparto.gif
[Mon May 25 09:29:58.360672 2015] [proxy_http:error] [pid 7296:tid 1228] (20014)Internal error: [client 201.245.192.253:29344] AH01102: error reading status line from remote server 172.22.1.47:80
[Mon May 25 09:29:58.360672 2015] [proxy:error] [pid 7296:tid 1228] [client 201.245.192.253:29344] AH00898: Error reading from remote server returned by /forestReports/webcontent/birt/ajax/utility/BrowserUtility.js
[Mon May 25 09:29:58.454272 2015] [proxy_http:error] [pid 7296:tid 1260] (20014)Internal error: [client 201.245.192.253:29353] AH01102: error reading status line from remote server 172.22.1.47:80
[Mon May 25 09:29:58.454272 2015] [proxy:error] [pid 7296:tid 1260] [client 201.245.192.253:29353] AH00898: Error reading from remote server returned by /forestReports/webcontent/birt/ajax/ui/app/AbstractBaseToolbar.js
[Mon May 25 09:30:32.978133 2015] [proxy_http:error] [pid 7296:tid 716] (20014)Internal error: [client 201.245.192.253:29689] AH01102: error reading status line from remote server 172.22.1.47:80
[Mon May 25 09:30:32.978133 2015] [proxy:error] [pid 7296:tid 716] [client 201.245.192.253:29689] AH00898: Error reading from remote server returned by /forest/js/escritorio/escritorio.js
[Mon May 25 09:32:21.710324 2015] [proxy_http:error] [pid 7296:tid 680] (20014)Internal error: [client 190.8.251.209:49334] AH01102: error reading status line from remote server 172.22.1.47:80
[Mon May 25 09:32:21.710324 2015] [proxy:error] [pid 7296:tid 680] [client 190.8.251.209:49334] AH00898: Error reading from remote server returned by /forest/
[Mon May 25 09:32:47.684369 2015] [proxy_http:error] [pid 7296:tid 1160] (20014)Internal error: [client 201.245.192.253:30779] AH01102: error reading status line from remote server 172.22.1.47:80, referer: http://190.27.245.106/forest/buscar.do?type=documentos
[Mon May 25 09:32:47.684369 2015] [proxy:error] [pid 7296:tid 1160] [client 201.245.192.253:30779] AH00898: Error reading from remote server returned by /forest/json.do, referer: http://190.27.245.106/forest/buscar.do?type=documentos
[Mon May 25 09:32:47.684369 2015] [negotiation:error] [pid 7296:tid 1160] [client 201.245.192.253:30779] AH00690: no acceptable variant: E:/nuevo/apache/error/HTTP_BAD_GATEWAY.html.var, referer: http://190.27.245.106/forest/buscar.do?type=documentos
[Mon May 25 09:32:47.731169 2015] [proxy_http:error] [pid 7296:tid 1108] (20014)Internal error: [client 201.245.192.253:30777] AH01102: error reading status line from remote server 172.22.1.47:80, referer: http://190.27.245.106/forest/buscar.do?type=documentos
[Mon May 25 09:32:48.791971 2015] [proxy_http:error] [pid 7296:tid 1508] (20014)Internal error: [client 190.8.251.209:49351] AH01102: error reading status line from remote server 172.22.1.47:80, referer: http://190.27.245.106/forest/usutareas.do?group_system_actual=3&codTraEsc=18131332&_a=0.033722415011601226
[Mon May 25 09:34:38.319764 2015] [proxy_http:error] [pid 7296:tid 1468] (20014)Internal error: [client 201.245.192.253:31743] AH01102: error reading status line from remote server 172.22.1.47:80
[Mon May 25 09:34:38.319764 2015] [proxy:error] [pid 7296:tid 1468] [client 201.245.192.253:31743] AH00898: Error reading from remote server returned by /forest/img/mplogo.gif
[Mon May 25 09:36:00.219908 2015] [proxy_http:error] [pid 7296:tid 1372] (20014)Internal error: [client 201.245.192.253:32496] AH01102: error reading status line from remote server 172.22.1.47:80
[Mon May 25 09:36:00.219908 2015] [proxy:error] [pid 7296:tid 1372] [client 201.245.192.253:32496] AH00898: Error reading from remote server returned by /forest/js/dialog.js
[Mon May 25 09:36:00.219908 2015] [proxy_http:error] [pid 7296:tid 1148] (20014)Internal error: [client 201.245.192.253:32501] AH01102: error reading status line from remote server 172.22.1.47:80
[Mon May 25 09:36:00.219908 2015] [proxy:error] [pid 7296:tid 1148] [client 201.245.192.253:32501] AH00898: Error reading from remote server returned by /forest/1ibre/jscalendar/calendar.js
[Mon May 25 09:36:00.235508 2015] [proxy_http:error] [pid 7296:tid 1468] (20014)Internal error: [client 201.245.192.253:32500] AH01102: error reading status line from remote server 172.22.1.47:80
[Mon May 25 09:36:00.235508 2015] [proxy:error] [pid 7296:tid 1468] [client 201.245.192.253:32500] AH00898: Error reading from remote server returned by /forest/1ibre/protoaculous.js
[Mon May 25 09:36:00.687908 2015] [proxy_http:error] [pid 7296:tid 1228] (20014)Internal error: [client 201.245.192.253:32506] AH01102: error reading status line from remote server 172.22.1.47:80, referer: http://190.27.245.106/forest/reportes.do?menu=1&group_system_actual=5
[Mon May 25 09:37:40.075683 2015] [proxy_http:error] [pid 7296:tid 1604] (20014)Internal error: [client 201.245.192.253:33420] AH01102: error reading status line from remote server 172.22.1.47:80
[Mon May 25 09:37:40.075683 2015] [proxy:error] [pid 7296:tid 1604] [client 201.245.192.253:33420] AH00898: Error reading from remote server returned by /forest/skins/gdocs-jar/img/dependencia-tree.gif
[Mon May 25 09:37:40.075683 2015] [proxy_http:error] [pid 7296:tid 1428] (20014)Internal error: [client 201.245.192.253:33422] AH01102: error reading status line from remote server 172.22.1.47:80
[Mon May 25 09:37:40.075683 2015] [proxy:error] [pid 7296:tid 1428] [client 201.245.192.253:33422] AH00898: Error reading from remote server returned by /forest/1ibre/images/spacer.gif
[Mon May 25 09:38:39.184187 2015] [proxy_http:error] [pid 7296:tid 1124] (20014)Internal error: [client 186.29.157.16:59823] AH01102: error reading status line from remote server 172.22.1.47:80, referer: http://190.27.245.106/forest/usutareas.do?_a=0.1776566666085273&group_system_actual=3
[Mon May 25 09:38:39.230987 2015] [proxy_http:error] [pid 7296:tid 1124] (20014)Internal error: [client 186.29.157.16:59825] AH01102: error reading status line from remote server 172.22.1.47:80, referer: http://190.27.245.106/forest/usutareas.do?_a=0.1776566666085273&group_system_actual=3
[Mon May 25 09:38:39.230987 2015] [proxy:error] [pid 7296:tid 1124] [client 186.29.157.16:59825] AH00898: Error reading from remote server returned by /forest/json.do, referer: http://190.27.245.106/forest/usutareas.do?_a=0.1776566666085273&group_system_actual=3
[Mon May 25 09:38:39.230987 2015] [negotiation:error] [pid 7296:tid 1124] [client 186.29.157.16:59825] AH00690: no acceptable variant: E:/nuevo/apache/error/HTTP_BAD_GATEWAY.html.var, referer: http://190.27.245.106/forest/usutareas.do?_a=0.1776566666085273&group_system_actual=3
[Mon May 25 09:38:39.449387 2015] [proxy_http:error] [pid 7296:tid 1124] (20014)Internal error: [client 186.29.157.16:59825] AH01102: error reading status line from remote server 172.22.1.47:80, referer: http://190.27.245.106/forest/usutareas.do?_a=0.1776566666085273&group_system_actual=3
[Mon May 25 09:38:55.813816 2015] [proxy_http:error] [pid 7296:tid 1116] (20014)Internal error: [client 201.184.24.68:49488] AH01102: error reading status line from remote server 172.22.1.47:80, referer: http://190.27.245.106/forest/misactividades.do?group_system_actual=3&codPro=176&_a=0.08167163840053482
[Mon May 25 09:38:55.813816 2015] [proxy:error] [pid 7296:tid 1116] [client 201.184.24.68:49488] AH00898: Error reading from remote server returned by /forest/skins/gdocs-jar/jsp/cookie.jsp, referer: http://190.27.245.106/forest/misactividades.do?group_system_actual=3&codPro=176&_a=0.08167163840053482
[Mon May 25 09:40:46.028010 2015] [mpm_winnt:warn] [pid 7296:tid 2800] (OS 64)The specified network name is no longer available.  : AH00341: winnt_accept: Asynchronous AcceptEx failed.
[Mon May 25 09:41:32.048090 2015] [proxy_http:error] [pid 7296:tid 1140] (20014)Internal error: [client 201.245.192.253:23245] AH01102: error reading status line from remote server 172.22.1.47:80, referer: http://190.27.245.106/forest/misactividades.do?_a=0.3704907698223915&group_system_actual=3
[Mon May 25 09:41:32.048090 2015] [proxy:error] [pid 7296:tid 1140] [client 201.245.192.253:23245] AH00898: Error reading from remote server returned by /forest/misactividades.do, referer: http://190.27.245.106/forest/misactividades.do?_a=0.3704907698223915&group_system_actual=3
[Mon May 25 09:41:50.284522 2015] [proxy_http:error] [pid 7296:tid 1876] (20014)Internal error: [client 201.245.192.253:23434] AH01102: error reading status line from remote server 172.22.1.47:80
[Mon May 25 09:41:50.284522 2015] [proxy:error] [pid 7296:tid 1876] [client 201.245.192.253:23434] AH00898: Error reading from remote server returned by /forest/1ibre/jscalendar/calendar-win2k-1.css
[Mon May 25 09:41:50.300122 2015] [proxy_http:error] [pid 7296:tid 1092] (20014)Internal error: [client 201.245.192.253:23436] AH01102: error reading status line from remote server 172.22.1.47:80
[Mon May 25 09:41:50.300122 2015] [proxy:error] [pid 7296:tid 1092] [client 201.245.192.253:23436] AH00898: Error reading from remote server returned by /forest/skins/gdocs-jar/css/dialog.css
[Mon May 25 09:41:50.300122 2015] [proxy_http:error] [pid 7296:tid 1852] (20014)Internal error: [client 201.245.192.253:23438] AH01102: error reading status line from remote server 172.22.1.47:80
[Mon May 25 09:41:50.300122 2015] [proxy:error] [pid 7296:tid 1852] [client 201.245.192.253:23438] AH00898: Error reading from remote server returned by /forest/skins/gdocs-jar/js/graphicForm.js
[Mon May 25 09:42:05.541349 2015] [proxy_http:error] [pid 7296:tid 1108] (20014)Internal error: [client 201.184.24.68:49502] AH01102: error reading status line from remote server 172.22.1.47:80, referer: http://190.27.245.106/forest/usutareas.do?_a=0.6053069515619427&group_system_actual=3
[Mon May 25 09:42:05.650549 2015] [proxy_http:error] [pid 7296:tid 1108] (20014)Internal error: [client 201.184.24.68:49503] AH01102: error reading status line from remote server 172.22.1.47:80, referer: http://190.27.245.106/forest/usutareas.do?_a=0.6053069515619427&group_system_actual=3
[Mon May 25 09:42:05.650549 2015] [proxy:error] [pid 7296:tid 1108] [client 201.184.24.68:49503] AH00898: Error reading from remote server returned by /forest/json.do, referer: http://190.27.245.106/forest/usutareas.do?_a=0.6053069515619427&group_system_actual=3
[Mon May 25 09:42:05.650549 2015] [negotiation:error] [pid 7296:tid 1108] [client 201.184.24.68:49503] AH00690: no acceptable variant: E:/nuevo/apache/error/HTTP_BAD_GATEWAY.html.var, referer: http://190.27.245.106/forest/usutareas.do?_a=0.6053069515619427&group_system_actual=3
[Mon May 25 09:42:19.050973 2015] [proxy_http:error] [pid 7296:tid 1108] (OS 10054)An existing connection was forcibly closed by the remote host.  : [client 201.245.192.253:23732] AH01102: error reading status line from remote server 172.22.1.31:80, referer: http://190.27.245.106/isolucionsda/Encabezado.asp?Pagina=Menu.asp&IdModulo=4
[Mon May 25 09:42:19.050973 2015] [proxy:error] [pid 7296:tid 1108] [client 201.245.192.253:23732] AH00898: Error reading from remote server returned by /isolucionsda/g/Bot_Anterior.jpg, referer: http://190.27.245.106/isolucionsda/Encabezado.asp?Pagina=Menu.asp&IdModulo=4
[Mon May 25 09:42:28.052189 2015] [proxy_http:error] [pid 7296:tid 1564] (20014)Internal error: [client 201.184.24.68:49511] AH01102: error reading status line from remote server 172.22.1.47:80, referer: http://190.27.245.106/forest/usutareas.do?group_system_actual=3&a=0.2037746941205114
[Mon May 25 09:42:49.689427 2015] [proxy_http:error] [pid 7296:tid 1816] (20014)Internal error: [client 201.184.24.68:49514] AH01102: error reading status line from remote server 172.22.1.47:80, referer: http://190.27.245.106/forest/usutareas.do?group_system_actual=3&a=0.2037746941205114
[Mon May 25 09:46:40.944233 2015] [proxy_http:error] [pid 7296:tid 1372] (20014)Internal error: [client 201.245.192.253:26107] AH01102: error reading status line from remote server 172.22.1.47:80, referer: http://190.27.245.106/forest/index2.jsp?a=0.3249172689982873
[Mon May 25 09:46:41.053433 2015] [proxy_http:error] [pid 7296:tid 1372] (20014)Internal error: [client 201.245.192.253:26124] AH01102: error reading status line from remote server 172.22.1.47:80, referer: http://190.27.245.106/forest/index2.jsp?a=0.3249172689982873
[Mon May 25 09:46:41.053433 2015] [proxy:error] [pid 7296:tid 1372] [client 201.245.192.253:26124] AH00898: Error reading from remote server returned by /forest/img/mplogo.gif, referer: http://190.27.245.106/forest/index2.jsp?a=0.3249172689982873
[Mon May 25 09:46:41.069033 2015] [proxy_http:error] [pid 7296:tid 1124] (20014)Internal error: [client 201.245.192.253:26126] AH01102: error reading status line from remote server 172.22.1.47:80
[Mon May 25 09:46:41.069033 2015] [proxy:error] [pid 7296:tid 1124] [client 201.245.192.253:26126] AH00898: Error reading from remote server returned by /forest/img/inicio/5.gif
[Mon May 25 09:51:00.996690 2015] [proxy_http:error] [pid 7296:tid 1092] (20014)Internal error: [client 201.245.192.253:29441] AH01102: error reading status line from remote server 172.22.1.47:80, referer: http://190.27.245.106/forest/buscar.do?type=procesos
[Mon May 25 09:57:23.245161 2015] [proxy_http:error] [pid 7296:tid 1364] (20014)Internal error: [client 201.184.24.68:49588] AH01102: error reading status line from remote server 172.22.1.47:80, referer: http://190.27.245.106/forest/usutareas.do?group_system_actual=3&a=0.44007624848745763
[Mon May 25 09:58:13.134049 2015] [proxy_http:error] [pid 7296:tid 1500] (20014)Internal error: [client 201.184.24.68:49595] AH01102: error reading status line from remote server 172.22.1.47:80, referer: http://190.27.245.106/forest/buscar.do?type=documentos
[Mon May 25 09:59:17.062961 2015] [proxy_http:error] [pid 7296:tid 1372] (20014)Internal error: [client 201.184.24.68:49608] AH01102: error reading status line from remote server 172.22.1.47:80, referer: http://190.27.245.106/forest/buscar.do?type=procesos
[Mon May 25 09:59:57.810233 2015] [proxy_http:error] [pid 7296:tid 712] (20014)Internal error: [client 201.245.192.253:23332] AH01102: error reading status line from remote server 172.22.1.47:80, referer: http://190.27.245.106/forest/
[Mon May 25 09:59:57.966233 2015] [proxy_http:error] [pid 7296:tid 1572] (20014)Internal error: [client 201.245.192.253:23335] AH01102: error reading status line from remote server 172.22.1.47:80, referer: http://190.27.245.106/forest/reportes.do?menu=1&group_system_actual=5
[Mon May 25 09:59:57.966233 2015] [proxy:error] [pid 7296:tid 1572] [client 201.245.192.253:23335] AH00898: Error reading from remote server returned by /forest/system/process.jsp, referer: http://190.27.245.106/forest/reportes.do?menu=1&group_system_actual=5
[Mon May 25 10:00:43.674313 2015] [proxy_http:error] [pid 7296:tid 1508] (20014)Internal error: [client 201.245.192.253:23826] AH01102: error reading status line from remote server 172.22.1.47:80, referer: http://190.27.245.106/forest/usutareas.do?group_system_actual=3&codTraEsc=18218333&_a=0.6116209019889761
[Mon May 25 10:00:43.674313 2015] [proxy:error] [pid 7296:tid 1508] [client 201.245.192.253:23826] AH00898: Error reading from remote server returned by /forest/json.do, referer: http://190.27.245.106/forest/usutareas.do?group_system_actual=3&codTraEsc=18218333&_a=0.6116209019889761
[Mon May 25 10:00:43.674313 2015] [negotiation:error] [pid 7296:tid 1508] [client 201.245.192.253:23826] AH00690: no acceptable variant: E:/nuevo/apache/error/HTTP_BAD_GATEWAY.html.var, referer: http://190.27.245.106/forest/usutareas.do?group_system_actual=3&codTraEsc=18218333&_a=0.6116209019889761
[Mon May 25 10:00:58.541139 2015] [proxy_http:error] [pid 7296:tid 728] (20014)Internal error: [client 201.245.192.253:23990] AH01102: error reading status line from remote server 172.22.1.47:80
[Mon May 25 10:00:58.541139 2015] [proxy:error] [pid 7296:tid 728] [client 201.245.192.253:23990] AH00898: Error reading from remote server returned by /forest/skins/gdocs-jar/img/control-double.png
[Mon May 25 10:01:06.559553 2015] [proxy_http:error] [pid 7296:tid 1388] (20014)Internal error: [client 201.245.192.253:24086] AH01102: error reading status line from remote server 172.22.1.47:80
[Mon May 25 10:01:06.559553 2015] [proxy:error] [pid 7296:tid 1388] [client 201.245.192.253:24086] AH00898: Error reading from remote server returned by /forest/skins/gdocs-jar/css/forest.css
[Mon May 25 10:01:47.743626 2015] [proxy_http:error] [pid 7296:tid 1748] (20014)Internal error: [client 186.29.157.16:59924] AH01102: error reading status line from remote server 172.22.1.47:80, referer: http://190.27.245.106/forest/buscar.do?type=procesos
[Mon May 25 10:01:52.891635 2015] [proxy_http:error] [pid 7296:tid 1748] (20014)Internal error: [client 201.245.192.253:24542] AH01102: error reading status line from remote server 172.22.1.47:80, referer: http://190.27.245.106/forest/usutareas.do?group_system_actual=3&a=0.12972574253367786
[Mon May 25 10:02:17.430478 2015] [proxy_http:error] [pid 7296:tid 1500] (20014)Internal error: [client 201.245.192.253:24648] AH01102: error reading status line from remote server 172.22.1.47:80, referer: http://190.27.245.106/forest/usutareas.do?group_system_actual=3&a=0.5301437198125957
[Mon May 25 10:02:17.461678 2015] [proxy_http:error] [pid 7296:tid 1500] (20014)Internal error: [client 201.245.192.253:25036] AH01102: error reading status line from remote server 172.22.1.47:80, referer: http://190.27.245.106/forest/usutareas.do?group_system_actual=3&a=0.03284659143537283
[Mon May 25 10:02:17.461678 2015] [proxy:error] [pid 7296:tid 1500] [client 201.245.192.253:25036] AH00898: Error reading from remote server returned by /forest/actions/forms.getList, referer: http://190.27.245.106/forest/usutareas.do?group_system_actual=3&a=0.03284659143537283
[Mon May 25 10:02:17.461678 2015] [negotiation:error] [pid 7296:tid 1500] [client 201.245.192.253:25036] AH00690: no acceptable variant: E:/nuevo/apache/error/HTTP_BAD_GATEWAY.html.var, referer: http://190.27.245.106/forest/usutareas.do?group_system_actual=3&a=0.03284659143537283
[Mon May 25 10:02:19.318081 2015] [proxy_http:error] [pid 7296:tid 1636] (20014)Internal error: [client 201.245.192.253:25069] AH01102: error reading status line from remote server 172.22.1.47:80
[Mon May 25 10:02:19.318081 2015] [proxy:error] [pid 7296:tid 1636] [client 201.245.192.253:25069] AH00898: Error reading from remote server returned by /forest/skins/gdocs-jar/css/switch.css
[Mon May 25 10:02:29.692099 2015] [proxy_http:error] [pid 7296:tid 1160] (20014)Internal error: [client 201.245.192.253:24939] AH01102: error reading status line from remote server 172.22.1.47:80, referer: http://190.27.245.106/forest/usutareas.do?_a=0.8357561368029565&group_system_actual=3
[Mon May 25 10:02:29.848100 2015] [proxy_http:error] [pid 7296:tid 1160] (20014)Internal error: [client 201.245.192.253:25277] AH01102: error reading status line from remote server 172.22.1.47:80, referer: http://190.27.245.106/forest/misactividades.do?_a=0.8889602744020522&group_system_actual=3
[Mon May 25 10:02:29.848100 2015] [proxy:error] [pid 7296:tid 1160] [client 201.245.192.253:25277] AH00898: Error reading from remote server returned by /forest/session.jsp, referer: http://190.27.245.106/forest/misactividades.do?_a=0.8889602744020522&group_system_actual=3
[Mon May 25 10:02:29.848100 2015] [negotiation:error] [pid 7296:tid 1160] [client 201.245.192.253:25277] AH00690: no acceptable variant: E:/nuevo/apache/error/HTTP_BAD_GATEWAY.html.var, referer: http://190.27.245.106/forest/misactividades.do?_a=0.8889602744020522&group_system_actual=3
[Mon May 25 10:02:50.611736 2015] [proxy_http:error] [pid 7296:tid 1636] (20014)Internal error: [client 201.245.192.253:25458] AH01102: error reading status line from remote server 172.22.1.47:80, referer: http://190.27.245.106/forest/usutareas.do?group_system_actual=3&a=0.03284659143537283
[Mon May 25 10:02:51.001737 2015] [proxy_http:error] [pid 7296:tid 1160] (20014)Internal error: [client 201.245.192.253:25523] AH01102: error reading status line from remote server 172.22.1.47:80, referer: http://190.27.245.106/forest/usutareas.do?group_system_actual=3&a=0.03284659143537283
[Mon May 25 10:02:51.001737 2015] [proxy:error] [pid 7296:tid 1160] [client 201.245.192.253:25523] AH00898: Error reading from remote server returned by /forest/actions/forms.getList, referer: http://190.27.245.106/forest/usutareas.do?group_system_actual=3&a=0.03284659143537283
[Mon May 25 10:02:51.001737 2015] [negotiation:error] [pid 7296:tid 1160] [client 201.245.192.253:25523] AH00690: no acceptable variant: E:/nuevo/apache/error/HTTP_BAD_GATEWAY.html.var, referer: http://190.27.245.106/forest/usutareas.do?group_system_actual=3&a=0.03284659143537283
[Mon May 25 10:02:56.071746 2015] [proxy_http:error] [pid 7296:tid 1160] (20014)Internal error: [client 201.245.192.253:25523] AH01102: error reading status line from remote server 172.22.1.47:80, referer: http://190.27.245.106/forest/usutareas.do?group_system_actual=3&a=0.03284659143537283
[Mon May 25 10:02:56.321346 2015] [proxy_http:error] [pid 7296:tid 1160] (20014)Internal error: [client 201.245.192.253:25587] AH01102: error reading status line from remote server 172.22.1.47:80, referer: http://190.27.245.106/forest/usutareas.do?group_system_actual=3&a=0.03284659143537283
[Mon May 25 10:02:56.321346 2015] [proxy:error] [pid 7296:tid 1160] [client 201.245.192.253:25587] AH00898: Error reading from remote server returned by /forest/actions/forms.getList, referer: http://190.27.245.106/forest/usutareas.do?group_system_actual=3&a=0.03284659143537283
[Mon May 25 10:02:56.321346 2015] [negotiation:error] [pid 7296:tid 1160] [client 201.245.192.253:25587] AH00690: no acceptable variant: E:/nuevo/apache/error/HTTP_BAD_GATEWAY.html.var, referer: http://190.27.245.106/forest/usutareas.do?group_system_actual=3&a=0.03284659143537283
[Mon May 25 10:03:00.642554 2015] [proxy_http:error] [pid 7296:tid 1160] (20014)Internal error: [client 201.245.192.253:25615] AH01102: error reading status line from remote server 172.22.1.47:80
[Mon May 25 10:03:00.642554 2015] [proxy:error] [pid 7296:tid 1160] [client 201.245.192.253:25615] AH00898: Error reading from remote server returned by /forest/skins/gdocs-jar/css/menu.css
[Mon May 25 10:03:21.780591 2015] [proxy_http:error] [pid 7296:tid 1524] (20014)Internal error: [client 201.245.192.253:25877] AH01102: error reading status line from remote server 172.22.1.47:80
[Mon May 25 10:03:21.780591 2015] [proxy:error] [pid 7296:tid 1524] [client 201.245.192.253:25877] AH00898: Error reading from remote server returned by /forest/skins/gdocs-jar/js/xml_utilities.js
[Mon May 25 10:03:21.811791 2015] [proxy_http:error] [pid 7296:tid 1524] (20014)Internal error: [client 201.245.192.253:25880] AH01102: error reading status line from remote server 172.22.1.47:80
[Mon May 25 10:03:21.811791 2015] [proxy:error] [pid 7296:tid 1524] [client 201.245.192.253:25880] AH00898: Error reading from remote server returned by /forest/img/forestIcon.gif
[Mon May 25 10:04:32.604715 2015] [proxy_http:error] [pid 7296:tid 1780] (20014)Internal error: [client 201.245.192.253:26580] AH01102: error reading status line from remote server 172.22.1.47:80, referer: http://190.27.245.106/forest/usutareas.do?_a=0.7793379777414616&group_system_actual=3
[Mon May 25 10:04:35.974321 2015] [proxy_http:error] [pid 7296:tid 1188] (20014)Internal error: [client 201.245.192.253:26651] AH01102: error reading status line from remote server 172.22.1.47:80
[Mon May 25 10:04:35.974321 2015] [proxy:error] [pid 7296:tid 1188] [client 201.245.192.253:26651] AH00898: Error reading from remote server returned by /forest/skins/gdocs-jar/js/autocompletar2.js
[Mon May 25 10:05:06.175974 2015] [proxy_http:error] [pid 7296:tid 768] (20014)Internal error: [client 201.245.192.253:26903] AH01102: error reading status line from remote server 172.22.1.47:80
[Mon May 25 10:05:06.175974 2015] [proxy:error] [pid 7296:tid 768] [client 201.245.192.253:26903] AH00898: Error reading from remote server returned by /forest/skins/gdocs-jar/img/user_search.gif
[Mon May 25 10:05:30.402817 2015] [proxy_http:error] [pid 7296:tid 1636] (20014)Internal error: [client 201.245.192.253:27130] AH01102: error reading status line from remote server 172.22.1.47:80
[Mon May 25 10:05:30.402817 2015] [proxy:error] [pid 7296:tid 1636] [client 201.245.192.253:27130] AH00898: Error reading from remote server returned by /forest/1ibre/jscalendar/calendar-win2k-1.css
[Mon May 25 10:06:11.961290 2015] [proxy_http:error] [pid 7296:tid 704] (20014)Internal error: [client 201.245.192.253:27548] AH01102: error reading status line from remote server 172.22.1.47:80
[Mon May 25 10:06:11.961290 2015] [proxy:error] [pid 7296:tid 704] [client 201.245.192.253:27548] AH00898: Error reading from remote server returned by /forest/img/jquery/ui-icons_469bdd_256x240.png
[Mon May 25 10:06:26.968516 2015] [proxy_http:error] [pid 7296:tid 1308] (20014)Internal error: [client 201.245.192.253:27751] AH01102: error reading status line from remote server 172.22.1.47:80, referer: http://190.27.245.106/forest/usutareas.do?_a=0.2820255727746448&group_system_actual=3
[Mon May 25 10:06:26.968516 2015] [proxy:error] [pid 7296:tid 1308] [client 201.245.192.253:27751] AH00898: Error reading from remote server returned by /forest/session.jsp, referer: http://190.27.245.106/forest/usutareas.do?_a=0.2820255727746448&group_system_actual=3
[Mon May 25 10:06:26.968516 2015] [negotiation:error] [pid 7296:tid 1308] [client 201.245.192.253:27751] AH00690: no acceptable variant: E:/nuevo/apache/error/HTTP_BAD_GATEWAY.html.var, referer: http://190.27.245.106/forest/usutareas.do?_a=0.2820255727746448&group_system_actual=3
[Mon May 25 10:06:38.387736 2015] [proxy_http:error] [pid 7296:tid 1308] (20014)Internal error: [client 201.245.192.253:27817] AH01102: error reading status line from remote server 172.22.1.47:80, referer: http://190.27.245.106/forest/usutareas.do?_a=0.2820255727746448&group_system_actual=3
[Mon May 25 10:07:33.097032 2015] [proxy_http:error] [pid 7296:tid 968] (20014)Internal error: [client 201.245.192.253:28348] AH01102: error reading status line from remote server 172.22.1.47:80, referer: http://190.27.245.106/forest/usutareas.do?group_system_actual=3&a=0.3393187774023635
[Mon May 25 10:10:32.980948 2015] [proxy_http:error] [pid 7296:tid 712] (OS 10060)A connection attempt failed because the connected party did not properly respond after a period of time, or established connection failed because connected host has failed to respond.  : [client 201.245.192.253:27144] AH01102: error reading status line from remote server 172.22.1.31:80
[Mon May 25 10:10:32.980948 2015] [proxy:error] [pid 7296:tid 712] [client 201.245.192.253:27144] AH00898: Error reading from remote server returned by /isolucionsda/ControlDeInicio.asp
[Mon May 25 10:13:32.958464 2015] [proxy_http:error] [pid 7296:tid 968] (OS 10060)A connection attempt failed because the connected party did not properly respond after a period of time, or established connection failed because connected host has failed to respond.  : [client 201.245.192.253:29191] AH01102: error reading status line from remote server 172.22.1.31:80
[Mon May 25 10:13:32.958464 2015] [proxy:error] [pid 7296:tid 968] [client 201.245.192.253:29191] AH00898: Error reading from remote server returned by /isolucionsda/ControlDeInicio.asp
[Mon May 25 10:15:16.932647 2015] [proxy_http:error] [pid 7296:tid 1356] (20014)Internal error: [client 186.31.226.118:17569] AH01102: error reading status line from remote server 172.22.1.47:80, referer: http://190.27.245.106/forest/
[Mon May 25 10:15:16.932647 2015] [proxy:error] [pid 7296:tid 1356] [client 186.31.226.118:17569] AH00898: Error reading from remote server returned by /forest/skins/gdocs-jar/css/autocomplete.css, referer: http://190.27.245.106/forest/
[Mon May 25 10:15:16.963847 2015] [proxy_http:error] [pid 7296:tid 1148] (20014)Internal error: [client 186.31.226.118:17567] AH01102: error reading status line from remote server 172.22.1.47:80, referer: http://190.27.245.106/forest/
[Mon May 25 10:15:17.041847 2015] [proxy_http:error] [pid 7296:tid 1428] (20014)Internal error: [client 186.31.226.118:17565] AH01102: error reading status line from remote server 172.22.1.47:80, referer: http://190.27.245.106/forest/
