!C99Shell v. 1.0 pre-release build #13!

Software: Apache. PHP/5.5.15 

uname -a: Windows NT SVR-DMZ 6.1 build 7600 (Windows Server 2008 R2 Enterprise Edition) i586 

SYSTEM 

Safe-mode: OFF (not secure)

E:\nuevo\apache\logs\   drwxrwxrwx
Free 8.02 GB of 239.26 GB (3.35%)
Detected drives: [ a ] [ c ] [ d ] [ e ] [ f ]
Home    Back    Forward    UPDIR    Refresh    Search    Buffer    Encoder    Tools    Proc.    FTP brute    Sec.    SQL    PHP-code    Update    Feedback    Self remove    Logout    


Viewing file:     error.2015.06.01.log (90.18 KB)      -rw-rw-rw-
Select action/file-type:
(+) | (+) | (+) | Code (+) | Session (+) | (+) | SDB (+) | (+) | (+) | (+) | (+) | (+) |
[Mon Jun 01 01:13:14.471796 2015] [:error] [pid 7472:tid 1872] [client 207.46.13.138:15840] script 'E:/nuevo/htdocs/autentica.php' not found or unable to stat
[Mon Jun 01 02:15:44.176382 2015] [core:error] [pid 7472:tid 1520] (22)Invalid argument: [client 180.76.15.159:54704] AH00127: Cannot map GET /Autoliquidacion/TR%C1MITES%20MINER%CDA/126PM04PR39FA2ListaChequeoMineria1-guia-.xls HTTP/1.1 to file
[Mon Jun 01 02:36:40.306188 2015] [mpm_winnt:warn] [pid 7472:tid 3048] (OS 64)The specified network name is no longer available.  : AH00341: winnt_accept: Asynchronous AcceptEx failed.
[Mon Jun 01 04:02:37.102046 2015] [proxy_http:error] [pid 7472:tid 1616] (OS 10054)An existing connection was forcibly closed by the remote host.  : [client 190.84.14.206:54427] AH01102: error reading status line from remote server 172.22.1.31:80, referer: http://190.27.245.106/isolucionsda/FrameSetGeneral.asp?Pagina1=FrameSetGeneral.asp&
[Mon Jun 01 04:02:37.102046 2015] [proxy:error] [pid 7472:tid 1616] [client 190.84.14.206:54427] AH00898: Error reading from remote server returned by /isolucionsda/BarraTitulos.asp, referer: http://190.27.245.106/isolucionsda/FrameSetGeneral.asp?Pagina1=FrameSetGeneral.asp&
[Mon Jun 01 04:02:37.117646 2015] [proxy_http:error] [pid 7472:tid 1592] (OS 10054)An existing connection was forcibly closed by the remote host.  : [client 190.84.14.206:54428] AH01102: error reading status line from remote server 172.22.1.31:80, referer: http://190.27.245.106/isolucionsda/FrameSetGeneral.asp?Pagina1=FrameSetGeneral.asp&
[Mon Jun 01 04:02:37.117646 2015] [proxy:error] [pid 7472:tid 1592] [client 190.84.14.206:54428] AH00898: Error reading from remote server returned by /isolucionsda/MagazinHome.asp, referer: http://190.27.245.106/isolucionsda/FrameSetGeneral.asp?Pagina1=FrameSetGeneral.asp&
[Mon Jun 01 04:06:07.468415 2015] [core:error] [pid 7472:tid 1648] (20024)The given path is misformatted or contained invalid characters: [client 68.180.229.40:42422] AH00127: Cannot map GET /videos/%0AArchivoSDA.flv HTTP/1.1 to file
[Mon Jun 01 06:07:49.268040 2015] [mpm_winnt:warn] [pid 7472:tid 3048] (OS 64)The specified network name is no longer available.  : AH00341: winnt_accept: Asynchronous AcceptEx failed.
[Mon Jun 01 07:01:33.514904 2015] [proxy_http:error] [pid 7472:tid 1640] (OS 10054)An existing connection was forcibly closed by the remote host.  : [client 186.80.32.251:50340] AH01102: error reading status line from remote server 172.22.1.31:80, referer: http://190.27.245.106/isolucionsda/Encabezado.asp?Pagina=ListadoMaestroDocumentos3.asp
[Mon Jun 01 07:01:33.514904 2015] [proxy:error] [pid 7472:tid 1640] [client 186.80.32.251:50340] AH00898: Error reading from remote server returned by /isolucionsda/g/Bot_CerrarOver.jpg, referer: http://190.27.245.106/isolucionsda/Encabezado.asp?Pagina=ListadoMaestroDocumentos3.asp
[Mon Jun 01 07:15:09.349537 2015] [proxy_http:error] [pid 7472:tid 1440] (OS 10054)An existing connection was forcibly closed by the remote host.  : [client 201.245.192.253:28796] AH01102: error reading status line from remote server 172.22.1.31:80, referer: http://190.27.245.106/isolucionsda/FrameSetGeneral.asp?Pagina1=FrameSetGeneral.asp&
[Mon Jun 01 07:15:09.349537 2015] [proxy:error] [pid 7472:tid 1440] [client 201.245.192.253:28796] AH00898: Error reading from remote server returned by /isolucionsda/BarraTitulos.asp, referer: http://190.27.245.106/isolucionsda/FrameSetGeneral.asp?Pagina1=FrameSetGeneral.asp&
[Mon Jun 01 07:15:09.349537 2015] [proxy_http:error] [pid 7472:tid 1432] (OS 10054)An existing connection was forcibly closed by the remote host.  : [client 201.245.192.253:28798] AH01102: error reading status line from remote server 172.22.1.31:80, referer: http://190.27.245.106/isolucionsda/FrameSetGeneral.asp?Pagina1=FrameSetGeneral.asp&
[Mon Jun 01 07:15:09.349537 2015] [proxy:error] [pid 7472:tid 1432] [client 201.245.192.253:28798] AH00898: Error reading from remote server returned by /isolucionsda/BarraFavoritos.asp, referer: http://190.27.245.106/isolucionsda/FrameSetGeneral.asp?Pagina1=FrameSetGeneral.asp&
[Mon Jun 01 07:29:39.113464 2015] [mpm_winnt:warn] [pid 7472:tid 3048] (OS 64)The specified network name is no longer available.  : AH00341: winnt_accept: Asynchronous AcceptEx failed.
[Mon Jun 01 07:56:18.835874 2015] [mpm_winnt:warn] [pid 7472:tid 3048] (OS 64)The specified network name is no longer available.  : AH00341: winnt_accept: Asynchronous AcceptEx failed.
[Mon Jun 01 08:28:55.360111 2015] [proxy_http:error] [pid 7472:tid 1592] (OS 10054)An existing connection was forcibly closed by the remote host.  : [client 201.245.192.253:24710] AH01102: error reading status line from remote server 172.22.1.31:80, referer: http://190.27.245.106/isolucionsda/FrameSetGeneral.asp?Pagina1=FrameSetGeneral.asp&
[Mon Jun 01 08:28:55.360111 2015] [proxy:error] [pid 7472:tid 1592] [client 201.245.192.253:24710] AH00898: Error reading from remote server returned by /isolucionsda/MagazinHome.asp, referer: http://190.27.245.106/isolucionsda/FrameSetGeneral.asp?Pagina1=FrameSetGeneral.asp&
[Mon Jun 01 08:46:27.053558 2015] [mpm_winnt:warn] [pid 7472:tid 3048] (OS 64)The specified network name is no longer available.  : AH00341: winnt_accept: Asynchronous AcceptEx failed.
[Mon Jun 01 09:01:29.717943 2015] [proxy_http:error] [pid 7472:tid 1640] (OS 10060)A connection attempt failed because the connected party did not properly respond after a period of time, or established connection failed because connected host has failed to respond.  : [client 201.245.192.253:24314] AH01102: error reading status line from remote server 172.22.1.31:80, referer: http://190.27.245.106/isolucionsda//Administracion/Upload/Upload.asp?Id_Articulo=8356&UPLDQuerystring=Id_Articulo=8356&UPLDMODO=SubirArchivoADocumento&UPLDRuta=C:\\ISOlucion\\Web\\BancoConocimiento\\A\\Anexo5SolicituddeAprobacionSolicituddeaprobaciondelplandecontingenciaparaactividadesy_v1\\&UPLDAtras=http://190.27.245.106/isolucionsda/Administracion/SalaEdicion/Articulo.asp&UPLDAdelante=http://190.27.245.106/isolucionsda/Administracion/SalaEdicion/Articulo.asp
[Mon Jun 01 09:01:29.717943 2015] [proxy:error] [pid 7472:tid 1640] [client 201.245.192.253:24314] AH00898: Error reading from remote server returned by /isolucionsda//Administracion/Upload/UploadArchivo.asp, referer: http://190.27.245.106/isolucionsda//Administracion/Upload/Upload.asp?Id_Articulo=8356&UPLDQuerystring=Id_Articulo=8356&UPLDMODO=SubirArchivoADocumento&UPLDRuta=C:\\ISOlucion\\Web\\BancoConocimiento\\A\\Anexo5SolicituddeAprobacionSolicituddeaprobaciondelplandecontingenciaparaactividadesy_v1\\&UPLDAtras=http://190.27.245.106/isolucionsda/Administracion/SalaEdicion/Articulo.asp&UPLDAdelante=http://190.27.245.106/isolucionsda/Administracion/SalaEdicion/Articulo.asp
[Mon Jun 01 09:09:29.637186 2015] [core:error] [pid 7472:tid 1592] (20024)The given path is misformatted or contained invalid characters: [client 37.187.157.108:46772] AH00127: Cannot map HEAD /BLA/resoluciones/AUTOS%202009/0731.pdfhttp://190.27.245.106/BLA/resoluciones/RESOLUCIONES%202009/0759.pdf HTTP/1.1 to file
[Mon Jun 01 09:26:07.883940 2015] [proxy_http:error] [pid 7472:tid 1608] (20014)Internal error: [client 181.55.137.12:49620] AH01102: error reading status line from remote server 172.22.1.47:80, referer: http://190.27.245.106/forest/?_a=0.5361095010302961
[Mon Jun 01 09:26:07.883940 2015] [proxy:error] [pid 7472:tid 1608] [client 181.55.137.12:49620] AH00898: Error reading from remote server returned by /forest/login.do, referer: http://190.27.245.106/forest/?_a=0.5361095010302961
[Mon Jun 01 09:37:25.066529 2015] [proxy_http:error] [pid 7472:tid 1464] (20014)Internal error: [client 201.245.192.253:32404] AH01102: error reading status line from remote server 172.22.1.47:80, referer: http://190.27.245.106/forest/buscar.do?type=documentos
[Mon Jun 01 09:49:14.945776 2015] [proxy_http:error] [pid 7472:tid 1712] (OS 10060)A connection attempt failed because the connected party did not properly respond after a period of time, or established connection failed because connected host has failed to respond.  : [client 201.245.192.253:24765] AH01102: error reading status line from remote server 172.22.1.31:80
[Mon Jun 01 09:49:14.945776 2015] [proxy:error] [pid 7472:tid 1712] [client 201.245.192.253:24765] AH00898: Error reading from remote server returned by /isolucionsda/Session.asp
[Mon Jun 01 09:51:26.391607 2015] [proxy_http:error] [pid 7472:tid 1504] (20014)Internal error: [client 181.50.92.73:52531] AH01102: error reading status line from remote server 172.22.1.47:80, referer: http://190.27.245.106/forest/index2.jsp?a=0.16015404366217223
[Mon Jun 01 09:51:26.391607 2015] [proxy:error] [pid 7472:tid 1504] [client 181.50.92.73:52531] AH00898: Error reading from remote server returned by /forest/login.do, referer: http://190.27.245.106/forest/index2.jsp?a=0.16015404366217223
[Mon Jun 01 09:52:10.165284 2015] [proxy_http:error] [pid 7472:tid 1816] (20014)Internal error: [client 201.245.192.253:28814] AH01102: error reading status line from remote server 172.22.1.47:80, referer: http://190.27.245.106/forest/usutareas.do?group_system_actual=3&codTraEsc=18250041&_a=0.5857145102552476
[Mon Jun 01 09:52:10.196484 2015] [proxy_http:error] [pid 7472:tid 1816] (20014)Internal error: [client 201.245.192.253:28840] AH01102: error reading status line from remote server 172.22.1.47:80, referer: http://190.27.245.106/forest/usutareas.do?group_system_actual=3&codTraEsc=18269512&_a=0.27344519293824265
[Mon Jun 01 09:52:10.196484 2015] [proxy:error] [pid 7472:tid 1816] [client 201.245.192.253:28840] AH00898: Error reading from remote server returned by /forest/index2.jsp, referer: http://190.27.245.106/forest/usutareas.do?group_system_actual=3&codTraEsc=18269512&_a=0.27344519293824265
[Mon Jun 01 09:52:12.396088 2015] [proxy_http:error] [pid 7472:tid 1816] (20014)Internal error: [client 201.245.192.253:28840] AH01102: error reading status line from remote server 172.22.1.47:80, referer: http://190.27.245.106/forest/index2.jsp?_a=0.13874980877153575
[Mon Jun 01 09:52:14.907692 2015] [proxy_http:error] [pid 7472:tid 1584] (OS 10060)A connection attempt failed because the connected party did not properly respond after a period of time, or established connection failed because connected host has failed to respond.  : [client 201.245.192.253:26501] AH01102: error reading status line from remote server 172.22.1.31:80
[Mon Jun 01 09:52:14.907692 2015] [proxy:error] [pid 7472:tid 1584] [client 201.245.192.253:26501] AH00898: Error reading from remote server returned by /isolucionsda/Session.asp
[Mon Jun 01 10:03:13.400449 2015] [proxy_http:error] [pid 7472:tid 1800] (20014)Internal error: [client 201.245.192.253:34392] AH01102: error reading status line from remote server 172.22.1.47:80, referer: http://190.27.245.106/forest/skins/gdocs-jar/popup/FileViewerTree.jsp?coddoc=1845984&ext=pdf&numpro=2815957&nombre=2014ER75609.pdf&codfile=-1&rootPath=/forest/
[Mon Jun 01 10:03:48.438110 2015] [proxy_http:error] [pid 7472:tid 1560] (20014)Internal error: [client 186.85.54.180:54336] AH01102: error reading status line from remote server 172.22.1.47:80, referer: http://190.27.245.106/forest/usutareas.do?_a=0.3711282149888575&group_system_actual=3
[Mon Jun 01 10:06:09.789958 2015] [proxy_http:error] [pid 7472:tid 1744] (20014)Internal error: [client 181.50.92.73:52663] AH01102: error reading status line from remote server 172.22.1.47:80, referer: http://190.27.245.106/forest/usutareas.do?_a=0.338501057587564&group_system_actual=3
[Mon Jun 01 10:06:09.945959 2015] [proxy_http:error] [pid 7472:tid 1744] (20014)Internal error: [client 181.50.92.73:52664] AH01102: error reading status line from remote server 172.22.1.47:80, referer: http://190.27.245.106/forest/usutareas.do?_a=0.338501057587564&group_system_actual=3
[Mon Jun 01 10:06:11.006761 2015] [proxy_http:error] [pid 7472:tid 1840] (20014)Internal error: [client 201.245.192.253:23416] AH01102: error reading status line from remote server 172.22.1.47:80, referer: http://190.27.245.106/forest/misactividades.do?group_system_actual=3&codPro=95&_a=0.7981017497667707
[Mon Jun 01 10:06:11.006761 2015] [proxy:error] [pid 7472:tid 1840] [client 201.245.192.253:23416] AH00898: Error reading from remote server returned by /forest/skins/gdocs-jar/popup/popup.jsp, referer: http://190.27.245.106/forest/misactividades.do?group_system_actual=3&codPro=95&_a=0.7981017497667707
[Mon Jun 01 10:08:45.025831 2015] [proxy_http:error] [pid 7472:tid 1608] (20014)Internal error: [client 186.85.54.180:54372] AH01102: error reading status line from remote server 172.22.1.47:80, referer: http://190.27.245.106/forest/misactividades.do?_a=0.8225500101689249&group_system_actual=3
[Mon Jun 01 10:14:54.014279 2015] [proxy_http:error] [pid 7472:tid 1760] (20014)Internal error: [client 201.245.192.253:29730] AH01102: error reading status line from remote server 172.22.1.47:80, referer: http://190.27.245.106/forest/usutareas.do?group_system_actual=3&codAct=3063&numPro=3113887&codPro=229&fecTra=2015-05-29%2016:50:14.0&codInst=3156398&codTraEsc=18274884
[Mon Jun 01 10:15:06.977902 2015] [proxy_http:error] [pid 7472:tid 1712] (20014)Internal error: [client 201.245.192.253:29809] AH01102: error reading status line from remote server 172.22.1.47:80, referer: http://190.27.245.106/forest/usutareas.do?group_system_actual=3&codAct=3063&numPro=3113887&codPro=229&fecTra=2015-05-29%2016:50:14.0&codInst=3156398&codTraEsc=18274884
[Mon Jun 01 10:15:44.246367 2015] [proxy_http:error] [pid 7472:tid 1840] (20014)Internal error: [client 186.31.226.118:12492] AH01102: error reading status line from remote server 172.22.1.47:80, referer: http://190.27.245.106/forest/reportes.do?menu=1&group_system_actual=5
[Mon Jun 01 10:15:44.246367 2015] [proxy:error] [pid 7472:tid 1840] [client 186.31.226.118:12492] AH00898: Error reading from remote server returned by /forestReports/webcontent/birt/admin/img/dtree/plus.gif, referer: http://190.27.245.106/forest/reportes.do?menu=1&group_system_actual=5
[Mon Jun 01 10:15:44.261967 2015] [proxy_http:error] [pid 7472:tid 1600] (20014)Internal error: [client 186.31.226.118:12494] AH01102: error reading status line from remote server 172.22.1.47:80, referer: http://190.27.245.106/forest/reportes.do?menu=1&group_system_actual=5
[Mon Jun 01 10:15:44.261967 2015] [proxy:error] [pid 7472:tid 1600] [client 186.31.226.118:12494] AH00898: Error reading from remote server returned by /forestReports/webcontent/birt/admin/img/popup/cancel.gif, referer: http://190.27.245.106/forest/reportes.do?menu=1&group_system_actual=5
[Mon Jun 01 10:15:44.293167 2015] [proxy_http:error] [pid 7472:tid 1424] (20014)Internal error: [client 201.245.192.253:30118] AH01102: error reading status line from remote server 172.22.1.47:80, referer: http://190.27.245.106/forest/misactividades.do?group_system_actual=3&codPro=95&_a=0.5726989608340454
[Mon Jun 01 10:15:44.371168 2015] [proxy_http:error] [pid 7472:tid 1720] (20014)Internal error: [client 201.245.192.253:30264] AH01102: error reading status line from remote server 172.22.1.47:80, referer: http://190.27.245.106/forest/misactividades.do?group_system_actual=3&codPro=95&_a=0.5726989608340454
[Mon Jun 01 10:15:58.239592 2015] [proxy_http:error] [pid 7472:tid 1872] (20014)Internal error: [client 172.22.2.1:44182] AH01102: error reading status line from remote server 172.22.1.47:80, referer: http://190.27.245.106/forest/radicacion.do?codMod=11&group_system_actual=4&_a=0.835551722645178
[Mon Jun 01 10:17:00.140501 2015] [proxy_http:error] [pid 7472:tid 1688] (20014)Internal error: [client 201.245.192.253:31128] AH01102: error reading status line from remote server 172.22.1.47:80, referer: http://190.27.245.106/forest/buscar.do?type=procesos
[Mon Jun 01 10:18:20.293441 2015] [proxy_http:error] [pid 7472:tid 1520] (20014)Internal error: [client 201.245.192.253:32288] AH01102: error reading status line from remote server 172.22.1.47:80, referer: http://190.27.245.106/forest/misactividades.do?group_system_actual=3&codPro=95&_a=0.010405589810743021
[Mon Jun 01 10:18:20.527442 2015] [proxy_http:error] [pid 7472:tid 1808] (20014)Internal error: [client 201.245.192.253:32330] AH01102: error reading status line from remote server 172.22.1.47:80, referer: http://190.27.245.106/forest/index2.jsp?_a=0.07413343691468233
[Mon Jun 01 10:18:20.714642 2015] [proxy_http:error] [pid 7472:tid 1808] (20014)Internal error: [client 201.245.192.253:32339] AH01102: error reading status line from remote server 172.22.1.47:80, referer: http://190.27.245.106/forest/index2.jsp?a=0.5744666252830412
[Mon Jun 01 10:18:20.714642 2015] [proxy:error] [pid 7472:tid 1808] [client 201.245.192.253:32339] AH00898: Error reading from remote server returned by /forest/session.jsp, referer: http://190.27.245.106/forest/index2.jsp?a=0.5744666252830412
[Mon Jun 01 10:18:20.714642 2015] [negotiation:error] [pid 7472:tid 1808] [client 201.245.192.253:32339] AH00690: no acceptable variant: E:/nuevo/apache/error/HTTP_BAD_GATEWAY.html.var, referer: http://190.27.245.106/forest/index2.jsp?a=0.5744666252830412
[Mon Jun 01 10:18:30.277459 2015] [proxy_http:error] [pid 7472:tid 1720] (OS 10054)An existing connection was forcibly closed by the remote host.  : [client 201.245.192.253:32456] AH01102: error reading status line from remote server 172.22.1.31:80
[Mon Jun 01 10:19:32.490368 2015] [proxy_http:error] [pid 7472:tid 1480] (20014)Internal error: [client 201.245.192.253:33186] AH01102: error reading status line from remote server 172.22.1.47:80, referer: http://190.27.245.106/forest/usutareas.do?_a=0.03939749128535652&group_system_actual=3
[Mon Jun 01 10:20:01.069618 2015] [proxy_http:error] [pid 7472:tid 1600] (20014)Internal error: [client 201.245.192.253:33509] AH01102: error reading status line from remote server 172.22.1.47:80, referer: http://190.27.245.106/forest/buscar.do?type=procesos
[Mon Jun 01 10:23:40.235403 2015] [:error] [pid 7472:tid 1624] [client 207.46.13.90:15851] script 'E:/nuevo/htdocs/dama.php' not found or unable to stat
[Mon Jun 01 10:24:42.245512 2015] [proxy_http:error] [pid 7472:tid 1808] (20014)Internal error: [client 201.245.192.253:24434] AH01102: error reading status line from remote server 172.22.1.47:80, referer: http://190.27.245.106/forest/usutareas.do?_a=0.24005729963059153&group_system_actual=3
[Mon Jun 01 10:24:42.245512 2015] [proxy:error] [pid 7472:tid 1808] [client 201.245.192.253:24434] AH00898: Error reading from remote server returned by /forest/json.do, referer: http://190.27.245.106/forest/usutareas.do?_a=0.24005729963059153&group_system_actual=3
[Mon Jun 01 10:24:42.245512 2015] [negotiation:error] [pid 7472:tid 1808] [client 201.245.192.253:24434] AH00690: no acceptable variant: E:/nuevo/apache/error/HTTP_BAD_GATEWAY.html.var, referer: http://190.27.245.106/forest/usutareas.do?_a=0.24005729963059153&group_system_actual=3
[Mon Jun 01 10:26:14.192074 2015] [proxy_http:error] [pid 7472:tid 1552] (20014)Internal error: [client 201.245.192.253:24938] AH01102: error reading status line from remote server 172.22.1.47:80, referer: http://190.27.245.106/forest/reportes.do?menu=1&group_system_actual=5
[Mon Jun 01 10:26:56.592948 2015] [proxy_http:error] [pid 7472:tid 1800] (20014)Internal error: [client 201.245.192.253:25272] AH01102: error reading status line from remote server 172.22.1.47:80, referer: http://190.27.245.106/forest/usutareas.do?group_system_actual=3&a=0.7369554848410189
[Mon Jun 01 10:26:56.686549 2015] [proxy_http:error] [pid 7472:tid 1800] (20014)Internal error: [client 201.245.192.253:25274] AH01102: error reading status line from remote server 172.22.1.47:80, referer: http://190.27.245.106/forest/usutareas.do?group_system_actual=3&a=0.7369554848410189
[Mon Jun 01 10:26:56.686549 2015] [proxy:error] [pid 7472:tid 1800] [client 201.245.192.253:25274] AH00898: Error reading from remote server returned by /forest/actions/forms.getList, referer: http://190.27.245.106/forest/usutareas.do?group_system_actual=3&a=0.7369554848410189
[Mon Jun 01 10:26:56.702149 2015] [negotiation:error] [pid 7472:tid 1800] [client 201.245.192.253:25274] AH00690: no acceptable variant: E:/nuevo/apache/error/HTTP_BAD_GATEWAY.html.var, referer: http://190.27.245.106/forest/usutareas.do?group_system_actual=3&a=0.7369554848410189
[Mon Jun 01 10:27:22.676194 2015] [proxy_http:error] [pid 7472:tid 1520] (20014)Internal error: [client 201.245.192.253:25443] AH01102: error reading status line from remote server 172.22.1.47:80, referer: http://190.27.245.106/forest/reportes.do?menu=1&group_system_actual=5
[Mon Jun 01 10:29:48.286850 2015] [proxy_http:error] [pid 7472:tid 1712] (OS 10054)An existing connection was forcibly closed by the remote host.  : [client 201.245.192.253:27099] AH01102: error reading status line from remote server 172.22.1.31:80, referer: http://www.ambientebogota.gov.co/web/intranet/aplicaciones-para-acceder-fuera-de-la-sda
[Mon Jun 01 10:29:48.286850 2015] [proxy:error] [pid 7472:tid 1712] [client 201.245.192.253:27099] AH00898: Error reading from remote server returned by /isolucionsda/, referer: http://www.ambientebogota.gov.co/web/intranet/aplicaciones-para-acceder-fuera-de-la-sda
[Mon Jun 01 10:37:35.382870 2015] [proxy_http:error] [pid 7472:tid 1560] (OS 10054)An existing connection was forcibly closed by the remote host.  : [client 201.245.192.253:31330] AH01102: error reading status line from remote server 172.22.1.31:80
[Mon Jun 01 10:37:35.382870 2015] [proxy:error] [pid 7472:tid 1560] [client 201.245.192.253:31330] AH00898: Error reading from remote server returned by /isolucionsda/g/Img_LogoIsoCabezote.jpg
[Mon Jun 01 10:57:18.426548 2015] [proxy_http:error] [pid 7472:tid 1680] (20014)Internal error: [client 190.27.57.166:14586] AH01102: error reading status line from remote server 172.22.1.47:80, referer: http://190.27.245.106/forest/misactividades.do?group_system_actual=3&codPro=176&_a=0.4675906459642595
[Mon Jun 01 10:58:14.961048 2015] [proxy_http:error] [pid 7472:tid 1432] (20014)Internal error: [client 190.27.57.166:14869] AH01102: error reading status line from remote server 172.22.1.47:80, referer: http://190.27.245.106/forest/usutareas.do?codTraEsc=18280266
[Mon Jun 01 10:59:28.171976 2015] [proxy_http:error] [pid 7472:tid 1384] (20014)Internal error: [client 201.245.192.253:22133] AH01102: error reading status line from remote server 172.22.1.47:80, referer: http://190.27.245.106/forest/buscar.do?type=procesos
[Mon Jun 01 11:01:44.703416 2015] [proxy_http:error] [pid 7472:tid 1640] (20014)Internal error: [client 201.245.192.253:23460] AH01102: error reading status line from remote server 172.22.1.47:80, referer: http://190.27.245.106/forest/index2.jsp?a=0.7309259541244465
[Mon Jun 01 11:01:44.703416 2015] [proxy:error] [pid 7472:tid 1640] [client 201.245.192.253:23460] AH00898: Error reading from remote server returned by /forest/skins/gdocs-jar/popup/popup.jsp, referer: http://190.27.245.106/forest/index2.jsp?a=0.7309259541244465
[Mon Jun 01 11:01:50.023025 2015] [proxy_http:error] [pid 7472:tid 1640] (20014)Internal error: [client 201.245.192.253:23460] AH01102: error reading status line from remote server 172.22.1.47:80, referer: http://190.27.245.106/forest/index2.jsp?a=0.7309259541244465
[Mon Jun 01 11:01:50.085425 2015] [proxy_http:error] [pid 7472:tid 1776] (20014)Internal error: [client 201.245.192.253:23498] AH01102: error reading status line from remote server 172.22.1.47:80, referer: http://190.27.245.106/forest/index2.jsp?a=0.7309259541244465
[Mon Jun 01 11:01:50.085425 2015] [proxy:error] [pid 7472:tid 1776] [client 201.245.192.253:23498] AH00898: Error reading from remote server returned by /forest/buscar.do, referer: http://190.27.245.106/forest/index2.jsp?a=0.7309259541244465
[Mon Jun 01 11:01:54.749834 2015] [proxy_http:error] [pid 7472:tid 1576] (20014)Internal error: [client 201.245.192.253:23526] AH01102: error reading status line from remote server 172.22.1.47:80, referer: http://190.27.245.106/forest/buscar.do?type=documentos
[Mon Jun 01 11:01:56.949437 2015] [proxy_http:error] [pid 7472:tid 1504] (20014)Internal error: [client 186.85.54.180:54526] AH01102: error reading status line from remote server 172.22.1.47:80, referer: http://190.27.245.106/forest/usutareas.do?_a=0.5157390083186328&group_system_actual=3
[Mon Jun 01 11:01:56.949437 2015] [proxy:error] [pid 7472:tid 1504] [client 186.85.54.180:54526] AH00898: Error reading from remote server returned by /forest/session.jsp, referer: http://190.27.245.106/forest/usutareas.do?_a=0.5157390083186328&group_system_actual=3
[Mon Jun 01 11:01:56.949437 2015] [negotiation:error] [pid 7472:tid 1504] [client 186.85.54.180:54526] AH00690: no acceptable variant: E:/nuevo/apache/error/HTTP_BAD_GATEWAY.html.var, referer: http://190.27.245.106/forest/usutareas.do?_a=0.5157390083186328&group_system_actual=3
[Mon Jun 01 11:04:06.180064 2015] [proxy_http:error] [pid 7472:tid 1600] (20014)Internal error: [client 201.245.192.253:24573] AH01102: error reading status line from remote server 172.22.1.47:80, referer: http://190.27.245.106/forest/usutareas.do?_a=0.392540228755467&group_system_actual=3
[Mon Jun 01 11:04:42.325328 2015] [proxy_http:error] [pid 7472:tid 1592] (20014)Internal error: [client 201.245.192.253:24859] AH01102: error reading status line from remote server 172.22.1.47:80, referer: http://190.27.245.106/forest/buscar.do?type=documentos
[Mon Jun 01 11:05:28.376609 2015] [proxy_http:error] [pid 7472:tid 1624] (OS 10054)An existing connection was forcibly closed by the remote host.  : [client 201.245.192.253:25290] AH01102: error reading status line from remote server 172.22.1.31:80, referer: http://190.27.245.106/isolucionsda/ListadoMaestroDocumentos3.asp
[Mon Jun 01 11:05:28.376609 2015] [proxy:error] [pid 7472:tid 1624] [client 201.245.192.253:25290] AH00898: Error reading from remote server returned by /isolucionsda/FramesetArticulo.asp, referer: http://190.27.245.106/isolucionsda/ListadoMaestroDocumentos3.asp
[Mon Jun 01 11:05:28.392209 2015] [proxy_http:error] [pid 7472:tid 1488] (OS 10054)An existing connection was forcibly closed by the remote host.  : [client 201.245.192.253:25291] AH01102: error reading status line from remote server 172.22.1.31:80, referer: http://190.27.245.106/isolucionsda/ListadoMaestroDocumentos3.asp
[Mon Jun 01 11:05:28.392209 2015] [proxy:error] [pid 7472:tid 1488] [client 201.245.192.253:25291] AH00898: Error reading from remote server returned by /isolucionsda/FramesetArticulo.asp, referer: http://190.27.245.106/isolucionsda/ListadoMaestroDocumentos3.asp
[Mon Jun 01 11:05:28.595009 2015] [proxy_http:error] [pid 7472:tid 1488] (20014)Internal error: [client 201.245.192.253:25293] AH01102: error reading status line from remote server 172.22.1.47:80, referer: http://190.27.245.106/forest/index2.jsp?a=0.6065827081527253
[Mon Jun 01 11:05:58.781062 2015] [proxy_http:error] [pid 7472:tid 1496] (20014)Internal error: [client 186.85.54.180:54601] AH01102: error reading status line from remote server 172.22.1.47:80, referer: http://190.27.245.106/forest/usutareas.do?_a=0.04972464917227626&group_system_actual=3
[Mon Jun 01 11:08:42.301549 2015] [proxy_http:error] [pid 7472:tid 1456] (20014)Internal error: [client 186.28.75.27:13060] AH01102: error reading status line from remote server 172.22.1.47:80, referer: http://190.27.245.106/forest/
[Mon Jun 01 11:08:55.405572 2015] [proxy_http:error] [pid 7472:tid 1384] (OS 10054)An existing connection was forcibly closed by the remote host.  : [client 201.245.192.253:27438] AH01102: error reading status line from remote server 172.22.1.31:80, referer: http://190.27.245.106/isolucionsda/Session.asp
[Mon Jun 01 11:08:55.405572 2015] [proxy:error] [pid 7472:tid 1384] [client 201.245.192.253:27438] AH00898: Error reading from remote server returned by /isolucionsda/SesionNeutra.asp, referer: http://190.27.245.106/isolucionsda/Session.asp
[Mon Jun 01 11:10:16.198114 2015] [proxy_http:error] [pid 7472:tid 1704] (OS 10054)An existing connection was forcibly closed by the remote host.  : [client 200.69.104.11:55719] AH01102: error reading status line from remote server 172.22.1.31:80, referer: http://190.27.245.106/isolucionsda/FrameSetGeneral.asp?Pagina1=FrameSetGeneral.asp&
[Mon Jun 01 11:10:16.198114 2015] [proxy:error] [pid 7472:tid 1704] [client 200.69.104.11:55719] AH00898: Error reading from remote server returned by /isolucionsda/BarraFavoritos.asp, referer: http://190.27.245.106/isolucionsda/FrameSetGeneral.asp?Pagina1=FrameSetGeneral.asp&
[Mon Jun 01 11:10:16.198114 2015] [proxy_http:error] [pid 7472:tid 1672] (OS 10054)An existing connection was forcibly closed by the remote host.  : [client 200.69.104.11:45572] AH01102: error reading status line from remote server 172.22.1.31:80, referer: http://190.27.245.106/isolucionsda/FrameSetGeneral.asp?Pagina1=FrameSetGeneral.asp&
[Mon Jun 01 11:10:16.198114 2015] [proxy:error] [pid 7472:tid 1672] [client 200.69.104.11:45572] AH00898: Error reading from remote server returned by /isolucionsda/MagazinHome.asp, referer: http://190.27.245.106/isolucionsda/FrameSetGeneral.asp?Pagina1=FrameSetGeneral.asp&
[Mon Jun 01 11:10:50.611775 2015] [proxy_http:error] [pid 7472:tid 1408] (20014)Internal error: [client 186.29.200.123:57748] AH01102: error reading status line from remote server 172.22.1.47:80, referer: http://190.27.245.106/forest/usutareas.do?_a=0.10804022080264986&group_system_actual=3
[Mon Jun 01 11:12:24.633140 2015] [proxy_http:error] [pid 7472:tid 1392] (20014)Internal error: [client 201.245.192.253:30116] AH01102: error reading status line from remote server 172.22.1.47:80, referer: http://190.27.245.106/forest/reportes.do?menu=1&group_system_actual=5
[Mon Jun 01 11:12:59.374401 2015] [proxy_http:error] [pid 7472:tid 1504] (20014)Internal error: [client 186.28.75.27:13154] AH01102: error reading status line from remote server 172.22.1.47:80, referer: http://190.27.245.106/forest/misactividades.do?group_system_actual=3&codPro=95&_a=0.89671408622005
[Mon Jun 01 11:15:37.948680 2015] [proxy_http:error] [pid 7472:tid 1504] (20014)Internal error: [client 186.85.54.180:54648] AH01102: error reading status line from remote server 172.22.1.47:80, referer: http://190.27.245.106/forest/usutareas.do?_a=0.23792271688580513&group_system_actual=3
[Mon Jun 01 11:15:42.129487 2015] [proxy_http:error] [pid 7472:tid 1624] (20014)Internal error: [client 186.85.54.180:54651] AH01102: error reading status line from remote server 172.22.1.47:80, referer: http://190.27.245.106/forest/usutareas.do?_a=0.23792271688580513&group_system_actual=3
[Mon Jun 01 11:15:48.416298 2015] [proxy_http:error] [pid 7472:tid 1416] (20014)Internal error: [client 201.245.192.253:12298] AH01102: error reading status line from remote server 172.22.1.47:80, referer: http://190.27.245.106/forest/index2.jsp?a=0.019486085630444405
[Mon Jun 01 11:15:53.923108 2015] [proxy_http:error] [pid 7472:tid 1576] (20014)Internal error: [client 201.245.192.253:12304] AH01102: error reading status line from remote server 172.22.1.47:80, referer: http://190.27.245.106/forest/buscar.do?type=procesos
[Mon Jun 01 11:16:13.547942 2015] [proxy_http:error] [pid 7472:tid 1864] (20014)Internal error: [client 201.245.192.253:33149] AH01102: error reading status line from remote server 172.22.1.47:80, referer: http://190.27.245.106/forest/misactividades.do?group_system_actual=3&codPro=198&_a=0.5192228469649312
[Mon Jun 01 11:16:42.298793 2015] [proxy_http:error] [pid 7472:tid 1432] (20014)Internal error: [client 201.245.192.253:33589] AH01102: error reading status line from remote server 172.22.1.47:80, referer: http://190.27.245.106/forest/index2.jsp?a=0.021625768391795752
[Mon Jun 01 11:16:57.867620 2015] [proxy_http:error] [pid 7472:tid 1840] (20014)Internal error: [client 201.245.192.253:33683] AH01102: error reading status line from remote server 172.22.1.47:80
[Mon Jun 01 11:16:57.867620 2015] [proxy:error] [pid 7472:tid 1840] [client 201.245.192.253:33683] AH00898: Error reading from remote server returned by /forest/img/forestIcon.gif
[Mon Jun 01 11:17:31.876680 2015] [proxy_http:error] [pid 7472:tid 1576] (20014)Internal error: [client 201.245.192.253:33926] AH01102: error reading status line from remote server 172.22.1.47:80, referer: http://190.27.245.106/forest/usutareas.do?group_system_actual=3&codTraEsc=18145443&_a=0.8908787410092349
[Mon Jun 01 11:26:53.914467 2015] [proxy_http:error] [pid 7472:tid 1496] (20014)Internal error: [client 186.85.54.180:54692] AH01102: error reading status line from remote server 172.22.1.47:80, referer: http://190.27.245.106/forest/usutareas.do?_a=0.5400701723992825&group_system_actual=3
[Mon Jun 01 11:31:24.606142 2015] [proxy_http:error] [pid 7472:tid 1872] (20014)Internal error: [client 181.50.92.73:53173] AH01102: error reading status line from remote server 172.22.1.47:80, referer: http://190.27.245.106/forest/usutareas.do?_a=0.07340662204660475&group_system_actual=3
[Mon Jun 01 11:31:24.606142 2015] [proxy:error] [pid 7472:tid 1872] [client 181.50.92.73:53173] AH00898: Error reading from remote server returned by /forest/skins/gdocs-jar/popup/showformtocrud.jsp, referer: http://190.27.245.106/forest/usutareas.do?_a=0.07340662204660475&group_system_actual=3
[Mon Jun 01 11:35:23.614162 2015] [proxy_http:error] [pid 7472:tid 1840] (20014)Internal error: [client 201.245.192.253:30756] AH01102: error reading status line from remote server 172.22.1.47:80, referer: http://190.27.245.106/forest/usutareas.do?_a=0.06869367266660498&group_system_actual=3
[Mon Jun 01 11:35:23.614162 2015] [proxy:error] [pid 7472:tid 1840] [client 201.245.192.253:30756] AH00898: Error reading from remote server returned by /forest/actions/forms.getList, referer: http://190.27.245.106/forest/usutareas.do?_a=0.06869367266660498&group_system_actual=3
[Mon Jun 01 11:35:23.614162 2015] [negotiation:error] [pid 7472:tid 1840] [client 201.245.192.253:30756] AH00690: no acceptable variant: E:/nuevo/apache/error/HTTP_BAD_GATEWAY.html.var, referer: http://190.27.245.106/forest/usutareas.do?_a=0.06869367266660498&group_system_actual=3
[Mon Jun 01 11:35:42.302995 2015] [proxy_http:error] [pid 7472:tid 1656] (20014)Internal error: [client 181.50.92.73:53205] AH01102: error reading status line from remote server 172.22.1.47:80, referer: http://190.27.245.106/forest/usutareas.do?_a=0.6140417032875121&group_system_actual=3
[Mon Jun 01 11:35:42.396595 2015] [proxy_http:error] [pid 7472:tid 1656] (20014)Internal error: [client 181.50.92.73:53206] AH01102: error reading status line from remote server 172.22.1.47:80, referer: http://190.27.245.106/forest/usutareas.do?_a=0.6140417032875121&group_system_actual=3
[Mon Jun 01 11:35:42.552595 2015] [proxy_http:error] [pid 7472:tid 1656] (20014)Internal error: [client 181.50.92.73:53207] AH01102: error reading status line from remote server 172.22.1.47:80, referer: http://190.27.245.106/forest/usutareas.do?_a=0.6140417032875121&group_system_actual=3
[Mon Jun 01 11:36:39.991896 2015] [proxy_http:error] [pid 7472:tid 1712] (20014)Internal error: [client 186.85.54.180:54723] AH01102: error reading status line from remote server 172.22.1.47:80, referer: http://190.27.245.106/forest/usutareas.do?_a=0.1644761892966926&group_system_actual=3
[Mon Jun 01 11:36:39.991896 2015] [proxy:error] [pid 7472:tid 1712] [client 186.85.54.180:54723] AH00898: Error reading from remote server returned by /forest/usutareas.do, referer: http://190.27.245.106/forest/usutareas.do?_a=0.1644761892966926&group_system_actual=3
[Mon Jun 01 11:36:59.538731 2015] [proxy_http:error] [pid 7472:tid 1560] (20014)Internal error: [client 201.245.192.253:31508] AH01102: error reading status line from remote server 172.22.1.47:80, referer: http://190.27.245.106/forest/misactividades.do?_a=0.7458407911409891&group_system_actual=3
[Mon Jun 01 11:37:18.165163 2015] [proxy_http:error] [pid 7472:tid 1832] (20014)Internal error: [client 186.85.54.180:54727] AH01102: error reading status line from remote server 172.22.1.47:80, referer: http://190.27.245.106/forest/usutareas.do?_a=0.1644761892966926&group_system_actual=3
[Mon Jun 01 11:38:06.306848 2015] [proxy_http:error] [pid 7472:tid 1848] (20014)Internal error: [client 201.245.192.253:32262] AH01102: error reading status line from remote server 172.22.1.47:80, referer: http://190.27.245.106/forest/misactividades.do?_a=0.33629023189907115&group_system_actual=3
[Mon Jun 01 11:39:43.198618 2015] [proxy_http:error] [pid 7472:tid 1832] (OS 10054)An existing connection was forcibly closed by the remote host.  : [client 191.108.221.17:37457] AH01102: error reading status line from remote server 172.22.1.31:80, referer: http://190.27.245.106/isolucionsda/FrameSetGeneral.asp?Pagina1=FrameSetGeneral.asp&
[Mon Jun 01 11:39:45.101821 2015] [proxy_http:error] [pid 7472:tid 1832] (OS 10054)An existing connection was forcibly closed by the remote host.  : [client 191.108.221.17:37461] AH01102: error reading status line from remote server 172.22.1.31:80, referer: http://190.27.245.106/isolucionsda/FrameSetGeneral.asp?Pagina1=FrameSetGeneral.asp&
[Mon Jun 01 11:39:45.101821 2015] [proxy:error] [pid 7472:tid 1832] [client 191.108.221.17:37461] AH00898: Error reading from remote server returned by /isolucionsda/Encabezado.asp, referer: http://190.27.245.106/isolucionsda/FrameSetGeneral.asp?Pagina1=FrameSetGeneral.asp&
[Mon Jun 01 11:41:52.491645 2015] [proxy_http:error] [pid 7472:tid 1456] (20014)Internal error: [client 201.245.192.253:34333] AH01102: error reading status line from remote server 172.22.1.47:80, referer: http://190.27.245.106/forest/buscar.do?type=procesos
[Mon Jun 01 11:49:52.878889 2015] [proxy_http:error] [pid 7472:tid 1488] (20014)Internal error: [client 201.245.192.253:26288] AH01102: error reading status line from remote server 172.22.1.47:80, referer: http://190.27.245.106/forest/buscar.do
[Mon Jun 01 11:57:25.981685 2015] [core:error] [pid 7472:tid 1512] (20024)The given path is misformatted or contained invalid characters: [client 190.156.194.177:54204] AH00127: Cannot map GET /galeria/carrusel/Carrusel/jquery-ui-%0A%0A1.8.13.custom.min.js HTTP/1.1 to file, referer: http://www.ambientebogota.gov.co/
[Mon Jun 01 11:59:07.912264 2015] [core:error] [pid 7472:tid 1576] (20024)The given path is misformatted or contained invalid characters: [client 190.156.194.177:52144] AH00127: Cannot map GET /galeria/carrusel/Carrusel/jquery-ui-%0A%0A1.8.13.custom.min.js HTTP/1.1 to file, referer: http://www.ambientebogota.gov.co/web/sda/inicio
[Mon Jun 01 11:59:29.533902 2015] [proxy_http:error] [pid 7472:tid 1528] (20014)Internal error: [client 201.245.192.253:31801] AH01102: error reading status line from remote server 172.22.1.47:80, referer: http://190.27.245.106/forest/index2.jsp?_a=0.3594038432929665
[Mon Jun 01 11:59:47.333533 2015] [proxy_http:error] [pid 7472:tid 1656] (20014)Internal error: [client 201.245.192.253:32828] AH01102: error reading status line from remote server 172.22.1.47:80, referer: http://190.27.245.106/forest/usutareas.do?_a=0.11039347108453512&group_system_actual=3
[Mon Jun 01 11:59:47.333533 2015] [proxy:error] [pid 7472:tid 1656] [client 201.245.192.253:32828] AH00898: Error reading from remote server returned by /ForestMSG_SDA/channelAsync/template_word_18117858, referer: http://190.27.245.106/forest/usutareas.do?_a=0.11039347108453512&group_system_actual=3
[Mon Jun 01 12:00:13.993980 2015] [proxy_http:error] [pid 7472:tid 1792] (20014)Internal error: [client 181.50.92.73:53320] AH01102: error reading status line from remote server 172.22.1.47:80, referer: http://190.27.245.106/forest/usutareas.do?_a=0.7560680222231895&group_system_actual=3
[Mon Jun 01 12:02:13.147989 2015] [:error] [pid 7472:tid 1776] [client 80.172.228.189:49654] script 'E:/nuevo/htdocs/force-download.php' not found or unable to stat
[Mon Jun 01 12:08:38.375066 2015] [proxy_http:error] [pid 7472:tid 1576] (20014)Internal error: [client 186.85.54.180:54851] AH01102: error reading status line from remote server 172.22.1.47:80, referer: http://190.27.245.106/forest/misactividades.do?group_system_actual=3&codPro=187&_a=0.08747498439222734
[Mon Jun 01 12:11:43.204190 2015] [proxy_http:error] [pid 7472:tid 1608] (20014)Internal error: [client 201.245.192.253:32863] AH01102: error reading status line from remote server 172.22.1.47:80, referer: http://190.27.245.106/forest/usutareas.do?group_system_actual=3&a=0.29459475972503035
[Mon Jun 01 12:12:38.897288 2015] [proxy_http:error] [pid 7472:tid 1424] (OS 10054)An existing connection was forcibly closed by the remote host.  : [client 201.244.55.205:21543] AH01102: error reading status line from remote server 172.22.1.31:80, referer: http://190.27.245.106/isolucionsda/FrameSetGeneral.asp?Pagina1=FrameSetGeneral.asp&
[Mon Jun 01 12:12:38.897288 2015] [proxy:error] [pid 7472:tid 1424] [client 201.244.55.205:21543] AH00898: Error reading from remote server returned by /isolucionsda/BarraFavoritos.asp, referer: http://190.27.245.106/isolucionsda/FrameSetGeneral.asp?Pagina1=FrameSetGeneral.asp&
[Mon Jun 01 12:28:36.192970 2015] [proxy_http:error] [pid 7472:tid 1584] (20014)Internal error: [client 181.50.92.73:53524] AH01102: error reading status line from remote server 172.22.1.47:80, referer: http://190.27.245.106/forest/usutareas.do?_a=0.3431097073480487&group_system_actual=3
[Mon Jun 01 12:28:36.239770 2015] [proxy_http:error] [pid 7472:tid 1768] (20014)Internal error: [client 181.50.92.73:53526] AH01102: error reading status line from remote server 172.22.1.47:80, referer: http://190.27.245.106/forest/usutareas.do?_a=0.3431097073480487&group_system_actual=3
[Mon Jun 01 12:28:36.239770 2015] [proxy:error] [pid 7472:tid 1768] [client 181.50.92.73:53526] AH00898: Error reading from remote server returned by /forest/skins/gdocs-jar/img/icons/`item.nombre.toLowerCase().substring(item.nombre.lastIndexOf('.')+1)`.gif, referer: http://190.27.245.106/forest/usutareas.do?_a=0.3431097073480487&group_system_actual=3
[Mon Jun 01 12:30:02.944722 2015] [proxy_http:error] [pid 7472:tid 1672] (20014)Internal error: [client 201.245.192.253:27696] AH01102: error reading status line from remote server 172.22.1.47:80, referer: http://190.27.245.106/forest/usutareas.do?group_system_actual=3&a=0.20448837685398757
[Mon Jun 01 12:33:56.149532 2015] [proxy_http:error] [pid 7472:tid 1784] (20014)Internal error: [client 201.245.192.253:30142] AH01102: error reading status line from remote server 172.22.1.47:80, referer: http://190.27.245.106/forest/usutareas.do?group_system_actual=3&a=0.20448837685398757
[Mon Jun 01 12:33:56.149532 2015] [proxy:error] [pid 7472:tid 1784] [client 201.245.192.253:30142] AH00898: Error reading from remote server returned by /ForestMSG_SDA/channelAsync/template_word_18282548, referer: http://190.27.245.106/forest/usutareas.do?group_system_actual=3&a=0.20448837685398757
[Mon Jun 01 12:44:56.904292 2015] [proxy_http:error] [pid 7472:tid 1368] (20014)Internal error: [client 201.245.192.253:34245] AH01102: error reading status line from remote server 172.22.1.47:80, referer: http://190.27.245.106/forest/usutareas.do?codTraEsc=18277543
[Mon Jun 01 12:44:56.904292 2015] [proxy:error] [pid 7472:tid 1368] [client 201.245.192.253:34245] AH00898: Error reading from remote server returned by /forest/session.jsp, referer: http://190.27.245.106/forest/usutareas.do?codTraEsc=18277543
[Mon Jun 01 12:44:56.904292 2015] [negotiation:error] [pid 7472:tid 1368] [client 201.245.192.253:34245] AH00690: no acceptable variant: E:/nuevo/apache/error/HTTP_BAD_GATEWAY.html.var, referer: http://190.27.245.106/forest/usutareas.do?codTraEsc=18277543
[Mon Jun 01 12:45:05.765108 2015] [proxy_http:error] [pid 7472:tid 1360] (20014)Internal error: [client 201.245.192.253:34273] AH01102: error reading status line from remote server 172.22.1.47:80
[Mon Jun 01 12:45:05.765108 2015] [proxy:error] [pid 7472:tid 1360] [client 201.245.192.253:34273] AH00898: Error reading from remote server returned by /forest/img/forestIcon.gif
[Mon Jun 01 12:47:32.249365 2015] [proxy_http:error] [pid 7472:tid 1784] (20014)Internal error: [client 201.245.192.253:34234] AH01102: error reading status line from remote server 172.22.1.47:80, referer: http://190.27.245.106/forest/usutareas.do?group_system_actual=3&a=0.40074766892939806
[Mon Jun 01 12:47:34.526969 2015] [proxy_http:error] [pid 7472:tid 1784] (20014)Internal error: [client 201.245.192.253:22647] AH01102: error reading status line from remote server 172.22.1.47:80, referer: http://190.27.245.106/forest/usutareas.do?group_system_actual=3&a=0.40074766892939806
[Mon Jun 01 12:47:34.526969 2015] [proxy:error] [pid 7472:tid 1784] [client 201.245.192.253:22647] AH00898: Error reading from remote server returned by /forest/actions/forms.getList, referer: http://190.27.245.106/forest/usutareas.do?group_system_actual=3&a=0.40074766892939806
[Mon Jun 01 12:47:34.542569 2015] [negotiation:error] [pid 7472:tid 1784] [client 201.245.192.253:22647] AH00690: no acceptable variant: E:/nuevo/apache/error/HTTP_BAD_GATEWAY.html.var, referer: http://190.27.245.106/forest/usutareas.do?group_system_actual=3&a=0.40074766892939806
[Mon Jun 01 13:28:52.811722 2015] [proxy_http:error] [pid 7472:tid 1480] (OS 10054)An existing connection was forcibly closed by the remote host.  : [client 186.84.193.240:49561] AH01102: error reading status line from remote server 172.22.1.31:80, referer: http://www.ambientebogota.gov.co/web/intranet/aplicaciones-para-acceder-fuera-de-la-sda
[Mon Jun 01 13:28:52.811722 2015] [proxy:error] [pid 7472:tid 1480] [client 186.84.193.240:49561] AH00898: Error reading from remote server returned by /isolucionsda/, referer: http://www.ambientebogota.gov.co/web/intranet/aplicaciones-para-acceder-fuera-de-la-sda
[Mon Jun 01 13:50:20.812384 2015] [proxy_http:error] [pid 7472:tid 1416] (OS 10054)An existing connection was forcibly closed by the remote host.  : [client 201.245.192.253:33192] AH01102: error reading status line from remote server 172.22.1.31:80
[Mon Jun 01 13:50:20.812384 2015] [proxy:error] [pid 7472:tid 1416] [client 201.245.192.253:33192] AH00898: Error reading from remote server returned by /isolucionsda/
[Mon Jun 01 13:50:59.157252 2015] [proxy_http:error] [pid 7472:tid 1488] (OS 10054)An existing connection was forcibly closed by the remote host.  : [client 201.245.192.253:33420] AH01102: error reading status line from remote server 172.22.1.31:80, referer: http://190.27.245.106/isolucionsda/FrameSetGeneral.asp?Pagina1=FrameSetGeneral.asp&
[Mon Jun 01 13:50:59.157252 2015] [proxy:error] [pid 7472:tid 1488] [client 201.245.192.253:33420] AH00898: Error reading from remote server returned by /isolucionsda/BarraTitulos.asp, referer: http://190.27.245.106/isolucionsda/FrameSetGeneral.asp?Pagina1=FrameSetGeneral.asp&
[Mon Jun 01 13:51:01.013655 2015] [proxy_http:error] [pid 7472:tid 1488] (OS 10054)An existing connection was forcibly closed by the remote host.  : [client 201.245.192.253:33420] AH01102: error reading status line from remote server 172.22.1.31:80, referer: http://190.27.245.106/isolucionsda/DetalleTareas.aspx?Number=49665457546770564570
[Mon Jun 01 14:11:53.323455 2015] [proxy_http:error] [pid 7472:tid 1808] (OS 10054)An existing connection was forcibly closed by the remote host.  : [client 201.245.192.253:34692] AH01095: prefetch request body failed to 172.22.1.31:80 (172.22.1.31) from 201.245.192.253 (), referer: http://190.27.245.106/isolucionsda/Administracion/CatalogoIndicador.asp?Accion=Traer&Id_Indicador=332&Estado=
[Mon Jun 01 14:18:18.051330 2015] [proxy_http:error] [pid 7472:tid 1704] (20014)Internal error: [client 181.50.92.73:53942] AH01102: error reading status line from remote server 172.22.1.47:80, referer: http://190.27.245.106/forest/usutareas.do?_a=0.2189810061827302&group_system_actual=3
[Mon Jun 01 14:18:18.051330 2015] [proxy:error] [pid 7472:tid 1704] [client 181.50.92.73:53942] AH00898: Error reading from remote server returned by /forest/skins/gdocs-jar/jsp/escritorio/usudocumentos-borr-adj.jsp, referer: http://190.27.245.106/forest/usutareas.do?_a=0.2189810061827302&group_system_actual=3
[Mon Jun 01 14:18:22.949739 2015] [proxy_http:error] [pid 7472:tid 1632] (20014)Internal error: [client 201.245.192.253:49938] AH01102: error reading status line from remote server 172.22.1.47:80, referer: http://190.27.245.106/forest/login.do
[Mon Jun 01 14:18:22.949739 2015] [proxy:error] [pid 7472:tid 1632] [client 201.245.192.253:49938] AH00898: Error reading from remote server returned by /forest/login.do, referer: http://190.27.245.106/forest/login.do
[Mon Jun 01 14:18:42.356173 2015] [proxy_http:error] [pid 7472:tid 1744] (20014)Internal error: [client 181.50.92.73:53946] AH01102: error reading status line from remote server 172.22.1.47:80, referer: http://190.27.245.106/forest/usutareas.do?_a=0.2189810061827302&group_system_actual=3
[Mon Jun 01 14:18:49.828586 2015] [proxy_http:error] [pid 7472:tid 1824] (20014)Internal error: [client 201.245.192.253:50244] AH01102: error reading status line from remote server 172.22.1.47:80, referer: http://190.27.245.106/forest/index2.jsp?a=0.7324795556574155
