!C99Shell v. 1.0 pre-release build #13!

Software: Apache. PHP/5.5.15 

uname -a: Windows NT SVR-DMZ 6.1 build 7600 (Windows Server 2008 R2 Enterprise Edition) i586 

SYSTEM 

Safe-mode: OFF (not secure)

E:\nuevo\apache\logs\   drwxrwxrwx
Free 8.02 GB of 239.26 GB (3.35%)
Detected drives: [ a ] [ c ] [ d ] [ e ] [ f ]
Home    Back    Forward    UPDIR    Refresh    Search    Buffer    Encoder    Tools    Proc.    FTP brute    Sec.    SQL    PHP-code    Update    Feedback    Self remove    Logout    


Viewing file:     error.2015.06.04.log (427.25 KB)      -rw-rw-rw-
Select action/file-type:
(+) | (+) | (+) | Code (+) | Session (+) | (+) | SDB (+) | (+) | (+) | (+) | (+) | (+) |
[Thu Jun 04 00:00:33.930004 2015] [proxy_http:error] [pid 7472:tid 1544] (70008)Partial results are valid but processing is incomplete: [client 186.113.137.64:51516] AH02609: read request body failed to 172.22.1.31:80 (172.22.1.31) from 186.113.137.64 (), referer: http://190.27.245.106/isolucionsda//Administracion/Upload/Upload.asp?Id_Articulo=8561&UPLDQuerystring=Id_Articulo=8561&UPLDMODO=SubirArchivoADocumento&UPLDRuta=C:\\ISOlucion\\Web\\BancoConocimiento\\A\\AutoevaluacionalaGestionanno2013\\&UPLDAtras=http://190.27.245.106/isolucionsda/Administracion/SalaEdicion/Articulo.asp&UPLDAdelante=http://190.27.245.106/isolucionsda/Administracion/SalaEdicion/Articulo.asp
[Thu Jun 04 00:00:33.930004 2015] [proxy_http:error] [pid 7472:tid 1544] [client 186.113.137.64:51516] AH01097: pass request body failed to 172.22.1.31:80 (172.22.1.31) from 186.113.137.64 (), referer: http://190.27.245.106/isolucionsda//Administracion/Upload/Upload.asp?Id_Articulo=8561&UPLDQuerystring=Id_Articulo=8561&UPLDMODO=SubirArchivoADocumento&UPLDRuta=C:\\ISOlucion\\Web\\BancoConocimiento\\A\\AutoevaluacionalaGestionanno2013\\&UPLDAtras=http://190.27.245.106/isolucionsda/Administracion/SalaEdicion/Articulo.asp&UPLDAdelante=http://190.27.245.106/isolucionsda/Administracion/SalaEdicion/Articulo.asp
[Thu Jun 04 00:00:37.096810 2015] [proxy_http:error] [pid 7472:tid 1688] (70008)Partial results are valid but processing is incomplete: [client 186.113.137.64:51517] AH02609: read request body failed to 172.22.1.31:80 (172.22.1.31) from 186.113.137.64 (), referer: http://190.27.245.106/isolucionsda//Administracion/Upload/Upload.asp?Id_Articulo=8561&UPLDQuerystring=Id_Articulo=8561&UPLDMODO=SubirArchivoADocumento&UPLDRuta=C:\\ISOlucion\\Web\\BancoConocimiento\\A\\AutoevaluacionalaGestionanno2013\\&UPLDAtras=http://190.27.245.106/isolucionsda/Administracion/SalaEdicion/Articulo.asp&UPLDAdelante=http://190.27.245.106/isolucionsda/Administracion/SalaEdicion/Articulo.asp
[Thu Jun 04 00:00:37.096810 2015] [proxy_http:error] [pid 7472:tid 1688] [client 186.113.137.64:51517] AH01097: pass request body failed to 172.22.1.31:80 (172.22.1.31) from 186.113.137.64 (), referer: http://190.27.245.106/isolucionsda//Administracion/Upload/Upload.asp?Id_Articulo=8561&UPLDQuerystring=Id_Articulo=8561&UPLDMODO=SubirArchivoADocumento&UPLDRuta=C:\\ISOlucion\\Web\\BancoConocimiento\\A\\AutoevaluacionalaGestionanno2013\\&UPLDAtras=http://190.27.245.106/isolucionsda/Administracion/SalaEdicion/Articulo.asp&UPLDAdelante=http://190.27.245.106/isolucionsda/Administracion/SalaEdicion/Articulo.asp
[Thu Jun 04 00:02:45.485035 2015] [proxy:error] [pid 7472:tid 1544] (OS 10054)An existing connection was forcibly closed by the remote host.  : [client 186.113.137.64:51518] AH01084: pass request body failed to 172.22.1.31:80 (172.22.1.31), referer: http://190.27.245.106/isolucionsda//Administracion/Upload/Upload.asp?Id_Articulo=8561&UPLDQuerystring=Id_Articulo=8561&UPLDMODO=SubirArchivoADocumento&UPLDRuta=C:\\ISOlucion\\Web\\BancoConocimiento\\A\\AutoevaluacionalaGestionanno2013\\&UPLDAtras=http://190.27.245.106/isolucionsda/Administracion/SalaEdicion/Articulo.asp&UPLDAdelante=http://190.27.245.106/isolucionsda/Administracion/SalaEdicion/Articulo.asp
[Thu Jun 04 00:02:45.485035 2015] [proxy_http:error] [pid 7472:tid 1544] [client 186.113.137.64:51518] AH01097: pass request body failed to 172.22.1.31:80 (172.22.1.31) from 186.113.137.64 (), referer: http://190.27.245.106/isolucionsda//Administracion/Upload/Upload.asp?Id_Articulo=8561&UPLDQuerystring=Id_Articulo=8561&UPLDMODO=SubirArchivoADocumento&UPLDRuta=C:\\ISOlucion\\Web\\BancoConocimiento\\A\\AutoevaluacionalaGestionanno2013\\&UPLDAtras=http://190.27.245.106/isolucionsda/Administracion/SalaEdicion/Articulo.asp&UPLDAdelante=http://190.27.245.106/isolucionsda/Administracion/SalaEdicion/Articulo.asp
[Thu Jun 04 00:07:05.833893 2015] [proxy_http:error] [pid 7472:tid 1616] (70008)Partial results are valid but processing is incomplete: [client 186.113.137.64:51673] AH02609: read request body failed to 172.22.1.31:80 (172.22.1.31) from 186.113.137.64 (), referer: http://190.27.245.106/isolucionsda//Administracion/Upload/Upload.asp?Id_Articulo=8561&UPLDQuerystring=Id_Articulo=8561&UPLDMODO=SubirArchivoADocumento&UPLDRuta=C:\\ISOlucion\\Web\\BancoConocimiento\\A\\AutoevaluacionalaGestionanno2013\\&UPLDAtras=http://190.27.245.106/isolucionsda/Administracion/SalaEdicion/Articulo.asp&UPLDAdelante=http://190.27.245.106/isolucionsda/Administracion/SalaEdicion/Articulo.asp
[Thu Jun 04 00:07:05.833893 2015] [proxy_http:error] [pid 7472:tid 1616] [client 186.113.137.64:51673] AH01097: pass request body failed to 172.22.1.31:80 (172.22.1.31) from 186.113.137.64 (), referer: http://190.27.245.106/isolucionsda//Administracion/Upload/Upload.asp?Id_Articulo=8561&UPLDQuerystring=Id_Articulo=8561&UPLDMODO=SubirArchivoADocumento&UPLDRuta=C:\\ISOlucion\\Web\\BancoConocimiento\\A\\AutoevaluacionalaGestionanno2013\\&UPLDAtras=http://190.27.245.106/isolucionsda/Administracion/SalaEdicion/Articulo.asp&UPLDAdelante=http://190.27.245.106/isolucionsda/Administracion/SalaEdicion/Articulo.asp
[Thu Jun 04 00:09:34.658154 2015] [proxy_http:error] [pid 7472:tid 1544] (70008)Partial results are valid but processing is incomplete: [client 186.113.137.64:51683] AH02609: read request body failed to 172.22.1.31:80 (172.22.1.31) from 186.113.137.64 (), referer: http://190.27.245.106/isolucionsda//Administracion/Upload/Upload.asp?Id_Articulo=8561&UPLDQuerystring=Id_Articulo=8561&UPLDMODO=SubirArchivoADocumento&UPLDRuta=C:\\ISOlucion\\Web\\BancoConocimiento\\A\\AutoevaluacionalaGestionanno2013\\&UPLDAtras=http://190.27.245.106/isolucionsda/Administracion/SalaEdicion/Articulo.asp&UPLDAdelante=http://190.27.245.106/isolucionsda/Administracion/SalaEdicion/Articulo.asp
[Thu Jun 04 00:09:34.658154 2015] [proxy_http:error] [pid 7472:tid 1544] [client 186.113.137.64:51683] AH01097: pass request body failed to 172.22.1.31:80 (172.22.1.31) from 186.113.137.64 (), referer: http://190.27.245.106/isolucionsda//Administracion/Upload/Upload.asp?Id_Articulo=8561&UPLDQuerystring=Id_Articulo=8561&UPLDMODO=SubirArchivoADocumento&UPLDRuta=C:\\ISOlucion\\Web\\BancoConocimiento\\A\\AutoevaluacionalaGestionanno2013\\&UPLDAtras=http://190.27.245.106/isolucionsda/Administracion/SalaEdicion/Articulo.asp&UPLDAdelante=http://190.27.245.106/isolucionsda/Administracion/SalaEdicion/Articulo.asp
[Thu Jun 04 00:13:50.498603 2015] [proxy:error] [pid 7472:tid 1368] (OS 10054)An existing connection was forcibly closed by the remote host.  : [client 186.113.137.64:51771] AH01084: pass request body failed to 172.22.1.31:80 (172.22.1.31), referer: http://190.27.245.106/isolucionsda//Administracion/Upload/Upload.asp?Id_Articulo=8561&UPLDQuerystring=Id_Articulo=8561&UPLDMODO=SubirArchivoADocumento&UPLDRuta=C:\\ISOlucion\\Web\\BancoConocimiento\\A\\AutoevaluacionalaGestionanno2013\\&UPLDAtras=http://190.27.245.106/isolucionsda/Administracion/SalaEdicion/Articulo.asp&UPLDAdelante=http://190.27.245.106/isolucionsda/Administracion/SalaEdicion/Articulo.asp
[Thu Jun 04 00:13:50.498603 2015] [proxy_http:error] [pid 7472:tid 1368] [client 186.113.137.64:51771] AH01097: pass request body failed to 172.22.1.31:80 (172.22.1.31) from 186.113.137.64 (), referer: http://190.27.245.106/isolucionsda//Administracion/Upload/Upload.asp?Id_Articulo=8561&UPLDQuerystring=Id_Articulo=8561&UPLDMODO=SubirArchivoADocumento&UPLDRuta=C:\\ISOlucion\\Web\\BancoConocimiento\\A\\AutoevaluacionalaGestionanno2013\\&UPLDAtras=http://190.27.245.106/isolucionsda/Administracion/SalaEdicion/Articulo.asp&UPLDAdelante=http://190.27.245.106/isolucionsda/Administracion/SalaEdicion/Articulo.asp
[Thu Jun 04 00:50:00.588215 2015] [proxy_http:error] [pid 7472:tid 1400] (OS 10054)An existing connection was forcibly closed by the remote host.  : [client 186.113.137.64:53854] AH01110: error reading response, referer: http://190.27.245.106/isolucionsda/FramesetArticulo.asp?Pagina=bancoconocimiento%2FA%2FAUTOEVALUACIONDELAGESTION2014%2D2%2FAUTOEVALUACIONDELAGESTION2014%2D2%2Easp&IdArticulo=8524&Codigo=&Fecha=&Version=&Procedimiento=&cliente=
[Thu Jun 04 01:00:59.392972 2015] [proxy_http:error] [pid 7472:tid 1688] (70008)Partial results are valid but processing is incomplete: [client 186.113.137.64:54854] AH02609: read request body failed to 172.22.1.31:80 (172.22.1.31) from 186.113.137.64 (), referer: http://190.27.245.106/isolucionsda//Administracion/Upload/Upload.asp?Id_Articulo=8561&UPLDQuerystring=Id_Articulo=8561&UPLDMODO=SubirArchivoADocumento&UPLDRuta=C:\\ISOlucion\\Web\\BancoConocimiento\\A\\AutoevaluacionalaGestionanno2013\\&UPLDAtras=http://190.27.245.106/isolucionsda/Administracion/SalaEdicion/Articulo.asp&UPLDAdelante=http://190.27.245.106/isolucionsda/Administracion/SalaEdicion/Articulo.asp
[Thu Jun 04 01:00:59.392972 2015] [proxy_http:error] [pid 7472:tid 1688] [client 186.113.137.64:54854] AH01097: pass request body failed to 172.22.1.31:80 (172.22.1.31) from 186.113.137.64 (), referer: http://190.27.245.106/isolucionsda//Administracion/Upload/Upload.asp?Id_Articulo=8561&UPLDQuerystring=Id_Articulo=8561&UPLDMODO=SubirArchivoADocumento&UPLDRuta=C:\\ISOlucion\\Web\\BancoConocimiento\\A\\AutoevaluacionalaGestionanno2013\\&UPLDAtras=http://190.27.245.106/isolucionsda/Administracion/SalaEdicion/Articulo.asp&UPLDAdelante=http://190.27.245.106/isolucionsda/Administracion/SalaEdicion/Articulo.asp
[Thu Jun 04 03:10:52.670461 2015] [mpm_winnt:warn] [pid 7472:tid 3048] (OS 64)The specified network name is no longer available.  : AH00341: winnt_accept: Asynchronous AcceptEx failed.
[Thu Jun 04 07:40:07.705036 2015] [mpm_winnt:warn] [pid 7472:tid 3048] (OS 64)The specified network name is no longer available.  : AH00341: winnt_accept: Asynchronous AcceptEx failed.
[Thu Jun 04 07:41:19.683562 2015] [proxy_http:error] [pid 7472:tid 1704] (OS 10054)An existing connection was forcibly closed by the remote host.  : [client 201.245.192.253:57933] AH01102: error reading status line from remote server 172.22.1.31:80, referer: http://www.ambientebogota.gov.co/web/intranet/aplicaciones-para-acceder-fuera-de-la-sda
[Thu Jun 04 07:51:51.749872 2015] [proxy_http:error] [pid 7472:tid 1808] (OS 10054)An existing connection was forcibly closed by the remote host.  : [client 201.244.55.205:12306] AH01102: error reading status line from remote server 172.22.1.31:80, referer: http://190.27.245.106/isolucionsda/Encabezado.asp?Pagina1=FrameSetGeneral.asp&&Pagina=MagazinHome.asp
[Thu Jun 04 07:54:59.636602 2015] [mpm_winnt:warn] [pid 7472:tid 3048] (OS 64)The specified network name is no longer available.  : AH00341: winnt_accept: Asynchronous AcceptEx failed.
[Thu Jun 04 08:05:59.704962 2015] [proxy_http:error] [pid 7472:tid 1776] (OS 10054)An existing connection was forcibly closed by the remote host.  : [client 201.245.192.253:59982] AH01102: error reading status line from remote server 172.22.1.31:80
[Thu Jun 04 08:37:54.905726 2015] [mpm_winnt:warn] [pid 7472:tid 3048] (OS 64)The specified network name is no longer available.  : AH00341: winnt_accept: Asynchronous AcceptEx failed.
[Thu Jun 04 08:39:59.924345 2015] [proxy_http:error] [pid 7472:tid 1640] (OS 10054)An existing connection was forcibly closed by the remote host.  : [client 201.244.55.205:16249] AH01102: error reading status line from remote server 172.22.1.31:80, referer: http://190.27.245.106/isolucionsda/Session.asp?Continue=1
[Thu Jun 04 08:39:59.924345 2015] [proxy:error] [pid 7472:tid 1640] [client 201.244.55.205:16249] AH00898: Error reading from remote server returned by /isolucionsda/Session.asp, referer: http://190.27.245.106/isolucionsda/Session.asp?Continue=1
[Thu Jun 04 09:09:36.580266 2015] [core:error] [pid 7472:tid 1840] (20024)The given path is misformatted or contained invalid characters: [client 37.187.157.108:38979] AH00127: Cannot map HEAD /BLA/resoluciones/AUTOS%202009/0731.pdfhttp://190.27.245.106/BLA/resoluciones/RESOLUCIONES%202009/0759.pdf HTTP/1.1 to file
[Thu Jun 04 09:19:35.371717 2015] [proxy_http:error] [pid 7472:tid 1616] (OS 10054)An existing connection was forcibly closed by the remote host.  : [client 190.24.137.66:53503] AH01102: error reading status line from remote server 172.22.1.31:80, referer: http://190.27.245.106/isolucionsda/Encabezado.asp?Pagina1=FrameSetGeneral.asp&&Pagina=MagazinHome.asp
[Thu Jun 04 09:19:35.371717 2015] [proxy:error] [pid 7472:tid 1616] [client 190.24.137.66:53503] AH00898: Error reading from remote server returned by /isolucionsda/Session.asp, referer: http://190.27.245.106/isolucionsda/Encabezado.asp?Pagina1=FrameSetGeneral.asp&&Pagina=MagazinHome.asp
[Thu Jun 04 09:25:44.998767 2015] [proxy_http:error] [pid 7472:tid 1432] (20014)Internal error: [client 201.245.192.253:50377] AH01102: error reading status line from remote server 172.22.1.47:80
[Thu Jun 04 09:25:44.998767 2015] [proxy:error] [pid 7472:tid 1432] [client 201.245.192.253:50377] AH00898: Error reading from remote server returned by /forest/img/jquery/ui-bg_glass_75_d0e5f5_1x400.png
[Thu Jun 04 09:29:34.710170 2015] [proxy_http:error] [pid 7472:tid 1448] (20014)Internal error: [client 201.245.192.253:54086] AH01102: error reading status line from remote server 172.22.1.47:80
[Thu Jun 04 09:29:34.710170 2015] [proxy:error] [pid 7472:tid 1448] [client 201.245.192.253:54086] AH00898: Error reading from remote server returned by /forest/js/inicio.js
[Thu Jun 04 09:32:19.680460 2015] [proxy_http:error] [pid 7472:tid 1424] (20014)Internal error: [client 201.245.192.253:20259] AH01102: error reading status line from remote server 172.22.1.47:80, referer: http://190.27.245.106/forest/index2.jsp?selected=tab_init&tab=1
[Thu Jun 04 09:54:17.071574 2015] [proxy_http:error] [pid 7472:tid 1488] (20014)Internal error: [client 190.24.129.28:52639] AH01102: error reading status line from remote server 172.22.1.47:80, referer: http://190.27.245.106/forest/index2.jsp?a=0.9474170637117697
[Thu Jun 04 09:55:32.326106 2015] [proxy_http:error] [pid 7472:tid 1592] (OS 10054)An existing connection was forcibly closed by the remote host.  : [client 201.244.55.205:20911] AH01102: error reading status line from remote server 172.22.1.31:80, referer: http://190.27.245.106/isolucionsda/FrameSetGeneral.asp?Pagina=Menu.asp&IdModulo=4
[Thu Jun 04 09:55:32.326106 2015] [proxy:error] [pid 7472:tid 1592] [client 201.244.55.205:20911] AH00898: Error reading from remote server returned by /isolucionsda/BarraFavoritos.asp, referer: http://190.27.245.106/isolucionsda/FrameSetGeneral.asp?Pagina=Menu.asp&IdModulo=4
[Thu Jun 04 09:55:33.449308 2015] [proxy_http:error] [pid 7472:tid 1592] (OS 10054)An existing connection was forcibly closed by the remote host.  : [client 201.244.55.205:20911] AH01102: error reading status line from remote server 172.22.1.31:80, referer: http://190.27.245.106/isolucionsda/FrameSetGeneral.asp?Pagina=ListadoMaestroDocumentos3.asp
[Thu Jun 04 10:01:11.969902 2015] [proxy_http:error] [pid 7472:tid 1800] (20014)Internal error: [client 201.245.192.253:54846] AH01102: error reading status line from remote server 172.22.1.47:80
[Thu Jun 04 10:01:11.969902 2015] [proxy:error] [pid 7472:tid 1800] [client 201.245.192.253:54846] AH00898: Error reading from remote server returned by /forest/skins/gdocs-jar/js/graphicForm.js
[Thu Jun 04 10:01:48.333566 2015] [proxy_http:error] [pid 7472:tid 1720] (20014)Internal error: [client 201.245.192.253:55950] AH01102: error reading status line from remote server 172.22.1.47:80, referer: http://190.27.245.106/forest/index2.jsp?a=0.07574735904209129
[Thu Jun 04 10:02:41.092859 2015] [proxy_http:error] [pid 7472:tid 1592] (20014)Internal error: [client 201.245.192.253:57328] AH01102: error reading status line from remote server 172.22.1.47:80
[Thu Jun 04 10:02:41.092859 2015] [proxy:error] [pid 7472:tid 1592] [client 201.245.192.253:57328] AH00898: Error reading from remote server returned by /forest/css/index.css
[Thu Jun 04 10:02:41.233259 2015] [proxy_http:error] [pid 7472:tid 1800] (20014)Internal error: [client 201.245.192.253:57337] AH01102: error reading status line from remote server 172.22.1.47:80, referer: http://190.27.245.106/forest/misactividades.do?group_system_actual=3&codPro=95&_a=0.39424392855010737
[Thu Jun 04 10:02:41.233259 2015] [proxy:error] [pid 7472:tid 1800] [client 201.245.192.253:57337] AH00898: Error reading from remote server returned by /forest/session.jsp, referer: http://190.27.245.106/forest/misactividades.do?group_system_actual=3&codPro=95&_a=0.39424392855010737
[Thu Jun 04 10:02:41.248859 2015] [negotiation:error] [pid 7472:tid 1800] [client 201.245.192.253:57337] AH00690: no acceptable variant: E:/nuevo/apache/error/HTTP_BAD_GATEWAY.html.var, referer: http://190.27.245.106/forest/misactividades.do?group_system_actual=3&codPro=95&_a=0.39424392855010737
[Thu Jun 04 10:02:43.401663 2015] [proxy_http:error] [pid 7472:tid 1792] (OS 10054)An existing connection was forcibly closed by the remote host.  : [client 201.245.192.253:57378] AH01102: error reading status line from remote server 172.22.1.31:80, referer: http://www.ambientebogota.gov.co/web/intranet/aplicaciones-para-acceder-fuera-de-la-sda
[Thu Jun 04 10:03:12.136914 2015] [proxy_http:error] [pid 7472:tid 1872] (20014)Internal error: [client 201.245.192.253:58149] AH01102: error reading status line from remote server 172.22.1.47:80, referer: http://190.27.245.106/forest/usutareas.do?_a=0.9183749265838144&group_system_actual=3
[Thu Jun 04 10:03:12.136914 2015] [proxy:error] [pid 7472:tid 1872] [client 201.245.192.253:58149] AH00898: Error reading from remote server returned by /forest/actions/forms.getList, referer: http://190.27.245.106/forest/usutareas.do?_a=0.9183749265838144&group_system_actual=3
[Thu Jun 04 10:03:12.136914 2015] [negotiation:error] [pid 7472:tid 1872] [client 201.245.192.253:58149] AH00690: no acceptable variant: E:/nuevo/apache/error/HTTP_BAD_GATEWAY.html.var, referer: http://190.27.245.106/forest/usutareas.do?_a=0.9183749265838144&group_system_actual=3
[Thu Jun 04 10:06:01.163210 2015] [proxy_http:error] [pid 7472:tid 1448] (20014)Internal error: [client 201.245.192.253:49900] AH01102: error reading status line from remote server 172.22.1.47:80
[Thu Jun 04 10:06:01.163210 2015] [proxy:error] [pid 7472:tid 1448] [client 201.245.192.253:49900] AH00898: Error reading from remote server returned by /forest/skins/gdocs-jar/css/tree.css
[Thu Jun 04 10:06:19.243642 2015] [proxy_http:error] [pid 7472:tid 1832] (OS 10054)An existing connection was forcibly closed by the remote host.  : [client 201.245.192.253:50401] AH01102: error reading status line from remote server 172.22.1.31:80, referer: http://190.27.245.106/isolucionsda/Encabezado.asp?Pagina=ListadoMaestroDocumentos3.asp
[Thu Jun 04 10:06:19.243642 2015] [proxy:error] [pid 7472:tid 1832] [client 201.245.192.253:50401] AH00898: Error reading from remote server returned by /isolucionsda/FrameSetGeneral.asp, referer: http://190.27.245.106/isolucionsda/Encabezado.asp?Pagina=ListadoMaestroDocumentos3.asp
[Thu Jun 04 10:06:41.832482 2015] [proxy_http:error] [pid 7472:tid 1384] (OS 10054)An existing connection was forcibly closed by the remote host.  : [client 201.245.192.253:50756] AH01102: error reading status line from remote server 172.22.1.31:80, referer: http://190.27.245.106/isolucionsda/DetalleTareas.aspx?Number=49514848666870544552
[Thu Jun 04 10:06:57.791310 2015] [proxy_http:error] [pid 7472:tid 1384] (20014)Internal error: [client 201.245.192.253:51018] AH01102: error reading status line from remote server 172.22.1.47:80, referer: http://190.27.245.106/forest/usutareas.do?group_system_actual=3&codTraEsc=18302350&_a=0.8320395093768651
[Thu Jun 04 10:06:57.838110 2015] [proxy_http:error] [pid 7472:tid 1832] (20014)Internal error: [client 201.245.192.253:50754] AH01102: error reading status line from remote server 172.22.1.47:80, referer: http://190.27.245.106/forest/usutareas.do?group_system_actual=3&codTraEsc=18302350&_a=0.8320395093768651
[Thu Jun 04 10:07:01.613317 2015] [proxy_http:error] [pid 7472:tid 1456] (20014)Internal error: [client 201.245.192.253:51158] AH01102: error reading status line from remote server 172.22.1.47:80
[Thu Jun 04 10:07:01.613317 2015] [proxy:error] [pid 7472:tid 1456] [client 201.245.192.253:51158] AH00898: Error reading from remote server returned by /forest/skins/gdocs-jar/css/menu.css
[Thu Jun 04 10:07:15.216540 2015] [proxy_http:error] [pid 7472:tid 1456] (OS 10054)An existing connection was forcibly closed by the remote host.  : [client 201.245.192.253:51408] AH01102: error reading status line from remote server 172.22.1.31:80, referer: http://190.27.245.106/isolucionsda/FrameSetGeneral.asp?Pagina=ListadoMaestroDocumentos3.asp
[Thu Jun 04 10:07:24.248956 2015] [proxy_http:error] [pid 7472:tid 1720] (20014)Internal error: [client 201.245.192.253:51837] AH01102: error reading status line from remote server 172.22.1.47:80, referer: http://190.27.245.106/forest/index2.jsp?_a=0.3112308704236024
[Thu Jun 04 10:07:24.248956 2015] [proxy:error] [pid 7472:tid 1720] [client 201.245.192.253:51837] AH00898: Error reading from remote server returned by /forest/misactividades.do, referer: http://190.27.245.106/forest/index2.jsp?_a=0.3112308704236024
[Thu Jun 04 10:07:51.486604 2015] [proxy_http:error] [pid 7472:tid 1712] (20014)Internal error: [client 201.245.192.253:52476] AH01102: error reading status line from remote server 172.22.1.47:80, referer: http://190.27.245.106/forest/misactividades.do?_a=0.3524464040528983&group_system_actual=3
[Thu Jun 04 10:08:06.743431 2015] [proxy_http:error] [pid 7472:tid 1608] (20014)Internal error: [client 201.245.192.253:52990] AH01102: error reading status line from remote server 172.22.1.47:80, referer: http://190.27.245.106/forest/buscar.do?type=procesos
[Thu Jun 04 10:08:14.839845 2015] [proxy_http:error] [pid 7472:tid 1800] (20014)Internal error: [client 201.245.192.253:53170] AH01102: error reading status line from remote server 172.22.1.47:80
[Thu Jun 04 10:08:14.839845 2015] [proxy:error] [pid 7472:tid 1800] [client 201.245.192.253:53170] AH00898: Error reading from remote server returned by /forest/skins/gdocs-jar/css/dialog.css
[Thu Jun 04 10:08:14.871045 2015] [proxy_http:error] [pid 7472:tid 1376] (20014)Internal error: [client 201.245.192.253:53176] AH01102: error reading status line from remote server 172.22.1.47:80
[Thu Jun 04 10:08:14.871045 2015] [proxy:error] [pid 7472:tid 1376] [client 201.245.192.253:53176] AH00898: Error reading from remote server returned by /forest/skins/gdocs-jar/js/swfobject.js
[Thu Jun 04 10:08:32.889077 2015] [proxy_http:error] [pid 7472:tid 1456] (20014)Internal error: [client 201.245.192.253:53535] AH01102: error reading status line from remote server 172.22.1.47:80
[Thu Jun 04 10:08:32.889077 2015] [proxy:error] [pid 7472:tid 1456] [client 201.245.192.253:53535] AH00898: Error reading from remote server returned by /forest/1ibre/jscalendar/calendar-win2k-1.css
[Thu Jun 04 10:09:28.347174 2015] [proxy_http:error] [pid 7472:tid 1800] (20014)Internal error: [client 201.245.192.253:54727] AH01102: error reading status line from remote server 172.22.1.47:80
[Thu Jun 04 10:09:28.347174 2015] [proxy:error] [pid 7472:tid 1800] [client 201.245.192.253:54727] AH00898: Error reading from remote server returned by /forest/skins/gdocs-jar/js/tareas.js
[Thu Jun 04 10:09:41.388797 2015] [proxy_http:error] [pid 7472:tid 1592] (20014)Internal error: [client 201.245.192.253:54949] AH01102: error reading status line from remote server 172.22.1.47:80
[Thu Jun 04 10:09:41.388797 2015] [proxy:error] [pid 7472:tid 1592] [client 201.245.192.253:54949] AH00898: Error reading from remote server returned by /forest/js/jquery/plugins/jquery.tablednd.js
[Thu Jun 04 10:09:44.836403 2015] [proxy_http:error] [pid 7472:tid 1728] (20014)Internal error: [client 201.245.192.253:55030] AH01102: error reading status line from remote server 172.22.1.47:80, referer: http://190.27.245.106/forest/usutareas.do?group_system_actual=3&a=0.5895083814445274
[Thu Jun 04 10:09:44.836403 2015] [proxy:error] [pid 7472:tid 1728] [client 201.245.192.253:55030] AH00898: Error reading from remote server returned by /forest/skins/gdocs-jar/js/graphicForm.js, referer: http://190.27.245.106/forest/usutareas.do?group_system_actual=3&a=0.5895083814445274
[Thu Jun 04 10:09:46.552406 2015] [proxy_http:error] [pid 7472:tid 1448] (20014)Internal error: [client 201.245.192.253:18265] AH01102: error reading status line from remote server 172.22.1.47:80, referer: http://190.27.245.106/forest/login.do
[Thu Jun 04 10:09:46.552406 2015] [proxy:error] [pid 7472:tid 1448] [client 201.245.192.253:18265] AH00898: Error reading from remote server returned by /forest/css/index.css, referer: http://190.27.245.106/forest/login.do
[Thu Jun 04 10:14:44.934130 2015] [proxy_http:error] [pid 7472:tid 1592] (20014)Internal error: [client 201.245.192.253:48866] AH01102: error reading status line from remote server 172.22.1.47:80, referer: http://190.27.245.106/forest/usutareas.do?group_system_actual=3&a=0.6989914453588426
[Thu Jun 04 10:14:44.934130 2015] [proxy:error] [pid 7472:tid 1592] [client 201.245.192.253:48866] AH00898: Error reading from remote server returned by /forest/session.jsp, referer: http://190.27.245.106/forest/usutareas.do?group_system_actual=3&a=0.6989914453588426
[Thu Jun 04 10:14:44.949730 2015] [negotiation:error] [pid 7472:tid 1592] [client 201.245.192.253:48866] AH00690: no acceptable variant: E:/nuevo/apache/error/HTTP_BAD_GATEWAY.html.var, referer: http://190.27.245.106/forest/usutareas.do?group_system_actual=3&a=0.6989914453588426
[Thu Jun 04 10:14:48.834137 2015] [proxy_http:error] [pid 7472:tid 1592] (20014)Internal error: [client 201.245.192.253:48906] AH01102: error reading status line from remote server 172.22.1.47:80, referer: http://190.27.245.106/forest/usutareas.do?group_system_actual=3&a=0.6989914453588426
[Thu Jun 04 10:15:47.677441 2015] [proxy_http:error] [pid 7472:tid 1504] (20014)Internal error: [client 201.245.192.253:49953] AH01102: error reading status line from remote server 172.22.1.47:80, referer: http://190.27.245.106/forest/usutareas.do?group_system_actual=3&a=0.6989914453588426
[Thu Jun 04 10:15:50.438645 2015] [proxy_http:error] [pid 7472:tid 1776] (20014)Internal error: [client 201.245.192.253:50075] AH01102: error reading status line from remote server 172.22.1.47:80, referer: http://190.27.245.106/forest/usutareas.do?_a=0.5674792390450174&group_system_actual=3
[Thu Jun 04 10:15:50.438645 2015] [proxy:error] [pid 7472:tid 1776] [client 201.245.192.253:50075] AH00898: Error reading from remote server returned by /forest/documentos/1831520/2014ER061154.docx, referer: http://190.27.245.106/forest/usutareas.do?_a=0.5674792390450174&group_system_actual=3
[Thu Jun 04 10:19:33.066636 2015] [proxy_http:error] [pid 7472:tid 1872] (20014)Internal error: [client 201.245.192.253:56087] AH01102: error reading status line from remote server 172.22.1.47:80, referer: http://190.27.245.106/forest/usutareas.do?_a=0.7594475380610675&group_system_actual=3
[Thu Jun 04 10:19:33.066636 2015] [proxy:error] [pid 7472:tid 1872] [client 201.245.192.253:56087] AH00898: Error reading from remote server returned by /forest/usugrafico.do, referer: http://190.27.245.106/forest/usutareas.do?_a=0.7594475380610675&group_system_actual=3
[Thu Jun 04 10:20:36.870748 2015] [proxy_http:error] [pid 7472:tid 1416] (20014)Internal error: [client 201.245.192.253:57579] AH01102: error reading status line from remote server 172.22.1.47:80
[Thu Jun 04 10:20:36.870748 2015] [proxy:error] [pid 7472:tid 1416] [client 201.245.192.253:57579] AH00898: Error reading from remote server returned by /forest/js/autocompletar2.js
[Thu Jun 04 10:20:36.886349 2015] [proxy_http:error] [pid 7472:tid 1448] (20014)Internal error: [client 201.245.192.253:57586] AH01102: error reading status line from remote server 172.22.1.47:80
[Thu Jun 04 10:20:36.886349 2015] [proxy:error] [pid 7472:tid 1448] [client 201.245.192.253:57586] AH00898: Error reading from remote server returned by /forest/1ibre/protoaculous.js
[Thu Jun 04 10:20:40.177954 2015] [proxy_http:error] [pid 7472:tid 1560] (20014)Internal error: [client 201.245.192.253:57587] AH01102: error reading status line from remote server 172.22.1.47:80, referer: http://190.27.245.106/forest/buscar.do?type=procesos
[Thu Jun 04 10:22:19.504329 2015] [proxy_http:error] [pid 7472:tid 1408] (20014)Internal error: [client 201.245.192.253:47867] AH01102: error reading status line from remote server 172.22.1.47:80
[Thu Jun 04 10:22:19.504329 2015] [proxy:error] [pid 7472:tid 1408] [client 201.245.192.253:47867] AH00898: Error reading from remote server returned by /forest/skins/gdocs-jar/css/autocomplete.css
[Thu Jun 04 10:27:27.074469 2015] [proxy_http:error] [pid 7472:tid 1872] (20014)Internal error: [client 201.245.192.253:55579] AH01102: error reading status line from remote server 172.22.1.47:80
[Thu Jun 04 10:27:27.074469 2015] [proxy:error] [pid 7472:tid 1872] [client 201.245.192.253:55579] AH00898: Error reading from remote server returned by /forest/skins/gdocs-jar/img/icons/doc.gif
[Thu Jun 04 10:27:58.555324 2015] [proxy_http:error] [pid 7472:tid 1560] (20014)Internal error: [client 201.245.192.253:56037] AH01102: error reading status line from remote server 172.22.1.47:80, referer: http://190.27.245.106/forest/usutareas.do?group_system_actual=3&codAct=916&numPro=3108775&codPro=95&fecTra=2015-05-28%2011:06:52.0&codInst=3151124&codTraEsc=18257484
[Thu Jun 04 10:27:58.664525 2015] [proxy_http:error] [pid 7472:tid 1560] (20014)Internal error: [client 201.245.192.253:56265] AH01102: error reading status line from remote server 172.22.1.47:80
[Thu Jun 04 10:27:58.664525 2015] [proxy:error] [pid 7472:tid 1560] [client 201.245.192.253:56265] AH00898: Error reading from remote server returned by /forest/skins/gdocs-jar/js/autocompletar2.js
[Thu Jun 04 10:33:04.518662 2015] [proxy_http:error] [pid 7472:tid 1504] (20014)Internal error: [client 201.245.192.253:50845] AH01102: error reading status line from remote server 172.22.1.47:80
[Thu Jun 04 10:33:04.518662 2015] [proxy:error] [pid 7472:tid 1504] [client 201.245.192.253:50845] AH00898: Error reading from remote server returned by /forest/js/jquery/jquery-1.5.2.min.js
[Thu Jun 04 10:33:46.451535 2015] [proxy_http:error] [pid 7472:tid 1512] (20014)Internal error: [client 201.245.192.253:51525] AH01102: error reading status line from remote server 172.22.1.47:80, referer: http://190.27.245.106/forest/usugrafico.do?_a=0.04950287682004273&group_system_actual=3
[Thu Jun 04 10:41:53.515591 2015] [proxy_http:error] [pid 7472:tid 1424] (20014)Internal error: [client 201.245.192.253:49170] AH01102: error reading status line from remote server 172.22.1.47:80, referer: http://190.27.245.106/forest/usutareas.do?group_system_actual=3&a=0.41209869235930474
[Thu Jun 04 10:42:49.878490 2015] [proxy_http:error] [pid 7472:tid 1656] (20014)Internal error: [client 201.245.192.253:50367] AH01102: error reading status line from remote server 172.22.1.47:80, referer: http://190.27.245.106/forest/index2.jsp?_a=0.00046773371286690235
[Thu Jun 04 10:46:39.994494 2015] [proxy_http:error] [pid 7472:tid 1528] (20014)Internal error: [client 201.245.192.253:55212] AH01102: error reading status line from remote server 172.22.1.47:80, referer: http://190.27.245.106/forest/usutareas.do?_a=0.48688844778116014&group_system_actual=3
[Thu Jun 04 10:47:02.895334 2015] [proxy_http:error] [pid 7472:tid 1472] (20014)Internal error: [client 201.245.192.253:55821] AH01102: error reading status line from remote server 172.22.1.47:80, referer: http://190.27.245.106/forest/skins/gdocs-jar/popup/showformtocrudtwo.jsp?codForm=solicitar_correccion&numPro=3104649&codInst=3146876&codTraEsc=18196347&schema=&table=&column=
[Thu Jun 04 10:48:24.951478 2015] [proxy_http:error] [pid 7472:tid 1512] (20014)Internal error: [client 201.245.192.253:56835] AH01102: error reading status line from remote server 172.22.1.47:80
[Thu Jun 04 10:48:24.951478 2015] [proxy:error] [pid 7472:tid 1512] [client 201.245.192.253:56835] AH00898: Error reading from remote server returned by /forest/skins/gdocs-jar/js/xml_utilities.js
[Thu Jun 04 10:48:25.060679 2015] [proxy_http:error] [pid 7472:tid 1512] (20014)Internal error: [client 201.245.192.253:56842] AH01102: error reading status line from remote server 172.22.1.47:80
[Thu Jun 04 10:48:25.060679 2015] [proxy:error] [pid 7472:tid 1512] [client 201.245.192.253:56842] AH00898: Error reading from remote server returned by /forest/img/salir3.gif
[Thu Jun 04 10:48:25.091879 2015] [proxy_http:error] [pid 7472:tid 1528] (20014)Internal error: [client 201.245.192.253:56851] AH01102: error reading status line from remote server 172.22.1.47:80
[Thu Jun 04 10:48:25.091879 2015] [proxy:error] [pid 7472:tid 1528] [client 201.245.192.253:56851] AH00898: Error reading from remote server returned by /forest/img/panel/menu/folder.png
[Thu Jun 04 10:48:38.242702 2015] [proxy_http:error] [pid 7472:tid 1528] (20014)Internal error: [client 201.245.192.253:57007] AH01102: error reading status line from remote server 172.22.1.47:80
[Thu Jun 04 10:48:38.242702 2015] [proxy:error] [pid 7472:tid 1528] [client 201.245.192.253:57007] AH00898: Error reading from remote server returned by /forest/img/jquery/ui-bg_gloss-wave_55_5c9ccc_500x100.png
[Thu Jun 04 10:56:05.292687 2015] [proxy_http:error] [pid 7472:tid 1456] (20014)Internal error: [client 201.245.192.253:53127] AH01102: error reading status line from remote server 172.22.1.47:80, referer: http://190.27.245.106/forest/buscar.do?type=procesos
[Thu Jun 04 10:59:48.622679 2015] [proxy_http:error] [pid 7472:tid 1656] (20014)Internal error: [client 201.245.192.253:58404] AH01102: error reading status line from remote server 172.22.1.47:80, referer: http://190.27.245.106/forest/index2.jsp?selected=tab_init&tab=1
[Thu Jun 04 10:59:50.884683 2015] [proxy_http:error] [pid 7472:tid 1608] (20014)Internal error: [client 201.245.192.253:58486] AH01102: error reading status line from remote server 172.22.1.47:80
[Thu Jun 04 10:59:50.884683 2015] [proxy:error] [pid 7472:tid 1608] [client 201.245.192.253:58486] AH00898: Error reading from remote server returned by /forest/img/jquery/quitarfiltrar.gif
[Thu Jun 04 11:00:20.758736 2015] [proxy_http:error] [pid 7472:tid 1472] (20014)Internal error: [client 201.245.192.253:59011] AH01102: error reading status line from remote server 172.22.1.47:80, referer: http://190.27.245.106/forest/usutareas.do?_a=0.7917131513822824&group_system_actual=3
[Thu Jun 04 11:01:18.759637 2015] [:error] [pid 7472:tid 1720] [client 68.180.228.219:47653] script 'E:/nuevo/htdocs/dama.php' not found or unable to stat
[Thu Jun 04 11:02:01.566113 2015] [proxy_http:error] [pid 7472:tid 1408] (20014)Internal error: [client 201.245.192.253:48036] AH01102: error reading status line from remote server 172.22.1.47:80, referer: http://190.27.245.106/forest/usutareas.do?group_system_actual=3&a=0.15305689103136555
[Thu Jun 04 11:02:01.644113 2015] [proxy_http:error] [pid 7472:tid 1720] (20014)Internal error: [client 201.245.192.253:48497] AH01102: error reading status line from remote server 172.22.1.47:80, referer: http://190.27.245.106/forest/usutareas.do?group_system_actual=3&a=0.15305689103136555
[Thu Jun 04 11:02:01.644113 2015] [proxy:error] [pid 7472:tid 1720] [client 201.245.192.253:48497] AH00898: Error reading from remote server returned by /forest/json.do, referer: http://190.27.245.106/forest/usutareas.do?group_system_actual=3&a=0.15305689103136555
[Thu Jun 04 11:02:01.659713 2015] [negotiation:error] [pid 7472:tid 1720] [client 201.245.192.253:48497] AH00690: no acceptable variant: E:/nuevo/apache/error/HTTP_BAD_GATEWAY.html.var, referer: http://190.27.245.106/forest/usutareas.do?group_system_actual=3&a=0.15305689103136555
[Thu Jun 04 11:02:01.675313 2015] [proxy_http:error] [pid 7472:tid 1528] (20014)Internal error: [client 201.245.192.253:48501] AH01102: error reading status line from remote server 172.22.1.47:80
[Thu Jun 04 11:02:01.675313 2015] [proxy:error] [pid 7472:tid 1528] [client 201.245.192.253:48501] AH00898: Error reading from remote server returned by /forest/skins/gdocs-jar/img/icons/docx.gif
[Thu Jun 04 11:02:22.969350 2015] [proxy_http:error] [pid 7472:tid 1472] (20014)Internal error: [client 201.245.192.253:48939] AH01102: error reading status line from remote server 172.22.1.47:80, referer: http://190.27.245.106/forest/usutareas.do?group_system_actual=3&a=0.9471627501464502
[Thu Jun 04 11:02:22.969350 2015] [proxy:error] [pid 7472:tid 1472] [client 201.245.192.253:48939] AH00898: Error reading from remote server returned by /forest/actions/forms.getList, referer: http://190.27.245.106/forest/usutareas.do?group_system_actual=3&a=0.9471627501464502
[Thu Jun 04 11:02:22.969350 2015] [negotiation:error] [pid 7472:tid 1472] [client 201.245.192.253:48939] AH00690: no acceptable variant: E:/nuevo/apache/error/HTTP_BAD_GATEWAY.html.var, referer: http://190.27.245.106/forest/usutareas.do?group_system_actual=3&a=0.9471627501464502
[Thu Jun 04 11:02:41.564583 2015] [proxy_http:error] [pid 7472:tid 1752] (20014)Internal error: [client 201.245.192.253:49005] AH01102: error reading status line from remote server 172.22.1.47:80, referer: http://190.27.245.106/forest/usutareas.do?group_system_actual=3&a=0.15305689103136555
[Thu Jun 04 11:13:00.199270 2015] [proxy_http:error] [pid 7472:tid 1680] (20014)Internal error: [client 181.61.173.135:50125] AH01102: error reading status line from remote server 172.22.1.47:80, referer: http://190.27.245.106/forest/buscar.do?type=documentos
[Thu Jun 04 11:13:00.199270 2015] [proxy:error] [pid 7472:tid 1680] [client 181.61.173.135:50125] AH00898: Error reading from remote server returned by /forest/buscar.do, referer: http://190.27.245.106/forest/buscar.do?type=documentos
[Thu Jun 04 11:15:05.483090 2015] [proxy_http:error] [pid 7472:tid 1704] (20014)Internal error: [client 186.31.226.118:16574] AH01102: error reading status line from remote server 172.22.1.47:80, referer: http://190.27.245.106/forest/system/process.jsp?numPro=3013135
[Thu Jun 04 11:16:52.328677 2015] [proxy_http:error] [pid 7472:tid 1464] (20014)Internal error: [client 201.245.192.253:56129] AH01102: error reading status line from remote server 172.22.1.47:80
[Thu Jun 04 11:16:52.328677 2015] [proxy:error] [pid 7472:tid 1464] [client 201.245.192.253:56129] AH00898: Error reading from remote server returned by /forest/js/dialog.js
[Thu Jun 04 11:17:26.945138 2015] [proxy_http:error] [pid 7472:tid 1384] (20014)Internal error: [client 201.245.192.253:56840] AH01102: error reading status line from remote server 172.22.1.47:80
[Thu Jun 04 11:17:26.945138 2015] [proxy:error] [pid 7472:tid 1384] [client 201.245.192.253:56840] AH00898: Error reading from remote server returned by /forest/skins/gdocs-jar/img/clip.gif
[Thu Jun 04 11:17:27.069938 2015] [proxy_http:error] [pid 7472:tid 1424] (20014)Internal error: [client 201.245.192.253:56844] AH01102: error reading status line from remote server 172.22.1.47:80, referer: http://190.27.245.106/forest/usutareas.do?group_system_actual=3&codAct=2383&numPro=2962545&codPro=192&fecTra=2015-05-12%2010:56:58.564&codInst=2996966&codTraEsc=18127366
[Thu Jun 04 11:17:27.069938 2015] [proxy:error] [pid 7472:tid 1424] [client 201.245.192.253:56844] AH00898: Error reading from remote server returned by /forest/session.jsp, referer: http://190.27.245.106/forest/usutareas.do?group_system_actual=3&codAct=2383&numPro=2962545&codPro=192&fecTra=2015-05-12%2010:56:58.564&codInst=2996966&codTraEsc=18127366
[Thu Jun 04 11:17:27.069938 2015] [negotiation:error] [pid 7472:tid 1424] [client 201.245.192.253:56844] AH00690: no acceptable variant: E:/nuevo/apache/error/HTTP_BAD_GATEWAY.html.var, referer: http://190.27.245.106/forest/usutareas.do?group_system_actual=3&codAct=2383&numPro=2962545&codPro=192&fecTra=2015-05-12%2010:56:58.564&codInst=2996966&codTraEsc=18127366
[Thu Jun 04 11:21:38.511180 2015] [proxy_http:error] [pid 7472:tid 1840] (20014)Internal error: [client 201.245.192.253:49937] AH01102: error reading status line from remote server 172.22.1.47:80, referer: http://190.27.245.106/forest/index2.jsp?_a=0.5975072767109946
[Thu Jun 04 11:21:58.370015 2015] [proxy_http:error] [pid 7472:tid 1488] (20014)Internal error: [client 181.61.173.135:50193] AH01102: error reading status line from remote server 172.22.1.47:80, referer: http://190.27.245.106/forest/system/process.jsp?numPro=2809677
[Thu Jun 04 11:21:58.432415 2015] [proxy_http:error] [pid 7472:tid 1368] (20014)Internal error: [client 181.61.173.135:50196] AH01102: error reading status line from remote server 172.22.1.47:80, referer: http://190.27.245.106/forest/system/process.jsp?numPro=2809677
[Thu Jun 04 11:24:57.785930 2015] [proxy_http:error] [pid 7472:tid 1472] (20014)Internal error: [client 181.61.173.135:50203] AH01102: error reading status line from remote server 172.22.1.47:80, referer: http://190.27.245.106/forest/skins/gdocs-jar/popup/FileViewerTree.jsp?coddoc=1841721&ext=xlsx&numpro=2809677&nombre=RUIDO.xlsx&codfile=-1&rootPath=/forest/
[Thu Jun 04 11:32:46.535553 2015] [proxy_http:error] [pid 7472:tid 1464] (20014)Internal error: [client 201.245.192.253:47912] AH01102: error reading status line from remote server 172.22.1.47:80
[Thu Jun 04 11:32:46.535553 2015] [proxy:error] [pid 7472:tid 1464] [client 201.245.192.253:47912] AH00898: Error reading from remote server returned by /forest/skins/gdocs-jar/css/forest.css
[Thu Jun 04 11:34:27.608131 2015] [proxy_http:error] [pid 7472:tid 1528] (20014)Internal error: [client 201.245.192.253:49367] AH01102: error reading status line from remote server 172.22.1.47:80, referer: http://190.27.245.106/forest/buscar.do?type=procesos
[Thu Jun 04 11:37:05.480408 2015] [proxy_http:error] [pid 7472:tid 1840] (20014)Internal error: [client 201.245.192.253:52030] AH01102: error reading status line from remote server 172.22.1.47:80
[Thu Jun 04 11:37:05.480408 2015] [proxy:error] [pid 7472:tid 1840] [client 201.245.192.253:52030] AH00898: Error reading from remote server returned by /forest/skins/gdocs-jar/img/grid-last.gif
[Thu Jun 04 11:38:13.075327 2015] [proxy_http:error] [pid 7472:tid 1480] (20014)Internal error: [client 201.245.192.253:53943] AH01102: error reading status line from remote server 172.22.1.47:80, referer: http://190.27.245.106/forest/usutareas.do?_a=0.021945864675283255&group_system_actual=3
[Thu Jun 04 11:38:13.075327 2015] [proxy:error] [pid 7472:tid 1480] [client 201.245.192.253:53943] AH00898: Error reading from remote server returned by /forest/session.jsp, referer: http://190.27.245.106/forest/usutareas.do?_a=0.021945864675283255&group_system_actual=3
[Thu Jun 04 11:38:13.075327 2015] [negotiation:error] [pid 7472:tid 1480] [client 201.245.192.253:53943] AH00690: no acceptable variant: E:/nuevo/apache/error/HTTP_BAD_GATEWAY.html.var, referer: http://190.27.245.106/forest/usutareas.do?_a=0.021945864675283255&group_system_actual=3
[Thu Jun 04 11:38:19.362138 2015] [proxy_http:error] [pid 7472:tid 1656] (20014)Internal error: [client 201.245.192.253:50981] AH01102: error reading status line from remote server 172.22.1.47:80, referer: http://190.27.245.106/forest/buscar.do
[Thu Jun 04 11:43:34.045891 2015] [proxy_http:error] [pid 7472:tid 1672] (20014)Internal error: [client 201.245.192.253:50317] AH01102: error reading status line from remote server 172.22.1.47:80, referer: http://190.27.245.106/forest/misactividades.do?group_system_actual=3&codPro=176&_a=0.851006315978306
[Thu Jun 04 11:44:44.308414 2015] [proxy_http:error] [pid 7472:tid 1528] (20014)Internal error: [client 201.245.192.253:52347] AH01102: error reading status line from remote server 172.22.1.47:80, referer: http://190.27.245.106/forest/buscar.do?type=documentos
[Thu Jun 04 11:45:21.779680 2015] [proxy_http:error] [pid 7472:tid 1680] (20014)Internal error: [client 201.245.192.253:52982] AH01102: error reading status line from remote server 172.22.1.47:80, referer: http://190.27.245.106/forest/usutareas.do?_a=0.9847004019521167&group_system_actual=3
[Thu Jun 04 11:45:24.010484 2015] [proxy_http:error] [pid 7472:tid 1744] (20014)Internal error: [client 201.245.192.253:53309] AH01102: error reading status line from remote server 172.22.1.47:80
[Thu Jun 04 11:45:24.010484 2015] [proxy:error] [pid 7472:tid 1744] [client 201.245.192.253:53309] AH00898: Error reading from remote server returned by /forest/
[Thu Jun 04 11:46:39.327416 2015] [proxy_http:error] [pid 7472:tid 1648] (20014)Internal error: [client 201.245.192.253:55007] AH01102: error reading status line from remote server 172.22.1.47:80, referer: http://190.27.245.106/forest/usutareas.do?_a=0.22944800346158445&group_system_actual=3
[Thu Jun 04 11:46:46.035428 2015] [proxy_http:error] [pid 7472:tid 1528] (20014)Internal error: [client 186.28.14.254:11561] AH01102: error reading status line from remote server 172.22.1.47:80, referer: http://190.27.245.106/forest/index2.jsp?_a=0.7948657290544361
[Thu Jun 04 11:46:46.035428 2015] [proxy:error] [pid 7472:tid 1528] [client 186.28.14.254:11561] AH00898: Error reading from remote server returned by /forest/session.jsp, referer: http://190.27.245.106/forest/index2.jsp?_a=0.7948657290544361
[Thu Jun 04 11:46:46.035428 2015] [negotiation:error] [pid 7472:tid 1528] [client 186.28.14.254:11561] AH00690: no acceptable variant: E:/nuevo/apache/error/HTTP_BAD_GATEWAY.html.var, referer: http://190.27.245.106/forest/index2.jsp?_a=0.7948657290544361
[Thu Jun 04 11:46:52.556239 2015] [proxy_http:error] [pid 7472:tid 1584] (20014)Internal error: [client 201.245.192.253:55373] AH01102: error reading status line from remote server 172.22.1.47:80
[Thu Jun 04 11:46:52.556239 2015] [proxy:error] [pid 7472:tid 1584] [client 201.245.192.253:55373] AH00898: Error reading from remote server returned by /forest/img/inicio/1.gif
[Thu Jun 04 11:46:52.556239 2015] [proxy_http:error] [pid 7472:tid 1640] (20014)Internal error: [client 201.245.192.253:55376] AH01102: error reading status line from remote server 172.22.1.47:80
[Thu Jun 04 11:46:52.556239 2015] [proxy:error] [pid 7472:tid 1640] [client 201.245.192.253:55376] AH00898: Error reading from remote server returned by /forest/img/inicio/4.gif
[Thu Jun 04 11:46:54.225442 2015] [proxy_http:error] [pid 7472:tid 1520] (20014)Internal error: [client 201.184.24.68:49453] AH01102: error reading status line from remote server 172.22.1.47:80, referer: http://190.27.245.106/forest/buscar.do?type=documentos
[Thu Jun 04 11:49:03.565269 2015] [proxy:error] [pid 7472:tid 1688] (OS 10060)A connection attempt failed because the connected party did not properly respond after a period of time, or established connection failed because connected host has failed to respond.  : AH00957: HTTP: attempt to connect to 172.22.1.47:80 (172.22.1.47) failed
[Thu Jun 04 11:49:03.565269 2015] [proxy:error] [pid 7472:tid 1688] AH00959: ap_proxy_connect_backend disabling worker for (172.22.1.47) for 60s
[Thu Jun 04 11:49:03.565269 2015] [proxy_http:error] [pid 7472:tid 1688] [client 201.184.24.68:49459] AH01114: HTTP: failed to make connection to backend: 172.22.1.47, referer: http://190.27.245.106/forest/skins/gdocs-jar/popup/FileViewerTree.jsp?coddoc=2072100&ext=docx&numpro=3095015&nombre=AUDITIVO%20SANTAFE.docx&codfile=-1&rootPath=/forest/
[Thu Jun 04 11:49:07.153276 2015] [proxy:error] [pid 7472:tid 1328] AH00940: HTTP: disabled connection for (172.22.1.47)
[Thu Jun 04 11:49:08.338878 2015] [proxy:error] [pid 7472:tid 1472] AH00940: HTTP: disabled connection for (172.22.1.47)
[Thu Jun 04 11:49:08.338878 2015] [negotiation:error] [pid 7472:tid 1472] [client 201.245.192.253:58482] AH00690: no acceptable variant: E:/nuevo/apache/error/HTTP_SERVICE_UNAVAILABLE.html.var, referer: http://190.27.245.106/forest/
[Thu Jun 04 11:49:09.992481 2015] [proxy:error] [pid 7472:tid 1352] AH00940: HTTP: disabled connection for (172.22.1.47)
[Thu Jun 04 11:49:11.661684 2015] [proxy:error] [pid 7472:tid 1648] AH00940: HTTP: disabled connection for (172.22.1.47)
[Thu Jun 04 11:49:13.923688 2015] [proxy:error] [pid 7472:tid 1488] AH00940: HTTP: disabled connection for (172.22.1.47)
[Thu Jun 04 11:49:17.574094 2015] [proxy:error] [pid 7472:tid 1720] (OS 10060)A connection attempt failed because the connected party did not properly respond after a period of time, or established connection failed because connected host has failed to respond.  : AH00957: HTTP: attempt to connect to 172.22.1.47:80 (172.22.1.47) failed
[Thu Jun 04 11:49:17.574094 2015] [proxy_http:error] [pid 7472:tid 1720] [client 201.245.192.253:58192] AH01114: HTTP: failed to make connection to backend: 172.22.1.47, referer: http://190.27.245.106/forest/usutareas.do?group_system_actual=3&a=0.7731632383074611
[Thu Jun 04 11:49:17.574094 2015] [negotiation:error] [pid 7472:tid 1720] [client 201.245.192.253:58192] AH00690: no acceptable variant: E:/nuevo/apache/error/HTTP_SERVICE_UNAVAILABLE.html.var, referer: http://190.27.245.106/forest/usutareas.do?group_system_actual=3&a=0.7731632383074611
