[Fri Jun 05 09:27:44.337731 2015] [proxy_http:error] [pid 7472:tid 1504] (OS 10060)A connection attempt failed because the connected party did not properly respond after a period of time, or established connection failed because connected host has failed to respond.  : [client 201.244.240.183:25935] AH01102: error reading status line from remote server 172.22.1.47:80, referer: http://190.27.245.106/forest/usutareas.do?_a=0.8714577318169177&group_system_actual=3
[Fri Jun 05 09:27:44.337731 2015] [proxy:error] [pid 7472:tid 1504] [client 201.244.240.183:25935] AH00898: Error reading from remote server returned by /forest/usutareas.do, referer: http://190.27.245.106/forest/usutareas.do?_a=0.8714577318169177&group_system_actual=3
[Fri Jun 05 09:29:45.393944 2015] [proxy_http:error] [pid 7472:tid 1464] (20014)Internal error: [client 201.245.192.253:23909] AH01102: error reading status line from remote server 172.22.1.47:80, referer: http://190.27.245.106/forest/usutareas.do?group_system_actual=3&a=0.3191579757258296
[Fri Jun 05 09:29:58.217166 2015] [proxy_http:error] [pid 7472:tid 1432] (20014)Internal error: [client 201.245.192.253:24511] AH01102: error reading status line from remote server 172.22.1.47:80, referer: http://190.27.245.106/forest/usutareas.do?group_system_actual=3&a=0.3191579757258296
[Fri Jun 05 09:30:34.549630 2015] [proxy_http:error] [pid 7472:tid 1316] (OS 10060)A connection attempt failed because the connected party did not properly respond after a period of time, or established connection failed because connected host has failed to respond.  : [client 201.245.192.253:28331] AH01102: error reading status line from remote server 172.22.1.47:80, referer: http://190.27.245.106/forest/login.do
[Fri Jun 05 09:30:34.549630 2015] [proxy:error] [pid 7472:tid 1316] [client 201.245.192.253:28331] AH00898: Error reading from remote server returned by /forest/login.do, referer: http://190.27.245.106/forest/login.do
[Fri Jun 05 09:31:22.129714 2015] [proxy_http:error] [pid 7472:tid 1704] (OS 10060)A connection attempt failed because the connected party did not properly respond after a period of time, or established connection failed because connected host has failed to respond.  : [client 181.55.242.241:49369] AH01102: error reading status line from remote server 172.22.1.47:80, referer: http://190.27.245.106/forest/usutareas.do?_a=0.3652644802350551&group_system_actual=3
[Fri Jun 05 09:31:22.129714 2015] [proxy:error] [pid 7472:tid 1704] [client 181.55.242.241:49369] AH00898: Error reading from remote server returned by /forest/documentos/2019696/2015ER27322.pdf, referer: http://190.27.245.106/forest/usutareas.do?_a=0.3652644802350551&group_system_actual=3
[Fri Jun 05 09:31:37.308540 2015] [proxy_http:error] [pid 7472:tid 1040] (20014)Internal error: [client 201.245.192.253:25188] AH01102: error reading status line from remote server 172.22.1.47:80, referer: http://190.27.245.106/forest/index2.jsp?a=0.8417089813062513
[Fri Jun 05 09:34:29.688843 2015] [proxy_http:error] [pid 7472:tid 1040] (20014)Internal error: [client 201.245.192.253:25716] AH01102: error reading status line from remote server 172.22.1.47:80, referer: http://190.27.245.106/forest/usutareas.do?group_system_actual=3&a=0.3191579757258296
[Fri Jun 05 09:35:25.349741 2015] [proxy_http:error] [pid 7472:tid 1272] (OS 10060)A connection attempt failed because the connected party did not properly respond after a period of time, or established connection failed because connected host has failed to respond.  : [client 190.27.78.1:10513] AH01102: error reading status line from remote server 172.22.1.47:80, referer: http://190.27.245.106/forest/usutareas.do?group_system_actual=3&a=0.3218414164148271
[Fri Jun 05 09:35:25.349741 2015] [proxy:error] [pid 7472:tid 1272] [client 190.27.78.1:10513] AH00898: Error reading from remote server returned by /forest/documentos/1902960/2014ER132584.pdf, referer: http://190.27.245.106/forest/usutareas.do?group_system_actual=3&a=0.3218414164148271
[Fri Jun 05 09:44:50.398333 2015] [proxy_http:error] [pid 7472:tid 1520] (20014)Internal error: [client 201.245.192.253:34956] AH01102: error reading status line from remote server 172.22.1.47:80, referer: http://190.27.245.106/forest/login.do
[Fri Jun 05 09:50:36.141741 2015] [proxy_http:error] [pid 7472:tid 1600] (OS 10053)An established connection was aborted by the software in your host machine.  : [client 201.245.192.253:26190] AH01102: error reading status line from remote server 172.22.1.47:80, referer: http://190.27.245.106/forest/index2.jsp?selected=tab_init&tab=1
[Fri Jun 05 09:50:37.389743 2015] [proxy_http:error] [pid 7472:tid 1776] (OS 10053)An established connection was aborted by the software in your host machine.  : [client 201.245.192.253:26227] AH01102: error reading status line from remote server 172.22.1.47:80
[Fri Jun 05 09:50:37.389743 2015] [proxy:error] [pid 7472:tid 1776] [client 201.245.192.253:26227] AH00898: Error reading from remote server returned by /forest/login.do
[Fri Jun 05 09:50:52.100569 2015] [proxy_http:error] [pid 7472:tid 1864] (OS 10053)An established connection was aborted by the software in your host machine.  : [client 201.244.240.183:26831] AH01102: error reading status line from remote server 172.22.1.47:80
[Fri Jun 05 09:50:52.100569 2015] [proxy:error] [pid 7472:tid 1864] [client 201.244.240.183:26831] AH00898: Error reading from remote server returned by /forest/login.do
[Fri Jun 05 09:51:14.564608 2015] [proxy:error] [pid 7472:tid 1100] (OS 10060)A connection attempt failed because the connected party did not properly respond after a period of time, or established connection failed because connected host has failed to respond.  : AH00957: HTTP: attempt to connect to 172.22.1.47:80 (172.22.1.47) failed
[Fri Jun 05 09:51:14.564608 2015] [proxy:error] [pid 7472:tid 1100] AH00959: ap_proxy_connect_backend disabling worker for (172.22.1.47) for 60s
[Fri Jun 05 09:51:14.564608 2015] [proxy_http:error] [pid 7472:tid 1100] [client 201.245.192.253:26470] AH01114: HTTP: failed to make connection to backend: 172.22.1.47, referer: http://190.27.245.106/forest/usutareas.do?group_system_actual=3&a=0.9355445499531925
[Fri Jun 05 09:51:20.024618 2015] [proxy:error] [pid 7472:tid 1664] AH00940: HTTP: disabled connection for (172.22.1.47)
[Fri Jun 05 09:51:23.472224 2015] [proxy:error] [pid 7472:tid 1232] (OS 10060)A connection attempt failed because the connected party did not properly respond after a period of time, or established connection failed because connected host has failed to respond.  : AH00957: HTTP: attempt to connect to 172.22.1.47:80 (172.22.1.47) failed
[Fri Jun 05 09:51:23.472224 2015] [proxy_http:error] [pid 7472:tid 1232] [client 201.245.192.253:26546] AH01114: HTTP: failed to make connection to backend: 172.22.1.47
[Fri Jun 05 09:52:13.095911 2015] [proxy:error] [pid 7472:tid 1312] (OS 10060)A connection attempt failed because the connected party did not properly respond after a period of time, or established connection failed because connected host has failed to respond.  : AH00957: HTTP: attempt to connect to 172.22.1.47:80 (172.22.1.47) failed
[Fri Jun 05 09:52:13.095911 2015] [proxy:error] [pid 7472:tid 1312] AH00959: ap_proxy_connect_backend disabling worker for (172.22.1.47) for 60s
[Fri Jun 05 09:52:13.095911 2015] [proxy_http:error] [pid 7472:tid 1312] [client 190.25.119.55:10241] AH01114: HTTP: failed to make connection to backend: 172.22.1.47, referer: http://190.27.245.106/forest/misactividades.do?group_system_actual=3&codPro=127&_a=0.9696133526618896
[Fri Jun 05 09:52:13.095911 2015] [proxy_http:error] [pid 7472:tid 1776] (OS 10053)An established connection was aborted by the software in your host machine.  : [client 201.245.192.253:26771] AH01102: error reading status line from remote server 172.22.1.47:80
[Fri Jun 05 09:52:13.095911 2015] [proxy:error] [pid 7472:tid 1776] [client 201.245.192.253:26771] AH00898: Error reading from remote server returned by /forest/misactividades.do
[Fri Jun 05 09:52:22.175127 2015] [proxy:error] [pid 7472:tid 1856] AH00940: HTTP: disabled connection for (172.22.1.47)
[Fri Jun 05 09:52:23.485529 2015] [proxy:error] [pid 7472:tid 1312] AH00940: HTTP: disabled connection for (172.22.1.47)
[Fri Jun 05 09:52:26.449534 2015] [proxy:error] [pid 7472:tid 1600] AH00940: HTTP: disabled connection for (172.22.1.47)
[Fri Jun 05 09:52:29.163939 2015] [proxy:error] [pid 7472:tid 1776] AH00940: HTTP: disabled connection for (172.22.1.47)
[Fri Jun 05 09:52:30.053141 2015] [proxy:error] [pid 7472:tid 1600] AH00940: HTTP: disabled connection for (172.22.1.47)
[Fri Jun 05 09:52:30.599142 2015] [proxy:error] [pid 7472:tid 1776] AH00940: HTTP: disabled connection for (172.22.1.47)
[Fri Jun 05 09:52:37.416354 2015] [proxy:error] [pid 7472:tid 1600] AH00940: HTTP: disabled connection for (172.22.1.47)
[Fri Jun 05 09:52:37.416354 2015] [negotiation:error] [pid 7472:tid 1600] [client 201.245.192.253:26973] AH00690: no acceptable variant: E:/nuevo/apache/error/HTTP_SERVICE_UNAVAILABLE.html.var, referer: http://190.27.245.106/forest/usutareas.do?group_system_actual=3&a=0.9355445499531925
[Fri Jun 05 09:52:44.327166 2015] [proxy:error] [pid 7472:tid 1352] AH00940: HTTP: disabled connection for (172.22.1.47)
[Fri Jun 05 09:52:49.943176 2015] [proxy_http:error] [pid 7472:tid 1776] (OS 10053)An established connection was aborted by the software in your host machine.  : [client 201.245.192.253:26930] AH01102: error reading status line from remote server 172.22.1.47:80, referer: http://190.27.245.106/forest/usutareas.do?codTraEsc=18286577
[Fri Jun 05 09:52:49.943176 2015] [proxy:error] [pid 7472:tid 1776] [client 201.245.192.253:26930] AH00898: Error reading from remote server returned by /ForestMSG_SDA/channelAsync/template_word_18286577, referer: http://190.27.245.106/forest/usutareas.do?codTraEsc=18286577
[Fri Jun 05 09:53:00.114394 2015] [proxy:error] [pid 7472:tid 1776] AH00940: HTTP: disabled connection for (172.22.1.47)
[Fri Jun 05 09:53:02.064397 2015] [proxy:error] [pid 7472:tid 1352] AH00940: HTTP: disabled connection for (172.22.1.47)
[Fri Jun 05 09:53:15.324420 2015] [proxy_http:error] [pid 7472:tid 1616] (OS 10053)An established connection was aborted by the software in your host machine.  : [client 201.245.192.253:26343] AH01102: error reading status line from remote server 172.22.1.47:80, referer: http://190.27.245.106/forest/index2.jsp?a=0.09461806794964378
[Fri Jun 05 09:53:15.324420 2015] [proxy:error] [pid 7472:tid 1616] [client 201.245.192.253:26343] AH00898: Error reading from remote server returned by /forest/login.do, referer: http://190.27.245.106/forest/index2.jsp?a=0.09461806794964378
[Fri Jun 05 09:53:34.871255 2015] [proxy_http:error] [pid 7472:tid 1616] (OS 10053)An established connection was aborted by the software in your host machine.  : [client 201.245.192.253:26343] AH01102: error reading status line from remote server 172.22.1.47:80
[Fri Jun 05 09:53:43.123669 2015] [proxy_http:error] [pid 7472:tid 1864] (OS 10053)An established connection was aborted by the software in your host machine.  : [client 201.245.192.253:27397] AH01102: error reading status line from remote server 172.22.1.47:80
[Fri Jun 05 09:53:43.123669 2015] [proxy:error] [pid 7472:tid 1864] [client 201.245.192.253:27397] AH00898: Error reading from remote server returned by /forest/index2.jsp
[Fri Jun 05 09:53:52.374485 2015] [proxy:error] [pid 7472:tid 1736] (OS 10060)A connection attempt failed because the connected party did not properly respond after a period of time, or established connection failed because connected host has failed to respond.  : AH00957: HTTP: attempt to connect to 172.22.1.47:80 (172.22.1.47) failed
[Fri Jun 05 09:53:52.374485 2015] [proxy:error] [pid 7472:tid 1736] AH00959: ap_proxy_connect_backend disabling worker for (172.22.1.47) for 60s
[Fri Jun 05 09:53:52.374485 2015] [proxy_http:error] [pid 7472:tid 1736] [client 201.245.192.253:27499] AH01114: HTTP: failed to make connection to backend: 172.22.1.47
[Fri Jun 05 09:53:54.059288 2015] [proxy:error] [pid 7472:tid 1168] AH00940: HTTP: disabled connection for (172.22.1.47)
[Fri Jun 05 09:53:55.915692 2015] [proxy:error] [pid 7472:tid 1616] (OS 10060)A connection attempt failed because the connected party did not properly respond after a period of time, or established connection failed because connected host has failed to respond.  : AH00957: HTTP: attempt to connect to 172.22.1.47:80 (172.22.1.47) failed
[Fri Jun 05 09:53:55.915692 2015] [proxy_http:error] [pid 7472:tid 1616] [client 201.245.192.253:27531] AH01114: HTTP: failed to make connection to backend: 172.22.1.47
[Fri Jun 05 09:54:00.346099 2015] [proxy:error] [pid 7472:tid 1776] (OS 10060)A connection attempt failed because the connected party did not properly respond after a period of time, or established connection failed because connected host has failed to respond.  : AH00957: HTTP: attempt to connect to 172.22.1.47:80 (172.22.1.47) failed
[Fri Jun 05 09:54:00.346099 2015] [proxy_http:error] [pid 7472:tid 1776] [client 186.31.144.155:5984] AH01114: HTTP: failed to make connection to backend: 172.22.1.47
[Fri Jun 05 09:54:01.859302 2015] [proxy_http:error] [pid 7472:tid 1528] (OS 10060)A connection attempt failed because the connected party did not properly respond after a period of time, or established connection failed because connected host has failed to respond.  : [client 201.245.192.253:31270] AH01102: error reading status line from remote server 172.22.1.47:80, referer: http://190.27.245.106/forest/buscar.do?type=documentos
[Fri Jun 05 09:54:01.859302 2015] [proxy:error] [pid 7472:tid 1528] [client 201.245.192.253:31270] AH00898: Error reading from remote server returned by /forest/buscar.do, referer: http://190.27.245.106/forest/buscar.do?type=documentos
[Fri Jun 05 09:54:11.125718 2015] [proxy_http:error] [pid 7472:tid 1248] (OS 10060)A connection attempt failed because the connected party did not properly respond after a period of time, or established connection failed because connected host has failed to respond.  : [client 181.55.242.241:49556] AH01102: error reading status line from remote server 172.22.1.47:80, referer: http://190.27.245.106/forest/usutareas.do?_a=0.3652644802350551&group_system_actual=3
[Fri Jun 05 09:54:11.125718 2015] [proxy:error] [pid 7472:tid 1248] [client 181.55.242.241:49556] AH00898: Error reading from remote server returned by /forest/actions/manager.login, referer: http://190.27.245.106/forest/usutareas.do?_a=0.3652644802350551&group_system_actual=3
[Fri Jun 05 10:01:13.356060 2015] [proxy_http:error] [pid 7472:tid 1360] (OS 10054)An existing connection was forcibly closed by the remote host.  : [client 201.245.192.253:33693] AH01102: error reading status line from remote server 172.22.1.31:80, referer: http://190.27.245.106/isolucionsda/Encabezado.asp?Pagina1=FrameSetGeneral.asp&&Pagina=MagazinHome.asp
[Fri Jun 05 10:01:13.636860 2015] [proxy_http:error] [pid 7472:tid 1448] (OS 10054)An existing connection was forcibly closed by the remote host.  : [client 201.245.192.253:33699] AH01102: error reading status line from remote server 172.22.1.31:80
[Fri Jun 05 10:01:13.636860 2015] [proxy:error] [pid 7472:tid 1448] [client 201.245.192.253:33699] AH00898: Error reading from remote server returned by /isolucionsda/g/Bullet_PuntoAzul.gif
[Fri Jun 05 10:12:21.163033 2015] [proxy_http:error] [pid 7472:tid 1864] (OS 10054)An existing connection was forcibly closed by the remote host.  : [client 201.245.192.253:28393] AH01102: error reading status line from remote server 172.22.1.31:80, referer: http://190.27.245.106/isolucionsda/FrameSetGeneral.asp?Pagina=Administracion/../riesgosdafp/riesgoanalisis.asp
[Fri Jun 05 10:12:21.163033 2015] [proxy:error] [pid 7472:tid 1864] [client 201.245.192.253:28393] AH00898: Error reading from remote server returned by /isolucionsda/BarraFavoritos.asp, referer: http://190.27.245.106/isolucionsda/FrameSetGeneral.asp?Pagina=Administracion/../riesgosdafp/riesgoanalisis.asp
[Fri Jun 05 10:18:07.390041 2015] [proxy_http:error] [pid 7472:tid 1344] (20014)Internal error: [client 201.245.192.253:31066] AH01102: error reading status line from remote server 172.22.1.47:80, referer: http://190.27.245.106/forest/buscar.do?type=documentos
[Fri Jun 05 10:18:07.390041 2015] [proxy:error] [pid 7472:tid 1344] [client 201.245.192.253:31066] AH00898: Error reading from remote server returned by /forest/1ibre/1ibre.js, referer: http://190.27.245.106/forest/buscar.do?type=documentos
[Fri Jun 05 10:18:07.452441 2015] [proxy_http:error] [pid 7472:tid 1304] (20014)Internal error: [client 201.245.192.253:31072] AH01102: error reading status line from remote server 172.22.1.47:80
[Fri Jun 05 10:18:07.452441 2015] [proxy:error] [pid 7472:tid 1304] [client 201.245.192.253:31072] AH00898: Error reading from remote server returned by /forest/js/internJS.js
[Fri Jun 05 10:20:54.294734 2015] [proxy_http:error] [pid 7472:tid 1600] (20014)Internal error: [client 201.245.192.253:32493] AH01102: error reading status line from remote server 172.22.1.47:80
[Fri Jun 05 10:20:54.294734 2015] [proxy:error] [pid 7472:tid 1600] [client 201.245.192.253:32493] AH00898: Error reading from remote server returned by /forest/img/panel/menu/add.png
[Fri Jun 05 10:37:43.273306 2015] [proxy_http:error] [pid 7472:tid 1808] (20014)Internal error: [client 201.245.192.253:31679] AH01102: error reading status line from remote server 172.22.1.47:80, referer: http://190.27.245.106/forest/index2.jsp?a=0.1238633898106839
[Fri Jun 05 10:37:57.484931 2015] [proxy_http:error] [pid 7472:tid 1616] (20014)Internal error: [client 201.245.192.253:31882] AH01102: error reading status line from remote server 172.22.1.47:80, referer: http://190.27.245.106/forest/buscar.do?type=documentos
[Fri Jun 05 10:37:57.484931 2015] [proxy:error] [pid 7472:tid 1616] [client 201.245.192.253:31882] AH00898: Error reading from remote server returned by /forest/json.do, referer: http://190.27.245.106/forest/buscar.do?type=documentos
[Fri Jun 05 10:37:57.484931 2015] [negotiation:error] [pid 7472:tid 1616] [client 201.245.192.253:31882] AH00690: no acceptable variant: E:/nuevo/apache/error/HTTP_BAD_GATEWAY.html.var, referer: http://190.27.245.106/forest/buscar.do?type=documentos
[Fri Jun 05 10:37:57.500531 2015] [proxy_http:error] [pid 7472:tid 1616] (20014)Internal error: [client 201.245.192.253:31882] AH01102: error reading status line from remote server 172.22.1.47:80, referer: http://190.27.245.106/forest/buscar.do?type=documentos
[Fri Jun 05 10:38:11.914957 2015] [proxy_http:error] [pid 7472:tid 1416] (20014)Internal error: [client 201.245.192.253:32134] AH01102: error reading status line from remote server 172.22.1.47:80, referer: http://190.27.245.106/forest/buscar.do?type=documentos
[Fri Jun 05 10:38:11.914957 2015] [proxy:error] [pid 7472:tid 1416] [client 201.245.192.253:32134] AH00898: Error reading from remote server returned by /forest/json.do, referer: http://190.27.245.106/forest/buscar.do?type=documentos
[Fri Jun 05 10:38:11.914957 2015] [negotiation:error] [pid 7472:tid 1416] [client 201.245.192.253:32134] AH00690: no acceptable variant: E:/nuevo/apache/error/HTTP_BAD_GATEWAY.html.var, referer: http://190.27.245.106/forest/buscar.do?type=documentos
[Fri Jun 05 10:38:45.829416 2015] [proxy_http:error] [pid 7472:tid 1616] (20014)Internal error: [client 172.22.2.1:53588] AH01102: error reading status line from remote server 172.22.1.47:80, referer: http://190.27.245.106/forest/radicacion.do?codMod=11&_a=0.7710571676209738&group_system_actual=4
[Fri Jun 05 10:39:36.170705 2015] [proxy_http:error] [pid 7472:tid 1520] (20014)Internal error: [client 172.22.2.1:53608] AH01102: error reading status line from remote server 172.22.1.47:80, referer: http://190.27.245.106/forest/radicacion.do?codMod=11&_a=0.7710571676209738&group_system_actual=4
[Fri Jun 05 10:39:38.151908 2015] [proxy_http:error] [pid 7472:tid 1704] (20014)Internal error: [client 172.22.2.1:53607] AH01102: error reading status line from remote server 172.22.1.47:80, referer: http://190.27.245.106/forest/index2.jsp?_a=0.9295407212213466
[Fri Jun 05 10:39:38.214308 2015] [proxy_http:error] [pid 7472:tid 1504] (20014)Internal error: [client 172.22.2.1:53606] AH01102: error reading status line from remote server 172.22.1.47:80, referer: http://190.27.245.106/forest/index2.jsp?_a=0.9295407212213466
[Fri Jun 05 10:39:39.961511 2015] [proxy_http:error] [pid 7472:tid 1704] (20014)Internal error: [client 172.22.2.1:53611] AH01102: error reading status line from remote server 172.22.1.47:80, referer: http://190.27.245.106/forest/radicacion.do?codMod=11&group_system_actual=4&_a=0.6038059611397795
[Fri Jun 05 10:39:39.992711 2015] [proxy_http:error] [pid 7472:tid 1824] (20014)Internal error: [client 172.22.2.1:53603] AH01102: error reading status line from remote server 172.22.1.47:80, referer: http://190.27.245.106/forest/radicacion.do?codMod=11&group_system_actual=4&_a=0.6038059611397795
[Fri Jun 05 10:39:39.992711 2015] [proxy_http:error] [pid 7472:tid 1448] (20014)Internal error: [client 172.22.2.1:53604] AH01102: error reading status line from remote server 172.22.1.47:80, referer: http://190.27.245.106/forest/radicacion.do?codMod=11&group_system_actual=4&_a=0.6038059611397795
[Fri Jun 05 10:40:53.172440 2015] [proxy_http:error] [pid 7472:tid 1704] (20014)Internal error: [client 172.22.2.1:53625] AH01102: error reading status line from remote server 172.22.1.47:80, referer: http://190.27.245.106/forest/radicacion.do?codMod=11&group_system_actual=4&_a=0.6038059611397795
[Fri Jun 05 10:40:53.172440 2015] [proxy_http:error] [pid 7472:tid 1824] (20014)Internal error: [client 172.22.2.1:53623] AH01102: error reading status line from remote server 172.22.1.47:80, referer: http://190.27.245.106/forest/radicacion.do?codMod=11&group_system_actual=4&_a=0.6038059611397795
[Fri Jun 05 10:40:53.188040 2015] [proxy_http:error] [pid 7472:tid 1856] (20014)Internal error: [client 172.22.2.1:53622] AH01102: error reading status line from remote server 172.22.1.47:80
[Fri Jun 05 10:40:53.234840 2015] [proxy_http:error] [pid 7472:tid 1704] (20014)Internal error: [client 172.22.2.1:53627] AH01102: error reading status line from remote server 172.22.1.47:80, referer: http://190.27.245.106/forest/radicacion.do?codMod=11&group_system_actual=4&_a=0.6038059611397795
[Fri Jun 05 10:40:53.250440 2015] [proxy_http:error] [pid 7472:tid 1856] (20014)Internal error: [client 172.22.2.1:53628] AH01102: error reading status line from remote server 172.22.1.47:80, referer: http://190.27.245.106/forest/radicacion.do?codMod=11&group_system_actual=4&_a=0.6038059611397795
[Fri Jun 05 10:40:53.250440 2015] [proxy:error] [pid 7472:tid 1856] [client 172.22.2.1:53628] AH00898: Error reading from remote server returned by /forest/img/buscar_documentos.gif, referer: http://190.27.245.106/forest/radicacion.do?codMod=11&group_system_actual=4&_a=0.6038059611397795
[Fri Jun 05 10:40:56.276845 2015] [proxy_http:error] [pid 7472:tid 1704] (20014)Internal error: [client 172.22.2.1:53629] AH01102: error reading status line from remote server 172.22.1.47:80, referer: http://190.27.245.106/forest/radicacion.do?codMod=80&_a=0.8071399777360025&group_system_actual=4
[Fri Jun 05 10:42:04.807766 2015] [proxy_http:error] [pid 7472:tid 1608] (20014)Internal error: [client 201.245.192.253:23096] AH01102: error reading status line from remote server 172.22.1.47:80
[Fri Jun 05 10:42:04.807766 2015] [proxy:error] [pid 7472:tid 1608] [client 201.245.192.253:23096] AH00898: Error reading from remote server returned by /forest/img/users/7.gif
[Fri Jun 05 10:42:04.823366 2015] [proxy_http:error] [pid 7472:tid 1856] (20014)Internal error: [client 201.245.192.253:23101] AH01102: error reading status line from remote server 172.22.1.47:80
[Fri Jun 05 10:42:04.823366 2015] [proxy:error] [pid 7472:tid 1856] [client 201.245.192.253:23101] AH00898: Error reading from remote server returned by /forest/img/buscar.jpg
[Fri Jun 05 10:42:04.838966 2015] [proxy_http:error] [pid 7472:tid 1824] (20014)Internal error: [client 201.245.192.253:23104] AH01102: error reading status line from remote server 172.22.1.47:80
[Fri Jun 05 10:42:04.838966 2015] [proxy:error] [pid 7472:tid 1824] [client 201.245.192.253:23104] AH00898: Error reading from remote server returned by /forest/img/buscar_procesos.gif
[Fri Jun 05 10:42:04.854566 2015] [proxy_http:error] [pid 7472:tid 1504] (20014)Internal error: [client 201.245.192.253:23109] AH01102: error reading status line from remote server 172.22.1.47:80
[Fri Jun 05 10:42:04.854566 2015] [proxy:error] [pid 7472:tid 1504] [client 201.245.192.253:23109] AH00898: Error reading from remote server returned by /forest/img/instanciar.gif
[Fri Jun 05 10:42:08.317772 2015] [proxy_http:error] [pid 7472:tid 1448] (20014)Internal error: [client 201.245.192.253:23176] AH01102: error reading status line from remote server 172.22.1.47:80, referer: http://190.27.245.106/forest/buscar.do?type=documentos
[Fri Jun 05 10:42:08.317772 2015] [proxy:error] [pid 7472:tid 1448] [client 201.245.192.253:23176] AH00898: Error reading from remote server returned by /forest/1ibre/jscalendar/calendar-setup.js, referer: http://190.27.245.106/forest/buscar.do?type=documentos
[Fri Jun 05 10:45:14.363699 2015] [proxy_http:error] [pid 7472:tid 1376] (OS 10053)An established connection was aborted by the software in your host machine.  : [client 172.22.2.1:53644] AH01102: error reading status line from remote server 172.22.1.47:80, referer: http://190.27.245.106/forest/radicacion.do?codMod=11&group_system_actual=4&_a=0.05356637997922731
[Fri Jun 05 10:45:14.363699 2015] [proxy:error] [pid 7472:tid 1376] [client 172.22.2.1:53644] AH00898: Error reading from remote server returned by /forest/reimprimirradic.do, referer: http://190.27.245.106/forest/radicacion.do?codMod=11&group_system_actual=4&_a=0.05356637997922731
[Fri Jun 05 10:45:17.795705 2015] [proxy:error] [pid 7472:tid 1232] (OS 10060)A connection attempt failed because the connected party did not properly respond after a period of time, or established connection failed because connected host has failed to respond.  : AH00957: HTTP: attempt to connect to 172.22.1.47:80 (172.22.1.47) failed
[Fri Jun 05 10:45:17.795705 2015] [proxy:error] [pid 7472:tid 1232] AH00959: ap_proxy_connect_backend disabling worker for (172.22.1.47) for 60s
[Fri Jun 05 10:45:17.795705 2015] [proxy_http:error] [pid 7472:tid 1232] [client 201.245.192.253:25951] AH01114: HTTP: failed to make connection to backend: 172.22.1.47, referer: http://190.27.245.106/forest/usutareas.do?group_system_actual=3&a=0.9355445499531925
[Fri Jun 05 10:45:18.544506 2015] [proxy:error] [pid 7472:tid 1316] (OS 10060)A connection attempt failed because the connected party did not properly respond after a period of time, or established connection failed because connected host has failed to respond.  : AH00957: HTTP: attempt to connect to 172.22.1.47:80 (172.22.1.47) failed
[Fri Jun 05 10:45:18.544506 2015] [proxy_http:error] [pid 7472:tid 1316] [client 201.245.192.253:25961] AH01114: HTTP: failed to make connection to backend: 172.22.1.47, referer: http://190.27.245.106/forest/usutareas.do?_a=0.010078389896079898&group_system_actual=3
[Fri Jun 05 10:45:19.948508 2015] [proxy:error] [pid 7472:tid 1616] (OS 10060)A connection attempt failed because the connected party did not properly respond after a period of time, or established connection failed because connected host has failed to respond.  : AH00957: HTTP: attempt to connect to 172.22.1.47:80 (172.22.1.47) failed
[Fri Jun 05 10:45:19.948508 2015] [proxy:error] [pid 7472:tid 1616] AH00959: ap_proxy_connect_backend disabling worker for (172.22.1.47) for 60s
[Fri Jun 05 10:45:19.948508 2015] [proxy_http:error] [pid 7472:tid 1616] [client 172.22.2.1:53645] AH01114: HTTP: failed to make connection to backend: 172.22.1.47, referer: http://190.27.245.106/forest/radicacion.do?codMod=11&group_system_actual=4&_a=0.05356637997922731
[Fri Jun 05 10:45:20.993710 2015] [proxy:error] [pid 7472:tid 1760] (OS 10060)A connection attempt failed because the connected party did not properly respond after a period of time, or established connection failed because connected host has failed to respond.  : AH00957: HTTP: attempt to connect to 172.22.1.47:80 (172.22.1.47) failed
[Fri Jun 05 10:45:20.993710 2015] [proxy_http:error] [pid 7472:tid 1760] [client 190.25.119.55:11000] AH01114: HTTP: failed to make connection to backend: 172.22.1.47
[Fri Jun 05 10:45:21.758112 2015] [proxy_http:error] [pid 7472:tid 1776] (OS 10053)An established connection was aborted by the software in your host machine.  : [client 201.244.240.183:28488] AH01102: error reading status line from remote server 172.22.1.47:80, referer: http://190.27.245.106/forest/usutareas.do?group_system_actual=3&a=0.49406463489867747
[Fri Jun 05 10:45:21.758112 2015] [proxy:error] [pid 7472:tid 1776] [client 201.244.240.183:28488] AH00898: Error reading from remote server returned by /forest/usutareas.do, referer: http://190.27.245.106/forest/usutareas.do?group_system_actual=3&a=0.49406463489867747
[Fri Jun 05 10:45:30.119726 2015] [proxy:error] [pid 7472:tid 1272] (OS 10060)A connection attempt failed because the connected party did not properly respond after a period of time, or established connection failed because connected host has failed to respond.  : AH00957: HTTP: attempt to connect to 172.22.1.47:80 (172.22.1.47) failed
[Fri Jun 05 10:45:30.119726 2015] [proxy:error] [pid 7472:tid 1272] AH00959: ap_proxy_connect_backend disabling worker for (172.22.1.47) for 60s
[Fri Jun 05 10:45:30.119726 2015] [proxy_http:error] [pid 7472:tid 1272] [client 201.245.192.253:26092] AH01114: HTTP: failed to make connection to backend: 172.22.1.47, referer: http://190.27.245.106/forest/usutareas.do?_a=0.010078389896079898&group_system_actual=3
[Fri Jun 05 10:45:39.713743 2015] [proxy:error] [pid 7472:tid 1316] (OS 10060)A connection attempt failed because the connected party did not properly respond after a period of time, or established connection failed because connected host has failed to respond.  : AH00957: HTTP: attempt to connect to 172.22.1.47:80 (172.22.1.47) failed
[Fri Jun 05 10:45:39.713743 2015] [proxy:error] [pid 7472:tid 1316] AH00959: ap_proxy_connect_backend disabling worker for (172.22.1.47) for 60s
[Fri Jun 05 10:45:39.713743 2015] [proxy_http:error] [pid 7472:tid 1316] [client 201.245.192.253:26226] AH01114: HTTP: failed to make connection to backend: 172.22.1.47
[Fri Jun 05 10:45:42.396948 2015] [proxy:error] [pid 7472:tid 1704] AH00940: HTTP: disabled connection for (172.22.1.47)
[Fri Jun 05 10:45:43.473350 2015] [proxy:error] [pid 7472:tid 1776] (OS 10060)A connection attempt failed because the connected party did not properly respond after a period of time, or established connection failed because connected host has failed to respond.  : AH00957: HTTP: attempt to connect to 172.22.1.47:80 (172.22.1.47) failed
[Fri Jun 05 10:45:43.473350 2015] [proxy_http:error] [pid 7472:tid 1776] [client 201.244.240.183:28488] AH01114: HTTP: failed to make connection to backend: 172.22.1.47, referer: http://190.27.245.106/forest/usutareas.do?group_system_actual=3&a=0.49406463489867747
[Fri Jun 05 11:03:17.459001 2015] [proxy_http:error] [pid 7472:tid 1792] (20014)Internal error: [client 201.245.192.253:25724] AH01102: error reading status line from remote server 172.22.1.47:80
[Fri Jun 05 11:03:17.459001 2015] [proxy:error] [pid 7472:tid 1792] [client 201.245.192.253:25724] AH00898: Error reading from remote server returned by /forest/1ibre/1ibre.css
[Fri Jun 05 11:09:04.013610 2015] [mpm_winnt:warn] [pid 7472:tid 3048] (OS 64)The specified network name is no longer available.  : AH00341: winnt_accept: Asynchronous AcceptEx failed.
[Fri Jun 05 11:11:02.963819 2015] [proxy_http:error] [pid 7472:tid 1152] (20014)Internal error: [client 201.245.192.253:57231] AH01102: error reading status line from remote server 172.22.1.47:80, referer: http://190.27.245.106/forest/buscar.do?type=procesos
[Fri Jun 05 11:11:31.933070 2015] [proxy_http:error] [pid 7472:tid 1144] (20014)Internal error: [client 181.55.242.241:49778] AH01102: error reading status line from remote server 172.22.1.47:80, referer: http://190.27.245.106/forest/system/document.jsp?codDoc=1923402
[Fri Jun 05 11:11:31.933070 2015] [proxy:error] [pid 7472:tid 1144] [client 181.55.242.241:49778] AH00898: Error reading from remote server returned by /forest/css/dialog.css, referer: http://190.27.245.106/forest/system/document.jsp?codDoc=1923402
[Fri Jun 05 11:12:53.521213 2015] [proxy_http:error] [pid 7472:tid 1792] (20014)Internal error: [client 181.55.242.241:49789] AH01102: error reading status line from remote server 172.22.1.47:80, referer: http://190.27.245.106/forest/usudocumentos.do?_a=0.37395002925768495&group_system_actual=3
[Fri Jun 05 11:12:53.521213 2015] [proxy:error] [pid 7472:tid 1792] [client 181.55.242.241:49789] AH00898: Error reading from remote server returned by /forest/usutareas.do, referer: http://190.27.245.106/forest/usudocumentos.do?_a=0.37395002925768495&group_system_actual=3
[Fri Jun 05 11:12:53.646013 2015] [proxy_http:error] [pid 7472:tid 1616] (20014)Internal error: [client 201.245.192.253:30876] AH01102: error reading status line from remote server 172.22.1.47:80, referer: http://190.27.245.106/forest/misactividades.do?group_system_actual=3&codPro=95&_a=0.09672138301676192
[Fri Jun 05 11:12:53.661613 2015] [proxy_http:error] [pid 7472:tid 1248] (20014)Internal error: [client 201.245.192.253:30964] AH01102: error reading status line from remote server 172.22.1.47:80, referer: http://190.27.245.106/forest/misactividades.do?group_system_actual=3&codPro=95&_a=0.09672138301676192
[Fri Jun 05 11:12:53.661613 2015] [proxy:error] [pid 7472:tid 1248] [client 201.245.192.253:30964] AH00898: Error reading from remote server returned by /forest/img/jquery/ui-icons_6da8d5_256x240.png, referer: http://190.27.245.106/forest/misactividades.do?group_system_actual=3&codPro=95&_a=0.09672138301676192
[Fri Jun 05 11:20:43.378438 2015] [proxy_http:error] [pid 7472:tid 1256] (20014)Internal error: [client 201.245.192.253:23966] AH01102: error reading status line from remote server 172.22.1.47:80, referer: http://190.27.245.106/forest/usutareas.do?group_system_actual=3&a=0.2750152663793415
[Fri Jun 05 11:20:43.378438 2015] [proxy:error] [pid 7472:tid 1256] [client 201.245.192.253:23966] AH00898: Error reading from remote server returned by /forest/session.jsp, referer: http://190.27.245.106/forest/usutareas.do?group_system_actual=3&a=0.2750152663793415
[Fri Jun 05 11:20:43.378438 2015] [negotiation:error] [pid 7472:tid 1256] [client 201.245.192.253:23966] AH00690: no acceptable variant: E:/nuevo/apache/error/HTTP_BAD_GATEWAY.html.var, referer: http://190.27.245.106/forest/usutareas.do?group_system_actual=3&a=0.2750152663793415
[Fri Jun 05 11:21:42.081341 2015] [proxy_http:error] [pid 7472:tid 1276] (20014)Internal error: [client 201.245.192.253:24294] AH01102: error reading status line from remote server 172.22.1.47:80
[Fri Jun 05 11:21:42.081341 2015] [proxy:error] [pid 7472:tid 1276] [client 201.245.192.253:24294] AH00898: Error reading from remote server returned by /forest/js/jquery/jquery.atmosphere.js
[Fri Jun 05 11:22:04.872981 2015] [proxy_http:error] [pid 7472:tid 1632] (20014)Internal error: [client 201.245.192.253:24442] AH01102: error reading status line from remote server 172.22.1.47:80
[Fri Jun 05 11:22:04.872981 2015] [proxy:error] [pid 7472:tid 1632] [client 201.245.192.253:24442] AH00898: Error reading from remote server returned by /forest/css/index.css
[Fri Jun 05 11:22:04.872981 2015] [proxy_http:error] [pid 7472:tid 1312] (20014)Internal error: [client 201.245.192.253:24456] AH01102: error reading status line from remote server 172.22.1.47:80
[Fri Jun 05 11:22:04.872981 2015] [proxy:error] [pid 7472:tid 1312] [client 201.245.192.253:24456] AH00898: Error reading from remote server returned by /forest/img/inicio/5.gif
[Fri Jun 05 11:22:04.872981 2015] [proxy_http:error] [pid 7472:tid 1360] (20014)Internal error: [client 201.245.192.253:24448] AH01102: error reading status line from remote server 172.22.1.47:80
[Fri Jun 05 11:22:04.872981 2015] [proxy:error] [pid 7472:tid 1360] [client 201.245.192.253:24448] AH00898: Error reading from remote server returned by /forest/img/inicio/3.gif
[Fri Jun 05 11:22:27.337021 2015] [proxy_http:error] [pid 7472:tid 1568] (20014)Internal error: [client 201.245.192.253:24683] AH01102: error reading status line from remote server 172.22.1.47:80
[Fri Jun 05 11:22:27.337021 2015] [proxy:error] [pid 7472:tid 1568] [client 201.245.192.253:24683] AH00898: Error reading from remote server returned by /forest/js/usutareas-docs.js
[Fri Jun 05 11:22:31.205828 2015] [proxy_http:error] [pid 7472:tid 1080] (20014)Internal error: [client 201.245.192.253:24709] AH01102: error reading status line from remote server 172.22.1.47:80
[Fri Jun 05 11:22:31.205828 2015] [proxy:error] [pid 7472:tid 1080] [client 201.245.192.253:24709] AH00898: Error reading from remote server returned by /forest/skins/gdocs-jar/img/prev.gif
[Fri Jun 05 11:22:31.283828 2015] [proxy_http:error] [pid 7472:tid 1256] (20014)Internal error: [client 201.245.192.253:24713] AH01102: error reading status line from remote server 172.22.1.47:80
[Fri Jun 05 11:22:31.283828 2015] [proxy:error] [pid 7472:tid 1256] [client 201.245.192.253:24713] AH00898: Error reading from remote server returned by /forest/skins/gdocs-jar/img/bgPanel.jpg
[Fri Jun 05 11:23:44.401156 2015] [proxy_http:error] [pid 7472:tid 1704] (20014)Internal error: [client 191.95.246.252:5422] AH01102: error reading status line from remote server 172.22.1.47:80, referer: http://190.27.245.106/forest/index2.jsp?group_system_actual=&a=0.8488298186566681
[Fri Jun 05 11:23:44.401156 2015] [proxy:error] [pid 7472:tid 1704] [client 191.95.246.252:5422] AH00898: Error reading from remote server returned by /forest/session.jsp, referer: http://190.27.245.106/forest/index2.jsp?group_system_actual=&a=0.8488298186566681
[Fri Jun 05 11:23:44.401156 2015] [negotiation:error] [pid 7472:tid 1704] [client 191.95.246.252:5422] AH00690: no acceptable variant: E:/nuevo/apache/error/HTTP_BAD_GATEWAY.html.var, referer: http://190.27.245.106/forest/index2.jsp?group_system_actual=&a=0.8488298186566681
[Fri Jun 05 11:24:01.919987 2015] [proxy_http:error] [pid 7472:tid 1312] (20014)Internal error: [client 201.245.192.253:25487] AH01102: error reading status line from remote server 172.22.1.47:80
[Fri Jun 05 11:24:01.919987 2015] [proxy:error] [pid 7472:tid 1312] [client 201.245.192.253:25487] AH00898: Error reading from remote server returned by /forest/js/jqGridConf.js
[Fri Jun 05 11:24:02.169587 2015] [proxy_http:error] [pid 7472:tid 1408] (20014)Internal error: [client 201.245.192.253:25507] AH01102: error reading status line from remote server 172.22.1.47:80
[Fri Jun 05 11:24:02.169587 2015] [proxy:error] [pid 7472:tid 1408] [client 201.245.192.253:25507] AH00898: Error reading from remote server returned by /forest/img/jquery/ui-icons_6da8d5_256x240.png
[Fri Jun 05 11:25:22.104128 2015] [proxy_http:error] [pid 7472:tid 1416] (20014)Internal error: [client 201.245.192.253:26902] AH01102: error reading status line from remote server 172.22.1.47:80, referer: http://190.27.245.106/forest/buscar.do?type=documentos
[Fri Jun 05 11:25:22.104128 2015] [proxy_http:error] [pid 7472:tid 1312] (20014)Internal error: [client 201.245.192.253:26907] AH01102: error reading status line from remote server 172.22.1.47:80, referer: http://190.27.245.106/forest/buscar.do?type=documentos
[Fri Jun 05 11:25:22.104128 2015] [proxy:error] [pid 7472:tid 1312] [client 201.245.192.253:26907] AH00898: Error reading from remote server returned by /forest/js/internJS.js, referer: http://190.27.245.106/forest/buscar.do?type=documentos
[Fri Jun 05 11:25:22.119728 2015] [proxy_http:error] [pid 7472:tid 1312] (20014)Internal error: [client 201.245.192.253:26907] AH01102: error reading status line from remote server 172.22.1.47:80, referer: http://190.27.245.106/forest/buscar.do?type=documentos
[Fri Jun 05 11:25:22.135328 2015] [proxy_http:error] [pid 7472:tid 1312] (20014)Internal error: [client 201.245.192.253:26914] AH01102: error reading status line from remote server 172.22.1.47:80, referer: http://190.27.245.106/forest/buscar.do?type=documentos
[Fri Jun 05 11:25:22.135328 2015] [proxy:error] [pid 7472:tid 1312] [client 201.245.192.253:26914] AH00898: Error reading from remote server returned by /forest/js/sarissa.js, referer: http://190.27.245.106/forest/buscar.do?type=documentos
[Fri Jun 05 11:25:22.150928 2015] [proxy_http:error] [pid 7472:tid 1632] (20014)Internal error: [client 201.245.192.253:26918] AH01102: error reading status line from remote server 172.22.1.47:80, referer: http://190.27.245.106/forest/buscar.do?type=documentos
[Fri Jun 05 11:25:22.150928 2015] [proxy:error] [pid 7472:tid 1632] [client 201.245.192.253:26918] AH00898: Error reading from remote server returned by /forest/skins/gdocs-jar/img/user_search.gif, referer: http://190.27.245.106/forest/buscar.do?type=documentos
[Fri Jun 05 11:25:25.208533 2015] [proxy_http:error] [pid 7472:tid 1312] (20014)Internal error: [client 201.245.192.253:26914] AH01102: error reading status line from remote server 172.22.1.47:80, referer: http://190.27.245.106/forest/buscar.do?type=documentos
[Fri Jun 05 11:42:26.152326 2015] [proxy_http:error] [pid 7472:tid 1512] (20014)Internal error: [client 201.245.192.253:28805] AH01102: error reading status line from remote server 172.22.1.47:80, referer: http://190.27.245.106/forest/usugrafico.do?_a=0.06879417900927365&group_system_actual=3
[Fri Jun 05 11:42:26.152326 2015] [proxy:error] [pid 7472:tid 1512] [client 201.245.192.253:28805] AH00898: Error reading from remote server returned by /forest/skins/gdocs-jar/img/contraido.gif, referer: http://190.27.245.106/forest/usugrafico.do?_a=0.06879417900927365&group_system_actual=3
[Fri Jun 05 11:42:44.232758 2015] [proxy_http:error] [pid 7472:tid 1400] (20014)Internal error: [client 201.245.192.253:29002] AH01102: error reading status line from remote server 172.22.1.47:80
[Fri Jun 05 11:42:44.232758 2015] [proxy:error] [pid 7472:tid 1400] [client 201.245.192.253:29002] AH00898: Error reading from remote server returned by /forest/img/base/bsc2_r1_c3.gif
[Fri Jun 05 11:42:56.899980 2015] [proxy_http:error] [pid 7472:tid 1704] (20014)Internal error: [client 201.245.192.253:29150] AH01102: error reading status line from remote server 172.22.1.47:80
[Fri Jun 05 11:42:56.899980 2015] [proxy:error] [pid 7472:tid 1704] [client 201.245.192.253:29150] AH00898: Error reading from remote server returned by /forest/img/asociarUser.gif
[Fri Jun 05 11:42:59.910786 2015] [proxy_http:error] [pid 7472:tid 1232] (20014)Internal error: [client 201.245.192.253:29147] AH01102: error reading status line from remote server 172.22.1.47:80, referer: http://190.27.245.106/forest/usutareas.do?_a=0.3037823266349733&group_system_actual=3
[Fri Jun 05 11:42:59.910786 2015] [proxy:error] [pid 7472:tid 1232] [client 201.245.192.253:29147] AH00898: Error reading from remote server returned by /forest/js/socketConnection.js, referer: http://190.27.245.106/forest/usutareas.do?_a=0.3037823266349733&group_system_actual=3
[Fri Jun 05 11:44:02.560496 2015] [proxy_http:error] [pid 7472:tid 1416] (20014)Internal error: [client 201.245.192.253:30067] AH01102: error reading status line from remote server 172.22.1.47:80
[Fri Jun 05 11:44:02.560496 2015] [proxy:error] [pid 7472:tid 1416] [client 201.245.192.253:30067] AH00898: Error reading from remote server returned by /forest/img/inicio/7.gif
[Fri Jun 05 11:44:02.638496 2015] [proxy_http:error] [pid 7472:tid 1416] (20014)Internal error: [client 201.245.192.253:30076] AH01102: error reading status line from remote server 172.22.1.47:80
[Fri Jun 05 11:44:02.638496 2015] [proxy:error] [pid 7472:tid 1416] [client 201.245.192.253:30076] AH00898: Error reading from remote server returned by /forest/img/spacer.gif
[Fri Jun 05 11:44:20.344527 2015] [proxy_http:error] [pid 7472:tid 1272] (20014)Internal error: [client 201.245.192.253:30280] AH01102: error reading status line from remote server 172.22.1.47:80
[Fri Jun 05 11:44:20.344527 2015] [proxy:error] [pid 7472:tid 1272] [client 201.245.192.253:30280] AH00898: Error reading from remote server returned by /forest/img/forestIcon.gif
[Fri Jun 05 11:44:20.422527 2015] [proxy_http:error] [pid 7472:tid 1312] (20014)Internal error: [client 201.245.192.253:30290] AH01102: error reading status line from remote server 172.22.1.47:80
[Fri Jun 05 11:44:20.422527 2015] [proxy:error] [pid 7472:tid 1312] [client 201.245.192.253:30290] AH00898: Error reading from remote server returned by /forest/img/mplogo.gif
[Fri Jun 05 11:46:42.975577 2015] [proxy_http:error] [pid 7472:tid 1496] (20014)Internal error: [client 201.245.192.253:32063] AH01102: error reading status line from remote server 172.22.1.47:80
[Fri Jun 05 11:46:42.975577 2015] [proxy:error] [pid 7472:tid 1496] [client 201.245.192.253:32063] AH00898: Error reading from remote server returned by /forest/skins/gdocs-jar/css/forms.css
[Fri Jun 05 11:46:43.006777 2015] [proxy_http:error] [pid 7472:tid 1656] (20014)Internal error: [client 201.245.192.253:32071] AH01102: error reading status line from remote server 172.22.1.47:80
[Fri Jun 05 11:46:43.006777 2015] [proxy:error] [pid 7472:tid 1656] [client 201.245.192.253:32071] AH00898: Error reading from remote server returned by /forest/img/download_large.gif
[Fri Jun 05 11:46:43.053578 2015] [proxy_http:error] [pid 7472:tid 1656] (20014)Internal error: [client 201.245.192.253:32079] AH01102: error reading status line from remote server 172.22.1.47:80
[Fri Jun 05 11:46:43.053578 2015] [proxy:error] [pid 7472:tid 1656] [client 201.245.192.253:32079] AH00898: Error reading from remote server returned by /forest/img/panel/view_icon.gif
[Fri Jun 05 11:46:43.069178 2015] [proxy_http:error] [pid 7472:tid 1504] (20014)Internal error: [client 201.245.192.253:32082] AH01102: error reading status line from remote server 172.22.1.47:80
[Fri Jun 05 11:46:43.069178 2015] [proxy:error] [pid 7472:tid 1504] [client 201.245.192.253:32082] AH00898: Error reading from remote server returned by /forest/img/panel/menu/danger2.png
[Fri Jun 05 11:46:43.069178 2015] [proxy_http:error] [pid 7472:tid 1584] (20014)Internal error: [client 201.245.192.253:32084] AH01102: error reading status line from remote server 172.22.1.47:80
[Fri Jun 05 11:46:43.069178 2015] [proxy:error] [pid 7472:tid 1584] [client 201.245.192.253:32084] AH00898: Error reading from remote server returned by /forest/skins/gdocs-jar/js/misprocesos.js
[Fri Jun 05 11:46:43.069178 2015] [proxy_http:error] [pid 7472:tid 1272] (20014)Internal error: [client 201.245.192.253:32089] AH01102: error reading status line from remote server 172.22.1.47:80
[Fri Jun 05 11:46:43.069178 2015] [proxy:error] [pid 7472:tid 1272] [client 201.245.192.253:32089] AH00898: Error reading from remote server returned by /forest/img/misdocumentos.gif
[Fri Jun 05 11:46:43.084778 2015] [proxy_http:error] [pid 7472:tid 1816] (20014)Internal error: [client 201.245.192.253:32093] AH01102: error reading status line from remote server 172.22.1.47:80
[Fri Jun 05 11:46:43.084778 2015] [proxy:error] [pid 7472:tid 1816] [client 201.245.192.253:32093] AH00898: Error reading from remote server returned by /forest/img/base/bsc2_r1_c3.gif
[Fri Jun 05 11:47:25.516852 2015] [proxy_http:error] [pid 7472:tid 1176] (20014)Internal error: [client 201.245.192.253:32402] AH01102: error reading status line from remote server 172.22.1.47:80, referer: http://190.27.245.106/forest/suactividades.do?group_system_actual=3&_a=0.9742616919207864
[Fri Jun 05 11:47:48.979293 2015] [proxy_http:error] [pid 7472:tid 1584] (20014)Internal error: [client 201.245.192.253:32750] AH01102: error reading status line from remote server 172.22.1.47:80
[Fri Jun 05 11:47:48.979293 2015] [proxy:error] [pid 7472:tid 1584] [client 201.245.192.253:32750] AH00898: Error reading from remote server returned by /forest/skins/gdocs-jar/css/forest.css
[Fri Jun 05 11:47:49.010493 2015] [proxy_http:error] [pid 7472:tid 1176] (20014)Internal error: [client 201.245.192.253:32757] AH01102: error reading status line from remote server 172.22.1.47:80
[Fri Jun 05 11:47:49.010493 2015] [proxy:error] [pid 7472:tid 1176] [client 201.245.192.253:32757] AH00898: Error reading from remote server returned by /forest/skins/gdocs-jar/css/dialog.css
[Fri Jun 05 11:47:49.104094 2015] [proxy_http:error] [pid 7472:tid 1312] (20014)Internal error: [client 201.245.192.253:32759] AH01102: error reading status line from remote server 172.22.1.47:80, referer: http://190.27.245.106/forest/
[Fri Jun 05 11:49:19.241052 2015] [proxy:error] [pid 7472:tid 1100] (OS 10060)A connection attempt failed because the connected party did not properly respond after a period of time, or established connection failed because connected host has failed to respond.  : AH00957: HTTP: attempt to connect to 172.22.1.47:80 (172.22.1.47) failed
[Fri Jun 05 11:49:19.241052 2015] [proxy:error] [pid 7472:tid 1100] AH00959: ap_proxy_connect_backend disabling worker for (172.22.1.47) for 60s
[Fri Jun 05 11:49:19.241052 2015] [proxy_http:error] [pid 7472:tid 1100] [client 201.245.192.253:33520] AH01114: HTTP: failed to make connection to backend: 172.22.1.47, referer: http://190.27.245.106/forest/usutareas.do?codTraEsc=18304181
[Fri Jun 05 11:49:19.241052 2015] [proxy:error] [pid 7472:tid 1472] AH00940: HTTP: disabled connection for (172.22.1.47)
[Fri Jun 05 11:49:19.256652 2015] [proxy:error] [pid 7472:tid 1100] AH00940: HTTP: disabled connection for (172.22.1.47)
