!C99Shell v. 1.0 pre-release build #13!

Software: Apache. PHP/5.5.15 

uname -a: Windows NT SVR-DMZ 6.1 build 7600 (Windows Server 2008 R2 Enterprise Edition) i586 

SYSTEM 

Safe-mode: OFF (not secure)

E:\nuevo\apache\logs\   drwxrwxrwx
Free 8.02 GB of 239.26 GB (3.35%)
Detected drives: [ a ] [ c ] [ d ] [ e ] [ f ]
Home    Back    Forward    UPDIR    Refresh    Search    Buffer    Encoder    Tools    Proc.    FTP brute    Sec.    SQL    PHP-code    Update    Feedback    Self remove    Logout    


Viewing file:     error.2015.06.15.log (9.18 KB)      -rw-rw-rw-
Select action/file-type:
(+) | (+) | (+) | Code (+) | Session (+) | (+) | SDB (+) | (+) | (+) | (+) | (+) | (+) |
[Mon Jun 15 01:08:04.387409 2015] [mpm_winnt:warn] [pid 7472:tid 3048] (OS 64)The specified network name is no longer available.  : AH00341: winnt_accept: Asynchronous AcceptEx failed.
[Mon Jun 15 02:41:56.669102 2015] [:error] [pid 7472:tid 1176] [client 112.209.188.119:50251] script 'E:/nuevo/htdocs/xmlrpc.php' not found or unable to stat
[Mon Jun 15 02:53:21.525905 2015] [mpm_winnt:warn] [pid 7472:tid 3048] (OS 64)The specified network name is no longer available.  : AH00341: winnt_accept: Asynchronous AcceptEx failed.
[Mon Jun 15 03:11:20.908401 2015] [mpm_winnt:warn] [pid 7472:tid 3048] (OS 64)The specified network name is no longer available.  : AH00341: winnt_accept: Asynchronous AcceptEx failed.
[Mon Jun 15 03:13:17.752606 2015] [:error] [pid 7472:tid 1552] [client 46.105.214.200:59377] script 'E:/nuevo/htdocs/index.php' not found or unable to stat
[Mon Jun 15 03:15:21.944424 2015] [:error] [pid 7472:tid 1352] [client 46.105.214.200:60206] script 'E:/nuevo/htdocs/BLA/boletinlegal/circulares/2012/index.php' not found or unable to stat
[Mon Jun 15 04:06:13.685184 2015] [:error] [pid 7472:tid 1552] [client 37.115.187.54:57078] script 'E:/nuevo/htdocs/xmlrpc.php' not found or unable to stat
[Mon Jun 15 05:19:59.445158 2015] [:error] [pid 7472:tid 1672] [client 200.114.123.223:64417] script 'E:/nuevo/htdocs/xmlrpc.php' not found or unable to stat
[Mon Jun 15 06:06:10.432225 2015] [:error] [pid 7472:tid 1352] [client 42.156.138.67:57245] script 'E:/nuevo/htdocs/dama.php' not found or unable to stat
[Mon Jun 15 06:22:48.069577 2015] [core:error] [pid 7472:tid 1552] (20024)The given path is misformatted or contained invalid characters: [client 37.187.157.108:38059] AH00127: Cannot map HEAD /BLA/resoluciones/AUTOS%202009/0731.pdfhttp://190.27.245.106/BLA/resoluciones/RESOLUCIONES%202009/0759.pdf HTTP/1.1 to file
[Mon Jun 15 06:24:05.040112 2015] [core:error] [pid 7472:tid 1760] (20024)The given path is misformatted or contained invalid characters: [client 37.187.157.108:49430] AH00127: Cannot map HEAD /BLA/resoluciones/AUTOS%202009/0731.pdfhttp://190.27.245.106/BLA/resoluciones/RESOLUCIONES%202009/0759.pdf HTTP/1.1 to file
[Mon Jun 15 07:13:39.326736 2015] [core:error] [pid 7472:tid 1080] (20024)The given path is misformatted or contained invalid characters: [client 37.187.157.108:49886] AH00127: Cannot map HEAD /BLA/resoluciones/AUTOS%202009/0731.pdfhttp://190.27.245.106/BLA/resoluciones/RESOLUCIONES%202009/0759.pdf HTTP/1.1 to file
[Mon Jun 15 07:39:00.065207 2015] [core:error] [pid 7472:tid 1084] (20024)The given path is misformatted or contained invalid characters: [client 37.187.157.108:58514] AH00127: Cannot map HEAD /BLA/resoluciones/AUTOS%202009/0731.pdfhttp://190.27.245.106/BLA/resoluciones/RESOLUCIONES%202009/0759.pdf HTTP/1.1 to file
[Mon Jun 15 07:39:33.262066 2015] [mpm_winnt:warn] [pid 7472:tid 3048] (OS 64)The specified network name is no longer available.  : AH00341: winnt_accept: Asynchronous AcceptEx failed.
[Mon Jun 15 07:43:42.035703 2015] [core:error] [pid 7472:tid 1816] (20024)The given path is misformatted or contained invalid characters: [client 37.187.157.108:43458] AH00127: Cannot map HEAD /BLA/resoluciones/AUTOS%202009/0731.pdfhttp://190.27.245.106/BLA/resoluciones/RESOLUCIONES%202009/0759.pdf HTTP/1.1 to file
[Mon Jun 15 07:47:55.302148 2015] [core:error] [pid 7472:tid 1384] (20024)The given path is misformatted or contained invalid characters: [client 37.187.157.108:44016] AH00127: Cannot map HEAD /BLA/resoluciones/AUTOS%202009/0731.pdfhttp://190.27.245.106/BLA/resoluciones/RESOLUCIONES%202009/0759.pdf HTTP/1.1 to file
[Mon Jun 15 07:48:30.870210 2015] [core:error] [pid 7472:tid 1664] (20024)The given path is misformatted or contained invalid characters: [client 37.187.157.108:35689] AH00127: Cannot map HEAD /BLA/resoluciones/AUTOS%202009/0731.pdfhttp://190.27.245.106/BLA/resoluciones/RESOLUCIONES%202009/0759.pdf HTTP/1.1 to file
[Mon Jun 15 07:50:05.172376 2015] [core:error] [pid 7472:tid 1552] (20024)The given path is misformatted or contained invalid characters: [client 37.187.157.108:55073] AH00127: Cannot map HEAD /BLA/resoluciones/AUTOS%202009/0731.pdfhttp://190.27.245.106/BLA/resoluciones/RESOLUCIONES%202009/0759.pdf HTTP/1.1 to file
[Mon Jun 15 07:50:57.884868 2015] [core:error] [pid 7472:tid 1760] (20024)The given path is misformatted or contained invalid characters: [client 37.187.157.108:38066] AH00127: Cannot map HEAD /BLA/resoluciones/AUTOS%202009/0731.pdfhttp://190.27.245.106/BLA/resoluciones/RESOLUCIONES%202009/0759.pdf HTTP/1.1 to file
[Mon Jun 15 08:30:17.889213 2015] [:error] [pid 7472:tid 1792] [client 80.28.203.170:60834] script 'E:/nuevo/htdocs/xmlrpc.php' not found or unable to stat
[Mon Jun 15 08:53:55.962904 2015] [:error] [pid 7472:tid 1176] [client 207.46.13.124:19319] script 'E:/nuevo/htdocs/dos.php' not found or unable to stat
[Mon Jun 15 08:58:55.545830 2015] [core:error] [pid 7472:tid 1080] (20024)The given path is misformatted or contained invalid characters: [client 37.187.157.108:33845] AH00127: Cannot map HEAD /BLA/resoluciones/AUTOS%202009/0731.pdfhttp://190.27.245.106/BLA/resoluciones/RESOLUCIONES%202009/0759.pdf HTTP/1.1 to file
[Mon Jun 15 09:34:08.289741 2015] [mpm_winnt:warn] [pid 7472:tid 3048] (OS 64)The specified network name is no longer available.  : AH00341: winnt_accept: Asynchronous AcceptEx failed.
[Mon Jun 15 10:05:48.201478 2015] [:error] [pid 7472:tid 1352] [client 190.49.30.60:19487] script 'E:/nuevo/htdocs/xmlrpc.php' not found or unable to stat
[Mon Jun 15 10:07:54.842501 2015] [:error] [pid 7472:tid 1080] [client 105.109.134.141:56305] script 'E:/nuevo/htdocs/xmlrpc.php' not found or unable to stat
[Mon Jun 15 10:09:28.427065 2015] [core:error] [pid 7472:tid 1352] (20024)The given path is misformatted or contained invalid characters: [client 37.228.108.15:56854] AH00127: Cannot map GET /galeria/carrusel/Carrusel/jquery-ui-%0A%0A1.8.13.custom.min.js HTTP/1.1 to file, referer: http://ambientebogota.gov.co/
[Mon Jun 15 11:51:33.389823 2015] [mpm_winnt:warn] [pid 7472:tid 3048] (OS 64)The specified network name is no longer available.  : AH00341: winnt_accept: Asynchronous AcceptEx failed.
[Mon Jun 15 12:06:03.716352 2015] [mpm_winnt:warn] [pid 7472:tid 3048] (OS 64)The specified network name is no longer available.  : AH00341: winnt_accept: Asynchronous AcceptEx failed.
[Mon Jun 15 12:06:04.387153 2015] [mpm_winnt:warn] [pid 7472:tid 3048] (OS 64)The specified network name is no longer available.  : AH00341: winnt_accept: Asynchronous AcceptEx failed.
[Mon Jun 15 13:16:42.775197 2015] [mpm_winnt:warn] [pid 7472:tid 3048] (OS 64)The specified network name is no longer available.  : AH00341: winnt_accept: Asynchronous AcceptEx failed.
[Mon Jun 15 14:57:53.917861 2015] [mpm_winnt:warn] [pid 7472:tid 3048] (OS 64)The specified network name is no longer available.  : AH00341: winnt_accept: Asynchronous AcceptEx failed.
[Mon Jun 15 15:13:23.320693 2015] [:error] [pid 7472:tid 1176] [client 88.25.191.112:60504] script 'E:/nuevo/htdocs/xmlrpc.php' not found or unable to stat
[Mon Jun 15 15:52:22.514602 2015] [:error] [pid 7472:tid 1304] [client 84.232.65.51:1318] script 'E:/nuevo/htdocs/xmlrpc.php' not found or unable to stat
[Mon Jun 15 18:01:33.873817 2015] [proxy_http:error] [pid 7472:tid 1384] (OS 10054)An existing connection was forcibly closed by the remote host.  : [client 181.60.255.254:54090] AH01102: error reading status line from remote server 172.22.1.31:80, referer: http://www.ambientebogota.gov.co/web/intranet/aplicaciones-para-acceder-fuera-de-la-sda
[Mon Jun 15 18:01:33.873817 2015] [proxy:error] [pid 7472:tid 1384] [client 181.60.255.254:54090] AH00898: Error reading from remote server returned by /isolucionsda/, referer: http://www.ambientebogota.gov.co/web/intranet/aplicaciones-para-acceder-fuera-de-la-sda
[Mon Jun 15 18:12:30.806570 2015] [access_compat:error] [pid 7472:tid 1080] [client 120.25.236.142:49898] AH01797: client denied by server configuration: E:/nuevo/htdocs/phpMyAdmin
[Mon Jun 15 21:05:08.978164 2015] [:error] [pid 7472:tid 1352] [client 41.184.112.197:53769] script 'E:/nuevo/htdocs/xmlrpc.php' not found or unable to stat
[Mon Jun 15 21:32:30.476447 2015] [proxy:error] [pid 7472:tid 1160] (OS 10061)No connection could be made because the target machine actively refused it.  : AH00957: HTTP: attempt to connect to 172.22.1.36:8080 (172.22.1.36) failed
[Mon Jun 15 21:32:30.476447 2015] [proxy:error] [pid 7472:tid 1160] AH00959: ap_proxy_connect_backend disabling worker for (172.22.1.36) for 60s
[Mon Jun 15 21:32:30.476447 2015] [proxy_http:error] [pid 7472:tid 1160] [client 190.66.99.77:53757] AH01114: HTTP: failed to make connection to backend: 172.22.1.36
[Mon Jun 15 22:32:40.978989 2015] [proxy:error] [pid 7472:tid 1160] (OS 10053)An established connection was aborted by the software in your host machine.  : [client 181.129.73.185:11701] AH01084: pass request body failed to 172.22.1.47:80 (172.22.1.47), referer: http://190.27.245.106/forest/usutareas.do?group_system_actual=3&a=0.5139045005198568
[Mon Jun 15 22:32:40.978989 2015] [proxy_http:error] [pid 7472:tid 1160] [client 181.129.73.185:11701] AH01097: pass request body failed to 172.22.1.47:80 (172.22.1.47) from 181.129.73.185 (), referer: http://190.27.245.106/forest/usutareas.do?group_system_actual=3&a=0.5139045005198568

:: Command execute ::

Enter:
 
Select:
 

:: Search ::
regexp 

:: Upload ::
 
[ ok ]

:: Make Dir ::
 
[ ok ]
:: Make File ::
 
[ ok ]

:: Go Dir ::
 
:: Go File ::
 

--[ c99shell v. 1.0 pre-release build #13 powered by Captain Crunch Security Team | http://ccteam.ru | Generation time: 0.0312 ]--