!C99Shell v. 1.0 pre-release build #13!

Software: Apache. PHP/5.5.15 

uname -a: Windows NT SVR-DMZ 6.1 build 7600 (Windows Server 2008 R2 Enterprise Edition) i586 

SYSTEM 

Safe-mode: OFF (not secure)

E:\nuevo\apache\logs\   drwxrwxrwx
Free 8.02 GB of 239.26 GB (3.35%)
Detected drives: [ a ] [ c ] [ d ] [ e ] [ f ]
Home    Back    Forward    UPDIR    Refresh    Search    Buffer    Encoder    Tools    Proc.    FTP brute    Sec.    SQL    PHP-code    Update    Feedback    Self remove    Logout    


Viewing file:     error.2015.06.16.log (203.29 KB)      -rw-rw-rw-
Select action/file-type:
(+) | (+) | (+) | Code (+) | Session (+) | (+) | SDB (+) | (+) | (+) | (+) | (+) | (+) |
[Tue Jun 16 00:02:16.454030 2015] [core:error] [pid 7472:tid 1536] (22)Invalid argument: [client 180.76.15.29:56919] AH00127: Cannot map GET /Autoliquidacion/TR%C1MITES%20MINER%CDA/126PM04-PR39-M-A5-V5.0%20Terminos%20de%20referencia%20PMA[1].doc HTTP/1.1 to file
[Tue Jun 16 00:24:01.396322 2015] [:error] [pid 7472:tid 1536] [client 157.55.39.113:23916] script 'E:/nuevo/htdocs/dos.php' not found or unable to stat
[Tue Jun 16 03:56:16.591891 2015] [mpm_winnt:warn] [pid 7472:tid 3048] (OS 64)The specified network name is no longer available.  : AH00341: winnt_accept: Asynchronous AcceptEx failed.
[Tue Jun 16 03:57:17.369597 2015] [access_compat:error] [pid 7472:tid 1760] [client 167.56.44.209:58146] AH01797: client denied by server configuration: E:/nuevo/htdocs/phpMyAdmin
[Tue Jun 16 05:05:18.181765 2015] [proxy_http:error] [pid 7472:tid 1144] (OS 10054)An existing connection was forcibly closed by the remote host.  : [client 181.135.245.129:49584] AH01102: error reading status line from remote server 172.22.1.31:80, referer: http://190.27.245.106/isolucionsda/IdentificaUsuario.asp?Pagina1=FrameSetGeneral.asp&
[Tue Jun 16 05:05:18.181765 2015] [proxy:error] [pid 7472:tid 1144] [client 181.135.245.129:49584] AH00898: Error reading from remote server returned by /isolucionsda/g/Img_LogoIsoCabezote.jpg, referer: http://190.27.245.106/isolucionsda/IdentificaUsuario.asp?Pagina1=FrameSetGeneral.asp&
[Tue Jun 16 05:05:27.385781 2015] [proxy_http:error] [pid 7472:tid 1276] (OS 10054)An existing connection was forcibly closed by the remote host.  : [client 181.135.245.129:49596] AH01102: error reading status line from remote server 172.22.1.31:80, referer: http://190.27.245.106/isolucionsda/Encabezado.asp?Pagina1=FrameSetGeneral.asp&&Pagina=MagazinHome.asp
[Tue Jun 16 05:19:40.098879 2015] [mpm_winnt:warn] [pid 7472:tid 3048] (OS 64)The specified network name is no longer available.  : AH00341: winnt_accept: Asynchronous AcceptEx failed.
[Tue Jun 16 07:40:50.932357 2015] [proxy_http:error] [pid 7472:tid 1792] (OS 10054)An existing connection was forcibly closed by the remote host.  : [client 201.245.192.253:29375] AH01102: error reading status line from remote server 172.22.1.31:80, referer: http://www.ambientebogota.gov.co/web/intranet/aplicaciones-para-acceder-fuera-de-la-sda
[Tue Jun 16 07:40:50.932357 2015] [proxy:error] [pid 7472:tid 1792] [client 201.245.192.253:29375] AH00898: Error reading from remote server returned by /isolucionsda/, referer: http://www.ambientebogota.gov.co/web/intranet/aplicaciones-para-acceder-fuera-de-la-sda
[Tue Jun 16 07:45:48.144079 2015] [proxy_http:error] [pid 7472:tid 1536] (OS 10054)An existing connection was forcibly closed by the remote host.  : [client 201.244.55.205:13127] AH01102: error reading status line from remote server 172.22.1.31:80, referer: http://190.27.245.106/isolucionsda/BarraTitulos.asp?Pagina1=FrameSetGeneral.asp&&Pagina=MagazinHome.asp
[Tue Jun 16 08:27:49.515108 2015] [proxy_http:error] [pid 7472:tid 1504] (OS 10054)An existing connection was forcibly closed by the remote host.  : [client 201.245.192.253:23492] AH01102: error reading status line from remote server 172.22.1.31:80, referer: http://190.27.245.106/isolucionsda/FrameSetGeneral.asp?Pagina=Menu.asp&IdModulo=4
[Tue Jun 16 08:27:49.515108 2015] [proxy:error] [pid 7472:tid 1504] [client 201.245.192.253:23492] AH00898: Error reading from remote server returned by /isolucionsda/BarraTitulos.asp, referer: http://190.27.245.106/isolucionsda/FrameSetGeneral.asp?Pagina=Menu.asp&IdModulo=4
[Tue Jun 16 08:27:49.577508 2015] [proxy_http:error] [pid 7472:tid 1176] (OS 10054)An existing connection was forcibly closed by the remote host.  : [client 201.245.192.253:23490] AH01102: error reading status line from remote server 172.22.1.31:80, referer: http://190.27.245.106/isolucionsda/Encabezado.asp?Pagina=Menu.asp&IdModulo=4
[Tue Jun 16 08:31:49.365529 2015] [:error] [pid 7472:tid 1760] [client 37.115.187.54:52691] script 'E:/nuevo/htdocs/xmlrpc.php' not found or unable to stat
[Tue Jun 16 08:37:05.390884 2015] [proxy_http:error] [pid 7472:tid 1264] (OS 10054)An existing connection was forcibly closed by the remote host.  : [client 201.245.192.253:27767] AH01102: error reading status line from remote server 172.22.1.31:80, referer: http://190.27.245.106/isolucionsda/FrameSetGeneral.asp?Pagina=Menu.asp&IdModulo=4
[Tue Jun 16 08:37:05.390884 2015] [proxy:error] [pid 7472:tid 1264] [client 201.245.192.253:27767] AH00898: Error reading from remote server returned by /isolucionsda/BarraFavoritos.asp, referer: http://190.27.245.106/isolucionsda/FrameSetGeneral.asp?Pagina=Menu.asp&IdModulo=4
[Tue Jun 16 08:39:31.251140 2015] [core:error] [pid 7472:tid 1568] (20024)The given path is misformatted or contained invalid characters: [client 37.187.157.108:47016] AH00127: Cannot map HEAD /BLA/resoluciones/AUTOS%202009/0731.pdfhttp://190.27.245.106/BLA/resoluciones/RESOLUCIONES%202009/0759.pdf HTTP/1.1 to file
[Tue Jun 16 09:23:53.209616 2015] [proxy_http:error] [pid 7472:tid 1384] (20014)Internal error: [client 181.61.173.135:49240] AH01102: error reading status line from remote server 172.22.1.47:80, referer: http://190.27.245.106/forest/usutareas.do?group_system_actual=3&a=0.19559907959774137
[Tue Jun 16 09:23:53.209616 2015] [proxy:error] [pid 7472:tid 1384] [client 181.61.173.135:49240] AH00898: Error reading from remote server returned by /forest/usutareas.do, referer: http://190.27.245.106/forest/usutareas.do?group_system_actual=3&a=0.19559907959774137
[Tue Jun 16 09:43:37.532496 2015] [proxy_http:error] [pid 7472:tid 1304] (20014)Internal error: [client 190.9.203.123:53783] AH01102: error reading status line from remote server 172.22.1.47:80, referer: http://190.27.245.106/forest/index2.jsp?_a=0.2974348300719645
[Tue Jun 16 09:43:37.532496 2015] [proxy:error] [pid 7472:tid 1304] [client 190.9.203.123:53783] AH00898: Error reading from remote server returned by /forest/skins/gdocs-jar/css/forest.css, referer: http://190.27.245.106/forest/index2.jsp?_a=0.2974348300719645
[Tue Jun 16 09:43:37.594896 2015] [proxy_http:error] [pid 7472:tid 1264] (20014)Internal error: [client 190.9.203.123:53763] AH01102: error reading status line from remote server 172.22.1.47:80, referer: http://190.27.245.106/forest/index2.jsp?_a=0.2974348300719645
[Tue Jun 16 09:43:51.588121 2015] [proxy_http:error] [pid 7472:tid 1304] (20014)Internal error: [client 190.9.203.123:53951] AH01102: error reading status line from remote server 172.22.1.47:80, referer: http://190.27.245.106/forest/buscar.do?type=documentos
[Tue Jun 16 09:47:16.681681 2015] [proxy_http:error] [pid 7472:tid 1392] (20014)Internal error: [client 201.245.192.253:30556] AH01102: error reading status line from remote server 172.22.1.47:80
[Tue Jun 16 09:47:16.681681 2015] [proxy:error] [pid 7472:tid 1392] [client 201.245.192.253:30556] AH00898: Error reading from remote server returned by /forest/skins/gdocs-jar/css/autocomplete.css
[Tue Jun 16 09:58:16.718840 2015] [proxy_http:error] [pid 7472:tid 1632] (20014)Internal error: [client 201.245.192.253:26028] AH01102: error reading status line from remote server 172.22.1.47:80
[Tue Jun 16 09:58:16.718840 2015] [proxy:error] [pid 7472:tid 1632] [client 201.245.192.253:26028] AH00898: Error reading from remote server returned by /forest/skins/gdocs-jar/img/more_details.gif
[Tue Jun 16 10:00:15.232248 2015] [proxy_http:error] [pid 7472:tid 1368] (20014)Internal error: [client 201.245.192.253:28147] AH01102: error reading status line from remote server 172.22.1.47:80, referer: http://190.27.245.106/forest/index2.jsp?a=0.27315743929563585
[Tue Jun 16 10:00:15.232248 2015] [proxy:error] [pid 7472:tid 1368] [client 201.245.192.253:28147] AH00898: Error reading from remote server returned by /forest/actions/manager.login, referer: http://190.27.245.106/forest/index2.jsp?a=0.27315743929563585
[Tue Jun 16 10:07:45.980440 2015] [proxy_http:error] [pid 7472:tid 1640] (20014)Internal error: [client 181.50.92.73:50803] AH01102: error reading status line from remote server 172.22.1.47:80, referer: http://190.27.245.106/forest/login.do
[Tue Jun 16 10:07:45.980440 2015] [proxy:error] [pid 7472:tid 1640] [client 181.50.92.73:50803] AH00898: Error reading from remote server returned by /forest/login.do, referer: http://190.27.245.106/forest/login.do
[Tue Jun 16 10:09:07.552983 2015] [proxy_http:error] [pid 7472:tid 1416] (20014)Internal error: [client 190.9.203.123:53938] AH01102: error reading status line from remote server 172.22.1.47:80, referer: http://190.27.245.106/forest/usutareas.do?group_system_actual=3&a=0.3375101740813462
[Tue Jun 16 10:09:07.552983 2015] [proxy:error] [pid 7472:tid 1416] [client 190.9.203.123:53938] AH00898: Error reading from remote server returned by /forest/css/escritorio.css, referer: http://190.27.245.106/forest/usutareas.do?group_system_actual=3&a=0.3375101740813462
[Tue Jun 16 10:09:20.079805 2015] [proxy_http:error] [pid 7472:tid 1304] (20014)Internal error: [client 190.9.203.123:53995] AH01102: error reading status line from remote server 172.22.1.47:80, referer: http://190.27.245.106/forest/usutareas.do?group_system_actual=3&a=0.39697592100432777
[Tue Jun 16 10:09:20.111006 2015] [proxy_http:error] [pid 7472:tid 1520] (20014)Internal error: [client 190.9.203.123:53813] AH01102: error reading status line from remote server 172.22.1.47:80, referer: http://190.27.245.106/forest/usutareas.do?group_system_actual=3&a=0.39697592100432777
[Tue Jun 16 10:11:09.233197 2015] [proxy_http:error] [pid 7472:tid 1408] (20014)Internal error: [client 201.245.192.253:24499] AH01102: error reading status line from remote server 172.22.1.47:80
[Tue Jun 16 10:11:09.233197 2015] [proxy:error] [pid 7472:tid 1408] [client 201.245.192.253:24499] AH00898: Error reading from remote server returned by /forest/img/base/bsc2_r1_c1.gif
[Tue Jun 16 10:11:18.640014 2015] [proxy_http:error] [pid 7472:tid 1408] (20014)Internal error: [client 201.245.192.253:24568] AH01102: error reading status line from remote server 172.22.1.47:80
[Tue Jun 16 10:11:18.640014 2015] [proxy:error] [pid 7472:tid 1408] [client 201.245.192.253:24568] AH00898: Error reading from remote server returned by /forest/skins/gdocs-jar/js/xml_utilities.js
[Tue Jun 16 10:13:13.362615 2015] [proxy_http:error] [pid 7472:tid 1304] (20014)Internal error: [client 201.245.192.253:25362] AH01102: error reading status line from remote server 172.22.1.47:80
[Tue Jun 16 10:13:13.362615 2015] [proxy:error] [pid 7472:tid 1304] [client 201.245.192.253:25362] AH00898: Error reading from remote server returned by /forest/img/nav_first.gif
[Tue Jun 16 10:13:25.234236 2015] [proxy_http:error] [pid 7472:tid 1256] (20014)Internal error: [client 201.245.192.253:25507] AH01102: error reading status line from remote server 172.22.1.47:80, referer: http://190.27.245.106/forest/buscar.do
[Tue Jun 16 10:13:57.276692 2015] [proxy_http:error] [pid 7472:tid 1504] (20014)Internal error: [client 201.245.192.253:25764] AH01102: error reading status line from remote server 172.22.1.47:80
[Tue Jun 16 10:13:57.276692 2015] [proxy:error] [pid 7472:tid 1504] [client 201.245.192.253:25764] AH00898: Error reading from remote server returned by /forest/1ibre/jscalendar/calendar.js
[Tue Jun 16 10:14:19.116731 2015] [proxy_http:error] [pid 7472:tid 1424] (20014)Internal error: [client 201.245.192.253:25979] AH01102: error reading status line from remote server 172.22.1.47:80
[Tue Jun 16 10:14:19.116731 2015] [proxy:error] [pid 7472:tid 1424] [client 201.245.192.253:25979] AH00898: Error reading from remote server returned by /forest/1ibre/jscalendar/lang/calendar-es.js
[Tue Jun 16 10:14:19.179131 2015] [proxy_http:error] [pid 7472:tid 1792] (20014)Internal error: [client 201.245.192.253:25983] AH01102: error reading status line from remote server 172.22.1.47:80, referer: http://190.27.245.106/forest/buscar.do
[Tue Jun 16 10:14:19.179131 2015] [proxy:error] [pid 7472:tid 1792] [client 201.245.192.253:25983] AH00898: Error reading from remote server returned by /forest/json.do, referer: http://190.27.245.106/forest/buscar.do
[Tue Jun 16 10:14:19.179131 2015] [negotiation:error] [pid 7472:tid 1792] [client 201.245.192.253:25983] AH00690: no acceptable variant: E:/nuevo/apache/error/HTTP_BAD_GATEWAY.html.var, referer: http://190.27.245.106/forest/buscar.do
[Tue Jun 16 10:15:25.978448 2015] [proxy_http:error] [pid 7472:tid 1040] (20014)Internal error: [client 201.245.192.253:26633] AH01102: error reading status line from remote server 172.22.1.47:80, referer: http://190.27.245.106/forest/index2.jsp?a=0.8400424254984196
[Tue Jun 16 10:15:30.221656 2015] [proxy_http:error] [pid 7472:tid 1632] (20014)Internal error: [client 201.245.192.253:26709] AH01102: error reading status line from remote server 172.22.1.47:80
[Tue Jun 16 10:15:30.221656 2015] [proxy:error] [pid 7472:tid 1632] [client 201.245.192.253:26709] AH00898: Error reading from remote server returned by /forest/css/autocomplete.css
[Tue Jun 16 10:15:30.221656 2015] [proxy_http:error] [pid 7472:tid 1084] (20014)Internal error: [client 201.245.192.253:26711] AH01102: error reading status line from remote server 172.22.1.47:80
[Tue Jun 16 10:15:30.221656 2015] [proxy:error] [pid 7472:tid 1084] [client 201.245.192.253:26711] AH00898: Error reading from remote server returned by /forest/js/dialog.js
[Tue Jun 16 10:15:49.269289 2015] [proxy_http:error] [pid 7472:tid 1040] (20014)Internal error: [client 201.245.192.253:26907] AH01102: error reading status line from remote server 172.22.1.47:80
[Tue Jun 16 10:16:47.457391 2015] [proxy_http:error] [pid 7472:tid 1376] (20014)Internal error: [client 190.9.203.123:53953] AH01102: error reading status line from remote server 172.22.1.47:80, referer: http://190.27.245.106/forest/usutareas.do?group_system_actual=3&a=0.4532193351182122
[Tue Jun 16 10:16:47.457391 2015] [proxy:error] [pid 7472:tid 1376] [client 190.9.203.123:53953] AH00898: Error reading from remote server returned by /forest/skins/gdocs-jar/css/menu.css, referer: http://190.27.245.106/forest/usutareas.do?group_system_actual=3&a=0.4532193351182122
[Tue Jun 16 10:18:00.106719 2015] [proxy_http:error] [pid 7472:tid 1504] (20014)Internal error: [client 190.9.203.123:53766] AH01102: error reading status line from remote server 172.22.1.47:80, referer: http://190.27.245.106/forest/usutareas.do?group_system_actual=3&a=0.5825560048800598
[Tue Jun 16 10:18:00.106719 2015] [proxy:error] [pid 7472:tid 1504] [client 190.9.203.123:53766] AH00898: Error reading from remote server returned by /forest/skins/gdocs-jar/css/forest.css, referer: http://190.27.245.106/forest/usutareas.do?group_system_actual=3&a=0.5825560048800598
[Tue Jun 16 10:21:40.535106 2015] [proxy_http:error] [pid 7472:tid 1672] (20014)Internal error: [client 201.245.192.253:49463] AH01102: error reading status line from remote server 172.22.1.47:80, referer: http://190.27.245.106/forest/misactividades.do?group_system_actual=3&codPro=90&_a=0.6961671395342275
[Tue Jun 16 10:23:09.938863 2015] [proxy_http:error] [pid 7472:tid 1376] (20014)Internal error: [client 201.245.192.253:32790] AH01102: error reading status line from remote server 172.22.1.47:80, referer: http://190.27.245.106/forest/usutareas.do?group_system_actual=3&codTraEsc=18384822&_a=0.5053653989590602
[Tue Jun 16 10:28:21.596210 2015] [proxy_http:error] [pid 7472:tid 1536] (20014)Internal error: [client 190.25.157.12:50276] AH01102: error reading status line from remote server 172.22.1.47:80, referer: http://190.27.245.106/forest/misactividades.do?_a=0.14503378188237548&group_system_actual=3
[Tue Jun 16 10:33:43.190775 2015] [proxy_http:error] [pid 7472:tid 1176] (OS 10060)A connection attempt failed because the connected party did not properly respond after a period of time, or established connection failed because connected host has failed to respond.  : [client 201.245.192.253:30737] AH01102: error reading status line from remote server 172.22.1.47:80, referer: http://190.27.245.106/forest/frameset?
[Tue Jun 16 10:33:43.190775 2015] [proxy:error] [pid 7472:tid 1176] [client 201.245.192.253:30737] AH00898: Error reading from remote server returned by /forest/frameset, referer: http://190.27.245.106/forest/frameset?
[Tue Jun 16 10:35:37.632576 2015] [proxy_http:error] [pid 7472:tid 1760] (20014)Internal error: [client 201.245.192.253:30331] AH01102: error reading status line from remote server 172.22.1.47:80
[Tue Jun 16 10:35:37.632576 2015] [proxy:error] [pid 7472:tid 1760] [client 201.245.192.253:30331] AH00898: Error reading from remote server returned by /forest/skins/gdocs-jar/img/files_exp.png
[Tue Jun 16 10:37:02.902326 2015] [proxy_http:error] [pid 7472:tid 1416] (20014)Internal error: [client 201.245.192.253:31072] AH01102: error reading status line from remote server 172.22.1.47:80
[Tue Jun 16 10:37:03.105126 2015] [proxy_http:error] [pid 7472:tid 1304] (20014)Internal error: [client 201.245.192.253:31082] AH01102: error reading status line from remote server 172.22.1.47:80
[Tue Jun 16 10:37:03.105126 2015] [proxy:error] [pid 7472:tid 1304] [client 201.245.192.253:31082] AH00898: Error reading from remote server returned by /forest/css/index.css
[Tue Jun 16 10:37:03.167527 2015] [proxy_http:error] [pid 7472:tid 1144] (20014)Internal error: [client 201.245.192.253:31086] AH01102: error reading status line from remote server 172.22.1.47:80, referer: http://190.27.245.106/forest/reportes.do?menu=1&group_system_actual=5
[Tue Jun 16 10:37:03.167527 2015] [proxy:error] [pid 7472:tid 1144] [client 201.245.192.253:31086] AH00898: Error reading from remote server returned by /forest/jsoptimized/gz/js/gdocsall-1503.161801.js, referer: http://190.27.245.106/forest/reportes.do?menu=1&group_system_actual=5
[Tue Jun 16 10:37:03.432727 2015] [proxy_http:error] [pid 7472:tid 1144] (20014)Internal error: [client 201.245.192.253:31099] AH01102: error reading status line from remote server 172.22.1.47:80
[Tue Jun 16 10:37:03.432727 2015] [proxy:error] [pid 7472:tid 1144] [client 201.245.192.253:31099] AH00898: Error reading from remote server returned by /forest/img/inicio/7.gif
[Tue Jun 16 10:37:03.479527 2015] [proxy_http:error] [pid 7472:tid 1304] (20014)Internal error: [client 201.245.192.253:31103] AH01102: error reading status line from remote server 172.22.1.47:80
[Tue Jun 16 10:37:03.479527 2015] [proxy:error] [pid 7472:tid 1304] [client 201.245.192.253:31103] AH00898: Error reading from remote server returned by /forest/img/base/bsc2_r1_c3.gif
[Tue Jun 16 10:37:28.954372 2015] [proxy_http:error] [pid 7472:tid 1384] (20014)Internal error: [client 201.245.192.253:31301] AH01102: error reading status line from remote server 172.22.1.47:80
[Tue Jun 16 10:37:28.954372 2015] [proxy:error] [pid 7472:tid 1384] [client 201.245.192.253:31301] AH00898: Error reading from remote server returned by /forest/skins/gdocs-jar/img/itemlist.gif
[Tue Jun 16 10:40:31.677493 2015] [proxy_http:error] [pid 7472:tid 1080] (20014)Internal error: [client 181.61.173.135:49467] AH01102: error reading status line from remote server 172.22.1.47:80, referer: http://190.27.245.106/forest/js/jquery/css/jquery-ui-1.8.1.custom.css
[Tue Jun 16 10:40:31.739893 2015] [proxy_http:error] [pid 7472:tid 1100] (20014)Internal error: [client 181.61.173.135:49465] AH01102: error reading status line from remote server 172.22.1.47:80, referer: http://190.27.245.106/forest/js/jquery/grid/css/ui.jqgrid.css
[Tue Jun 16 10:41:25.871988 2015] [proxy_http:error] [pid 7472:tid 1408] (20014)Internal error: [client 201.245.192.253:33483] AH01102: error reading status line from remote server 172.22.1.47:80, referer: http://190.27.245.106/forest/buscar.do?type=procesos
[Tue Jun 16 10:42:57.787349 2015] [proxy_http:error] [pid 7472:tid 1792] (20014)Internal error: [client 201.245.192.253:49358] AH01102: error reading status line from remote server 172.22.1.47:80, referer: http://190.27.245.106/forest/misactividades.do?_a=0.56542252673486&group_system_actual=3
[Tue Jun 16 10:42:57.802949 2015] [proxy_http:error] [pid 7472:tid 1240] (20014)Internal error: [client 201.245.192.253:49365] AH01102: error reading status line from remote server 172.22.1.47:80, referer: http://190.27.245.106/forest/misactividades.do?_a=0.56542252673486&group_system_actual=3
[Tue Jun 16 10:43:52.949046 2015] [proxy_http:error] [pid 7472:tid 1800] (20014)Internal error: [client 201.245.192.253:43663] AH01102: error reading status line from remote server 172.22.1.47:80, referer: http://190.27.245.106/forest/index2.jsp?_a=0.44423340389156773
[Tue Jun 16 10:45:27.656813 2015] [proxy_http:error] [pid 7472:tid 1192] (20014)Internal error: [client 201.245.192.253:23559] AH01102: error reading status line from remote server 172.22.1.47:80, referer: http://190.27.245.106/forest/usutareas.do?_a=0.11065852557044764&group_system_actual=3
[Tue Jun 16 10:45:29.419616 2015] [proxy_http:error] [pid 7472:tid 1084] (20014)Internal error: [client 201.245.192.253:23598] AH01102: error reading status line from remote server 172.22.1.47:80, referer: http://190.27.245.106/forest/misactividades.do?_a=0.722389564383775&group_system_actual=3
[Tue Jun 16 10:45:29.419616 2015] [proxy:error] [pid 7472:tid 1084] [client 201.245.192.253:23598] AH00898: Error reading from remote server returned by /forest/usutareas.do, referer: http://190.27.245.106/forest/misactividades.do?_a=0.722389564383775&group_system_actual=3
[Tue Jun 16 10:51:55.317494 2015] [proxy_http:error] [pid 7472:tid 1544] (20014)Internal error: [client 201.245.192.253:27315] AH01102: error reading status line from remote server 172.22.1.47:80
[Tue Jun 16 10:51:55.317494 2015] [proxy:error] [pid 7472:tid 1544] [client 201.245.192.253:27315] AH00898: Error reading from remote server returned by /forest/img/jquery/quitarfiltrar.gif
[Tue Jun 16 10:51:55.317494 2015] [proxy_http:error] [pid 7472:tid 1176] (20014)Internal error: [client 201.245.192.253:27314] AH01102: error reading status line from remote server 172.22.1.47:80
[Tue Jun 16 10:51:55.317494 2015] [proxy:error] [pid 7472:tid 1176] [client 201.245.192.253:27314] AH00898: Error reading from remote server returned by /forest/img/jquery/columnshide.gif
[Tue Jun 16 10:53:28.262457 2015] [proxy_http:error] [pid 7472:tid 1632] (20014)Internal error: [client 181.61.173.135:49611] AH01102: error reading status line from remote server 172.22.1.47:80, referer: http://190.27.245.106/forest/usutareas.do?group_system_actual=3&a=0.4821748083923012
[Tue Jun 16 10:57:07.568642 2015] [proxy_http:error] [pid 7472:tid 1144] (20014)Internal error: [client 201.245.192.253:31350] AH01102: error reading status line from remote server 172.22.1.47:80, referer: http://190.27.245.106/forest/misactividades.do?group_system_actual=3&codPro=134&_a=0.07930759244966035
[Tue Jun 16 10:57:11.843050 2015] [proxy_http:error] [pid 7472:tid 1200] (20014)Internal error: [client 201.245.192.253:31554] AH01102: error reading status line from remote server 172.22.1.47:80
[Tue Jun 16 10:57:11.843050 2015] [proxy:error] [pid 7472:tid 1200] [client 201.245.192.253:31554] AH00898: Error reading from remote server returned by /forest/skins/gdocs-jar/js/graphicForm.js
[Tue Jun 16 10:57:15.821057 2015] [proxy_http:error] [pid 7472:tid 1304] (20014)Internal error: [client 172.22.2.1:15862] AH01102: error reading status line from remote server 172.22.1.47:80, referer: http://190.27.245.106/forest/reimprimirradic.do?_a=0.445318431631738&group_system_actual=4
[Tue Jun 16 10:57:15.821057 2015] [proxy:error] [pid 7472:tid 1304] [client 172.22.2.1:15862] AH00898: Error reading from remote server returned by /forest/css/escritorio.css, referer: http://190.27.245.106/forest/reimprimirradic.do?_a=0.445318431631738&group_system_actual=4
[Tue Jun 16 10:57:16.632258 2015] [proxy_http:error] [pid 7472:tid 1448] (20014)Internal error: [client 172.22.2.1:15863] AH01102: error reading status line from remote server 172.22.1.47:80, referer: http://190.27.245.106/forest/radicacion.do?codMod=11&group_system_actual=4&_a=0.9148638923341424
[Tue Jun 16 10:57:33.917088 2015] [proxy_http:error] [pid 7472:tid 1288] (20014)Internal error: [client 172.22.2.1:15866] AH01102: error reading status line from remote server 172.22.1.47:80, referer: http://190.27.245.106/forest/usutareas.do?_a=0.2371895328926985&group_system_actual=3
[Tue Jun 16 10:58:41.605607 2015] [proxy_http:error] [pid 7472:tid 1144] (20014)Internal error: [client 201.245.192.253:32196] AH01102: error reading status line from remote server 172.22.1.47:80
[Tue Jun 16 10:58:41.605607 2015] [proxy:error] [pid 7472:tid 1144] [client 201.245.192.253:32196] AH00898: Error reading from remote server returned by /forest/1ibre/jscalendar/calendar-setup.js
[Tue Jun 16 10:58:53.758029 2015] [proxy_http:error] [pid 7472:tid 1800] (20014)Internal error: [client 201.245.192.253:32295] AH01102: error reading status line from remote server 172.22.1.47:80, referer: http://190.27.245.106/forest/buscar.do?type=documentos
[Tue Jun 16 10:58:56.909234 2015] [proxy_http:error] [pid 7472:tid 1800] (20014)Internal error: [client 201.245.192.253:32298] AH01102: error reading status line from remote server 172.22.1.47:80, referer: http://190.27.245.106/forest/buscar.do?type=procesos
[Tue Jun 16 11:00:08.216959 2015] [proxy_http:error] [pid 7472:tid 1360] (20014)Internal error: [client 201.245.192.253:32931] AH01102: error reading status line from remote server 172.22.1.47:80
[Tue Jun 16 11:00:08.216959 2015] [proxy:error] [pid 7472:tid 1360] [client 201.245.192.253:32931] AH00898: Error reading from remote server returned by /forest/skins/gdocs-jar/css/forest.css
[Tue Jun 16 11:00:08.248159 2015] [proxy_http:error] [pid 7472:tid 1080] (20014)Internal error: [client 201.245.192.253:32933] AH01102: error reading status line from remote server 172.22.1.47:80
[Tue Jun 16 11:00:08.248159 2015] [proxy:error] [pid 7472:tid 1080] [client 201.245.192.253:32933] AH00898: Error reading from remote server returned by /forest/skins/gdocs-jar/css/menu.css
[Tue Jun 16 11:00:08.263759 2015] [proxy_http:error] [pid 7472:tid 1792] (20014)Internal error: [client 201.245.192.253:32937] AH01102: error reading status line from remote server 172.22.1.47:80
[Tue Jun 16 11:00:08.263759 2015] [proxy:error] [pid 7472:tid 1792] [client 201.245.192.253:32937] AH00898: Error reading from remote server returned by /forest/js/json3.js
[Tue Jun 16 11:00:08.326160 2015] [proxy_http:error] [pid 7472:tid 1504] (20014)Internal error: [client 201.245.192.253:32940] AH01102: error reading status line from remote server 172.22.1.47:80
[Tue Jun 16 11:00:08.326160 2015] [proxy:error] [pid 7472:tid 1504] [client 201.245.192.253:32940] AH00898: Error reading from remote server returned by /forest/img/spacer.gif
[Tue Jun 16 11:00:08.388560 2015] [proxy_http:error] [pid 7472:tid 1496] (20014)Internal error: [client 201.245.192.253:32946] AH01102: error reading status line from remote server 172.22.1.47:80
[Tue Jun 16 11:00:08.388560 2015] [proxy:error] [pid 7472:tid 1496] [client 201.245.192.253:32946] AH00898: Error reading from remote server returned by /forest/img/inicio/5.gif
[Tue Jun 16 11:00:08.482160 2015] [proxy_http:error] [pid 7472:tid 1792] (20014)Internal error: [client 201.245.192.253:32950] AH01102: error reading status line from remote server 172.22.1.47:80
[Tue Jun 16 11:00:08.482160 2015] [proxy:error] [pid 7472:tid 1792] [client 201.245.192.253:32950] AH00898: Error reading from remote server returned by /forest/img/mplogo.gif
[Tue Jun 16 11:00:20.182180 2015] [proxy_http:error] [pid 7472:tid 1200] (20014)Internal error: [client 201.245.192.253:33076] AH01102: error reading status line from remote server 172.22.1.47:80
[Tue Jun 16 11:00:20.182180 2015] [proxy:error] [pid 7472:tid 1200] [client 201.245.192.253:33076] AH00898: Error reading from remote server returned by /forest/img/buscar_documentos.gif
[Tue Jun 16 11:00:20.213380 2015] [proxy_http:error] [pid 7472:tid 1424] (20014)Internal error: [client 201.245.192.253:33079] AH01102: error reading status line from remote server 172.22.1.47:80
[Tue Jun 16 11:00:20.213380 2015] [proxy:error] [pid 7472:tid 1424] [client 201.245.192.253:33079] AH00898: Error reading from remote server returned by /forest/img/notify.gif
[Tue Jun 16 11:00:20.260180 2015] [proxy_http:error] [pid 7472:tid 1776] (20014)Internal error: [client 201.245.192.253:33061] AH01102: error reading status line from remote server 172.22.1.47:80, referer: http://190.27.245.106/forest/index2.jsp?a=0.994472037315578
[Tue Jun 16 11:00:20.275781 2015] [proxy_http:error] [pid 7472:tid 1232] (20014)Internal error: [client 201.245.192.253:33086] AH01102: error reading status line from remote server 172.22.1.47:80
[Tue Jun 16 11:00:20.275781 2015] [proxy:error] [pid 7472:tid 1232] [client 201.245.192.253:33086] AH00898: Error reading from remote server returned by /forest/img/panel/menu/add.png
[Tue Jun 16 11:01:27.964299 2015] [proxy_http:error] [pid 7472:tid 1232] (20014)Internal error: [client 201.245.192.253:33702] AH01102: error reading status line from remote server 172.22.1.47:80, referer: http://190.27.245.106/forest/usudocumentos.do?_a=0.06782408428096343&group_system_actual=3
[Tue Jun 16 11:03:44.932540 2015] [:error] [pid 7472:tid 1192] [client 186.17.140.109:51785] script 'E:/nuevo/htdocs/xmlrpc.php' not found or unable to stat
[Tue Jun 16 11:07:13.723307 2015] [proxy_http:error] [pid 7472:tid 1616] (20014)Internal error: [client 190.9.203.123:53782] AH01102: error reading status line from remote server 172.22.1.47:80, referer: http://190.27.245.106/forest/buscar.do?type=documentos
[Tue Jun 16 11:07:13.723307 2015] [proxy:error] [pid 7472:tid 1616] [client 190.9.203.123:53782] AH00898: Error reading from remote server returned by /forest/css/escritorio.css, referer: http://190.27.245.106/forest/buscar.do?type=documentos
[Tue Jun 16 11:07:13.754507 2015] [proxy_http:error] [pid 7472:tid 1080] (20014)Internal error: [client 190.9.203.123:53956] AH01102: error reading status line from remote server 172.22.1.47:80, referer: http://190.27.245.106/forest/buscar.do?type=documentos
[Tue Jun 16 11:07:13.754507 2015] [proxy:error] [pid 7472:tid 1080] [client 190.9.203.123:53956] AH00898: Error reading from remote server returned by /forest/js/dialog.js, referer: http://190.27.245.106/forest/buscar.do?type=documentos
[Tue Jun 16 11:08:05.328197 2015] [proxy_http:error] [pid 7472:tid 1792] (20014)Internal error: [client 201.245.192.253:26484] AH01102: error reading status line from remote server 172.22.1.47:80, referer: http://190.27.245.106/forest/usutareas.do?_a=0.7960929645935818&group_system_actual=3
[Tue Jun 16 11:08:07.730602 2015] [proxy_http:error] [pid 7472:tid 1640] (20014)Internal error: [client 201.245.192.253:23718] AH01102: error reading status line from remote server 172.22.1.47:80, referer: http://190.27.245.106/forest/usutareas.do?_a=0.7960929645935818&group_system_actual=3
[Tue Jun 16 11:12:07.347022 2015] [proxy_http:error] [pid 7472:tid 1640] (20014)Internal error: [client 201.245.192.253:29216] AH01102: error reading status line from remote server 172.22.1.47:80
[Tue Jun 16 11:12:07.347022 2015] [proxy:error] [pid 7472:tid 1640] [client 201.245.192.253:29216] AH00898: Error reading from remote server returned by /forest/skins/gdocs-jar/js/swfobject.js
[Tue Jun 16 11:14:10.462439 2015] [proxy_http:error] [pid 7472:tid 1264] (20014)Internal error: [client 201.245.192.253:44267] AH01102: error reading status line from remote server 172.22.1.47:80, referer: http://190.27.245.106/forest/buscar.do?type=procesos
[Tue Jun 16 11:14:10.509239 2015] [proxy_http:error] [pid 7472:tid 1360] (20014)Internal error: [client 201.245.192.253:44280] AH01102: error reading status line from remote server 172.22.1.47:80, referer: http://190.27.245.106/forest/buscar.do?type=procesos
[Tue Jun 16 11:14:10.509239 2015] [proxy:error] [pid 7472:tid 1360] [client 201.245.192.253:44280] AH00898: Error reading from remote server returned by /forest/js/sarissa.js, referer: http://190.27.245.106/forest/buscar.do?type=procesos
[Tue Jun 16 11:14:10.509239 2015] [proxy_http:error] [pid 7472:tid 1264] (20014)Internal error: [client 201.245.192.253:44279] AH01102: error reading status line from remote server 172.22.1.47:80, referer: http://190.27.245.106/forest/buscar.do?type=procesos
[Tue Jun 16 11:14:23.441661 2015] [proxy_http:error] [pid 7472:tid 1192] (20014)Internal error: [client 201.245.192.253:44390] AH01102: error reading status line from remote server 172.22.1.47:80, referer: http://190.27.245.106/forest/system/process.jsp?numPro=2698229
[Tue Jun 16 11:14:23.441661 2015] [proxy:error] [pid 7472:tid 1192] [client 201.245.192.253:44390] AH00898: Error reading from remote server returned by /forest/1ibre/1ibre.js, referer: http://190.27.245.106/forest/system/process.jsp?numPro=2698229
[Tue Jun 16 11:14:23.597662 2015] [proxy_http:error] [pid 7472:tid 1384] (20014)Internal error: [client 201.245.192.253:44388] AH01102: error reading status line from remote server 172.22.1.47:80, referer: http://190.27.245.106/forest/system/process.jsp?numPro=2698229
[Tue Jun 16 11:15:38.836594 2015] [proxy_http:error] [pid 7472:tid 1264] (20014)Internal error: [client 201.245.192.253:30665] AH01102: error reading status line from remote server 172.22.1.47:80
[Tue Jun 16 11:15:38.836594 2015] [proxy:error] [pid 7472:tid 1264] [client 201.245.192.253:30665] AH00898: Error reading from remote server returned by /forest/skins/gdocs-jar/img/icon_document_completed.gif
[Tue Jun 16 11:15:38.852194 2015] [proxy_http:error] [pid 7472:tid 1368] (20014)Internal error: [client 201.245.192.253:30664] AH01102: error reading status line from remote server 172.22.1.47:80
[Tue Jun 16 11:15:38.852194 2015] [proxy:error] [pid 7472:tid 1368] [client 201.245.192.253:30664] AH00898: Error reading from remote server returned by /forest/skins/gdocs-jar/img/veranexos.gif
[Tue Jun 16 11:16:25.137475 2015] [proxy_http:error] [pid 7472:tid 1232] (20014)Internal error: [client 201.245.192.253:31050] AH01102: error reading status line from remote server 172.22.1.47:80
[Tue Jun 16 11:16:25.137475 2015] [proxy:error] [pid 7472:tid 1232] [client 201.245.192.253:31050] AH00898: Error reading from remote server returned by /forest/skins/gdocs-jar/img/files_numpro.png
[Tue Jun 16 11:16:33.935891 2015] [proxy_http:error] [pid 7472:tid 1176] (20014)Internal error: [client 201.245.192.253:31114] AH01102: error reading status line from remote server 172.22.1.47:80, referer: http://190.27.245.106/forest/usutareas.do?_a=0.7293568316381425&group_system_actual=3
[Tue Jun 16 11:16:35.230693 2015] [proxy_http:error] [pid 7472:tid 1276] (20014)Internal error: [client 201.245.192.253:31131] AH01102: error reading status line from remote server 172.22.1.47:80, referer: http://190.27.245.106/forest/usutareas.do?_a=0.7293568316381425&group_system_actual=3
[Tue Jun 16 11:16:35.230693 2015] [proxy:error] [pid 7472:tid 1276] [client 201.245.192.253:31131] AH00898: Error reading from remote server returned by /forest/skins/gdocs-jar/jsp/escritorio/usudocumentos-adj.jsp, referer: http://190.27.245.106/forest/usutareas.do?_a=0.7293568316381425&group_system_actual=3
[Tue Jun 16 11:16:38.335098 2015] [proxy_http:error] [pid 7472:tid 1276] (20014)Internal error: [client 201.245.192.253:31131] AH01102: error reading status line from remote server 172.22.1.47:80, referer: http://190.27.245.106/forest/usutareas.do?group_system_actual=3&a=0.10456924675963819
[Tue Jun 16 11:16:59.566736 2015] [proxy_http:error] [pid 7472:tid 1276] (20014)Internal error: [client 201.245.192.253:31284] AH01102: error reading status line from remote server 172.22.1.47:80, referer: http://190.27.245.106/forest/usudocumentos.do?_a=0.46761486263508056&group_system_actual=3
[Tue Jun 16 11:17:03.903543 2015] [proxy_http:error] [pid 7472:tid 1520] (20014)Internal error: [client 201.245.192.253:31377] AH01102: error reading status line from remote server 172.22.1.47:80, referer: http://190.27.245.106/forest/usudocumentos.do?group_system_actual=3&a=0.9631907748290193
[Tue Jun 16 11:17:03.903543 2015] [proxy:error] [pid 7472:tid 1520] [client 201.245.192.253:31377] AH00898: Error reading from remote server returned by /forest/session.jsp, referer: http://190.27.245.106/forest/usudocumentos.do?group_system_actual=3&a=0.9631907748290193
[Tue Jun 16 11:17:03.903543 2015] [negotiation:error] [pid 7472:tid 1520] [client 201.245.192.253:31377] AH00690: no acceptable variant: E:/nuevo/apache/error/HTTP_BAD_GATEWAY.html.var, referer: http://190.27.245.106/forest/usudocumentos.do?group_system_actual=3&a=0.9631907748290193
[Tue Jun 16 11:17:32.435993 2015] [proxy_http:error] [pid 7472:tid 1368] (20014)Internal error: [client 201.245.192.253:31656] AH01102: error reading status line from remote server 172.22.1.47:80, referer: http://190.27.245.106/forest/misactividades.do?_a=0.7100928986910731&group_system_actual=3
[Tue Jun 16 11:18:10.094460 2015] [proxy_http:error] [pid 7472:tid 1384] (20014)Internal error: [client 201.245.192.253:31910] AH01102: error reading status line from remote server 172.22.1.47:80, referer: http://190.27.245.106/forest/usudocumentos.do?group_system_actual=3&a=0.9631907748290193
[Tue Jun 16 11:18:51.481332 2015] [proxy_http:error] [pid 7472:tid 1360] (20014)Internal error: [client 201.245.192.253:32330] AH01102: error reading status line from remote server 172.22.1.47:80, referer: http://190.27.245.106/forest/skins/gdocs-jar/popup/FileViewerTree.jsp?coddoc=1987893&ext=docx&numpro=2971020&nombre=Oficio%20Salida%20Feb%2018.docx&codfile=-1&rootPath=/forest/
[Tue Jun 16 11:18:51.481332 2015] [proxy:error] [pid 7472:tid 1360] [client 201.245.192.253:32330] AH00898: Error reading from remote server returned by /forest/visualizar.do, referer: http://190.27.245.106/forest/skins/gdocs-jar/popup/FileViewerTree.jsp?coddoc=1987893&ext=docx&numpro=2971020&nombre=Oficio%20Salida%20Feb%2018.docx&codfile=-1&rootPath=/forest/
[Tue Jun 16 11:18:55.880540 2015] [proxy_http:error] [pid 7472:tid 1360] (20014)Internal error: [client 201.245.192.253:32330] AH01102: error reading status line from remote server 172.22.1.47:80, referer: http://190.27.245.106/forest/skins/gdocs-jar/popup/FileViewerTree.jsp?coddoc=1987893&ext=docx&numpro=2971020&nombre=Oficio%20Salida%20Feb%2018.docx&codfile=-1&rootPath=/forest/
[Tue Jun 16 11:19:43.195423 2015] [proxy_http:error] [pid 7472:tid 1040] (20014)Internal error: [client 201.245.192.253:52179] AH01102: error reading status line from remote server 172.22.1.47:80, referer: http://190.27.245.106/forest/misactividades.do?group_system_actual=3&codPro=95&_a=0.844124731776534
[Tue Jun 16 11:19:43.195423 2015] [proxy_http:error] [pid 7472:tid 1084] (20014)Internal error: [client 201.245.192.253:52203] AH01102: error reading status line from remote server 172.22.1.47:80, referer: http://190.27.245.106/forest/misactividades.do?group_system_actual=3&codPro=95&_a=0.844124731776534
[Tue Jun 16 11:19:43.195423 2015] [proxy:error] [pid 7472:tid 1084] [client 201.245.192.253:52203] AH00898: Error reading from remote server returned by /forest/1ibre/jscalendar/calendar-win2k-1.css, referer: http://190.27.245.106/forest/misactividades.do?group_system_actual=3&codPro=95&_a=0.844124731776534
[Tue Jun 16 11:19:43.211023 2015] [proxy_http:error] [pid 7472:tid 1360] (20014)Internal error: [client 201.245.192.253:52202] AH01102: error reading status line from remote server 172.22.1.47:80, referer: http://190.27.245.106/forest/misactividades.do?group_system_actual=3&codPro=95&_a=0.844124731776534
[Tue Jun 16 11:19:43.211023 2015] [proxy_http:error] [pid 7472:tid 1568] (20014)Internal error: [client 201.245.192.253:52204] AH01102: error reading status line from remote server 172.22.1.47:80, referer: http://190.27.245.106/forest/misactividades.do?group_system_actual=3&codPro=95&_a=0.844124731776534
[Tue Jun 16 11:19:43.211023 2015] [proxy_http:error] [pid 7472:tid 1640] (20014)Internal error: [client 201.245.192.253:52201] AH01102: error reading status line from remote server 172.22.1.47:80, referer: http://190.27.245.106/forest/misactividades.do?group_system_actual=3&codPro=95&_a=0.844124731776534
[Tue Jun 16 11:19:43.226623 2015] [proxy_http:error] [pid 7472:tid 1040] (20014)Internal error: [client 201.245.192.253:52205] AH01102: error reading status line from remote server 172.22.1.47:80, referer: http://190.27.245.106/forest/misactividades.do?group_system_actual=3&codPro=95&_a=0.844124731776534
[Tue Jun 16 11:19:43.507424 2015] [proxy_http:error] [pid 7472:tid 1352] (20014)Internal error: [client 201.245.192.253:52200] AH01102: error reading status line from remote server 172.22.1.47:80, referer: http://190.27.245.106/forest/misactividades.do?group_system_actual=3&codPro=95&_a=0.844124731776534
[Tue Jun 16 11:19:49.716235 2015] [proxy_http:error] [pid 7472:tid 1080] (20014)Internal error: [client 201.245.192.253:32878] AH01102: error reading status line from remote server 172.22.1.47:80
[Tue Jun 16 11:19:49.716235 2015] [proxy:error] [pid 7472:tid 1080] [client 201.245.192.253:32878] AH00898: Error reading from remote server returned by /forest/css/escritorio.css
[Tue Jun 16 11:19:49.809835 2015] [proxy_http:error] [pid 7472:tid 1568] (20014)Internal error: [client 201.245.192.253:32889] AH01102: error reading status line from remote server 172.22.1.47:80
[Tue Jun 16 11:19:49.809835 2015] [proxy:error] [pid 7472:tid 1568] [client 201.245.192.253:32889] AH00898: Error reading from remote server returned by /forest/img/inicio/4.gif
[Tue Jun 16 11:19:49.825435 2015] [proxy_http:error] [pid 7472:tid 1360] (20014)Internal error: [client 201.245.192.253:32891] AH01102: error reading status line from remote server 172.22.1.47:80
[Tue Jun 16 11:19:49.825435 2015] [proxy:error] [pid 7472:tid 1360] [client 201.245.192.253:32891] AH00898: Error reading from remote server returned by /forest/img/close.gif
[Tue Jun 16 11:19:49.872235 2015] [proxy_http:error] [pid 7472:tid 1360] (20014)Internal error: [client 201.245.192.253:32893] AH01102: error reading status line from remote server 172.22.1.47:80
[Tue Jun 16 11:19:49.872235 2015] [proxy:error] [pid 7472:tid 1360] [client 201.245.192.253:32893] AH00898: Error reading from remote server returned by /forest/img/base/bsc2_r1_c2.gif
[Tue Jun 16 11:19:51.354237 2015] [proxy_http:error] [pid 7472:tid 1084] (20014)Internal error: [client 201.245.192.253:32911] AH01102: error reading status line from remote server 172.22.1.47:80, referer: http://190.27.245.106/forest/usutareas.do?_a=0.7272043770913131&group_system_actual=3
[Tue Jun 16 11:19:51.354237 2015] [proxy:error] [pid 7472:tid 1084] [client 201.245.192.253:32911] AH00898: Error reading from remote server returned by /forest/css/escritorio.css, referer: http://190.27.245.106/forest/usutareas.do?_a=0.7272043770913131&group_system_actual=3
[Tue Jun 16 11:19:51.369837 2015] [proxy_http:error] [pid 7472:tid 1704] (20014)Internal error: [client 201.245.192.253:32915] AH01102: error reading status line from remote server 172.22.1.47:80, referer: http://190.27.245.106/forest/usutareas.do?_a=0.7272043770913131&group_system_actual=3
[Tue Jun 16 11:19:51.369837 2015] [proxy:error] [pid 7472:tid 1704] [client 201.245.192.253:32915] AH00898: Error reading from remote server returned by /forest/skins/gdocs-jar/js/swfobject.js, referer: http://190.27.245.106/forest/usutareas.do?_a=0.7272043770913131&group_system_actual=3
[Tue Jun 16 11:19:51.385437 2015] [proxy_http:error] [pid 7472:tid 1084] (20014)Internal error: [client 201.245.192.253:32918] AH01102: error reading status line from remote server 172.22.1.47:80
[Tue Jun 16 11:19:51.385437 2015] [proxy:error] [pid 7472:tid 1084] [client 201.245.192.253:32918] AH00898: Error reading from remote server returned by /forest/skins/gdocs-jar/img/comments.gif
[Tue Jun 16 11:19:51.401037 2015] [proxy_http:error] [pid 7472:tid 1360] (20014)Internal error: [client 201.245.192.253:32920] AH01102: error reading status line from remote server 172.22.1.47:80
[Tue Jun 16 11:19:51.401037 2015] [proxy:error] [pid 7472:tid 1360] [client 201.245.192.253:32920] AH00898: Error reading from remote server returned by /forest/skins/gdocs-jar/img/iconCallForm.gif
[Tue Jun 16 11:19:52.461839 2015] [proxy_http:error] [pid 7472:tid 1352] (20014)Internal error: [client 201.245.192.253:32943] AH01102: error reading status line from remote server 172.22.1.47:80
[Tue Jun 16 11:19:52.461839 2015] [proxy:error] [pid 7472:tid 1352] [client 201.245.192.253:32943] AH00898: Error reading from remote server returned by /forest/img/users/3.gif
[Tue Jun 16 11:19:52.461839 2015] [proxy_http:error] [pid 7472:tid 1640] (20014)Internal error: [client 201.245.192.253:32947] AH01102: error reading status line from remote server 172.22.1.47:80
[Tue Jun 16 11:19:52.461839 2015] [proxy:error] [pid 7472:tid 1640] [client 201.245.192.253:32947] AH00898: Error reading from remote server returned by /forest/skins/gdocs-jar/css/tree.css
[Tue Jun 16 11:19:52.851840 2015] [proxy_http:error] [pid 7472:tid 1276] (20014)Internal error: [client 201.245.192.253:32951] AH01102: error reading status line from remote server 172.22.1.47:80, referer: http://190.27.245.106/forest/index2.jsp?a=0.41455715800009085
[Tue Jun 16 11:19:53.288641 2015] [proxy_http:error] [pid 7472:tid 1176] (20014)Internal error: [client 201.245.192.253:32969] AH01102: error reading status line from remote server 172.22.1.47:80, referer: http://190.27.245.106/forest/usutareas.do?group_system_actual=3&codTraEsc=18358745&_a=0.9733935128052928
[Tue Jun 16 11:19:53.288641 2015] [proxy:error] [pid 7472:tid 1176] [client 201.245.192.253:32969] AH00898: Error reading from remote server returned by /forest/misactividades.do, referer: http://190.27.245.106/forest/usutareas.do?group_system_actual=3&codTraEsc=18358745&_a=0.9733935128052928
[Tue Jun 16 11:20:12.757475 2015] [proxy_http:error] [pid 7472:tid 1040] (20014)Internal error: [client 201.245.192.253:33096] AH01102: error reading status line from remote server 172.22.1.47:80, referer: http://190.27.245.106/forest/usutareas.do?_a=0.7272043770913131&group_system_actual=3
[Tue Jun 16 11:25:49.109666 2015] [proxy_http:error] [pid 7472:tid 1672] (20014)Internal error: [client 201.245.192.253:24126] AH01102: error reading status line from remote server 172.22.1.47:80, referer: http://190.27.245.106/forest/index2.jsp?_a=0.25302587053738534
[Tue Jun 16 11:27:03.474996 2015] [proxy_http:error] [pid 7472:tid 1800] (20014)Internal error: [client 201.245.192.253:24827] AH01102: error reading status line from remote server 172.22.1.47:80
[Tue Jun 16 11:27:03.474996 2015] [proxy:error] [pid 7472:tid 1800] [client 201.245.192.253:24827] AH00898: Error reading from remote server returned by /forest/img/users/7.gif
[Tue Jun 16 11:27:03.615397 2015] [proxy_http:error] [pid 7472:tid 1800] (20014)Internal error: [client 201.245.192.253:24839] AH01102: error reading status line from remote server 172.22.1.47:80
[Tue Jun 16 11:27:03.615397 2015] [proxy:error] [pid 7472:tid 1800] [client 201.245.192.253:24839] AH00898: Error reading from remote server returned by /forest/img/panel/menu/folder.png
[Tue Jun 16 11:27:08.389005 2015] [proxy_http:error] [pid 7472:tid 1760] (20014)Internal error: [client 201.245.192.253:42246] AH01102: error reading status line from remote server 172.22.1.47:80, referer: http://190.27.245.106/forest/frameset?
[Tue Jun 16 11:27:08.389005 2015] [proxy:error] [pid 7472:tid 1760] [client 201.245.192.253:42246] AH00898: Error reading from remote server returned by /forestReports/webcontent/birt/ajax/lib/head.js, referer: http://190.27.245.106/forest/frameset?
[Tue Jun 16 11:27:08.810206 2015] [proxy_http:error] [pid 7472:tid 1392] (20014)Internal error: [client 201.245.192.253:42242] AH01102: error reading status line from remote server 172.22.1.47:80, referer: http://190.27.245.106/forest/frameset?
[Tue Jun 16 11:27:09.980208 2015] [proxy_http:error] [pid 7472:tid 1368] (20014)Internal error: [client 201.245.192.253:42245] AH01102: error reading status line from remote server 172.22.1.47:80, referer: http://190.27.245.106/forest/frameset?
[Tue Jun 16 11:27:13.661814 2015] [proxy_http:error] [pid 7472:tid 1040] (20014)Internal error: [client 201.245.192.253:42235] AH01102: error reading status line from remote server 172.22.1.47:80, referer: http://190.27.245.106/forest/frameset?
[Tue Jun 16 11:27:13.661814 2015] [proxy_http:error] [pid 7472:tid 1632] (20014)Internal error: [client 201.245.192.253:42244] AH01102: error reading status line from remote server 172.22.1.47:80, referer: http://190.27.245.106/forest/frameset?
[Tue Jun 16 11:27:13.802215 2015] [proxy_http:error] [pid 7472:tid 1760] (20014)Internal error: [client 201.245.192.253:42251] AH01102: error reading status line from remote server 172.22.1.47:80, referer: http://190.27.245.106/forest/frameset?
[Tue Jun 16 11:27:29.324242 2015] [proxy_http:error] [pid 7472:tid 1568] (20014)Internal error: [client 186.154.253.106:54133] AH01102: error reading status line from remote server 172.22.1.47:80, referer: http://190.27.245.106/forest/buscar.do?type=documentos
