!C99Shell v. 1.0 pre-release build #13!

Software: Apache. PHP/5.5.15 

uname -a: Windows NT SVR-DMZ 6.1 build 7600 (Windows Server 2008 R2 Enterprise Edition) i586 

SYSTEM 

Safe-mode: OFF (not secure)

E:\nuevo\apache\logs\   drwxrwxrwx
Free 9.41 GB of 239.26 GB (3.93%)
Detected drives: [ a ] [ c ] [ d ] [ e ] [ f ]
Home    Back    Forward    UPDIR    Refresh    Search    Buffer    Encoder    Tools    Proc.    FTP brute    Sec.    SQL    PHP-code    Update    Feedback    Self remove    Logout    


Viewing file:     error.2015.07.01.log (290.99 KB)      -rw-rw-rw-
Select action/file-type:
(+) | (+) | (+) | Code (+) | Session (+) | (+) | SDB (+) | (+) | (+) | (+) | (+) | (+) |
[Wed Jul 01 01:29:27.794570 2015] [mpm_winnt:warn] [pid 6976:tid 2068] (OS 64)The specified network name is no longer available.  : AH00341: winnt_accept: Asynchronous AcceptEx failed.
[Wed Jul 01 02:15:16.395598 2015] [:error] [pid 6976:tid 1844] [client 91.106.207.102:41911] script 'E:/nuevo/htdocs/index.php' not found or unable to stat
[Wed Jul 01 03:35:22.781640 2015] [mpm_winnt:warn] [pid 6976:tid 2068] (OS 64)The specified network name is no longer available.  : AH00341: winnt_accept: Asynchronous AcceptEx failed.
[Wed Jul 01 05:01:36.937328 2015] [mpm_winnt:warn] [pid 6976:tid 2068] (OS 64)The specified network name is no longer available.  : AH00341: winnt_accept: Asynchronous AcceptEx failed.
[Wed Jul 01 05:21:04.381979 2015] [mpm_winnt:warn] [pid 6976:tid 2068] (OS 64)The specified network name is no longer available.  : AH00341: winnt_accept: Asynchronous AcceptEx failed.
[Wed Jul 01 06:33:04.732567 2015] [:error] [pid 6976:tid 1620] [client 77.236.97.247:40809] script 'E:/nuevo/htdocs/wp-login.php' not found or unable to stat
[Wed Jul 01 07:19:42.395681 2015] [mpm_winnt:warn] [pid 6976:tid 2068] (OS 64)The specified network name is no longer available.  : AH00341: winnt_accept: Asynchronous AcceptEx failed.
[Wed Jul 01 07:24:59.060637 2015] [proxy_http:error] [pid 6976:tid 1836] (OS 10054)An existing connection was forcibly closed by the remote host.  : [client 201.245.192.253:55995] AH01102: error reading status line from remote server 172.22.1.31:80, referer: http://192.168.175.10/web/intranet/aplicaciones-para-acceder-fuera-de-la-sda
[Wed Jul 01 07:24:59.060637 2015] [proxy:error] [pid 6976:tid 1836] [client 201.245.192.253:55995] AH00898: Error reading from remote server returned by /isolucionsda/, referer: http://192.168.175.10/web/intranet/aplicaciones-para-acceder-fuera-de-la-sda
[Wed Jul 01 07:48:52.704155 2015] [:error] [pid 6976:tid 1812] [client 62.1.253.60:58933] script 'E:/nuevo/htdocs/xmlrpc.php' not found or unable to stat
[Wed Jul 01 08:19:58.857433 2015] [proxy_http:error] [pid 6976:tid 1712] (OS 10060)A connection attempt failed because the connected party did not properly respond after a period of time, or established connection failed because connected host has failed to respond.  : [client 201.245.192.253:24493] AH01102: error reading status line from remote server 172.22.1.31:80, referer: http://190.27.245.106/isolucionsda//Administracion/Upload/Upload.asp?Id_Articulo=8689&UPLDQuerystring=Id_Articulo=8689&UPLDMODO=SubirArchivoADocumento&UPLDRuta=C:\\ISOlucion\\Web\\BancoConocimiento\\A\\Anexo3_FormulariodeSolicituddeevaluaciondeplandecontingenciasparaactividadesy_oestable_v1\\&UPLDAtras=http://190.27.245.106/isolucionsda/Administracion/SalaEdicion/Articulo.asp&UPLDAdelante=http://190.27.245.106/isolucionsda/Administracion/SalaEdicion/Articulo.asp
[Wed Jul 01 08:19:58.857433 2015] [proxy:error] [pid 6976:tid 1712] [client 201.245.192.253:24493] AH00898: Error reading from remote server returned by /isolucionsda//Administracion/Upload/UploadArchivo.asp, referer: http://190.27.245.106/isolucionsda//Administracion/Upload/Upload.asp?Id_Articulo=8689&UPLDQuerystring=Id_Articulo=8689&UPLDMODO=SubirArchivoADocumento&UPLDRuta=C:\\ISOlucion\\Web\\BancoConocimiento\\A\\Anexo3_FormulariodeSolicituddeevaluaciondeplandecontingenciasparaactividadesy_oestable_v1\\&UPLDAtras=http://190.27.245.106/isolucionsda/Administracion/SalaEdicion/Articulo.asp&UPLDAdelante=http://190.27.245.106/isolucionsda/Administracion/SalaEdicion/Articulo.asp
[Wed Jul 01 08:27:43.831850 2015] [proxy_http:error] [pid 6976:tid 1576] (OS 10060)A connection attempt failed because the connected party did not properly respond after a period of time, or established connection failed because connected host has failed to respond.  : [client 201.245.192.253:14404] AH01102: error reading status line from remote server 172.22.1.31:80, referer: http://190.27.245.106/isolucionsda/FrameSetGeneral.asp?Pagina1=FrameSetGeneral.asp&
[Wed Jul 01 08:27:43.831850 2015] [proxy:error] [pid 6976:tid 1576] [client 201.245.192.253:14404] AH00898: Error reading from remote server returned by /isolucionsda/MagazinHome.asp, referer: http://190.27.245.106/isolucionsda/FrameSetGeneral.asp?Pagina1=FrameSetGeneral.asp&
[Wed Jul 01 08:27:43.831850 2015] [proxy_http:error] [pid 6976:tid 1608] (OS 10060)A connection attempt failed because the connected party did not properly respond after a period of time, or established connection failed because connected host has failed to respond.  : [client 201.245.192.253:14403] AH01102: error reading status line from remote server 172.22.1.31:80, referer: http://190.27.245.106/isolucionsda/FrameSetGeneral.asp?Pagina1=FrameSetGeneral.asp&
[Wed Jul 01 08:27:43.831850 2015] [proxy:error] [pid 6976:tid 1608] [client 201.245.192.253:14403] AH00898: Error reading from remote server returned by /isolucionsda/BarraFavoritos.asp, referer: http://190.27.245.106/isolucionsda/FrameSetGeneral.asp?Pagina1=FrameSetGeneral.asp&
[Wed Jul 01 08:27:47.217056 2015] [proxy_http:error] [pid 6976:tid 1596] (OS 10060)A connection attempt failed because the connected party did not properly respond after a period of time, or established connection failed because connected host has failed to respond.  : [client 201.245.192.253:14353] AH01102: error reading status line from remote server 172.22.1.31:80, referer: http://190.27.245.106/isolucionsda/Encabezado.asp?Pagina1=FrameSetGeneral.asp&&Pagina=MagazinHome.asp
[Wed Jul 01 08:27:47.217056 2015] [proxy:error] [pid 6976:tid 1596] [client 201.245.192.253:14353] AH00898: Error reading from remote server returned by /isolucionsda/Session.asp, referer: http://190.27.245.106/isolucionsda/Encabezado.asp?Pagina1=FrameSetGeneral.asp&&Pagina=MagazinHome.asp
[Wed Jul 01 08:27:52.084264 2015] [proxy_http:error] [pid 6976:tid 1640] (OS 10060)A connection attempt failed because the connected party did not properly respond after a period of time, or established connection failed because connected host has failed to respond.  : [client 201.245.192.253:14402] AH01102: error reading status line from remote server 172.22.1.31:80, referer: http://190.27.245.106/isolucionsda/Encabezado.asp?Pagina1=FrameSetGeneral.asp&&Pagina=MagazinHome.asp
[Wed Jul 01 08:27:52.084264 2015] [proxy:error] [pid 6976:tid 1640] [client 201.245.192.253:14402] AH00898: Error reading from remote server returned by /isolucionsda/FrameSetGeneral.asp, referer: http://190.27.245.106/isolucionsda/Encabezado.asp?Pagina1=FrameSetGeneral.asp&&Pagina=MagazinHome.asp
[Wed Jul 01 08:39:50.325126 2015] [:error] [pid 6976:tid 1740] [client 80.202.44.9:64919] script 'E:/nuevo/htdocs/dama.php' not found or unable to stat
[Wed Jul 01 09:07:34.178248 2015] [proxy_http:error] [pid 6976:tid 1844] (OS 10060)A connection attempt failed because the connected party did not properly respond after a period of time, or established connection failed because connected host has failed to respond.  : [client 201.245.192.253:33742] AH01102: error reading status line from remote server 172.22.1.31:80
[Wed Jul 01 09:07:34.178248 2015] [proxy:error] [pid 6976:tid 1844] [client 201.245.192.253:33742] AH00898: Error reading from remote server returned by /isolucionsda/Session.asp
[Wed Jul 01 09:26:02.513395 2015] [proxy_http:error] [pid 6976:tid 1768] (20014)Internal error: [client 201.245.192.253:43010] AH01102: error reading status line from remote server 172.22.1.47:80
[Wed Jul 01 09:26:10.750209 2015] [proxy_http:error] [pid 6976:tid 1844] (20014)Internal error: [client 201.245.192.253:59957] AH01102: error reading status line from remote server 172.22.1.47:80, referer: http://190.27.245.106/forest/index2.jsp?a=0.024997586191080834
[Wed Jul 01 09:26:10.750209 2015] [proxy:error] [pid 6976:tid 1844] [client 201.245.192.253:59957] AH00898: Error reading from remote server returned by /forest/skins/gdocs-jar/img/minus.png, referer: http://190.27.245.106/forest/index2.jsp?a=0.024997586191080834
[Wed Jul 01 09:32:12.327644 2015] [proxy_http:error] [pid 6976:tid 1648] (20014)Internal error: [client 201.245.192.253:12032] AH01102: error reading status line from remote server 172.22.1.47:80, referer: http://190.27.245.106/forest/
[Wed Jul 01 09:32:12.327644 2015] [proxy:error] [pid 6976:tid 1648] [client 201.245.192.253:12032] AH00898: Error reading from remote server returned by /forest/img/panel/view_icon.gif, referer: http://190.27.245.106/forest/
[Wed Jul 01 09:36:47.669128 2015] [proxy_http:error] [pid 6976:tid 1656] (20014)Internal error: [client 201.245.192.253:51005] AH01102: error reading status line from remote server 172.22.1.47:80, referer: http://190.27.245.106/forest/index2.jsp?_a=0.40769387499754906
[Wed Jul 01 09:36:47.669128 2015] [proxy_http:error] [pid 6976:tid 1660] (20014)Internal error: [client 201.245.192.253:51006] AH01102: error reading status line from remote server 172.22.1.47:80, referer: http://190.27.245.106/forest/index2.jsp?_a=0.40769387499754906
[Wed Jul 01 09:36:47.684728 2015] [proxy_http:error] [pid 6976:tid 1860] (20014)Internal error: [client 201.245.192.253:51009] AH01102: error reading status line from remote server 172.22.1.47:80, referer: http://190.27.245.106/forest/index2.jsp?_a=0.40769387499754906
[Wed Jul 01 09:36:47.731528 2015] [proxy_http:error] [pid 6976:tid 1860] (20014)Internal error: [client 201.245.192.253:51063] AH01102: error reading status line from remote server 172.22.1.47:80, referer: http://190.27.245.106/forest/index2.jsp?_a=0.40769387499754906
[Wed Jul 01 09:36:47.731528 2015] [proxy:error] [pid 6976:tid 1860] [client 201.245.192.253:51063] AH00898: Error reading from remote server returned by /forest/skins/gdocs-jar/js/xml_utilities.js, referer: http://190.27.245.106/forest/index2.jsp?_a=0.40769387499754906
[Wed Jul 01 09:38:38.912923 2015] [proxy_http:error] [pid 6976:tid 1876] (20014)Internal error: [client 201.245.192.253:16538] AH01102: error reading status line from remote server 172.22.1.47:80, referer: http://190.27.245.106/forest/usutareas.do?group_system_actual=3&codTraEsc=18494775&_a=0.4074138166598258
[Wed Jul 01 09:38:38.990923 2015] [proxy_http:error] [pid 6976:tid 1876] (20014)Internal error: [client 201.245.192.253:16541] AH01102: error reading status line from remote server 172.22.1.47:80, referer: http://190.27.245.106/forest/usutareas.do?group_system_actual=3&codTraEsc=18494775&_a=0.4074138166598258
[Wed Jul 01 09:38:38.990923 2015] [proxy:error] [pid 6976:tid 1876] [client 201.245.192.253:16541] AH00898: Error reading from remote server returned by /forest/skins/gdocs-jar/img/ok.gif, referer: http://190.27.245.106/forest/usutareas.do?group_system_actual=3&codTraEsc=18494775&_a=0.4074138166598258
[Wed Jul 01 09:38:42.422930 2015] [proxy_http:error] [pid 6976:tid 1744] (20014)Internal error: [client 201.245.192.253:16557] AH01102: error reading status line from remote server 172.22.1.47:80, referer: http://190.27.245.106/forest/index2.jsp?_a=0.29808699505481273
[Wed Jul 01 09:38:44.170133 2015] [proxy_http:error] [pid 6976:tid 1692] (20014)Internal error: [client 201.245.192.252:27808] AH01102: error reading status line from remote server 172.22.1.47:80, referer: http://190.27.245.106/forest/misactividades.do?group_system_actual=3&codPro=95&_a=0.09047239233613824
[Wed Jul 01 09:39:30.611414 2015] [proxy_http:error] [pid 6976:tid 1764] (20014)Internal error: [client 201.245.192.253:17020] AH01102: error reading status line from remote server 172.22.1.47:80, referer: http://190.27.245.106/forest/usutareas.do?group_system_actual=3&a=0.38912965659983456
[Wed Jul 01 09:39:59.050264 2015] [proxy_http:error] [pid 6976:tid 1756] (OS 10054)An existing connection was forcibly closed by the remote host.  : [client 201.245.192.252:28052] AH01102: error reading status line from remote server 172.22.1.31:80, referer: http://190.27.245.106/isolucionsda/ListadoMaestroDocumentos3.asp?Pagina=ListadoMaestroDocumentos3.asp
[Wed Jul 01 09:39:59.050264 2015] [proxy:error] [pid 6976:tid 1756] [client 201.245.192.252:28052] AH00898: Error reading from remote server returned by /isolucionsda/ListadoMaestroDocumentos3.asp, referer: http://190.27.245.106/isolucionsda/ListadoMaestroDocumentos3.asp?Pagina=ListadoMaestroDocumentos3.asp
[Wed Jul 01 09:39:59.050264 2015] [proxy_http:error] [pid 6976:tid 1664] (OS 10054)An existing connection was forcibly closed by the remote host.  : [client 201.245.192.252:27998] AH01102: error reading status line from remote server 172.22.1.31:80, referer: http://190.27.245.106/isolucionsda/ListadoMaestroDocumentos3.asp?Pagina=ListadoMaestroDocumentos3.asp
[Wed Jul 01 09:39:59.050264 2015] [proxy:error] [pid 6976:tid 1664] [client 201.245.192.252:27998] AH00898: Error reading from remote server returned by /isolucionsda/ListadoMaestroDocumentos3.asp, referer: http://190.27.245.106/isolucionsda/ListadoMaestroDocumentos3.asp?Pagina=ListadoMaestroDocumentos3.asp
[Wed Jul 01 09:50:09.089336 2015] [proxy_http:error] [pid 6976:tid 1852] (20014)Internal error: [client 201.245.192.253:39211] AH01102: error reading status line from remote server 172.22.1.47:80, referer: http://190.27.245.106/forest/
[Wed Jul 01 09:51:39.772295 2015] [proxy_http:error] [pid 6976:tid 1788] (20014)Internal error: [client 186.28.91.158:13118] AH01102: error reading status line from remote server 172.22.1.47:80, referer: http://190.27.245.106/forest/buscar.do?
[Wed Jul 01 09:51:39.772295 2015] [proxy:error] [pid 6976:tid 1788] [client 186.28.91.158:13118] AH00898: Error reading from remote server returned by /forest/buscar.do, referer: http://190.27.245.106/forest/buscar.do?
[Wed Jul 01 09:53:49.564523 2015] [proxy_http:error] [pid 6976:tid 1868] (20014)Internal error: [client 201.245.192.253:12891] AH01102: error reading status line from remote server 172.22.1.47:80, referer: http://190.27.245.106/forest/usutareas.do?group_system_actual=3&a=0.8572175556328148
[Wed Jul 01 09:54:03.510947 2015] [proxy_http:error] [pid 6976:tid 1804] (20014)Internal error: [client 201.245.192.253:45312] AH01102: error reading status line from remote server 172.22.1.47:80, referer: http://190.27.245.106/forest/usutareas.do?group_system_actual=3&a=0.501694653592487
[Wed Jul 01 09:54:03.947748 2015] [proxy_http:error] [pid 6976:tid 1792] (20014)Internal error: [client 201.245.192.253:12991] AH01102: error reading status line from remote server 172.22.1.47:80, referer: http://190.27.245.106/forest/usutareas.do?group_system_actual=3&a=0.8572175556328148
[Wed Jul 01 09:55:34.287507 2015] [proxy_http:error] [pid 6976:tid 1792] (20014)Internal error: [client 201.245.192.253:13731] AH01102: error reading status line from remote server 172.22.1.47:80, referer: http://190.27.245.106/forest/usutareas.do?group_system_actual=3&a=0.536995071452111
[Wed Jul 01 09:55:34.521507 2015] [proxy_http:error] [pid 6976:tid 1668] (20014)Internal error: [client 201.245.192.253:13732] AH01102: error reading status line from remote server 172.22.1.47:80, referer: http://190.27.245.106/forest/usutareas.do?group_system_actual=3&a=0.536995071452111
[Wed Jul 01 09:56:55.048849 2015] [proxy_http:error] [pid 6976:tid 1868] (20014)Internal error: [client 186.28.91.158:13163] AH01102: error reading status line from remote server 172.22.1.47:80, referer: http://190.27.245.106/forest/buscar.do
[Wed Jul 01 10:01:40.030149 2015] [proxy_http:error] [pid 6976:tid 1720] (20014)Internal error: [client 201.245.192.253:18300] AH01102: error reading status line from remote server 172.22.1.47:80, referer: http://190.27.245.106/forest/usutareas.do?group_system_actual=3&a=0.5825549091678113
[Wed Jul 01 10:01:40.045749 2015] [proxy_http:error] [pid 6976:tid 1720] (20014)Internal error: [client 201.245.192.253:18302] AH01102: error reading status line from remote server 172.22.1.47:80, referer: http://190.27.245.106/forest/usutareas.do?group_system_actual=3&a=0.5825549091678113
[Wed Jul 01 10:01:40.045749 2015] [proxy:error] [pid 6976:tid 1720] [client 201.245.192.253:18302] AH00898: Error reading from remote server returned by /forest/json.do, referer: http://190.27.245.106/forest/usutareas.do?group_system_actual=3&a=0.5825549091678113
[Wed Jul 01 10:01:40.045749 2015] [negotiation:error] [pid 6976:tid 1720] [client 201.245.192.253:18302] AH00690: no acceptable variant: E:/nuevo/apache/error/HTTP_BAD_GATEWAY.html.var, referer: http://190.27.245.106/forest/usutareas.do?group_system_actual=3&a=0.5825549091678113
[Wed Jul 01 10:01:40.607350 2015] [proxy_http:error] [pid 6976:tid 1712] (20014)Internal error: [client 201.245.192.253:49332] AH01102: error reading status line from remote server 172.22.1.47:80, referer: http://190.27.245.106/forest/usutareas.do?group_system_actual=3&a=0.2501694673252147
[Wed Jul 01 10:01:40.607350 2015] [proxy:error] [pid 6976:tid 1712] [client 201.245.192.253:49332] AH00898: Error reading from remote server returned by /forest/skins/gdocs-jar/css/menu.css, referer: http://190.27.245.106/forest/usutareas.do?group_system_actual=3&a=0.2501694673252147
[Wed Jul 01 10:01:50.107767 2015] [proxy_http:error] [pid 6976:tid 1568] (20014)Internal error: [client 201.245.192.253:18433] AH01102: error reading status line from remote server 172.22.1.47:80, referer: http://190.27.245.106/forest/usutareas.do?group_system_actual=3&a=0.5825549091678113
[Wed Jul 01 10:01:50.107767 2015] [proxy:error] [pid 6976:tid 1568] [client 201.245.192.253:18433] AH00898: Error reading from remote server returned by /forest/json.do, referer: http://190.27.245.106/forest/usutareas.do?group_system_actual=3&a=0.5825549091678113
[Wed Jul 01 10:01:50.107767 2015] [negotiation:error] [pid 6976:tid 1568] [client 201.245.192.253:18433] AH00690: no acceptable variant: E:/nuevo/apache/error/HTTP_BAD_GATEWAY.html.var, referer: http://190.27.245.106/forest/usutareas.do?group_system_actual=3&a=0.5825549091678113
[Wed Jul 01 10:05:35.496963 2015] [proxy_http:error] [pid 6976:tid 1784] (OS 10060)A connection attempt failed because the connected party did not properly respond after a period of time, or established connection failed because connected host has failed to respond.  : [client 201.245.192.253:34461] AH01102: error reading status line from remote server 172.22.1.31:80, referer: http://190.27.245.106/isolucionsda//Administracion/Upload/Upload.asp?Id_Articulo=8689&UPLDQuerystring=Id_Articulo=8689&UPLDMODO=SubirArchivoADocumento&UPLDRuta=C:\\ISOlucion\\Web\\BancoConocimiento\\A\\Anexo3_FormulariodeSolicituddeevaluaciondeplandecontingenciasparaactividadesy_oestable_v1\\&UPLDAtras=http://190.27.245.106/isolucionsda/Administracion/SalaEdicion/Articulo.asp&UPLDAdelante=http://190.27.245.106/isolucionsda/Administracion/SalaEdicion/Articulo.asp
[Wed Jul 01 10:05:35.496963 2015] [proxy:error] [pid 6976:tid 1784] [client 201.245.192.253:34461] AH00898: Error reading from remote server returned by /isolucionsda//Administracion/Upload/UploadArchivo.asp, referer: http://190.27.245.106/isolucionsda//Administracion/Upload/Upload.asp?Id_Articulo=8689&UPLDQuerystring=Id_Articulo=8689&UPLDMODO=SubirArchivoADocumento&UPLDRuta=C:\\ISOlucion\\Web\\BancoConocimiento\\A\\Anexo3_FormulariodeSolicituddeevaluaciondeplandecontingenciasparaactividadesy_oestable_v1\\&UPLDAtras=http://190.27.245.106/isolucionsda/Administracion/SalaEdicion/Articulo.asp&UPLDAdelante=http://190.27.245.106/isolucionsda/Administracion/SalaEdicion/Articulo.asp
[Wed Jul 01 10:06:40.049876 2015] [proxy_http:error] [pid 6976:tid 1804] (20014)Internal error: [client 201.245.192.253:21637] AH01102: error reading status line from remote server 172.22.1.47:80, referer: http://190.27.245.106/forest/usutareas.do?group_system_actual=3&a=0.47335926396772265
[Wed Jul 01 10:06:40.049876 2015] [proxy:error] [pid 6976:tid 1804] [client 201.245.192.253:21637] AH00898: Error reading from remote server returned by /forest/skins/gdocs-jar/css/forms.css, referer: http://190.27.245.106/forest/usutareas.do?group_system_actual=3&a=0.47335926396772265
[Wed Jul 01 10:06:40.065476 2015] [proxy_http:error] [pid 6976:tid 1736] (20014)Internal error: [client 201.245.192.253:21634] AH01102: error reading status line from remote server 172.22.1.47:80, referer: http://190.27.245.106/forest/usutareas.do?group_system_actual=3&a=0.47335926396772265
[Wed Jul 01 10:06:40.081076 2015] [proxy_http:error] [pid 6976:tid 1804] (20014)Internal error: [client 201.245.192.253:21637] AH01102: error reading status line from remote server 172.22.1.47:80, referer: http://190.27.245.106/forest/usutareas.do?group_system_actual=3&a=0.47335926396772265
[Wed Jul 01 10:06:40.081076 2015] [proxy_http:error] [pid 6976:tid 1608] (20014)Internal error: [client 201.245.192.253:21635] AH01102: error reading status line from remote server 172.22.1.47:80, referer: http://190.27.245.106/forest/usutareas.do?group_system_actual=3&a=0.47335926396772265
[Wed Jul 01 10:06:40.096676 2015] [proxy_http:error] [pid 6976:tid 1612] (20014)Internal error: [client 201.245.192.253:21638] AH01102: error reading status line from remote server 172.22.1.47:80, referer: http://190.27.245.106/forest/usutareas.do?group_system_actual=3&a=0.47335926396772265
[Wed Jul 01 10:06:51.609496 2015] [proxy_http:error] [pid 6976:tid 1624] (20014)Internal error: [client 201.245.192.253:58543] AH01102: error reading status line from remote server 172.22.1.47:80, referer: http://190.27.245.106/forest/buscar.do?type=procesos
[Wed Jul 01 10:06:51.625096 2015] [proxy_http:error] [pid 6976:tid 1680] (20014)Internal error: [client 201.245.192.253:58564] AH01102: error reading status line from remote server 172.22.1.47:80, referer: http://190.27.245.106/forest/buscar.do?type=procesos
[Wed Jul 01 10:06:51.640696 2015] [proxy_http:error] [pid 6976:tid 1780] (20014)Internal error: [client 201.245.192.253:58566] AH01102: error reading status line from remote server 172.22.1.47:80, referer: http://190.27.245.106/forest/buscar.do?type=procesos
[Wed Jul 01 10:07:12.248333 2015] [proxy_http:error] [pid 6976:tid 1748] (20014)Internal error: [client 201.245.192.253:36779] AH01102: error reading status line from remote server 172.22.1.47:80, referer: http://190.27.245.106/forest/buscar.do?type=documentos
[Wed Jul 01 10:07:12.248333 2015] [proxy_http:error] [pid 6976:tid 1620] (20014)Internal error: [client 201.245.192.253:36742] AH01102: error reading status line from remote server 172.22.1.47:80, referer: http://190.27.245.106/forest/buscar.do?type=documentos
[Wed Jul 01 10:07:12.248333 2015] [proxy_http:error] [pid 6976:tid 1636] (20014)Internal error: [client 201.245.192.253:36778] AH01102: error reading status line from remote server 172.22.1.47:80, referer: http://190.27.245.106/forest/buscar.do?type=documentos
[Wed Jul 01 10:09:36.423786 2015] [proxy_http:error] [pid 6976:tid 1876] (20014)Internal error: [client 201.245.192.252:31630] AH01102: error reading status line from remote server 172.22.1.47:80, referer: http://190.27.245.106/forest/usutareas.do?group_system_actual=3&a=0.16019026492722332
[Wed Jul 01 10:09:50.573011 2015] [proxy_http:error] [pid 6976:tid 1876] (20014)Internal error: [client 201.245.192.253:10792] AH01102: error reading status line from remote server 172.22.1.47:80, referer: http://190.27.245.106/forest/usutareas.do?group_system_actual=3&a=0.028368996223434806
[Wed Jul 01 10:09:50.573011 2015] [proxy_http:error] [pid 6976:tid 1764] (20014)Internal error: [client 201.245.192.253:10795] AH01102: error reading status line from remote server 172.22.1.47:80, referer: http://190.27.245.106/forest/usutareas.do?group_system_actual=3&a=0.028368996223434806
[Wed Jul 01 10:09:50.619811 2015] [proxy_http:error] [pid 6976:tid 1596] (20014)Internal error: [client 201.245.192.253:10791] AH01102: error reading status line from remote server 172.22.1.47:80, referer: http://190.27.245.106/forest/usutareas.do?group_system_actual=3&a=0.028368996223434806
[Wed Jul 01 10:10:36.000291 2015] [proxy_http:error] [pid 6976:tid 1812] (20014)Internal error: [client 201.245.192.253:42772] AH01102: error reading status line from remote server 172.22.1.47:80, referer: http://190.27.245.106/forest/buscar.do?type=procesos
[Wed Jul 01 10:10:59.322332 2015] [proxy_http:error] [pid 6976:tid 1820] (20014)Internal error: [client 201.245.192.253:11329] AH01102: error reading status line from remote server 172.22.1.47:80, referer: http://190.27.245.106/forest/usutareas.do?group_system_actual=3&a=0.028368996223434806
[Wed Jul 01 10:12:56.712538 2015] [proxy_http:error] [pid 6976:tid 1596] (20014)Internal error: [client 201.245.192.253:12450] AH01102: error reading status line from remote server 172.22.1.47:80, referer: http://190.27.245.106/forest/usutareas.do?group_system_actual=3&a=0.9712381628341973
[Wed Jul 01 10:12:56.712538 2015] [proxy_http:error] [pid 6976:tid 1660] (20014)Internal error: [client 201.245.192.253:12451] AH01102: error reading status line from remote server 172.22.1.47:80, referer: http://190.27.245.106/forest/usutareas.do?group_system_actual=3&a=0.9712381628341973
[Wed Jul 01 10:12:56.759338 2015] [proxy_http:error] [pid 6976:tid 1768] (20014)Internal error: [client 201.245.192.253:12449] AH01102: error reading status line from remote server 172.22.1.47:80, referer: http://190.27.245.106/forest/usutareas.do?group_system_actual=3&a=0.9712381628341973
[Wed Jul 01 10:14:47.956333 2015] [proxy_http:error] [pid 6976:tid 1744] (20014)Internal error: [client 201.245.192.253:37027] AH01102: error reading status line from remote server 172.22.1.47:80, referer: http://190.27.245.106/forest/usutareas.do?group_system_actual=3&a=0.501694653592487
[Wed Jul 01 10:14:47.956333 2015] [proxy:error] [pid 6976:tid 1744] [client 201.245.192.253:37027] AH00898: Error reading from remote server returned by /forest/session.jsp, referer: http://190.27.245.106/forest/usutareas.do?group_system_actual=3&a=0.501694653592487
[Wed Jul 01 10:14:47.956333 2015] [negotiation:error] [pid 6976:tid 1744] [client 201.245.192.253:37027] AH00690: no acceptable variant: E:/nuevo/apache/error/HTTP_BAD_GATEWAY.html.var, referer: http://190.27.245.106/forest/usutareas.do?group_system_actual=3&a=0.501694653592487
[Wed Jul 01 10:30:39.605805 2015] [proxy_http:error] [pid 6976:tid 1720] (OS 10060)A connection attempt failed because the connected party did not properly respond after a period of time, or established connection failed because connected host has failed to respond.  : [client 201.245.192.253:28776] AH01102: error reading status line from remote server 172.22.1.31:80, referer: http://190.27.245.106/isolucionsda/Encabezado.asp?Pagina=Administracion/SalaEdicion/Magazines.asp
[Wed Jul 01 10:30:39.605805 2015] [proxy:error] [pid 6976:tid 1720] [client 201.245.192.253:28776] AH00898: Error reading from remote server returned by /isolucionsda/FrameSetGeneral.asp, referer: http://190.27.245.106/isolucionsda/Encabezado.asp?Pagina=Administracion/SalaEdicion/Magazines.asp
[Wed Jul 01 10:34:16.212185 2015] [proxy_http:error] [pid 6976:tid 1692] (20014)Internal error: [client 201.245.192.252:34154] AH01102: error reading status line from remote server 172.22.1.47:80, referer: http://190.27.245.106/forest/usudocumentos.do?_a=0.08555534661162545&group_system_actual=3
[Wed Jul 01 10:34:16.212185 2015] [proxy:error] [pid 6976:tid 1692] [client 201.245.192.252:34154] AH00898: Error reading from remote server returned by /forest/session.jsp, referer: http://190.27.245.106/forest/usudocumentos.do?_a=0.08555534661162545&group_system_actual=3
[Wed Jul 01 10:34:16.212185 2015] [negotiation:error] [pid 6976:tid 1692] [client 201.245.192.252:34154] AH00690: no acceptable variant: E:/nuevo/apache/error/HTTP_BAD_GATEWAY.html.var, referer: http://190.27.245.106/forest/usudocumentos.do?_a=0.08555534661162545&group_system_actual=3
[Wed Jul 01 10:34:52.107848 2015] [proxy_http:error] [pid 6976:tid 1836] (20014)Internal error: [client 201.245.192.253:23331] AH01102: error reading status line from remote server 172.22.1.47:80
[Wed Jul 01 10:36:24.288410 2015] [proxy_http:error] [pid 6976:tid 1804] (20014)Internal error: [client 201.245.192.253:55926] AH01102: error reading status line from remote server 172.22.1.47:80, referer: http://190.27.245.106/forest/usutareas.do?group_system_actual=3&codTraEsc=18447900&_a=0.7251103041260392
[Wed Jul 01 10:36:24.288410 2015] [proxy:error] [pid 6976:tid 1804] [client 201.245.192.253:55926] AH00898: Error reading from remote server returned by /forest/index2.jsp, referer: http://190.27.245.106/forest/usutareas.do?group_system_actual=3&codTraEsc=18447900&_a=0.7251103041260392
[Wed Jul 01 10:37:30.838127 2015] [proxy_http:error] [pid 6976:tid 1812] (20014)Internal error: [client 201.245.192.253:58396] AH01102: error reading status line from remote server 172.22.1.47:80, referer: http://190.27.245.106/forest/misactividades.do?group_system_actual=3&codPro=176&_a=0.2170851661512605
[Wed Jul 01 10:37:30.838127 2015] [proxy:error] [pid 6976:tid 1812] [client 201.245.192.253:58396] AH00898: Error reading from remote server returned by /forest/buscar.do, referer: http://190.27.245.106/forest/misactividades.do?group_system_actual=3&codPro=176&_a=0.2170851661512605
[Wed Jul 01 10:40:57.429290 2015] [proxy_http:error] [pid 6976:tid 1724] (20014)Internal error: [client 201.245.192.253:36493] AH01102: error reading status line from remote server 172.22.1.47:80, referer: http://190.27.245.106/forest/index2.jsp?_a=0.9755234861736133
[Wed Jul 01 10:40:57.429290 2015] [proxy:error] [pid 6976:tid 1724] [client 201.245.192.253:36493] AH00898: Error reading from remote server returned by /forest/session.jsp, referer: http://190.27.245.106/forest/index2.jsp?_a=0.9755234861736133
[Wed Jul 01 10:40:57.429290 2015] [negotiation:error] [pid 6976:tid 1724] [client 201.245.192.253:36493] AH00690: no acceptable variant: E:/nuevo/apache/error/HTTP_BAD_GATEWAY.html.var, referer: http://190.27.245.106/forest/index2.jsp?_a=0.9755234861736133
[Wed Jul 01 10:42:58.329502 2015] [proxy_http:error] [pid 6976:tid 1776] (20014)Internal error: [client 201.245.192.253:54328] AH01102: error reading status line from remote server 172.22.1.47:80, referer: http://190.27.245.106/forest/usutareas.do?group_system_actual=3&codAct=2131&numPro=3126989&codPro=176&fecTra=2015-06-30%2021:03:31.0&codInst=3170081&codTraEsc=18523318
[Wed Jul 01 10:45:14.907742 2015] [proxy_http:error] [pid 6976:tid 1780] (20014)Internal error: [client 201.245.192.253:57237] AH01102: error reading status line from remote server 172.22.1.47:80, referer: http://190.27.245.106/forest/usutareas.do?group_system_actual=3&a=0.44592399918474257
[Wed Jul 01 10:45:35.702579 2015] [proxy_http:error] [pid 6976:tid 1576] (20014)Internal error: [client 181.61.173.135:49246] AH01102: error reading status line from remote server 172.22.1.47:80, referer: http://190.27.245.106/forest/xmlmenu.do?xmlresult=1&xsl=skins/gdocs-jar/xsl/proceso.xsl&codPro=134&codAct=1476
[Wed Jul 01 10:45:39.680586 2015] [proxy_http:error] [pid 6976:tid 1668] (20014)Internal error: [client 201.245.192.253:44198] AH01102: error reading status line from remote server 172.22.1.47:80, referer: http://190.27.245.106/forest/misactividades.do?group_system_actual=3&_a=0.7554107651719492
[Wed Jul 01 10:45:39.680586 2015] [proxy:error] [pid 6976:tid 1668] [client 201.245.192.253:44198] AH00898: Error reading from remote server returned by /forest/usutareas.do, referer: http://190.27.245.106/forest/misactividades.do?group_system_actual=3&_a=0.7554107651719492
[Wed Jul 01 10:45:55.857814 2015] [proxy_http:error] [pid 6976:tid 1692] (20014)Internal error: [client 201.245.192.253:44481] AH01102: error reading status line from remote server 172.22.1.47:80, referer: http://190.27.245.106/forest/misactividades.do?group_system_actual=3&_a=0.7554107651719492
[Wed Jul 01 10:45:56.513015 2015] [proxy_http:error] [pid 6976:tid 1724] (20014)Internal error: [client 201.245.192.253:44569] AH01102: error reading status line from remote server 172.22.1.47:80, referer: http://190.27.245.106/forest/usutareas.do?_a=0.154269683443383&group_system_actual=3
[Wed Jul 01 10:45:56.513015 2015] [proxy:error] [pid 6976:tid 1724] [client 201.245.192.253:44569] AH00898: Error reading from remote server returned by /forest/1ibre/jscalendar/calendar-win2k-1.css, referer: http://190.27.245.106/forest/usutareas.do?_a=0.154269683443383&group_system_actual=3
[Wed Jul 01 10:45:56.528615 2015] [proxy_http:error] [pid 6976:tid 1692] (20014)Internal error: [client 201.245.192.253:44556] AH01102: error reading status line from remote server 172.22.1.47:80, referer: http://190.27.245.106/forest/usutareas.do?_a=0.154269683443383&group_system_actual=3
[Wed Jul 01 10:45:56.606615 2015] [proxy_http:error] [pid 6976:tid 1724] (20014)Internal error: [client 201.245.192.253:44569] AH01102: error reading status line from remote server 172.22.1.47:80, referer: http://190.27.245.106/forest/usutareas.do?_a=0.154269683443383&group_system_actual=3
[Wed Jul 01 10:46:22.830261 2015] [proxy_http:error] [pid 6976:tid 1716] (20014)Internal error: [client 201.245.192.253:45279] AH01102: error reading status line from remote server 172.22.1.47:80, referer: http://190.27.245.106/forest/usutareas.do?group_system_actual=3&a=0.9504411425175173
[Wed Jul 01 10:46:22.845861 2015] [proxy_http:error] [pid 6976:tid 1568] (20014)Internal error: [client 201.245.192.253:45280] AH01102: error reading status line from remote server 172.22.1.47:80, referer: http://190.27.245.106/forest/usutareas.do?group_system_actual=3&a=0.9504411425175173
[Wed Jul 01 10:46:22.923861 2015] [proxy_http:error] [pid 6976:tid 1756] (20014)Internal error: [client 201.245.192.253:45242] AH01102: error reading status line from remote server 172.22.1.47:80, referer: http://190.27.245.106/forest/usutareas.do?group_system_actual=3&a=0.9504411425175173
[Wed Jul 01 10:46:23.064262 2015] [proxy_http:error] [pid 6976:tid 1812] (20014)Internal error: [client 201.245.192.253:45289] AH01102: error reading status line from remote server 172.22.1.47:80, referer: http://190.27.245.106/forest/reportes.do?menu=1&group_system_actual=5
[Wed Jul 01 10:46:23.064262 2015] [proxy:error] [pid 6976:tid 1812] [client 201.245.192.253:45289] AH00898: Error reading from remote server returned by /forest/xmlresponse.do, referer: http://190.27.245.106/forest/reportes.do?menu=1&group_system_actual=5
[Wed Jul 01 10:46:29.538273 2015] [proxy_http:error] [pid 6976:tid 1756] (20014)Internal error: [client 201.245.192.253:45324] AH01102: error reading status line from remote server 172.22.1.47:80, referer: http://190.27.245.106/forest/usutareas.do?codTraEsc=18523616
[Wed Jul 01 10:46:29.709873 2015] [proxy_http:error] [pid 6976:tid 1812] (20014)Internal error: [client 201.245.192.252:30335] AH01102: error reading status line from remote server 172.22.1.47:80, referer: http://190.27.245.106/forest/usutareas.do?group_system_actual=3&a=0.8657185128538528
[Wed Jul 01 10:46:29.834674 2015] [proxy_http:error] [pid 6976:tid 1692] (20014)Internal error: [client 201.245.192.252:30260] AH01102: error reading status line from remote server 172.22.1.47:80, referer: http://190.27.245.106/forest/usutareas.do?group_system_actual=3&a=0.8657185128538528
[Wed Jul 01 10:49:45.193817 2015] [proxy_http:error] [pid 6976:tid 1608] (20014)Internal error: [client 201.245.192.253:49666] AH01102: error reading status line from remote server 172.22.1.47:80, referer: http://190.27.245.106/forest/misactividades.do?_a=0.30337602365761995&group_system_actual=3
[Wed Jul 01 10:50:46.018324 2015] [proxy_http:error] [pid 6976:tid 1776] (20014)Internal error: [client 201.245.192.253:51019] AH01102: error reading status line from remote server 172.22.1.47:80, referer: http://190.27.245.106/forest/usutareas.do?_a=0.2802549267653376&group_system_actual=3
[Wed Jul 01 10:50:49.450330 2015] [proxy_http:error] [pid 6976:tid 1776] (20014)Internal error: [client 201.245.192.253:39330] AH01102: error reading status line from remote server 172.22.1.47:80, referer: http://190.27.245.106/forest/usutareas.do?codTraEsc=18492453
[Wed Jul 01 10:51:05.346758 2015] [proxy_http:error] [pid 6976:tid 1608] (20014)Internal error: [client 201.245.192.253:14290] AH01102: error reading status line from remote server 172.22.1.47:80, referer: http://190.27.245.106/forest/usutareas.do?group_system_actual=3&codTraEsc=18525338&_a=0.07373907940125779
[Wed Jul 01 10:51:10.666367 2015] [proxy_http:error] [pid 6976:tid 1860] (20014)Internal error: [client 201.245.192.253:51671] AH01102: error reading status line from remote server 172.22.1.47:80, referer: http://190.27.245.106/forest/buscar.do?type=documentos
[Wed Jul 01 10:52:01.850057 2015] [proxy_http:error] [pid 6976:tid 1668] (20014)Internal error: [client 201.245.192.253:52894] AH01102: error reading status line from remote server 172.22.1.47:80, referer: http://190.27.245.106/forest/usutareas.do?group_system_actual=3&codTraEsc=18526152&_a=0.5793493699131772
[Wed Jul 01 10:52:01.850057 2015] [proxy:error] [pid 6976:tid 1668] [client 201.245.192.253:52894] AH00898: Error reading from remote server returned by /forest/skins/gdocs-jar/css/autocomplete.css, referer: http://190.27.245.106/forest/usutareas.do?group_system_actual=3&codTraEsc=18526152&_a=0.5793493699131772
[Wed Jul 01 10:53:11.098578 2015] [proxy_http:error] [pid 6976:tid 1872] (20014)Internal error: [client 201.245.192.253:34514] AH01102: error reading status line from remote server 172.22.1.47:80, referer: http://190.27.245.106/forest/system/document.jsp?codDoc=2095871
[Wed Jul 01 10:53:57.493060 2015] [proxy_http:error] [pid 6976:tid 1644] (20014)Internal error: [client 201.245.192.253:56141] AH01102: error reading status line from remote server 172.22.1.47:80, referer: http://190.27.245.106/forest/usutareas.do?group_system_actual=3&a=0.9877062903251499
[Wed Jul 01 10:55:08.020784 2015] [proxy_http:error] [pid 6976:tid 1776] (20014)Internal error: [client 201.245.192.253:45409] AH01102: error reading status line from remote server 172.22.1.47:80, referer: http://190.27.245.106/forest/usutareas.do?group_system_actual=3&a=0.026718787819425827
[Wed Jul 01 10:55:24.868813 2015] [proxy_http:error] [pid 6976:tid 1668] (20014)Internal error: [client 201.245.192.253:59693] AH01102: error reading status line from remote server 172.22.1.47:80, referer: http://190.27.245.106/forest/usutareas.do?group_system_actual=3&codTraEsc=18527115&_a=0.18181255521498163
[Wed Jul 01 10:55:49.423256 2015] [proxy_http:error] [pid 6976:tid 1872] (20014)Internal error: [client 201.245.192.253:18589] AH01102: error reading status line from remote server 172.22.1.47:80, referer: http://190.27.245.106/forest/index2.jsp?_a=0.18249546026424313
[Wed Jul 01 10:56:22.713715 2015] [proxy_http:error] [pid 6976:tid 1792] (20014)Internal error: [client 201.245.192.252:25399] AH01102: error reading status line from remote server 172.22.1.47:80, referer: http://190.27.245.106/forest/buscar.do?
[Wed Jul 01 10:58:41.460359 2015] [proxy_http:error] [pid 6976:tid 1736] (20014)Internal error: [client 201.245.192.252:27519] AH01102: error reading status line from remote server 172.22.1.47:80, referer: http://190.27.245.106/forest/usutareas.do?_a=0.46210584848517144&group_system_actual=3
[Wed Jul 01 10:58:51.725177 2015] [proxy_http:error] [pid 6976:tid 1696] (20014)Internal error: [client 201.245.192.253:40197] AH01102: error reading status line from remote server 172.22.1.47:80, referer: http://190.27.245.106/forest/usutareas.do?codTraEsc=18492466
[Wed Jul 01 10:58:51.725177 2015] [proxy:error] [pid 6976:tid 1696] [client 201.245.192.253:40197] AH00898: Error reading from remote server returned by /forest/usutareas.do, referer: http://190.27.245.106/forest/usutareas.do?codTraEsc=18492466
[Wed Jul 01 11:01:21.235839 2015] [proxy_http:error] [pid 6976:tid 1716] (20014)Internal error: [client 201.245.192.253:58403] AH01102: error reading status line from remote server 172.22.1.47:80, referer: http://190.27.245.106/forest/usudocumentos.do?_a=0.6506182590965182&group_system_actual=3
[Wed Jul 01 11:02:10.485126 2015] [proxy_http:error] [pid 6976:tid 1564] (20014)Internal error: [client 201.245.192.253:35302] AH01102: error reading status line from remote server 172.22.1.47:80, referer: http://190.27.245.106/forest/usudocumentos.do?_a=0.880084437754786&group_system_actual=3
[Wed Jul 01 11:02:11.951528 2015] [proxy_http:error] [pid 6976:tid 1840] (20014)Internal error: [client 181.61.120.29:51100] AH01102: error reading status line from remote server 172.22.1.47:80, referer: http://190.27.245.106/forest/buscar.do?type=documentos
[Wed Jul 01 11:03:00.670414 2015] [proxy_http:error] [pid 6976:tid 1876] (20014)Internal error: [client 186.118.224.70:53647] AH01102: error reading status line from remote server 172.22.1.47:80, referer: http://190.27.245.106/forest/usutareas.do?group_system_actual=3&codTraEsc=18527409&_a=0.970808911856371
[Wed Jul 01 11:03:23.493254 2015] [proxy_http:error] [pid 6976:tid 1600] (20014)Internal error: [client 186.118.224.70:53662] AH01102: error reading status line from remote server 172.22.1.47:80, referer: http://190.27.245.106/forest/usutareas.do?group_system_actual=3&a=0.7349185827188194
[Wed Jul 01 11:03:41.105685 2015] [proxy_http:error] [pid 6976:tid 1804] (20014)Internal error: [client 201.245.192.253:48571] AH01102: error reading status line from remote server 172.22.1.47:80, referer: http://190.27.245.106/forest/index2.jsp?_a=0.5555232953634656
[Wed Jul 01 11:03:41.105685 2015] [proxy:error] [pid 6976:tid 1804] [client 201.245.192.253:48571] AH00898: Error reading from remote server returned by /forest/skins/gdocs-jar/popup/popup.jsp, referer: http://190.27.245.106/forest/index2.jsp?_a=0.5555232953634656
[Wed Jul 01 11:04:13.616142 2015] [proxy_http:error] [pid 6976:tid 1692] (20014)Internal error: [client 201.245.192.253:49522] AH01102: error reading status line from remote server 172.22.1.47:80, referer: http://190.27.245.106/forest/usutareas.do?_a=0.19659194729539464&group_system_actual=3
[Wed Jul 01 11:04:13.616142 2015] [proxy:error] [pid 6976:tid 1692] [client 201.245.192.253:49522] AH00898: Error reading from remote server returned by /forest/skins/gdocs-jar/css/autocomplete.css, referer: http://190.27.245.106/forest/usutareas.do?_a=0.19659194729539464&group_system_actual=3
[Wed Jul 01 11:04:13.616142 2015] [proxy_http:error] [pid 6976:tid 1612] (20014)Internal error: [client 201.245.192.253:49243] AH01102: error reading status line from remote server 172.22.1.47:80, referer: http://190.27.245.106/forest/usutareas.do?_a=0.19659194729539464&group_system_actual=3
[Wed Jul 01 11:04:13.631742 2015] [proxy_http:error] [pid 6976:tid 1808] (20014)Internal error: [client 201.245.192.253:49523] AH01102: error reading status line from remote server 172.22.1.47:80, referer: http://190.27.245.106/forest/usutareas.do?_a=0.19659194729539464&group_system_actual=3
[Wed Jul 01 11:04:13.834542 2015] [proxy_http:error] [pid 6976:tid 1584] (20014)Internal error: [client 201.245.192.253:49241] AH01102: error reading status line from remote server 172.22.1.47:80, referer: http://190.27.245.106/forest/usutareas.do?_a=0.19659194729539464&group_system_actual=3
[Wed Jul 01 11:07:07.400447 2015] [proxy_http:error] [pid 6976:tid 1588] (20014)Internal error: [client 201.245.192.253:31074] AH01102: error reading status line from remote server 172.22.1.47:80, referer: http://190.27.245.106/forest/buscar.do?type=documentos
[Wed Jul 01 11:07:10.614053 2015] [proxy_http:error] [pid 6976:tid 1692] (20014)Internal error: [client 201.245.192.253:53847] AH01102: error reading status line from remote server 172.22.1.47:80, referer: http://190.27.245.106/forest/misactividades.do?_a=0.9950677767254572&group_system_actual=3
[Wed Jul 01 11:07:10.614053 2015] [proxy:error] [pid 6976:tid 1692] [client 201.245.192.253:53847] AH00898: Error reading from remote server returned by /forest/session.jsp, referer: http://190.27.245.106/forest/misactividades.do?_a=0.9950677767254572&group_system_actual=3
[Wed Jul 01 11:07:10.614053 2015] [negotiation:error] [pid 6976:tid 1692] [client 201.245.192.253:53847] AH00690: no acceptable variant: E:/nuevo/apache/error/HTTP_BAD_GATEWAY.html.var, referer: http://190.27.245.106/forest/misactividades.do?_a=0.9950677767254572&group_system_actual=3
[Wed Jul 01 11:07:26.058080 2015] [proxy_http:error] [pid 6976:tid 1712] (20014)Internal error: [client 201.245.192.253:31295] AH01102: error reading status line from remote server 172.22.1.47:80, referer: http://190.27.245.106/forest/buscar.do?type=documentos
[Wed Jul 01 11:07:26.058080 2015] [proxy_http:error] [pid 6976:tid 1776] (20014)Internal error: [client 201.245.192.253:31294] AH01102: error reading status line from remote server 172.22.1.47:80, referer: http://190.27.245.106/forest/buscar.do?type=documentos
[Wed Jul 01 11:07:52.936927 2015] [proxy_http:error] [pid 6976:tid 1588] (20014)Internal error: [client 201.245.192.253:31535] AH01102: error reading status line from remote server 172.22.1.47:80, referer: http://190.27.245.106/forest/index2.jsp?_a=0.57840778695593
[Wed Jul 01 11:07:52.936927 2015] [proxy:error] [pid 6976:tid 1588] [client 201.245.192.253:31535] AH00898: Error reading from remote server returned by /forest/js/inicio.js, referer: http://190.27.245.106/forest/index2.jsp?_a=0.57840778695593
[Wed Jul 01 11:09:21.155082 2015] [proxy_http:error] [pid 6976:tid 1820] (OS 10060)A connection attempt failed because the connected party did not properly respond after a period of time, or established connection failed because connected host has failed to respond.  : [client 201.245.192.253:38660] AH01102: error reading status line from remote server 172.22.1.31:80, referer: http://190.27.245.106/isolucionsda/FrameSetGeneral.asp?Pagina=Menu.asp&IdModulo=7
[Wed Jul 01 11:09:21.155082 2015] [proxy:error] [pid 6976:tid 1820] [client 201.245.192.253:38660] AH00898: Error reading from remote server returned by /isolucionsda/Menu.asp, referer: http://190.27.245.106/isolucionsda/FrameSetGeneral.asp?Pagina=Menu.asp&IdModulo=7
[Wed Jul 01 11:09:21.155082 2015] [proxy_http:error] [pid 6976:tid 1584] (OS 10060)A connection attempt failed because the connected party did not properly respond after a period of time, or established connection failed because connected host has failed to respond.  : [client 201.245.192.253:38661] AH01102: error reading status line from remote server 172.22.1.31:80, referer: http://190.27.245.106/isolucionsda/FrameSetGeneral.asp?Pagina=Menu.asp&IdModulo=7
[Wed Jul 01 11:09:21.155082 2015] [proxy:error] [pid 6976:tid 1584] [client 201.245.192.253:38661] AH00898: Error reading from remote server returned by /isolucionsda/BarraFavoritos.asp, referer: http://190.27.245.106/isolucionsda/FrameSetGeneral.asp?Pagina=Menu.asp&IdModulo=7
[Wed Jul 01 11:09:21.155082 2015] [proxy_http:error] [pid 6976:tid 1840] (OS 10060)A connection attempt failed because the connected party did not properly respond after a period of time, or established connection failed because connected host has failed to respond.  : [client 201.245.192.253:38659] AH01102: error reading status line from remote server 172.22.1.31:80, referer: http://190.27.245.106/isolucionsda/FrameSetGeneral.asp?Pagina=Menu.asp&IdModulo=7
[Wed Jul 01 11:09:21.155082 2015] [proxy:error] [pid 6976:tid 1840] [client 201.245.192.253:38659] AH00898: Error reading from remote server returned by /isolucionsda/BarraTitulos.asp, referer: http://190.27.245.106/isolucionsda/FrameSetGeneral.asp?Pagina=Menu.asp&IdModulo=7
[Wed Jul 01 11:09:24.306288 2015] [proxy_http:error] [pid 6976:tid 1844] (OS 10060)A connection attempt failed because the connected party did not properly respond after a period of time, or established connection failed because connected host has failed to respond.  : [client 201.245.192.253:38641] AH01102: error reading status line from remote server 172.22.1.31:80, referer: http://190.27.245.106/isolucionsda/Encabezado.asp?Pagina=Menu.asp&IdModulo=7
[Wed Jul 01 11:09:24.306288 2015] [proxy:error] [pid 6976:tid 1844] [client 201.245.192.253:38641] AH00898: Error reading from remote server returned by /isolucionsda/Session.asp, referer: http://190.27.245.106/isolucionsda/Encabezado.asp?Pagina=Menu.asp&IdModulo=7
[Wed Jul 01 11:11:33.942515 2015] [proxy_http:error] [pid 6976:tid 1732] (20014)Internal error: [client 201.245.192.253:37012] AH01102: error reading status line from remote server 172.22.1.47:80, referer: http://190.27.245.106/forest/buscar.do?type=documentos
[Wed Jul 01 11:11:35.658518 2015] [proxy_http:error] [pid 6976:tid 1808] (20014)Internal error: [client 201.245.192.253:37006] AH01102: error reading status line from remote server 172.22.1.47:80, referer: http://190.27.245.106/forest/misactividades.do?group_system_actual=3&_a=0.9717673673679207
[Wed Jul 01 11:11:51.866947 2015] [proxy_http:error] [pid 6976:tid 1728] (20014)Internal error: [client 201.245.192.253:47939] AH01102: error reading status line from remote server 172.22.1.47:80, referer: http://190.27.245.106/forest/index2.jsp?_a=0.9886566458735615
