[Wed Jul 08 11:13:04.706360 2015] [proxy_http:error] [pid 6976:tid 1528] (20014)Internal error: [client 201.245.192.253:34004] AH01102: error reading status line from remote server 172.22.1.47:80, referer: http://190.27.245.106/forest/usutareas.do?codTraEsc=18528639
[Wed Jul 08 11:13:04.706360 2015] [proxy:error] [pid 6976:tid 1528] [client 201.245.192.253:34004] AH00898: Error reading from remote server returned by /forest/actions/forms.retreiveData, referer: http://190.27.245.106/forest/usutareas.do?codTraEsc=18528639
[Wed Jul 08 11:13:04.706360 2015] [negotiation:error] [pid 6976:tid 1528] [client 201.245.192.253:34004] AH00690: no acceptable variant: E:/nuevo/apache/error/HTTP_BAD_GATEWAY.html.var, referer: http://190.27.245.106/forest/usutareas.do?codTraEsc=18528639
[Wed Jul 08 11:16:13.326291 2015] [proxy_http:error] [pid 6976:tid 1420] (20014)Internal error: [client 201.245.192.253:15531] AH01102: error reading status line from remote server 172.22.1.47:80, referer: http://190.27.245.106/forest/frameset?
[Wed Jul 08 11:16:18.661501 2015] [proxy_http:error] [pid 6976:tid 1656] (20014)Internal error: [client 201.245.192.253:52790] AH01102: error reading status line from remote server 172.22.1.47:80, referer: http://190.27.245.106/forest/index2.jsp?a=0.6761848126634105
[Wed Jul 08 11:16:18.661501 2015] [proxy:error] [pid 6976:tid 1656] [client 201.245.192.253:52790] AH00898: Error reading from remote server returned by /forest/session.jsp, referer: http://190.27.245.106/forest/index2.jsp?a=0.6761848126634105
[Wed Jul 08 11:16:18.661501 2015] [negotiation:error] [pid 6976:tid 1656] [client 201.245.192.253:52790] AH00690: no acceptable variant: E:/nuevo/apache/error/HTTP_BAD_GATEWAY.html.var, referer: http://190.27.245.106/forest/index2.jsp?a=0.6761848126634105
[Wed Jul 08 11:16:24.183911 2015] [proxy_http:error] [pid 6976:tid 1796] (20014)Internal error: [client 201.245.192.253:36533] AH01102: error reading status line from remote server 172.22.1.47:80, referer: http://190.27.245.106/forest/buscar.do?type=documentos
[Wed Jul 08 11:16:24.183911 2015] [proxy_http:error] [pid 6976:tid 1776] (20014)Internal error: [client 201.245.192.253:36536] AH01102: error reading status line from remote server 172.22.1.47:80, referer: http://190.27.245.106/forest/buscar.do?type=documentos
[Wed Jul 08 11:16:52.029959 2015] [proxy_http:error] [pid 6976:tid 1724] (20014)Internal error: [client 190.156.32.61:49192] AH01102: error reading status line from remote server 172.22.1.47:80, referer: http://190.27.245.106/forest/index2.jsp?a=0.35915641529102904
[Wed Jul 08 11:16:55.586766 2015] [proxy_http:error] [pid 6976:tid 1608] (20014)Internal error: [client 201.245.192.253:15852] AH01102: error reading status line from remote server 172.22.1.47:80, referer: http://190.27.245.106/forest/frameset?
[Wed Jul 08 11:16:55.586766 2015] [proxy:error] [pid 6976:tid 1608] [client 201.245.192.253:15852] AH00898: Error reading from remote server returned by /forest/preview, referer: http://190.27.245.106/forest/frameset?
[Wed Jul 08 11:17:57.830875 2015] [proxy_http:error] [pid 6976:tid 1804] (20014)Internal error: [client 201.245.192.253:23714] AH01102: error reading status line from remote server 172.22.1.47:80, referer: http://190.27.245.106/forest/usutareas.do?codTraEsc=18528639
[Wed Jul 08 11:17:57.830875 2015] [proxy:error] [pid 6976:tid 1804] [client 201.245.192.253:23714] AH00898: Error reading from remote server returned by /forest/actions/forms.retreiveData, referer: http://190.27.245.106/forest/usutareas.do?codTraEsc=18528639
[Wed Jul 08 11:17:57.830875 2015] [negotiation:error] [pid 6976:tid 1804] [client 201.245.192.253:23714] AH00690: no acceptable variant: E:/nuevo/apache/error/HTTP_BAD_GATEWAY.html.var, referer: http://190.27.245.106/forest/usutareas.do?codTraEsc=18528639
[Wed Jul 08 11:19:25.768229 2015] [proxy_http:error] [pid 6976:tid 1480] (20014)Internal error: [client 201.245.192.253:56428] AH01102: error reading status line from remote server 172.22.1.47:80, referer: http://190.27.245.106/forest/buscar.do?type=documentos
[Wed Jul 08 11:19:25.768229 2015] [proxy:error] [pid 6976:tid 1480] [client 201.245.192.253:56428] AH00898: Error reading from remote server returned by /forest/1ibre/jscalendar/calendar-setup.js, referer: http://190.27.245.106/forest/buscar.do?type=documentos
[Wed Jul 08 11:28:47.790417 2015] [proxy_http:error] [pid 6976:tid 1508] (20014)Internal error: [client 190.156.32.61:49284] AH01102: error reading status line from remote server 172.22.1.47:80, referer: http://190.27.245.106/forest/usutareas.do?group_system_actual=3&codTraEsc=18467380&_a=0.5935441153588616
[Wed Jul 08 11:29:02.891243 2015] [proxy_http:error] [pid 6976:tid 1480] (20014)Internal error: [client 201.245.192.253:45131] AH01102: error reading status line from remote server 172.22.1.47:80, referer: http://190.27.245.106/forest/usutareas.do?group_system_actual=3&a=0.30436095921322703
[Wed Jul 08 11:29:02.891243 2015] [proxy:error] [pid 6976:tid 1480] [client 201.245.192.253:45131] AH00898: Error reading from remote server returned by /forest/json.do, referer: http://190.27.245.106/forest/usutareas.do?group_system_actual=3&a=0.30436095921322703
[Wed Jul 08 11:29:02.891243 2015] [negotiation:error] [pid 6976:tid 1480] [client 201.245.192.253:45131] AH00690: no acceptable variant: E:/nuevo/apache/error/HTTP_BAD_GATEWAY.html.var, referer: http://190.27.245.106/forest/usutareas.do?group_system_actual=3&a=0.30436095921322703
[Wed Jul 08 11:29:06.791250 2015] [proxy_http:error] [pid 6976:tid 1684] (20014)Internal error: [client 201.245.192.253:45232] AH01102: error reading status line from remote server 172.22.1.47:80, referer: http://190.27.245.106/forest/buscar.do?type=procesos
[Wed Jul 08 11:29:06.791250 2015] [proxy:error] [pid 6976:tid 1684] [client 201.245.192.253:45232] AH00898: Error reading from remote server returned by /forest/js/escritorio/escritorio.js, referer: http://190.27.245.106/forest/buscar.do?type=procesos
[Wed Jul 08 11:29:28.194488 2015] [proxy_http:error] [pid 6976:tid 1584] (20014)Internal error: [client 201.245.192.253:45546] AH01102: error reading status line from remote server 172.22.1.47:80, referer: http://190.27.245.106/forest/usutareas.do?group_system_actual=3&a=0.2131896298378706
[Wed Jul 08 11:30:17.038173 2015] [proxy_http:error] [pid 6976:tid 1564] (20014)Internal error: [client 201.245.192.253:59951] AH01102: error reading status line from remote server 172.22.1.47:80
[Wed Jul 08 11:30:19.159777 2015] [proxy_http:error] [pid 6976:tid 1564] (20014)Internal error: [client 201.245.192.253:22140] AH01102: error reading status line from remote server 172.22.1.47:80, referer: http://190.27.245.106/forest/reportes.do?menu=1&group_system_actual=5
[Wed Jul 08 11:30:19.159777 2015] [proxy:error] [pid 6976:tid 1564] [client 201.245.192.253:22140] AH00898: Error reading from remote server returned by /forest/parameter, referer: http://190.27.245.106/forest/reportes.do?menu=1&group_system_actual=5
[Wed Jul 08 11:30:19.502978 2015] [proxy_http:error] [pid 6976:tid 1676] (20014)Internal error: [client 201.245.192.253:59921] AH01102: error reading status line from remote server 172.22.1.47:80, referer: http://190.27.245.106/forest/login.do
[Wed Jul 08 11:30:19.518578 2015] [proxy_http:error] [pid 6976:tid 1380] (20014)Internal error: [client 201.245.192.253:59950] AH01102: error reading status line from remote server 172.22.1.47:80, referer: http://190.27.245.106/forest/login.do
[Wed Jul 08 11:30:42.700218 2015] [proxy_http:error] [pid 6976:tid 1676] (20014)Internal error: [client 201.245.192.253:47128] AH01102: error reading status line from remote server 172.22.1.47:80, referer: http://190.27.245.106/forest/usutareas.do?_a=0.5122083785501504&group_system_actual=3
[Wed Jul 08 11:31:15.756676 2015] [proxy_http:error] [pid 6976:tid 1608] (20014)Internal error: [client 201.245.192.253:35447] AH01102: error reading status line from remote server 172.22.1.47:80, referer: http://190.27.245.106/forest/usutareas.do?group_system_actual=3&a=0.35830515923264217
[Wed Jul 08 11:31:15.756676 2015] [proxy:error] [pid 6976:tid 1608] [client 201.245.192.253:35447] AH00898: Error reading from remote server returned by /forest/skins/gdocs-jar/css/menu.css, referer: http://190.27.245.106/forest/usutareas.do?group_system_actual=3&a=0.35830515923264217
[Wed Jul 08 11:32:32.930012 2015] [proxy_http:error] [pid 6976:tid 1528] (20014)Internal error: [client 201.245.192.253:11033] AH01102: error reading status line from remote server 172.22.1.47:80, referer: http://190.27.245.106/forest/frameset?
[Wed Jul 08 11:32:32.930012 2015] [proxy:error] [pid 6976:tid 1528] [client 201.245.192.253:11033] AH00898: Error reading from remote server returned by /forest/preview, referer: http://190.27.245.106/forest/frameset?
[Wed Jul 08 11:33:50.228148 2015] [proxy_http:error] [pid 6976:tid 1528] (20014)Internal error: [client 190.156.32.61:49317] AH01102: error reading status line from remote server 172.22.1.47:80, referer: http://190.27.245.106/forest/buscar.do?type=documentos
[Wed Jul 08 11:35:01.582673 2015] [proxy_http:error] [pid 6976:tid 1796] (20014)Internal error: [client 201.245.192.253:41903] AH01102: error reading status line from remote server 172.22.1.47:80, referer: http://190.27.245.106/forest/skins/gdocs-jar/popup/FileViewerTree.jsp?coddoc=2111990&ext=docx&numpro=3147390&nombre=SOLICITUD%20CERTIFICADO%20PERDIDA%20DE%20COMPETENCIA.docx&codfile=-1&rootPath=/forest/
[Wed Jul 08 11:36:03.608382 2015] [proxy_http:error] [pid 6976:tid 1540] (20014)Internal error: [client 201.245.192.253:13382] AH01102: error reading status line from remote server 172.22.1.47:80, referer: http://190.27.245.106/forest/frameset?
[Wed Jul 08 11:36:03.608382 2015] [proxy:error] [pid 6976:tid 1540] [client 201.245.192.253:13382] AH00898: Error reading from remote server returned by /forest/preview, referer: http://190.27.245.106/forest/frameset?
[Wed Jul 08 11:36:10.175994 2015] [proxy_http:error] [pid 6976:tid 1724] (20014)Internal error: [client 201.245.192.253:24601] AH01102: error reading status line from remote server 172.22.1.47:80, referer: http://190.27.245.106/forest/index2.jsp?_a=0.5310674475751185
[Wed Jul 08 11:36:10.175994 2015] [proxy:error] [pid 6976:tid 1724] [client 201.245.192.253:24601] AH00898: Error reading from remote server returned by /forest/skins/gdocs-jar/css/forest.css, referer: http://190.27.245.106/forest/index2.jsp?_a=0.5310674475751185
[Wed Jul 08 11:36:27.024023 2015] [proxy_http:error] [pid 6976:tid 1452] (20014)Internal error: [client 167.0.76.92:10410] AH01102: error reading status line from remote server 172.22.1.47:80, referer: http://190.27.245.106/forest/index2.jsp?a=0.3673437620842589
[Wed Jul 08 11:37:50.624570 2015] [proxy_http:error] [pid 6976:tid 1452] (20014)Internal error: [client 201.245.192.252:56444] AH01102: error reading status line from remote server 172.22.1.47:80, referer: http://190.27.245.106/forest/skins/gdocs-jar/popup/FileViewerTree.jsp?coddoc=1450069&ext=doc&numpro=2285322&nombre=Concepto%20Tecnico.doc&codfile=-1&rootPath=/forest/
[Wed Jul 08 11:40:08.123212 2015] [proxy_http:error] [pid 6976:tid 1336] (20014)Internal error: [client 167.0.76.92:11217] AH01102: error reading status line from remote server 172.22.1.47:80, referer: http://190.27.245.106/forest/system/document.jsp?codDoc=2057356
[Wed Jul 08 11:40:08.123212 2015] [proxy:error] [pid 6976:tid 1336] [client 167.0.76.92:11217] AH00898: Error reading from remote server returned by /forest/skins/gdocs-jar/img/icons/xlsx.gif, referer: http://190.27.245.106/forest/system/document.jsp?codDoc=2057356
[Wed Jul 08 11:41:09.571719 2015] [proxy_http:error] [pid 6976:tid 1796] (20014)Internal error: [client 167.0.76.92:11342] AH01102: error reading status line from remote server 172.22.1.47:80, referer: http://190.27.245.106/forest/misactividades.do?group_system_actual=3&_a=0.9778575056698173
[Wed Jul 08 11:41:12.223724 2015] [proxy_http:error] [pid 6976:tid 1724] (20014)Internal error: [client 201.245.192.252:59631] AH01102: error reading status line from remote server 172.22.1.47:80, referer: http://190.27.245.106/forest/usutareas.do?group_system_actual=3&codAct=908&numPro=3140757&codPro=95&fecTra=2015-07-07%2018:46:28.749&codInst=3184535&codTraEsc=18596739
[Wed Jul 08 11:41:17.309333 2015] [proxy_http:error] [pid 6976:tid 1572] (20014)Internal error: [client 167.0.76.92:11353] AH01102: error reading status line from remote server 172.22.1.47:80, referer: http://190.27.245.106/forest/skins/gdocs-jar/css/forms.css
[Wed Jul 08 11:41:24.064145 2015] [proxy_http:error] [pid 6976:tid 1816] (20014)Internal error: [client 201.245.192.253:15887] AH01102: error reading status line from remote server 172.22.1.47:80, referer: http://190.27.245.106/forest/frameset?
[Wed Jul 08 11:41:24.064145 2015] [proxy:error] [pid 6976:tid 1816] [client 201.245.192.253:15887] AH00898: Error reading from remote server returned by /forest/preview, referer: http://190.27.245.106/forest/frameset?
[Wed Jul 08 11:41:24.064145 2015] [proxy_http:error] [pid 6976:tid 1440] (20014)Internal error: [client 201.245.192.253:15888] AH01102: error reading status line from remote server 172.22.1.47:80, referer: http://190.27.245.106/forest/frameset?
[Wed Jul 08 11:41:30.491356 2015] [proxy_http:error] [pid 6976:tid 1420] (20014)Internal error: [client 201.245.192.253:39153] AH01102: error reading status line from remote server 172.22.1.47:80, referer: http://190.27.245.106/forest/buscar.do?type=procesos
[Wed Jul 08 11:42:11.831429 2015] [proxy_http:error] [pid 6976:tid 1636] (20014)Internal error: [client 201.245.192.253:43808] AH01102: error reading status line from remote server 172.22.1.47:80, referer: http://190.27.245.106/forest/usutareas.do?group_system_actual=3&a=0.7755215961951762
[Wed Jul 08 11:42:12.783030 2015] [proxy_http:error] [pid 6976:tid 1764] (20014)Internal error: [client 201.245.192.253:47873] AH01102: error reading status line from remote server 172.22.1.47:80, referer: http://190.27.245.106/forest/misactividades.do?_a=0.6478049778334751&group_system_actual=3
[Wed Jul 08 11:43:34.480374 2015] [proxy_http:error] [pid 6976:tid 1796] (20014)Internal error: [client 186.29.149.201:24864] AH01102: error reading status line from remote server 172.22.1.47:80, referer: http://190.27.245.106/forest/misactividades.do?group_system_actual=3&codPro=233&_a=0.9797553093020225
[Wed Jul 08 11:44:00.423220 2015] [proxy_http:error] [pid 6976:tid 1724] (20014)Internal error: [client 201.245.192.253:17135] AH01102: error reading status line from remote server 172.22.1.47:80, referer: http://190.27.245.106/forest/reportes.do?menu=1&group_system_actual=5
[Wed Jul 08 11:44:00.423220 2015] [proxy:error] [pid 6976:tid 1724] [client 201.245.192.253:17135] AH00898: Error reading from remote server returned by /forest/frameset, referer: http://190.27.245.106/forest/reportes.do?menu=1&group_system_actual=5
[Wed Jul 08 11:44:37.052084 2015] [proxy_http:error] [pid 6976:tid 1712] (20014)Internal error: [client 201.245.192.253:50211] AH01102: error reading status line from remote server 172.22.1.47:80, referer: http://190.27.245.106/forest/misactividades.do?_a=0.9072396919798502&group_system_actual=3
[Wed Jul 08 11:44:37.052084 2015] [proxy:error] [pid 6976:tid 1712] [client 201.245.192.253:50211] AH00898: Error reading from remote server returned by /forest/skins/gdocs-jar/css/autocomplete.css, referer: http://190.27.245.106/forest/misactividades.do?_a=0.9072396919798502&group_system_actual=3
[Wed Jul 08 11:44:45.725699 2015] [proxy_http:error] [pid 6976:tid 1712] (20014)Internal error: [client 201.245.192.253:42744] AH01102: error reading status line from remote server 172.22.1.47:80, referer: http://190.27.245.106/forest/usutareas.do?group_system_actual=3&a=0.032256714584758206
[Wed Jul 08 11:44:51.731710 2015] [proxy_http:error] [pid 6976:tid 1836] (20014)Internal error: [client 201.245.192.253:50542] AH01102: error reading status line from remote server 172.22.1.47:80, referer: http://190.27.245.106/forest/suactividades.do?_a=0.1376859760304061&group_system_actual=3
[Wed Jul 08 11:44:51.731710 2015] [proxy:error] [pid 6976:tid 1836] [client 201.245.192.253:50542] AH00898: Error reading from remote server returned by /forest/1ibre/jscalendar/calendar-win2k-1.css, referer: http://190.27.245.106/forest/suactividades.do?_a=0.1376859760304061&group_system_actual=3
[Wed Jul 08 11:44:51.731710 2015] [proxy_http:error] [pid 6976:tid 1484] (20014)Internal error: [client 201.245.192.253:50409] AH01102: error reading status line from remote server 172.22.1.47:80, referer: http://190.27.245.106/forest/suactividades.do?_a=0.1376859760304061&group_system_actual=3
[Wed Jul 08 11:44:51.747310 2015] [proxy_http:error] [pid 6976:tid 1584] (20014)Internal error: [client 201.245.192.253:50541] AH01102: error reading status line from remote server 172.22.1.47:80, referer: http://190.27.245.106/forest/suactividades.do?_a=0.1376859760304061&group_system_actual=3
[Wed Jul 08 11:44:51.762910 2015] [proxy_http:error] [pid 6976:tid 1552] (20014)Internal error: [client 201.245.192.253:50543] AH01102: error reading status line from remote server 172.22.1.47:80, referer: http://190.27.245.106/forest/suactividades.do?_a=0.1376859760304061&group_system_actual=3
[Wed Jul 08 11:46:11.354250 2015] [proxy_http:error] [pid 6976:tid 1540] (20014)Internal error: [client 201.245.192.253:44351] AH01102: error reading status line from remote server 172.22.1.47:80, referer: http://190.27.245.106/forest/index2.jsp?selected=tab_init&tab=1
[Wed Jul 08 11:53:02.570972 2015] [proxy_http:error] [pid 6976:tid 1684] (20014)Internal error: [client 201.245.192.253:52592] AH01102: error reading status line from remote server 172.22.1.47:80, referer: http://190.27.245.106/forest/usutareas.do?codTraEsc=18602324
[Wed Jul 08 11:53:06.689379 2015] [proxy:error] [pid 6976:tid 1440] (OS 10060)A connection attempt failed because the connected party did not properly respond after a period of time, or established connection failed because connected host has failed to respond.  : AH00957: HTTP: attempt to connect to 172.22.1.47:80 (172.22.1.47) failed
[Wed Jul 08 11:53:06.689379 2015] [proxy:error] [pid 6976:tid 1440] AH00959: ap_proxy_connect_backend disabling worker for (172.22.1.47) for 60s
[Wed Jul 08 11:53:06.689379 2015] [proxy_http:error] [pid 6976:tid 1440] [client 186.29.149.201:26164] AH01114: HTTP: failed to make connection to backend: 172.22.1.47, referer: http://190.27.245.106/forest/misactividades.do?group_system_actual=3&codPro=233&_a=0.9797553093020225
[Wed Jul 08 11:53:06.689379 2015] [negotiation:error] [pid 6976:tid 1440] [client 186.29.149.201:26164] AH00690: no acceptable variant: E:/nuevo/apache/error/HTTP_SERVICE_UNAVAILABLE.html.var, referer: http://190.27.245.106/forest/misactividades.do?group_system_actual=3&codPro=233&_a=0.9797553093020225
[Wed Jul 08 11:53:08.311782 2015] [proxy:error] [pid 6976:tid 1776] AH00940: HTTP: disabled connection for (172.22.1.47)
[Wed Jul 08 11:53:10.324185 2015] [proxy:error] [pid 6976:tid 1744] AH00940: HTTP: disabled connection for (172.22.1.47)
[Wed Jul 08 11:53:10.339785 2015] [proxy:error] [pid 6976:tid 1620] AH00940: HTTP: disabled connection for (172.22.1.47)
[Wed Jul 08 11:53:10.339785 2015] [proxy:error] [pid 6976:tid 1396] AH00940: HTTP: disabled connection for (172.22.1.47)
[Wed Jul 08 11:53:10.339785 2015] [proxy:error] [pid 6976:tid 1724] AH00940: HTTP: disabled connection for (172.22.1.47)
[Wed Jul 08 11:53:10.339785 2015] [proxy:error] [pid 6976:tid 1712] AH00940: HTTP: disabled connection for (172.22.1.47)
[Wed Jul 08 11:53:10.433386 2015] [proxy:error] [pid 6976:tid 1620] AH00940: HTTP: disabled connection for (172.22.1.47)
[Wed Jul 08 11:53:10.433386 2015] [proxy:error] [pid 6976:tid 1396] AH00940: HTTP: disabled connection for (172.22.1.47)
[Wed Jul 08 11:53:10.433386 2015] [proxy:error] [pid 6976:tid 1724] AH00940: HTTP: disabled connection for (172.22.1.47)
[Wed Jul 08 11:53:10.433386 2015] [proxy:error] [pid 6976:tid 1712] AH00940: HTTP: disabled connection for (172.22.1.47)
[Wed Jul 08 11:53:10.526986 2015] [proxy:error] [pid 6976:tid 1712] AH00940: HTTP: disabled connection for (172.22.1.47)
[Wed Jul 08 11:53:10.526986 2015] [proxy:error] [pid 6976:tid 1396] AH00940: HTTP: disabled connection for (172.22.1.47)
[Wed Jul 08 11:53:10.542586 2015] [proxy:error] [pid 6976:tid 1620] AH00940: HTTP: disabled connection for (172.22.1.47)
[Wed Jul 08 11:53:10.542586 2015] [proxy:error] [pid 6976:tid 1724] AH00940: HTTP: disabled connection for (172.22.1.47)
[Wed Jul 08 11:53:10.636186 2015] [proxy:error] [pid 6976:tid 1592] AH00940: HTTP: disabled connection for (172.22.1.47)
[Wed Jul 08 11:53:10.636186 2015] [proxy:error] [pid 6976:tid 1620] AH00940: HTTP: disabled connection for (172.22.1.47)
[Wed Jul 08 11:53:10.636186 2015] [proxy:error] [pid 6976:tid 1724] AH00940: HTTP: disabled connection for (172.22.1.47)
[Wed Jul 08 11:53:10.636186 2015] [proxy:error] [pid 6976:tid 1776] AH00940: HTTP: disabled connection for (172.22.1.47)
[Wed Jul 08 11:53:10.729786 2015] [proxy:error] [pid 6976:tid 1620] AH00940: HTTP: disabled connection for (172.22.1.47)
[Wed Jul 08 11:53:10.838986 2015] [proxy:error] [pid 6976:tid 1396] AH00940: HTTP: disabled connection for (172.22.1.47)
[Wed Jul 08 11:53:12.196189 2015] [proxy:error] [pid 6976:tid 1572] AH00940: HTTP: disabled connection for (172.22.1.47)
[Wed Jul 08 11:53:12.211789 2015] [proxy:error] [pid 6976:tid 1764] AH00940: HTTP: disabled connection for (172.22.1.47)
[Wed Jul 08 11:53:12.227389 2015] [proxy:error] [pid 6976:tid 1532] AH00940: HTTP: disabled connection for (172.22.1.47)
[Wed Jul 08 11:53:12.227389 2015] [proxy:error] [pid 6976:tid 1440] AH00940: HTTP: disabled connection for (172.22.1.47)
[Wed Jul 08 11:53:12.227389 2015] [proxy:error] [pid 6976:tid 1632] AH00940: HTTP: disabled connection for (172.22.1.47)
[Wed Jul 08 11:53:12.320989 2015] [proxy:error] [pid 6976:tid 1440] AH00940: HTTP: disabled connection for (172.22.1.47)
[Wed Jul 08 11:53:12.320989 2015] [proxy:error] [pid 6976:tid 1532] AH00940: HTTP: disabled connection for (172.22.1.47)
[Wed Jul 08 11:53:12.539389 2015] [proxy:error] [pid 6976:tid 1408] AH00940: HTTP: disabled connection for (172.22.1.47)
[Wed Jul 08 11:53:12.757790 2015] [proxy:error] [pid 6976:tid 1532] AH00940: HTTP: disabled connection for (172.22.1.47)
[Wed Jul 08 11:53:13.927792 2015] [proxy:error] [pid 6976:tid 1732] AH00940: HTTP: disabled connection for (172.22.1.47)
[Wed Jul 08 11:53:14.395793 2015] [proxy:error] [pid 6976:tid 1836] AH00940: HTTP: disabled connection for (172.22.1.47)
[Wed Jul 08 11:53:14.707793 2015] [proxy:error] [pid 6976:tid 1520] AH00940: HTTP: disabled connection for (172.22.1.47)
[Wed Jul 08 11:53:14.707793 2015] [negotiation:error] [pid 6976:tid 1520] [client 186.29.149.201:25513] AH00690: no acceptable variant: E:/nuevo/apache/error/HTTP_SERVICE_UNAVAILABLE.html.var, referer: http://190.27.245.106/forest/usutareas.do?_a=0.5134482698049396&group_system_actual=3
[Wed Jul 08 11:53:14.910593 2015] [proxy:error] [pid 6976:tid 1520] AH00940: HTTP: disabled connection for (172.22.1.47)
[Wed Jul 08 11:53:14.910593 2015] [negotiation:error] [pid 6976:tid 1520] [client 186.29.149.201:26209] AH00690: no acceptable variant: E:/nuevo/apache/error/HTTP_SERVICE_UNAVAILABLE.html.var, referer: http://190.27.245.106/forest/usutareas.do?_a=0.5134482698049396&group_system_actual=3
[Wed Jul 08 11:53:15.674995 2015] [proxy:error] [pid 6976:tid 1408] AH00940: HTTP: disabled connection for (172.22.1.47)
[Wed Jul 08 11:53:15.674995 2015] [negotiation:error] [pid 6976:tid 1408] [client 201.245.192.253:21296] AH00690: no acceptable variant: E:/nuevo/apache/error/HTTP_SERVICE_UNAVAILABLE.html.var, referer: http://190.27.245.106/forest/reportes.do?menu=1&group_system_actual=5
[Wed Jul 08 11:53:15.737395 2015] [proxy:error] [pid 6976:tid 1408] AH00940: HTTP: disabled connection for (172.22.1.47)
[Wed Jul 08 11:53:15.737395 2015] [negotiation:error] [pid 6976:tid 1408] [client 201.245.192.253:21336] AH00690: no acceptable variant: E:/nuevo/apache/error/HTTP_SERVICE_UNAVAILABLE.html.var, referer: http://190.27.245.106/forest/reportes.do?menu=1&group_system_actual=5
[Wed Jul 08 11:53:17.281798 2015] [proxy:error] [pid 6976:tid 1732] AH00940: HTTP: disabled connection for (172.22.1.47)
[Wed Jul 08 11:53:20.370603 2015] [proxy:error] [pid 6976:tid 1732] AH00940: HTTP: disabled connection for (172.22.1.47)
[Wed Jul 08 11:53:20.433003 2015] [proxy:error] [pid 6976:tid 1732] AH00940: HTTP: disabled connection for (172.22.1.47)
[Wed Jul 08 11:53:21.119404 2015] [proxy:error] [pid 6976:tid 1624] AH00940: HTTP: disabled connection for (172.22.1.47)
[Wed Jul 08 11:53:21.525005 2015] [proxy:error] [pid 6976:tid 1624] AH00940: HTTP: disabled connection for (172.22.1.47)
[Wed Jul 08 11:53:23.662209 2015] [proxy:error] [pid 6976:tid 1764] AH00940: HTTP: disabled connection for (172.22.1.47)
[Wed Jul 08 11:53:23.787009 2015] [proxy:error] [pid 6976:tid 1764] AH00940: HTTP: disabled connection for (172.22.1.47)
[Wed Jul 08 11:53:24.598210 2015] [proxy:error] [pid 6976:tid 1764] AH00940: HTTP: disabled connection for (172.22.1.47)
[Wed Jul 08 11:53:24.925811 2015] [proxy:error] [pid 6976:tid 1540] AH00940: HTTP: disabled connection for (172.22.1.47)
[Wed Jul 08 11:53:28.014616 2015] [proxy:error] [pid 6976:tid 1540] AH00940: HTTP: disabled connection for (172.22.1.47)
[Wed Jul 08 11:53:28.170617 2015] [proxy:error] [pid 6976:tid 1540] AH00940: HTTP: disabled connection for (172.22.1.47)
[Wed Jul 08 11:53:43.833044 2015] [proxy:error] [pid 6976:tid 1732] AH00940: HTTP: disabled connection for (172.22.1.47)
[Wed Jul 08 11:53:43.989045 2015] [proxy:error] [pid 6976:tid 1732] AH00940: HTTP: disabled connection for (172.22.1.47)
[Wed Jul 08 11:53:43.989045 2015] [negotiation:error] [pid 6976:tid 1732] [client 201.245.192.253:48286] AH00690: no acceptable variant: E:/nuevo/apache/error/HTTP_SERVICE_UNAVAILABLE.html.var, referer: http://190.27.245.106/forest/suactividades.do?group_system_actual=3
[Wed Jul 08 11:53:43.989045 2015] [proxy:error] [pid 6976:tid 1540] AH00940: HTTP: disabled connection for (172.22.1.47)
[Wed Jul 08 11:53:53.739062 2015] [proxy:error] [pid 6976:tid 1336] AH00940: HTTP: disabled connection for (172.22.1.47)
[Wed Jul 08 11:53:54.737463 2015] [proxy:error] [pid 6976:tid 1508] AH00940: HTTP: disabled connection for (172.22.1.47)
[Wed Jul 08 11:53:54.737463 2015] [negotiation:error] [pid 6976:tid 1508] [client 201.245.192.253:21608] AH00690: no acceptable variant: E:/nuevo/apache/error/HTTP_SERVICE_UNAVAILABLE.html.var, referer: http://190.27.245.106/forest/misactividades.do?_a=0.22366659416466694&group_system_actual=3
[Wed Jul 08 11:53:54.846664 2015] [proxy:error] [pid 6976:tid 1508] AH00940: HTTP: disabled connection for (172.22.1.47)
[Wed Jul 08 11:53:54.846664 2015] [negotiation:error] [pid 6976:tid 1508] [client 201.245.192.253:42222] AH00690: no acceptable variant: E:/nuevo/apache/error/HTTP_SERVICE_UNAVAILABLE.html.var, referer: http://190.27.245.106/forest/usutareas.do?group_system_actual=3&a=0.7755215961951762
[Wed Jul 08 11:54:00.712274 2015] [proxy:error] [pid 6976:tid 1336] AH00940: HTTP: disabled connection for (172.22.1.47)
[Wed Jul 08 11:54:03.988280 2015] [proxy:error] [pid 6976:tid 1532] AH00940: HTTP: disabled connection for (172.22.1.47)
[Wed Jul 08 11:54:04.159880 2015] [proxy:error] [pid 6976:tid 1532] AH00940: HTTP: disabled connection for (172.22.1.47)
[Wed Jul 08 11:57:59.470693 2015] [proxy_http:error] [pid 6976:tid 1724] (20014)Internal error: [client 201.245.192.253:54272] AH01102: error reading status line from remote server 172.22.1.47:80, referer: http://190.27.245.106/forest/buscar.do?
[Wed Jul 08 11:57:59.470693 2015] [proxy:error] [pid 6976:tid 1724] [client 201.245.192.253:54272] AH00898: Error reading from remote server returned by /forest/skins/gdocs-jar/img/more_details.gif, referer: http://190.27.245.106/forest/buscar.do?
[Wed Jul 08 11:59:48.670885 2015] [proxy_http:error] [pid 6976:tid 1520] (20014)Internal error: [client 201.245.192.252:59639] AH01102: error reading status line from remote server 172.22.1.47:80, referer: http://190.27.245.106/forest/index2.jsp?a=0.6614498352595529
[Wed Jul 08 11:59:48.670885 2015] [proxy:error] [pid 6976:tid 1520] [client 201.245.192.252:59639] AH00898: Error reading from remote server returned by /forest/session.jsp, referer: http://190.27.245.106/forest/index2.jsp?a=0.6614498352595529
[Wed Jul 08 11:59:48.670885 2015] [negotiation:error] [pid 6976:tid 1520] [client 201.245.192.252:59639] AH00690: no acceptable variant: E:/nuevo/apache/error/HTTP_BAD_GATEWAY.html.var, referer: http://190.27.245.106/forest/index2.jsp?a=0.6614498352595529
[Wed Jul 08 12:15:34.688747 2015] [proxy_http:error] [pid 6976:tid 1528] (OS 10054)An existing connection was forcibly closed by the remote host.  : [client 201.245.192.253:59478] AH01102: error reading status line from remote server 172.22.1.31:80, referer: http://190.27.245.106/isolucionsda/FrameSetGeneral.asp?Pagina=Menu.asp&IdModulo=4
[Wed Jul 08 12:15:34.688747 2015] [proxy:error] [pid 6976:tid 1528] [client 201.245.192.253:59478] AH00898: Error reading from remote server returned by /isolucionsda/BarraTitulos.asp, referer: http://190.27.245.106/isolucionsda/FrameSetGeneral.asp?Pagina=Menu.asp&IdModulo=4
[Wed Jul 08 12:15:42.675961 2015] [proxy_http:error] [pid 6976:tid 1584] (OS 10054)An existing connection was forcibly closed by the remote host.  : [client 201.245.192.252:56694] AH01102: error reading status line from remote server 172.22.1.31:80, referer: http://190.27.245.106/isolucionsda/Administracion/SalaEdicion/Articulo.asp?Id_Articulo=7463&Ancla=Contenido%20Adjuntos
[Wed Jul 08 12:15:42.675961 2015] [proxy:error] [pid 6976:tid 1584] [client 201.245.192.252:56694] AH00898: Error reading from remote server returned by /isolucionsda/Administracion/Graficas/vacio1x1.gif, referer: http://190.27.245.106/isolucionsda/Administracion/SalaEdicion/Articulo.asp?Id_Articulo=7463&Ancla=Contenido%20Adjuntos
[Wed Jul 08 12:19:08.128322 2015] [core:error] [pid 6976:tid 1540] (22)Invalid argument: [client 180.76.15.162:48797] AH00127: Cannot map GET /SIG/Gesti%F3n%20de%20Recursos%20F%EDsicos/126PA04-PR08.pdf HTTP/1.1 to file
[Wed Jul 08 12:19:52.650800 2015] [proxy_http:error] [pid 6976:tid 1676] (20014)Internal error: [client 201.245.192.253:50960] AH01102: error reading status line from remote server 172.22.1.47:80, referer: http://190.27.245.106/forest/buscar.do?type=procesos
[Wed Jul 08 12:19:52.650800 2015] [proxy:error] [pid 6976:tid 1676] [client 201.245.192.253:50960] AH00898: Error reading from remote server returned by /forest/js/load_func.js, referer: http://190.27.245.106/forest/buscar.do?type=procesos
[Wed Jul 08 12:36:21.006136 2015] [proxy_http:error] [pid 6976:tid 1836] (OS 10054)An existing connection was forcibly closed by the remote host.  : [client 201.244.55.205:15352] AH01102: error reading status line from remote server 172.22.1.31:80, referer: http://190.27.245.106/isolucionsda/FramesetArticulo.asp?Pagina=bancoconocimiento%2FG%2FGESTIONDERECURSOSFISICOS%5Fv6%2FGESTIONDERECURSOSFISICOS%5Fv6%2Easp&IdArticulo=6628
[Wed Jul 08 12:36:21.006136 2015] [proxy:error] [pid 6976:tid 1836] [client 201.244.55.205:15352] AH00898: Error reading from remote server returned by /isolucionsda/bancoconocimiento/G/GESTIONDERECURSOSFISICOS_v6/GESTIONDERECURSOSFISICOS_v6.asp, referer: http://190.27.245.106/isolucionsda/FramesetArticulo.asp?Pagina=bancoconocimiento%2FG%2FGESTIONDERECURSOSFISICOS%5Fv6%2FGESTIONDERECURSOSFISICOS%5Fv6%2Easp&IdArticulo=6628
[Wed Jul 08 12:40:38.032187 2015] [proxy_http:error] [pid 6976:tid 1880] (OS 10054)An existing connection was forcibly closed by the remote host.  : [client 201.245.192.253:48818] AH01102: error reading status line from remote server 172.22.1.31:80, referer: http://190.27.245.106/isolucionsda/FrameSetGeneral.asp?Pagina=MagazinHome.asp
[Wed Jul 08 12:40:38.032187 2015] [proxy:error] [pid 6976:tid 1880] [client 201.245.192.253:48818] AH00898: Error reading from remote server returned by /isolucionsda/MagazinHome.asp, referer: http://190.27.245.106/isolucionsda/FrameSetGeneral.asp?Pagina=MagazinHome.asp
[Wed Jul 08 12:51:20.347715 2015] [proxy_http:error] [pid 6976:tid 1636] (20014)Internal error: [client 201.245.192.253:29236] AH01102: error reading status line from remote server 172.22.1.47:80, referer: http://190.27.245.106/forest/usutareas.do?group_system_actual=3&codTraEsc=18602657&_a=0.2906501190286327
[Wed Jul 08 12:56:58.479309 2015] [proxy_http:error] [pid 6976:tid 1624] (OS 10054)An existing connection was forcibly closed by the remote host.  : [client 201.245.192.253:47736] AH01102: error reading status line from remote server 172.22.1.31:80, referer: http://190.27.245.106/isolucionsda/Encabezado.asp?Pagina1=FrameSetGeneral.asp&&Pagina=MagazinHome.asp
[Wed Jul 08 13:16:34.580975 2015] [proxy_http:error] [pid 6976:tid 1632] (OS 10054)An existing connection was forcibly closed by the remote host.  : [client 201.245.192.253:26482] AH01102: error reading status line from remote server 172.22.1.31:80, referer: http://190.27.245.106/isolucionsda/FrameSetGeneral.asp?Pagina1=FrameSetGeneral.asp&
[Wed Jul 08 13:16:34.580975 2015] [proxy:error] [pid 6976:tid 1632] [client 201.245.192.253:26482] AH00898: Error reading from remote server returned by /isolucionsda/BarraFavoritos.asp, referer: http://190.27.245.106/isolucionsda/FrameSetGeneral.asp?Pagina1=FrameSetGeneral.asp&
[Wed Jul 08 13:34:23.432452 2015] [core:error] [pid 6976:tid 1460] (20025)The given path contained wildcard characters: [client 187.207.81.217:49665] AH00036: access to /autoliquidacion/index.php?dir=TR%C1MITES+ACEITES-RESIDUOS-ESTACIONES%2FREGISTRO+COMO+ACOPIADOR+PRIMARIO%2F&sa=U&ei=ZW2dVaWaL8PXsAXArbrQBQ&ved=0CMcBEBYwJjhk&usg=AFQjCNFIkjF7NXhAkrBUwmbZMGmVoJUGEg failed (filesystem path 'E:/nuevo/htdocs/Autoliquidacion/index.php?dir=TR%C1MITES+ACEITES-RESIDUOS-ESTACIONES%2FREGISTRO+COMO+ACOPIADOR+PRIMARIO%2F&sa=U&ei=ZW2dVaWaL8PXsAXArbrQBQ&ved=0CMcBEBYwJjhk&usg=AFQjCNFIkjF7NXhAkrBUwmbZMGmVoJUGEg')
[Wed Jul 08 13:42:55.628152 2015] [core:error] [pid 6976:tid 1632] (22)Invalid argument: [client 180.76.15.161:30510] AH00127: Cannot map GET /SIG/Gesti%F3n%20de%20Recursos%20Inform%E1ticos%20y%20Tecnol%F3gicos/126PA03-PR11.pdf HTTP/1.1 to file
[Wed Jul 08 13:48:51.230777 2015] [mpm_winnt:warn] [pid 6976:tid 2068] (OS 64)The specified network name is no longer available.  : AH00341: winnt_accept: Asynchronous AcceptEx failed.
[Wed Jul 08 13:57:55.547933 2015] [core:error] [pid 6976:tid 1712] (22)Invalid argument: [client 180.76.15.160:41434] AH00127: Cannot map GET /SIG/Gesti%F3n%20Jur%EDdica/126PA05-PR07.pdf HTTP/1.1 to file
[Wed Jul 08 14:06:41.970857 2015] [proxy_http:error] [pid 6976:tid 1448] (20014)Internal error: [client 201.245.192.253:44940] AH01102: error reading status line from remote server 172.22.1.47:80, referer: http://190.27.245.106/forest/buscar.do?type=procesos
[Wed Jul 08 14:12:55.544713 2015] [core:error] [pid 6976:tid 1732] (22)Invalid argument: [client 180.76.15.153:20317] AH00127: Cannot map GET /SIG/Gesti%F3n%20Jur%EDdica/126PA05-PR03.pdf HTTP/1.1 to file
[Wed Jul 08 14:15:02.950137 2015] [proxy_http:error] [pid 6976:tid 1672] (20014)Internal error: [client 201.245.192.253:47716] AH01102: error reading status line from remote server 172.22.1.47:80, referer: http://190.27.245.106/forest/buscar.do?type=procesos
[Wed Jul 08 14:15:03.262138 2015] [proxy_http:error] [pid 6976:tid 1528] (20014)Internal error: [client 201.245.192.253:47773] AH01102: error reading status line from remote server 172.22.1.47:80, referer: http://190.27.245.106/forest/buscar.do?type=procesos
[Wed Jul 08 14:16:27.939086 2015] [proxy_http:error] [pid 6976:tid 1668] (20014)Internal error: [client 201.245.192.253:49324] AH01102: error reading status line from remote server 172.22.1.47:80, referer: http://190.27.245.106/forest/buscar.do?type=procesos
[Wed Jul 08 14:16:29.639489 2015] [proxy_http:error] [pid 6976:tid 1636] (20014)Internal error: [client 201.245.192.253:49322] AH01102: error reading status line from remote server 172.22.1.47:80, referer: http://190.27.245.106/forest/buscar.do?type=procesos
[Wed Jul 08 14:17:15.893571 2015] [proxy_http:error] [pid 6976:tid 1676] (20014)Internal error: [client 201.245.192.253:43360] AH01102: error reading status line from remote server 172.22.1.47:80, referer: http://190.27.245.106/forest/index2.jsp?a=0.6720685112081839
[Wed Jul 08 14:17:22.258382 2015] [proxy_http:error] [pid 6976:tid 1552] (20014)Internal error: [client 201.245.192.252:59665] AH01102: error reading status line from remote server 172.22.1.47:80, referer: http://190.27.245.106/forest/reportes.do?menu=1&group_system_actual=5
[Wed Jul 08 14:17:22.258382 2015] [proxy:error] [pid 6976:tid 1552] [client 201.245.192.252:59665] AH00898: Error reading from remote server returned by /forest/frameset, referer: http://190.27.245.106/forest/reportes.do?menu=1&group_system_actual=5
[Wed Jul 08 14:17:27.811992 2015] [proxy_http:error] [pid 6976:tid 1844] (20014)Internal error: [client 201.245.192.253:50431] AH01102: error reading status line from remote server 172.22.1.47:80, referer: http://190.27.245.106/forest/usutareas.do?group_system_actual=3&codAct=914&numPro=3089794&codPro=95&fecTra=2015-07-06%2013:04:39.0&codInst=3131395&codTraEsc=18575422
[Wed Jul 08 14:18:31.694104 2015] [proxy_http:error] [pid 6976:tid 1776] (20014)Internal error: [client 201.245.192.253:51672] AH01102: error reading status line from remote server 172.22.1.47:80, referer: http://190.27.245.106/forest/suactividades.do?group_system_actual=3&_a=0.3955857215112185
[Wed Jul 08 14:23:10.996994 2015] [proxy_http:error] [pid 6976:tid 1548] (20014)Internal error: [client 201.245.192.253:37313] AH01102: error reading status line from remote server 172.22.1.47:80, referer: http://190.27.245.106/forest/index2.jsp?a=0.6720685112081839
[Wed Jul 08 14:25:23.176027 2015] [proxy_http:error] [pid 6976:tid 1300] (20014)Internal error: [client 201.245.192.253:41336] AH01102: error reading status line from remote server 172.22.1.47:80, referer: http://190.27.245.106/forest/buscar.do?type=procesos
[Wed Jul 08 14:26:27.229739 2015] [proxy_http:error] [pid 6976:tid 1496] (20014)Internal error: [client 201.245.192.253:48574] AH01102: error reading status line from remote server 172.22.1.47:80, referer: http://190.27.245.106/forest/buscar.do?type=procesos
[Wed Jul 08 14:26:48.648577 2015] [proxy_http:error] [pid 6976:tid 1480] (20014)Internal error: [client 201.245.192.253:48825] AH01102: error reading status line from remote server 172.22.1.47:80, referer: http://190.27.245.106/forest/buscar.do?
[Wed Jul 08 14:26:48.648577 2015] [proxy:error] [pid 6976:tid 1480] [client 201.245.192.253:48825] AH00898: Error reading from remote server returned by /forest/buscar.do, referer: http://190.27.245.106/forest/buscar.do?
[Wed Jul 08 14:26:55.434589 2015] [proxy_http:error] [pid 6976:tid 1676] (20014)Internal error: [client 201.245.192.253:48970] AH01102: error reading status line from remote server 172.22.1.47:80, referer: http://190.27.245.106/forest/buscar.do?type=procesos
[Wed Jul 08 14:26:55.434589 2015] [proxy_http:error] [pid 6976:tid 1384] (20014)Internal error: [client 201.245.192.253:48968] AH01102: error reading status line from remote server 172.22.1.47:80, referer: http://190.27.245.106/forest/buscar.do?type=procesos
[Wed Jul 08 14:30:16.830942 2015] [proxy_http:error] [pid 6976:tid 1564] (20014)Internal error: [client 201.245.192.253:51357] AH01102: error reading status line from remote server 172.22.1.47:80
[Wed Jul 08 14:30:21.245750 2015] [proxy_http:error] [pid 6976:tid 1540] (20014)Internal error: [client 201.245.192.253:51434] AH01102: error reading status line from remote server 172.22.1.47:80, referer: http://190.27.245.106/forest/suactividades.do?group_system_actual=3
[Wed Jul 08 14:30:21.245750 2015] [proxy:error] [pid 6976:tid 1540] [client 201.245.192.253:51434] AH00898: Error reading from remote server returned by /forest/skins/gdocs-jar/css/forest.css, referer: http://190.27.245.106/forest/suactividades.do?group_system_actual=3
[Wed Jul 08 14:30:30.995767 2015] [proxy_http:error] [pid 6976:tid 1536] (20014)Internal error: [client 201.245.192.253:10721] AH01102: error reading status line from remote server 172.22.1.47:80, referer: http://190.27.245.106/forest/frameset?
[Wed Jul 08 14:30:39.840983 2015] [proxy_http:error] [pid 6976:tid 1452] (20014)Internal error: [client 201.245.192.253:37659] AH01102: error reading status line from remote server 172.22.1.47:80, referer: http://190.27.245.106/forest/usutareas.do?_a=0.1345585362942081&group_system_actual=3
[Wed Jul 08 14:30:39.840983 2015] [proxy:error] [pid 6976:tid 1452] [client 201.245.192.253:37659] AH00898: Error reading from remote server returned by /forest/session.jsp, referer: http://190.27.245.106/forest/usutareas.do?_a=0.1345585362942081&group_system_actual=3
[Wed Jul 08 14:30:39.840983 2015] [negotiation:error] [pid 6976:tid 1452] [client 201.245.192.253:37659] AH00690: no acceptable variant: E:/nuevo/apache/error/HTTP_BAD_GATEWAY.html.var, referer: http://190.27.245.106/forest/usutareas.do?_a=0.1345585362942081&group_system_actual=3
[Wed Jul 08 14:31:32.834276 2015] [proxy_http:error] [pid 6976:tid 1528] (20014)Internal error: [client 201.245.192.253:38675] AH01102: error reading status line from remote server 172.22.1.47:80, referer: http://190.27.245.106/forest/index2.jsp?a=0.7759053129168024
[Wed Jul 08 14:39:45.046340 2015] [proxy_http:error] [pid 6976:tid 1744] (20014)Internal error: [client 201.245.192.253:37528] AH01102: error reading status line from remote server 172.22.1.47:80, referer: http://190.27.245.106/forest/index2.jsp?a=0.6720685112081839
[Wed Jul 08 14:39:45.046340 2015] [proxy:error] [pid 6976:tid 1744] [client 201.245.192.253:37528] AH00898: Error reading from remote server returned by /forest/session.jsp, referer: http://190.27.245.106/forest/index2.jsp?a=0.6720685112081839
[Wed Jul 08 14:39:45.046340 2015] [negotiation:error] [pid 6976:tid 1744] [client 201.245.192.253:37528] AH00690: no acceptable variant: E:/nuevo/apache/error/HTTP_BAD_GATEWAY.html.var, referer: http://190.27.245.106/forest/index2.jsp?a=0.6720685112081839
[Wed Jul 08 14:39:51.832352 2015] [proxy_http:error] [pid 6976:tid 1540] (20014)Internal error: [client 201.245.192.253:37607] AH01102: error reading status line from remote server 172.22.1.47:80, referer: http://190.27.245.106/forest/buscar.do?type=procesos
[Wed Jul 08 14:40:15.825194 2015] [proxy_http:error] [pid 6976:tid 1764] (20014)Internal error: [client 172.22.2.1:45669] AH01102: error reading status line from remote server 172.22.1.47:80, referer: http://190.27.245.106/forest/frameset?
[Wed Jul 08 14:40:15.918795 2015] [proxy_http:error] [pid 6976:tid 1744] (20014)Internal error: [client 172.22.2.1:45671] AH01102: error reading status line from remote server 172.22.1.47:80, referer: http://190.27.245.106/forest/frameset?
[Wed Jul 08 14:40:16.199595 2015] [proxy_http:error] [pid 6976:tid 1460] (20014)Internal error: [client 172.22.2.1:45678] AH01102: error reading status line from remote server 172.22.1.47:80, referer: http://190.27.245.106/forest/frameset?
[Wed Jul 08 14:40:16.199595 2015] [proxy:error] [pid 6976:tid 1460] [client 172.22.2.1:45678] AH00898: Error reading from remote server returned by /forestReports/webcontent/birt/images/FirstPage_disabled.gif, referer: http://190.27.245.106/forest/frameset?
[Wed Jul 08 14:40:52.688059 2015] [proxy_http:error] [pid 6976:tid 1816] (20014)Internal error: [client 201.245.192.253:38566] AH01102: error reading status line from remote server 172.22.1.47:80, referer: http://190.27.245.106/forest/buscar.do?type=procesos
[Wed Jul 08 14:41:28.037721 2015] [proxy_http:error] [pid 6976:tid 1852] (20014)Internal error: [client 201.245.192.253:23364] AH01102: error reading status line from remote server 172.22.1.47:80, referer: http://190.27.245.106/forest/index2.jsp?a=0.17841706194177398
[Wed Jul 08 14:42:14.447803 2015] [proxy_http:error] [pid 6976:tid 1588] (20014)Internal error: [client 201.245.192.253:16162] AH01102: error reading status line from remote server 172.22.1.47:80, referer: http://190.27.245.106/forest/reportes.do?menu=1&group_system_actual=5
[Wed Jul 08 14:44:03.694795 2015] [proxy_http:error] [pid 6976:tid 1616] (20014)Internal error: [client 201.245.192.253:41957] AH01102: error reading status line from remote server 172.22.1.47:80, referer: http://190.27.245.106/forest/buscar.do?type=procesos
[Wed Jul 08 14:44:03.710395 2015] [proxy_http:error] [pid 6976:tid 1672] (20014)Internal error: [client 201.245.192.253:42075] AH01102: error reading status line from remote server 172.22.1.47:80, referer: http://190.27.245.106/forest/buscar.do?type=procesos
[Wed Jul 08 14:44:03.710395 2015] [proxy:error] [pid 6976:tid 1672] [client 201.245.192.253:42075] AH00898: Error reading from remote server returned by /forest/js/sarissa.js, referer: http://190.27.245.106/forest/buscar.do?type=procesos
[Wed Jul 08 14:49:36.428779 2015] [mpm_winnt:warn] [pid 6976:tid 2068] (OS 64)The specified network name is no longer available.  : AH00341: winnt_accept: Asynchronous AcceptEx failed.
[Wed Jul 08 14:55:37.491413 2015] [proxy_http:error] [pid 6976:tid 1520] (20014)Internal error: [client 201.245.192.253:21860] AH01102: error reading status line from remote server 172.22.1.47:80, referer: http://190.27.245.106/forest/reportes.do?menu=1&group_system_actual=5
[Wed Jul 08 14:55:59.768252 2015] [proxy_http:error] [pid 6976:tid 1648] (20014)Internal error: [client 201.245.192.253:46704] AH01102: error reading status line from remote server 172.22.1.47:80, referer: http://190.27.245.106/forest/index2.jsp?a=0.520798088900787
[Wed Jul 08 14:55:59.768252 2015] [proxy:error] [pid 6976:tid 1648] [client 201.245.192.253:46704] AH00898: Error reading from remote server returned by /forest/css/escritorio.css, referer: http://190.27.245.106/forest/index2.jsp?a=0.520798088900787
[Wed Jul 08 14:57:10.529977 2015] [proxy_http:error] [pid 6976:tid 1552] (20014)Internal error: [client 201.245.192.253:56454] AH01102: error reading status line from remote server 172.22.1.47:80, referer: http://190.27.245.106/forest/misactividades.do?group_system_actual=3&codPro=90&_a=0.9326314987693447
[Wed Jul 08 14:57:48.874844 2015] [proxy_http:error] [pid 6976:tid 1536] (20014)Internal error: [client 201.245.192.253:57382] AH01102: error reading status line from remote server 172.22.1.47:80, referer: http://190.27.245.106/forest/reportes.do?group_system_actual=5&menu=1&tab=3
[Wed Jul 08 14:57:48.874844 2015] [proxy:error] [pid 6976:tid 1536] [client 201.245.192.253:57382] AH00898: Error reading from remote server returned by /forest/session.jsp, referer: http://190.27.245.106/forest/reportes.do?group_system_actual=5&menu=1&tab=3
[Wed Jul 08 14:57:48.874844 2015] [negotiation:error] [pid 6976:tid 1536] [client 201.245.192.253:57382] AH00690: no acceptable variant: E:/nuevo/apache/error/HTTP_BAD_GATEWAY.html.var, referer: http://190.27.245.106/forest/reportes.do?group_system_actual=5&menu=1&tab=3
[Wed Jul 08 14:59:53.737463 2015] [proxy_http:error] [pid 6976:tid 1380] (20014)Internal error: [client 201.245.192.253:59727] AH01102: error reading status line from remote server 172.22.1.47:80, referer: http://190.27.245.106/forest/reportes.do?menu=1&group_system_actual=5
[Wed Jul 08 15:00:02.114678 2015] [proxy_http:error] [pid 6976:tid 1616] (20014)Internal error: [client 201.245.192.253:59945] AH01102: error reading status line from remote server 172.22.1.47:80, referer: http://190.27.245.106/forest/buscar.do
[Wed Jul 08 15:00:02.114678 2015] [proxy:error] [pid 6976:tid 1616] [client 201.245.192.253:59945] AH00898: Error reading from remote server returned by /forest/buscar.do, referer: http://190.27.245.106/forest/buscar.do
[Wed Jul 08 15:00:13.471498 2015] [proxy_http:error] [pid 6976:tid 1612] (20014)Internal error: [client 201.245.192.253:40522] AH01102: error reading status line from remote server 172.22.1.47:80, referer: http://190.27.245.106/forest/usutareas.do?_a=0.07313147162551537&group_system_actual=3
[Wed Jul 08 15:00:13.471498 2015] [proxy:error] [pid 6976:tid 1612] [client 201.245.192.253:40522] AH00898: Error reading from remote server returned by /forest/usutareas.do, referer: http://190.27.245.106/forest/usutareas.do?_a=0.07313147162551537&group_system_actual=3
[Wed Jul 08 15:00:39.773144 2015] [proxy_http:error] [pid 6976:tid 1496] (20014)Internal error: [client 201.245.192.253:48123] AH01102: error reading status line from remote server 172.22.1.47:80, referer: http://190.27.245.106/forest/suactividades.do?group_system_actual=3
[Wed Jul 08 15:02:42.638960 2015] [proxy_http:error] [pid 6976:tid 1592] (20014)Internal error: [client 201.245.192.253:51212] AH01102: error reading status line from remote server 172.22.1.47:80, referer: http://190.27.245.106/forest/buscar.do?type=procesos
[Wed Jul 08 15:02:42.654560 2015] [proxy_http:error] [pid 6976:tid 1564] (20014)Internal error: [client 201.245.192.253:51214] AH01102: error reading status line from remote server 172.22.1.47:80, referer: http://190.27.245.106/forest/buscar.do?type=procesos
[Wed Jul 08 15:03:00.251391 2015] [proxy_http:error] [pid 6976:tid 1632] (20014)Internal error: [client 201.245.192.253:43420] AH01102: error reading status line from remote server 172.22.1.47:80, referer: http://190.27.245.106/forest/buscar.do?type=procesos
[Wed Jul 08 15:03:00.329391 2015] [proxy_http:error] [pid 6976:tid 1676] (20014)Internal error: [client 201.245.192.253:43396] AH01102: error reading status line from remote server 172.22.1.47:80, referer: http://190.27.245.106/forest/buscar.do?type=procesos
