[Tue Jul 14 15:09:53.388104 2015] [proxy_http:error] [pid 1196:tid 1856] (20014)Internal error: [client 201.245.192.253:42159] AH01102: error reading status line from remote server 172.22.1.47:80, referer: http://190.27.245.106/forest/reportes.do?group_system_actual=5&menu=1&tab=3
[Tue Jul 14 15:09:53.996505 2015] [proxy_http:error] [pid 1196:tid 1512] (20014)Internal error: [client 201.245.192.253:30130] AH01102: error reading status line from remote server 172.22.1.47:80
[Tue Jul 14 15:12:30.308779 2015] [proxy_http:error] [pid 1196:tid 1072] (20014)Internal error: [client 201.245.192.253:45326] AH01102: error reading status line from remote server 172.22.1.47:80, referer: http://190.27.245.106/forest/usutareas.do?codTraEsc=18354182
[Tue Jul 14 15:12:30.308779 2015] [proxy:error] [pid 1196:tid 1072] [client 201.245.192.253:45326] AH00898: Error reading from remote server returned by /forest/1ibre/jscalendar/calendar-win2k-1.css, referer: http://190.27.245.106/forest/usutareas.do?codTraEsc=18354182
[Tue Jul 14 15:13:54.205727 2015] [proxy_http:error] [pid 1196:tid 1744] (20014)Internal error: [client 190.9.202.72:10331] AH01102: error reading status line from remote server 172.22.1.47:80, referer: http://190.27.245.106/forest/usutareas.do?_a=0.7548955607722634&group_system_actual=3
[Tue Jul 14 15:13:54.205727 2015] [proxy:error] [pid 1196:tid 1744] [client 190.9.202.72:10331] AH00898: Error reading from remote server returned by /forest/usutareas.do, referer: http://190.27.245.106/forest/usutareas.do?_a=0.7548955607722634&group_system_actual=3
[Tue Jul 14 15:14:31.848593 2015] [proxy_http:error] [pid 1196:tid 1776] (20014)Internal error: [client 201.245.192.253:47067] AH01102: error reading status line from remote server 172.22.1.47:80, referer: http://190.27.245.106/forest/frameset?
[Tue Jul 14 15:14:55.435834 2015] [proxy_http:error] [pid 1196:tid 1880] (20014)Internal error: [client 201.245.192.253:48210] AH01102: error reading status line from remote server 172.22.1.47:80, referer: http://190.27.245.106/forest/buscar.do?
[Tue Jul 14 15:15:22.408282 2015] [proxy_http:error] [pid 1196:tid 1244] (20014)Internal error: [client 201.245.192.253:12403] AH01102: error reading status line from remote server 172.22.1.47:80, referer: http://190.27.245.106/forest/buscar.do?type=procesos
[Tue Jul 14 15:15:31.612298 2015] [proxy_http:error] [pid 1196:tid 1880] (20014)Internal error: [client 201.245.192.253:35702] AH01102: error reading status line from remote server 172.22.1.47:80, referer: http://190.27.245.106/forest/reportes.do?menu=1&group_system_actual=5
[Tue Jul 14 15:15:31.612298 2015] [proxy:error] [pid 1196:tid 1880] [client 201.245.192.253:35702] AH00898: Error reading from remote server returned by /forest/system/process.jsp, referer: http://190.27.245.106/forest/reportes.do?menu=1&group_system_actual=5
[Tue Jul 14 15:17:52.964146 2015] [proxy_http:error] [pid 1196:tid 1616] (20014)Internal error: [client 201.245.192.253:37733] AH01102: error reading status line from remote server 172.22.1.47:80, referer: http://190.27.245.106/forest/buscar.do?type=documentos
[Tue Jul 14 15:18:14.928985 2015] [proxy_http:error] [pid 1196:tid 1560] (20014)Internal error: [client 201.245.192.253:38086] AH01102: error reading status line from remote server 172.22.1.47:80
[Tue Jul 14 15:18:14.928985 2015] [proxy_http:error] [pid 1196:tid 1280] (20014)Internal error: [client 201.245.192.253:38087] AH01102: error reading status line from remote server 172.22.1.47:80, referer: http://190.27.245.106/forest/index2.jsp?_a=0.20709224022757766
[Tue Jul 14 15:18:15.006985 2015] [proxy_http:error] [pid 1196:tid 1504] (20014)Internal error: [client 201.245.192.253:38088] AH01102: error reading status line from remote server 172.22.1.47:80, referer: http://190.27.245.106/forest/index2.jsp?_a=0.20709224022757766
[Tue Jul 14 15:18:15.006985 2015] [proxy_http:error] [pid 1196:tid 1224] (20014)Internal error: [client 201.245.192.253:38094] AH01102: error reading status line from remote server 172.22.1.47:80, referer: http://190.27.245.106/forest/index2.jsp?_a=0.20709224022757766
[Tue Jul 14 15:18:15.006985 2015] [proxy:error] [pid 1196:tid 1224] [client 201.245.192.253:38094] AH00898: Error reading from remote server returned by /forest/js/inicio.js, referer: http://190.27.245.106/forest/index2.jsp?_a=0.20709224022757766
[Tue Jul 14 15:18:46.581440 2015] [proxy_http:error] [pid 1196:tid 1392] (20014)Internal error: [client 190.9.202.72:10360] AH01102: error reading status line from remote server 172.22.1.47:80, referer: http://190.27.245.106/forest/usutareas.do?group_system_actual=3&a=0.020088887251319965
[Tue Jul 14 15:18:46.643840 2015] [proxy_http:error] [pid 1196:tid 1176] (20014)Internal error: [client 190.9.202.72:10342] AH01102: error reading status line from remote server 172.22.1.47:80, referer: http://190.27.245.106/forest/usutareas.do?group_system_actual=3&a=0.020088887251319965
[Tue Jul 14 15:18:46.643840 2015] [proxy:error] [pid 1196:tid 1176] [client 190.9.202.72:10342] AH00898: Error reading from remote server returned by /forest/json.do, referer: http://190.27.245.106/forest/usutareas.do?group_system_actual=3&a=0.020088887251319965
[Tue Jul 14 15:18:46.643840 2015] [negotiation:error] [pid 1196:tid 1176] [client 190.9.202.72:10342] AH00690: no acceptable variant: E:/nuevo/apache/error/HTTP_BAD_GATEWAY.html.var, referer: http://190.27.245.106/forest/usutareas.do?group_system_actual=3&a=0.020088887251319965
[Tue Jul 14 15:21:23.673716 2015] [proxy_http:error] [pid 1196:tid 1080] (20014)Internal error: [client 190.84.185.167:54176] AH01102: error reading status line from remote server 172.22.1.47:80, referer: http://190.27.245.106/forest/usutareas.do?group_system_actual=3&a=0.7690829757271783
[Tue Jul 14 15:21:25.732920 2015] [proxy_http:error] [pid 1196:tid 1272] (20014)Internal error: [client 201.245.192.253:41055] AH01102: error reading status line from remote server 172.22.1.47:80, referer: http://190.27.245.106/forest/usutareas.do?group_system_actual=3&a=0.4347742253842011
[Tue Jul 14 15:21:25.732920 2015] [proxy:error] [pid 1196:tid 1272] [client 201.245.192.253:41055] AH00898: Error reading from remote server returned by /forest/skins/gdocs-jar/css/dialog.css, referer: http://190.27.245.106/forest/usutareas.do?group_system_actual=3&a=0.4347742253842011
[Tue Jul 14 15:22:14.763806 2015] [proxy_http:error] [pid 1196:tid 1728] (20014)Internal error: [client 201.245.192.253:55617] AH01102: error reading status line from remote server 172.22.1.47:80, referer: http://190.27.245.106/forest/index2.jsp?group_system_actual=3&a=0.8633525114739162
[Tue Jul 14 15:22:17.540611 2015] [proxy_http:error] [pid 1196:tid 1736] (20014)Internal error: [client 201.245.192.253:42012] AH01102: error reading status line from remote server 172.22.1.47:80, referer: http://190.27.245.106/forest/misactividades.do?_a=0.9675555603487224&group_system_actual=3
[Tue Jul 14 15:22:17.540611 2015] [proxy:error] [pid 1196:tid 1736] [client 201.245.192.253:42012] AH00898: Error reading from remote server returned by /forest/skins/gdocs-jar/css/menu.css, referer: http://190.27.245.106/forest/misactividades.do?_a=0.9675555603487224&group_system_actual=3
[Tue Jul 14 15:22:43.265056 2015] [proxy_http:error] [pid 1196:tid 1592] (20014)Internal error: [client 201.245.192.253:42410] AH01102: error reading status line from remote server 172.22.1.47:80, referer: http://190.27.245.106/forest/buscar.do?type=procesos
[Tue Jul 14 15:22:44.871859 2015] [proxy_http:error] [pid 1196:tid 1536] (20014)Internal error: [client 201.245.192.253:42695] AH01102: error reading status line from remote server 172.22.1.47:80, referer: http://190.27.245.106/forest/reportes.do?menu=1&group_system_actual=5
[Tue Jul 14 15:22:47.898264 2015] [proxy_http:error] [pid 1196:tid 1664] (20014)Internal error: [client 201.245.192.253:42646] AH01102: error reading status line from remote server 172.22.1.47:80, referer: http://190.27.245.106/forest/system/process.jsp?numPro=2849061
[Tue Jul 14 15:22:51.314670 2015] [proxy_http:error] [pid 1196:tid 1672] (20014)Internal error: [client 201.245.192.253:42924] AH01102: error reading status line from remote server 172.22.1.47:80, referer: http://190.27.245.106/forest/buscar.do?
[Tue Jul 14 15:23:02.031889 2015] [proxy_http:error] [pid 1196:tid 1568] (20014)Internal error: [client 201.245.192.253:43287] AH01102: error reading status line from remote server 172.22.1.47:80, referer: http://190.27.245.106/forest/usutareas.do?group_system_actual=3&codAct=1476&numPro=3046308&codPro=134&fecTra=2015-06-30%2021:28:29.2&codInst=3085829&codTraEsc=18523474
[Tue Jul 14 15:23:02.031889 2015] [proxy:error] [pid 1196:tid 1568] [client 201.245.192.253:43287] AH00898: Error reading from remote server returned by /forest/css/escritorio.css, referer: http://190.27.245.106/forest/usutareas.do?group_system_actual=3&codAct=1476&numPro=3046308&codPro=134&fecTra=2015-06-30%2021:28:29.2&codInst=3085829&codTraEsc=18523474
[Tue Jul 14 15:23:17.507116 2015] [proxy_http:error] [pid 1196:tid 1336] (20014)Internal error: [client 201.245.192.253:43553] AH01102: error reading status line from remote server 172.22.1.47:80, referer: http://190.27.245.106/forest/misactividades.do?group_system_actual=3&codPro=95&_a=0.18818561944132084
[Tue Jul 14 15:23:20.564721 2015] [proxy_http:error] [pid 1196:tid 1792] (20014)Internal error: [client 201.245.192.253:43531] AH01102: error reading status line from remote server 172.22.1.47:80, referer: http://190.27.245.106/forest/js/jquery/css/jquery-ui-1.8.1.custom.css
[Tue Jul 14 15:23:40.392356 2015] [proxy_http:error] [pid 1196:tid 1648] (20014)Internal error: [client 201.245.192.253:43988] AH01102: error reading status line from remote server 172.22.1.47:80, referer: http://190.27.245.106/forest/reportes.do?menu=1&group_system_actual=5
[Tue Jul 14 15:23:40.392356 2015] [proxy:error] [pid 1196:tid 1648] [client 201.245.192.253:43988] AH00898: Error reading from remote server returned by /forest/system/process.jsp, referer: http://190.27.245.106/forest/reportes.do?menu=1&group_system_actual=5
[Tue Jul 14 15:23:42.841560 2015] [proxy_http:error] [pid 1196:tid 1424] (20014)Internal error: [client 201.245.192.253:57691] AH01102: error reading status line from remote server 172.22.1.47:80, referer: http://190.27.245.106/forest/usutareas.do?group_system_actual=3&codAct=1622&numPro=3026839&codPro=143&fecTra=2015-07-10%2014:19:14.137&codInst=3065039&codTraEsc=18627163
[Tue Jul 14 15:23:42.872761 2015] [proxy_http:error] [pid 1196:tid 1648] (20014)Internal error: [client 201.245.192.253:43988] AH01102: error reading status line from remote server 172.22.1.47:80, referer: http://190.27.245.106/forest/reportes.do?menu=1&group_system_actual=5
[Tue Jul 14 15:23:42.966361 2015] [proxy_http:error] [pid 1196:tid 1768] (20014)Internal error: [client 201.245.192.253:44012] AH01102: error reading status line from remote server 172.22.1.47:80, referer: http://190.27.245.106/forest/reportes.do?menu=1&group_system_actual=5
[Tue Jul 14 15:23:42.966361 2015] [proxy:error] [pid 1196:tid 1768] [client 201.245.192.253:44012] AH00898: Error reading from remote server returned by /forest/system/process.jsp, referer: http://190.27.245.106/forest/reportes.do?menu=1&group_system_actual=5
[Tue Jul 14 15:23:48.426370 2015] [proxy_http:error] [pid 1196:tid 1416] (20014)Internal error: [client 201.245.192.253:44062] AH01102: error reading status line from remote server 172.22.1.47:80, referer: http://190.27.245.106/forest/usutareas.do?group_system_actual=3&a=0.46413368175525216
[Tue Jul 14 15:23:50.033173 2015] [proxy_http:error] [pid 1196:tid 1512] (20014)Internal error: [client 201.245.192.253:16187] AH01102: error reading status line from remote server 172.22.1.47:80, referer: http://190.27.245.106/forest/buscar.do?type=procesos
[Tue Jul 14 15:24:35.117252 2015] [proxy_http:error] [pid 1196:tid 1480] (20014)Internal error: [client 201.245.192.253:58646] AH01102: error reading status line from remote server 172.22.1.47:80, referer: http://190.27.245.106/forest/index2.jsp?selected=tab_init&tab=1
[Tue Jul 14 15:24:36.318454 2015] [proxy_http:error] [pid 1196:tid 1480] (20014)Internal error: [client 201.245.192.253:58711] AH01102: error reading status line from remote server 172.22.1.47:80, referer: http://190.27.245.106/forest/reportes.do?group_system_actual=5&menu=1&tab=3
[Tue Jul 14 15:25:10.186114 2015] [proxy_http:error] [pid 1196:tid 1536] (20014)Internal error: [client 201.245.192.253:16750] AH01102: error reading status line from remote server 172.22.1.47:80, referer: http://190.27.245.106/forest/buscar.do?type=procesos
[Tue Jul 14 15:25:10.186114 2015] [proxy:error] [pid 1196:tid 1536] [client 201.245.192.253:16750] AH00898: Error reading from remote server returned by /forest/skins/gdocs-jar/css/tree.css, referer: http://190.27.245.106/forest/buscar.do?type=procesos
[Tue Jul 14 15:25:10.201714 2015] [proxy_http:error] [pid 1196:tid 1768] (20014)Internal error: [client 201.245.192.253:16751] AH01102: error reading status line from remote server 172.22.1.47:80, referer: http://190.27.245.106/forest/buscar.do?type=procesos
[Tue Jul 14 15:25:10.201714 2015] [proxy_http:error] [pid 1196:tid 1480] (20014)Internal error: [client 201.245.192.253:16749] AH01102: error reading status line from remote server 172.22.1.47:80, referer: http://190.27.245.106/forest/buscar.do?type=procesos
[Tue Jul 14 15:25:10.201714 2015] [proxy_http:error] [pid 1196:tid 1312] (20014)Internal error: [client 201.245.192.253:16746] AH01102: error reading status line from remote server 172.22.1.47:80, referer: http://190.27.245.106/forest/buscar.do?type=procesos
[Tue Jul 14 15:25:10.591715 2015] [proxy_http:error] [pid 1196:tid 1512] (20014)Internal error: [client 201.245.192.253:45601] AH01102: error reading status line from remote server 172.22.1.47:80, referer: http://190.27.245.106/forest/buscar.do?
[Tue Jul 14 15:25:10.591715 2015] [proxy:error] [pid 1196:tid 1512] [client 201.245.192.253:45601] AH00898: Error reading from remote server returned by /forest/buscar.do, referer: http://190.27.245.106/forest/buscar.do?
[Tue Jul 14 15:25:13.805320 2015] [proxy_http:error] [pid 1196:tid 1416] (20014)Internal error: [client 201.245.192.253:45660] AH01102: error reading status line from remote server 172.22.1.47:80, referer: http://190.27.245.106/forest/buscar.do?type=procesos
[Tue Jul 14 15:25:13.805320 2015] [proxy:error] [pid 1196:tid 1416] [client 201.245.192.253:45660] AH00898: Error reading from remote server returned by /forest/js/dialog.js, referer: http://190.27.245.106/forest/buscar.do?type=procesos
[Tue Jul 14 15:25:22.385335 2015] [proxy_http:error] [pid 1196:tid 1048] (20014)Internal error: [client 201.245.192.253:59527] AH01102: error reading status line from remote server 172.22.1.47:80, referer: http://190.27.245.106/forest/suactividades.do?group_system_actual=3
[Tue Jul 14 15:25:31.136951 2015] [proxy_http:error] [pid 1196:tid 1672] (20014)Internal error: [client 201.245.192.253:59685] AH01102: error reading status line from remote server 172.22.1.47:80, referer: http://190.27.245.106/forest/buscar.do
[Tue Jul 14 15:25:31.136951 2015] [proxy:error] [pid 1196:tid 1672] [client 201.245.192.253:59685] AH00898: Error reading from remote server returned by /forest/js/load_func.js, referer: http://190.27.245.106/forest/buscar.do
[Tue Jul 14 15:25:31.448951 2015] [proxy_http:error] [pid 1196:tid 1880] (20014)Internal error: [client 201.245.192.253:59684] AH01102: error reading status line from remote server 172.22.1.47:80, referer: http://190.27.245.106/forest/buscar.do
[Tue Jul 14 15:25:33.882556 2015] [proxy_http:error] [pid 1196:tid 1176] (20014)Internal error: [client 201.245.192.253:59607] AH01102: error reading status line from remote server 172.22.1.47:80, referer: http://190.27.245.106/forest/buscar.do
[Tue Jul 14 15:25:42.259770 2015] [proxy_http:error] [pid 1196:tid 1752] (20014)Internal error: [client 201.245.192.253:46233] AH01102: error reading status line from remote server 172.22.1.47:80, referer: http://190.27.245.106/forest/usutareas.do?group_system_actual=3&a=0.1905875711894628
[Tue Jul 14 15:25:42.275370 2015] [proxy_http:error] [pid 1196:tid 1864] (20014)Internal error: [client 201.245.192.253:46213] AH01102: error reading status line from remote server 172.22.1.47:80, referer: http://190.27.245.106/forest/usutareas.do?group_system_actual=3&a=0.1905875711894628
[Tue Jul 14 15:25:52.306188 2015] [proxy_http:error] [pid 1196:tid 1040] (20014)Internal error: [client 201.245.192.253:46385] AH01102: error reading status line from remote server 172.22.1.47:80, referer: http://190.27.245.106/forest/buscar.do
[Tue Jul 14 15:25:52.321788 2015] [proxy_http:error] [pid 1196:tid 1176] (20014)Internal error: [client 201.245.192.253:46395] AH01102: error reading status line from remote server 172.22.1.47:80, referer: http://190.27.245.106/forest/buscar.do
[Tue Jul 14 15:25:52.368588 2015] [proxy_http:error] [pid 1196:tid 1608] (20014)Internal error: [client 201.245.192.253:47807] AH01102: error reading status line from remote server 172.22.1.47:80, referer: http://190.27.245.106/forest/
[Tue Jul 14 15:25:52.368588 2015] [proxy:error] [pid 1196:tid 1608] [client 201.245.192.253:47807] AH00898: Error reading from remote server returned by /forest/system/tercero.jsp, referer: http://190.27.245.106/forest/
[Tue Jul 14 15:25:53.273390 2015] [proxy_http:error] [pid 1196:tid 1512] (20014)Internal error: [client 201.245.192.253:46393] AH01102: error reading status line from remote server 172.22.1.47:80, referer: http://190.27.245.106/forest/buscar.do
[Tue Jul 14 15:26:01.120203 2015] [proxy_http:error] [pid 1196:tid 1244] (20014)Internal error: [client 201.245.192.253:46524] AH01102: error reading status line from remote server 172.22.1.47:80, referer: http://190.27.245.106/forest/buscar.do?type=documentos
[Tue Jul 14 15:26:14.723427 2015] [proxy_http:error] [pid 1196:tid 1328] (20014)Internal error: [client 190.84.185.167:54219] AH01102: error reading status line from remote server 172.22.1.47:80, referer: http://190.27.245.106/forest/usutareas.do?group_system_actual=3&a=0.09392589405926777
[Tue Jul 14 15:26:15.612629 2015] [proxy_http:error] [pid 1196:tid 1720] (20014)Internal error: [client 190.84.185.167:54223] AH01102: error reading status line from remote server 172.22.1.47:80, referer: http://190.27.245.106/forest/usutareas.do?group_system_actual=3&a=0.09392589405926777
[Tue Jul 14 15:26:28.077051 2015] [proxy_http:error] [pid 1196:tid 1696] (20014)Internal error: [client 201.245.192.253:46977] AH01102: error reading status line from remote server 172.22.1.47:80, referer: http://190.27.245.106/forest/usudocumentos.do?group_system_actual=3&a=0.7200002373041064
[Tue Jul 14 15:26:28.077051 2015] [proxy:error] [pid 1196:tid 1696] [client 201.245.192.253:46977] AH00898: Error reading from remote server returned by /forest/css/escritorio.css, referer: http://190.27.245.106/forest/usudocumentos.do?group_system_actual=3&a=0.7200002373041064
[Tue Jul 14 15:26:28.077051 2015] [proxy_http:error] [pid 1196:tid 1720] (20014)Internal error: [client 201.245.192.253:46850] AH01102: error reading status line from remote server 172.22.1.47:80
[Tue Jul 14 15:26:37.483867 2015] [core:warn] [pid 7872:tid 312] AH00098: pid file E:/nuevo/apache/logs/httpd.pid overwritten -- Unclean shutdown of previous Apache run?
[Tue Jul 14 15:26:37.483867 2015] [auth_digest:notice] [pid 7872:tid 312] AH01757: generating secret for digest authentication ...
[Tue Jul 14 15:26:37.889468 2015] [mpm_winnt:notice] [pid 7872:tid 312] AH00455: Apache/2.4.10 (Win32) OpenSSL/1.0.1i PHP/5.5.15 configured -- resuming normal operations
[Tue Jul 14 15:26:37.889468 2015] [mpm_winnt:notice] [pid 7872:tid 312] AH00456: Apache Lounge VC11 Server built: Jul 17 2014 11:50:08
[Tue Jul 14 15:26:37.889468 2015] [core:notice] [pid 7872:tid 312] AH00094: Command line: 'e:\\nuevo\\apache\\bin\\httpd.exe -d E:/nuevo/apache'
[Tue Jul 14 15:26:37.889468 2015] [mpm_winnt:notice] [pid 7872:tid 312] AH00418: Parent: Created child process 2212
AH00548: NameVirtualHost has no effect and will be removed in the next release E:/nuevo/apache/conf/extra/httpd-vhosts.conf:44
[Tue Jul 14 15:26:38.591469 2015] [auth_digest:notice] [pid 2212:tid 324] AH01757: generating secret for digest authentication ...
[Tue Jul 14 15:26:38.825470 2015] [mpm_winnt:notice] [pid 2212:tid 324] AH00354: Child: Starting 150 worker threads.
[Tue Jul 14 15:26:46.297883 2015] [proxy_http:error] [pid 2212:tid 1788] (20014)Internal error: [client 201.245.192.253:35087] AH01102: error reading status line from remote server 172.22.1.47:80, referer: http://190.27.245.106/forest/usudocumentos.do?group_system_actual=3&a=0.5361308588546313
[Tue Jul 14 15:26:54.503497 2015] [proxy_http:error] [pid 2212:tid 1812] (20014)Internal error: [client 190.84.185.167:54238] AH01102: error reading status line from remote server 172.22.1.47:80, referer: http://190.27.245.106/forest/usutareas.do?group_system_actual=3&a=0.9551522765844215
[Tue Jul 14 15:26:54.503497 2015] [proxy:error] [pid 2212:tid 1812] [client 190.84.185.167:54238] AH00898: Error reading from remote server returned by /forest/skins/gdocs-jar/css/autocomplete.css, referer: http://190.27.245.106/forest/usutareas.do?group_system_actual=3&a=0.9551522765844215
[Tue Jul 14 15:26:54.643897 2015] [proxy_http:error] [pid 2212:tid 1884] (20014)Internal error: [client 190.84.185.167:54237] AH01102: error reading status line from remote server 172.22.1.47:80, referer: http://190.27.245.106/forest/usutareas.do?group_system_actual=3&a=0.9551522765844215
[Tue Jul 14 15:26:54.815498 2015] [proxy_http:error] [pid 2212:tid 1660] (20014)Internal error: [client 201.245.192.253:17581] AH01102: error reading status line from remote server 172.22.1.47:80, referer: http://190.27.245.106/forest/usutareas.do?group_system_actual=3&codTraEsc=15779782&_a=0.02464506478555306
[Tue Jul 14 15:26:54.815498 2015] [proxy:error] [pid 2212:tid 1660] [client 201.245.192.253:17581] AH00898: Error reading from remote server returned by /forest/session.jsp, referer: http://190.27.245.106/forest/usutareas.do?group_system_actual=3&codTraEsc=15779782&_a=0.02464506478555306
[Tue Jul 14 15:26:54.815498 2015] [negotiation:error] [pid 2212:tid 1660] [client 201.245.192.253:17581] AH00690: no acceptable variant: E:/nuevo/apache/error/HTTP_BAD_GATEWAY.html.var, referer: http://190.27.245.106/forest/usutareas.do?group_system_actual=3&codTraEsc=15779782&_a=0.02464506478555306
[Tue Jul 14 15:26:55.423899 2015] [proxy_http:error] [pid 2212:tid 1812] (20014)Internal error: [client 190.84.185.167:54238] AH01102: error reading status line from remote server 172.22.1.47:80, referer: http://190.27.245.106/forest/usutareas.do?group_system_actual=3&a=0.9551522765844215
[Tue Jul 14 15:26:56.718701 2015] [proxy_http:error] [pid 2212:tid 1644] (20014)Internal error: [client 201.245.192.253:35270] AH01102: error reading status line from remote server 172.22.1.47:80, referer: http://190.27.245.106/forest/usudocumentos.do?group_system_actual=3&a=0.5403810260456752
[Tue Jul 14 15:26:56.718701 2015] [proxy:error] [pid 2212:tid 1644] [client 201.245.192.253:35270] AH00898: Error reading from remote server returned by /forest/css/escritorio.css, referer: http://190.27.245.106/forest/usudocumentos.do?group_system_actual=3&a=0.5403810260456752
[Tue Jul 14 15:27:06.219118 2015] [proxy_http:error] [pid 2212:tid 1732] (20014)Internal error: [client 201.245.192.253:35391] AH01102: error reading status line from remote server 172.22.1.47:80, referer: http://190.27.245.106/forest/buscar.do
[Tue Jul 14 15:27:27.138754 2015] [mpm_winnt:warn] [pid 2212:tid 2896] (OS 64)The specified network name is no longer available.  : AH00341: winnt_accept: Asynchronous AcceptEx failed.
[Tue Jul 14 15:28:51.285302 2015] [proxy_http:error] [pid 2212:tid 1628] (20014)Internal error: [client 201.245.192.253:37194] AH01102: error reading status line from remote server 172.22.1.47:80, referer: http://190.27.245.106/forest/index2.jsp?a=0.501185536730883
[Tue Jul 14 15:29:34.668978 2015] [proxy_http:error] [pid 2212:tid 1420] (20014)Internal error: [client 201.245.192.253:51639] AH01102: error reading status line from remote server 172.22.1.47:80, referer: http://190.27.245.106/forest/usutareas.do?group_system_actual=3&a=0.4312552855647538
[Tue Jul 14 15:29:34.668978 2015] [proxy:error] [pid 2212:tid 1420] [client 201.245.192.253:51639] AH00898: Error reading from remote server returned by /forest/skins/gdocs-jar/popup/popup.jsp, referer: http://190.27.245.106/forest/usutareas.do?group_system_actual=3&a=0.4312552855647538
[Tue Jul 14 15:30:15.088649 2015] [proxy_http:error] [pid 2212:tid 1820] (20014)Internal error: [client 190.84.185.167:54263] AH01102: error reading status line from remote server 172.22.1.47:80
[Tue Jul 14 15:30:48.675508 2015] [proxy_http:error] [pid 2212:tid 1544] (20014)Internal error: [client 201.245.192.253:39148] AH01102: error reading status line from remote server 172.22.1.47:80, referer: http://190.27.245.106/forest/usutareas.do?group_system_actual=3&codAct=879&numPro=3043541&codPro=90&fecTra=2015-06-30%2021:29:57.728&codInst=3082938&codTraEsc=18523481
[Tue Jul 14 15:31:04.618736 2015] [proxy_http:error] [pid 2212:tid 1692] (20014)Internal error: [client 201.245.192.253:19274] AH01102: error reading status line from remote server 172.22.1.47:80, referer: http://190.27.245.106/forest/misactividades.do?group_system_actual=3&codPro=90&_a=0.2972680639686722
[Tue Jul 14 15:31:13.198751 2015] [proxy_http:error] [pid 2212:tid 1884] (20014)Internal error: [client 201.245.192.253:19325] AH01102: error reading status line from remote server 172.22.1.47:80, referer: http://190.27.245.106/forest/buscar.do?type=procesos
[Tue Jul 14 15:31:15.788356 2015] [proxy_http:error] [pid 2212:tid 1884] (20014)Internal error: [client 201.245.192.253:39600] AH01102: error reading status line from remote server 172.22.1.47:80, referer: http://190.27.245.106/forest/usutareas.do?group_system_actual=3&a=0.5837013440934344
[Tue Jul 14 15:31:15.788356 2015] [proxy:error] [pid 2212:tid 1884] [client 201.245.192.253:39600] AH00898: Error reading from remote server returned by /forest/skins/gdocs-jar/popup/escritorio/subirborrador.jsp, referer: http://190.27.245.106/forest/usutareas.do?group_system_actual=3&a=0.5837013440934344
[Tue Jul 14 15:31:46.255210 2015] [proxy_http:error] [pid 2212:tid 1476] (20014)Internal error: [client 201.245.192.253:19432] AH01102: error reading status line from remote server 172.22.1.47:80, referer: http://190.27.245.106/forest/usudocumentos.do?_a=0.41742408322170377&group_system_actual=3
[Tue Jul 14 15:32:00.014434 2015] [proxy_http:error] [pid 2212:tid 1596] (20014)Internal error: [client 190.156.176.188:50413] AH01102: error reading status line from remote server 172.22.1.47:80, referer: http://190.27.245.106/forest/index2.jsp?a=0.3160867124460397
[Tue Jul 14 15:32:00.014434 2015] [proxy:error] [pid 2212:tid 1596] [client 190.156.176.188:50413] AH00898: Error reading from remote server returned by /forest/buscar.do, referer: http://190.27.245.106/forest/index2.jsp?a=0.3160867124460397
[Tue Jul 14 15:32:03.820840 2015] [proxy_http:error] [pid 2212:tid 1820] (20014)Internal error: [client 201.245.192.253:19742] AH01102: error reading status line from remote server 172.22.1.47:80, referer: http://190.27.245.106/forest/misactividades.do?group_system_actual=3&codPro=134&_a=0.0023817424065366577
[Tue Jul 14 15:32:03.820840 2015] [proxy:error] [pid 2212:tid 1820] [client 201.245.192.253:19742] AH00898: Error reading from remote server returned by /forest/skins/gdocs-jar/css/dialog.css, referer: http://190.27.245.106/forest/misactividades.do?group_system_actual=3&codPro=134&_a=0.0023817424065366577
[Tue Jul 14 15:32:11.355654 2015] [proxy_http:error] [pid 2212:tid 1716] (20014)Internal error: [client 201.245.192.253:40486] AH01102: error reading status line from remote server 172.22.1.47:80, referer: http://190.27.245.106/forest/skins/gdocs-jar/popup/FileViewerTree.jsp?coddoc=2110644&ext=pdf&numpro=3148492&nombre=2015ER118271.pdf&codfile=-1&rootPath=/forest/
[Tue Jul 14 15:32:26.269280 2015] [proxy_http:error] [pid 2212:tid 1532] (20014)Internal error: [client 201.245.192.253:54499] AH01102: error reading status line from remote server 172.22.1.47:80, referer: http://190.27.245.106/forest/usutareas.do?group_system_actual=3&a=0.04570095599536317
[Tue Jul 14 15:32:35.535696 2015] [proxy_http:error] [pid 2212:tid 1260] (20014)Internal error: [client 201.245.192.253:40838] AH01102: error reading status line from remote server 172.22.1.47:80, referer: http://190.27.245.106/forest/misactividades.do?group_system_actual=3&codPro=176&_a=0.5192219636272105
[Tue Jul 14 15:32:42.165708 2015] [proxy_http:error] [pid 2212:tid 1300] (20014)Internal error: [client 201.245.192.253:54758] AH01102: error reading status line from remote server 172.22.1.47:80, referer: http://190.27.245.106/forest/usutareas.do?group_system_actual=3&a=0.762403991378273
[Tue Jul 14 15:32:42.212508 2015] [proxy_http:error] [pid 2212:tid 1300] (20014)Internal error: [client 201.245.192.253:54761] AH01102: error reading status line from remote server 172.22.1.47:80, referer: http://190.27.245.106/forest/usutareas.do?group_system_actual=3&a=0.9039389286826698
[Tue Jul 14 15:32:42.212508 2015] [proxy_http:error] [pid 2212:tid 1492] (20014)Internal error: [client 201.245.192.253:54763] AH01102: error reading status line from remote server 172.22.1.47:80, referer: http://190.27.245.106/forest/usutareas.do?group_system_actual=3&a=0.9039389286826698
[Tue Jul 14 15:33:20.931776 2015] [proxy_http:error] [pid 2212:tid 1580] (20014)Internal error: [client 201.245.192.253:20243] AH01102: error reading status line from remote server 172.22.1.47:80, referer: http://190.27.245.106/forest/system/process.jsp?numPro=3026162
[Tue Jul 14 15:33:20.931776 2015] [proxy:error] [pid 2212:tid 1580] [client 201.245.192.253:20243] AH00898: Error reading from remote server returned by /forest/documentos/1851483/2014EE81107.docx, referer: http://190.27.245.106/forest/system/process.jsp?numPro=3026162
[Tue Jul 14 15:33:22.054978 2015] [proxy_http:error] [pid 2212:tid 1236] (20014)Internal error: [client 201.245.192.253:41606] AH01102: error reading status line from remote server 172.22.1.47:80, referer: http://190.27.245.106/forest/index2.jsp?a=0.501185536730883
[Tue Jul 14 15:33:22.054978 2015] [proxy:error] [pid 2212:tid 1236] [client 201.245.192.253:41606] AH00898: Error reading from remote server returned by /forest/system/process.jsp, referer: http://190.27.245.106/forest/index2.jsp?a=0.501185536730883
[Tue Jul 14 15:33:23.802181 2015] [proxy_http:error] [pid 2212:tid 1756] (20014)Internal error: [client 201.245.192.253:20265] AH01102: error reading status line from remote server 172.22.1.47:80, referer: http://190.27.245.106/forest/usutareas.do?_a=0.6003279815910783&group_system_actual=3
[Tue Jul 14 15:33:23.864581 2015] [proxy_http:error] [pid 2212:tid 1268] (20014)Internal error: [client 201.245.192.253:20267] AH01102: error reading status line from remote server 172.22.1.47:80, referer: http://190.27.245.106/forest/usutareas.do?_a=0.6003279815910783&group_system_actual=3
[Tue Jul 14 15:33:49.838627 2015] [proxy_http:error] [pid 2212:tid 1260] (20014)Internal error: [client 201.245.192.253:42000] AH01102: error reading status line from remote server 172.22.1.47:80, referer: http://190.27.245.106/forest/usudocumentos.do?_a=0.7926564097870141&group_system_actual=3
[Tue Jul 14 15:35:55.715248 2015] [proxy_http:error] [pid 2212:tid 1836] (20014)Internal error: [client 201.245.192.253:44366] AH01102: error reading status line from remote server 172.22.1.47:80, referer: http://190.27.245.106/forest/usutareas.do?group_system_actual=3&a=0.10740069905295968
[Tue Jul 14 15:37:16.804190 2015] [proxy_http:error] [pid 2212:tid 1268] (20014)Internal error: [client 201.245.192.253:21746] AH01102: error reading status line from remote server 172.22.1.47:80, referer: http://190.27.245.106/forest/usutareas.do?_a=0.26697627990940553&group_system_actual=3
[Tue Jul 14 15:37:16.804190 2015] [proxy_http:error] [pid 2212:tid 1244] (20014)Internal error: [client 201.245.192.253:21747] AH01102: error reading status line from remote server 172.22.1.47:80, referer: http://190.27.245.106/forest/usutareas.do?_a=0.26697627990940553&group_system_actual=3
[Tue Jul 14 15:37:45.726641 2015] [proxy_http:error] [pid 2212:tid 1828] (20014)Internal error: [client 201.245.192.253:46641] AH01102: error reading status line from remote server 172.22.1.47:80, referer: http://190.27.245.106/forest/misactividades.do?group_system_actual=3&codPro=134&_a=0.39449162795998527
[Tue Jul 14 15:37:45.726641 2015] [proxy:error] [pid 2212:tid 1828] [client 201.245.192.253:46641] AH00898: Error reading from remote server returned by /forest/css/escritorio.css, referer: http://190.27.245.106/forest/misactividades.do?group_system_actual=3&codPro=134&_a=0.39449162795998527
[Tue Jul 14 15:38:52.681959 2015] [proxy_http:error] [pid 2212:tid 1580] (20014)Internal error: [client 201.245.192.253:48857] AH01102: error reading status line from remote server 172.22.1.47:80, referer: http://190.27.245.106/forest/usutareas.do?group_system_actual=3&a=0.45622536811478875
[Tue Jul 14 15:38:52.806759 2015] [proxy_http:error] [pid 2212:tid 1580] (20014)Internal error: [client 201.245.192.253:48859] AH01102: error reading status line from remote server 172.22.1.47:80, referer: http://190.27.245.106/forest/usutareas.do?group_system_actual=3&a=0.45622536811478875
[Tue Jul 14 15:38:52.806759 2015] [proxy:error] [pid 2212:tid 1580] [client 201.245.192.253:48859] AH00898: Error reading from remote server returned by /forest/session.jsp, referer: http://190.27.245.106/forest/usutareas.do?group_system_actual=3&a=0.45622536811478875
[Tue Jul 14 15:38:52.806759 2015] [negotiation:error] [pid 2212:tid 1580] [client 201.245.192.253:48859] AH00690: no acceptable variant: E:/nuevo/apache/error/HTTP_BAD_GATEWAY.html.var, referer: http://190.27.245.106/forest/usutareas.do?group_system_actual=3&a=0.45622536811478875
[Tue Jul 14 15:39:18.250403 2015] [proxy_http:error] [pid 2212:tid 1708] (20014)Internal error: [client 201.245.192.253:35742] AH01102: error reading status line from remote server 172.22.1.47:80, referer: http://190.27.245.106/forest/buscar.do?type=procesos
[Tue Jul 14 15:39:18.780804 2015] [proxy_http:error] [pid 2212:tid 1676] (20014)Internal error: [client 201.245.192.253:35743] AH01102: error reading status line from remote server 172.22.1.47:80, referer: http://190.27.245.106/forest/buscar.do?type=procesos
[Tue Jul 14 15:39:47.750055 2015] [proxy_http:error] [pid 2212:tid 1772] (20014)Internal error: [client 201.245.192.253:36143] AH01102: error reading status line from remote server 172.22.1.47:80, referer: http://190.27.245.106/forest/index2.jsp?_a=0.3562673780220825
[Tue Jul 14 15:39:48.062056 2015] [proxy_http:error] [pid 2212:tid 1868] (20014)Internal error: [client 190.156.176.188:50471] AH01102: error reading status line from remote server 172.22.1.47:80, referer: http://190.27.245.106/forest/buscar.do
[Tue Jul 14 15:39:58.077273 2015] [proxy_http:error] [pid 2212:tid 1572] (20014)Internal error: [client 201.245.192.253:36295] AH01102: error reading status line from remote server 172.22.1.47:80, referer: http://190.27.245.106/forest/index2.jsp?a=0.10204688939497053
[Tue Jul 14 15:39:58.077273 2015] [proxy:error] [pid 2212:tid 1572] [client 201.245.192.253:36295] AH00898: Error reading from remote server returned by /forest/buscar.do, referer: http://190.27.245.106/forest/index2.jsp?a=0.10204688939497053
[Tue Jul 14 15:40:30.400530 2015] [proxy_http:error] [pid 2212:tid 1420] (20014)Internal error: [client 201.245.192.253:36806] AH01102: error reading status line from remote server 172.22.1.47:80, referer: http://190.27.245.106/forest/buscar.do?type=documentos
[Tue Jul 14 15:41:19.556217 2015] [proxy_http:error] [pid 2212:tid 1284] (20014)Internal error: [client 201.245.192.253:37443] AH01102: error reading status line from remote server 172.22.1.47:80, referer: http://190.27.245.106/forest/index2.jsp?a=0.10204688939497053
[Tue Jul 14 15:41:19.556217 2015] [proxy:error] [pid 2212:tid 1284] [client 201.245.192.253:37443] AH00898: Error reading from remote server returned by /forest/index.do, referer: http://190.27.245.106/forest/index2.jsp?a=0.10204688939497053
[Tue Jul 14 15:42:07.635501 2015] [proxy_http:error] [pid 2212:tid 1388] (20014)Internal error: [client 201.245.192.253:38306] AH01102: error reading status line from remote server 172.22.1.47:80, referer: http://190.27.245.106/forest/misactividades.do?group_system_actual=3&codPro=114&_a=0.5613737735744274
[Tue Jul 14 15:42:07.635501 2015] [proxy:error] [pid 2212:tid 1388] [client 201.245.192.253:38306] AH00898: Error reading from remote server returned by /forest/1ibre/jscalendar/calendar-win2k-1.css, referer: http://190.27.245.106/forest/misactividades.do?group_system_actual=3&codPro=114&_a=0.5613737735744274
[Tue Jul 14 15:43:47.850077 2015] [proxy_http:error] [pid 2212:tid 1692] (20014)Internal error: [client 201.245.192.253:39934] AH01102: error reading status line from remote server 172.22.1.47:80, referer: http://190.27.245.106/forest/index2.jsp?selected=tab_init&tab=1
[Tue Jul 14 15:44:23.480540 2015] [proxy_http:error] [pid 2212:tid 1788] (20014)Internal error: [client 201.245.192.253:40575] AH01102: error reading status line from remote server 172.22.1.47:80, referer: http://190.27.245.106/forest/index2.jsp?group_system_actual=3&a=0.9065259750519251
[Tue Jul 14 15:44:47.785382 2015] [proxy_http:error] [pid 2212:tid 1236] (20014)Internal error: [client 201.245.192.253:54370] AH01102: error reading status line from remote server 172.22.1.47:80, referer: http://190.27.245.106/forest/index2.jsp?_a=0.8313567149695614
[Tue Jul 14 15:45:12.745426 2015] [proxy_http:error] [pid 2212:tid 1284] (20014)Internal error: [client 201.245.192.253:41438] AH01102: error reading status line from remote server 172.22.1.47:80, referer: http://190.27.245.106/forest/usutareas.do?group_system_actual=3&a=0.33554020178018085
[Tue Jul 14 15:45:12.745426 2015] [proxy:error] [pid 2212:tid 1284] [client 201.245.192.253:41438] AH00898: Error reading from remote server returned by /forest/skins/gdocs-jar/css/forest.css, referer: http://190.27.245.106/forest/usutareas.do?group_system_actual=3&a=0.33554020178018085
[Tue Jul 14 15:45:12.761026 2015] [proxy_http:error] [pid 2212:tid 1372] (20014)Internal error: [client 201.245.192.253:41439] AH01102: error reading status line from remote server 172.22.1.47:80, referer: http://190.27.245.106/forest/usutareas.do?group_system_actual=3&a=0.33554020178018085
[Tue Jul 14 15:45:15.257030 2015] [proxy_http:error] [pid 2212:tid 1612] (20014)Internal error: [client 201.245.192.253:54848] AH01102: error reading status line from remote server 172.22.1.47:80, referer: http://190.27.245.106/forest/index2.jsp?_a=0.8313567149695614
[Tue Jul 14 15:45:15.257030 2015] [proxy:error] [pid 2212:tid 1612] [client 201.245.192.253:54848] AH00898: Error reading from remote server returned by /forest/skins/gdocs-jar/popup/popup.jsp, referer: http://190.27.245.106/forest/index2.jsp?_a=0.8313567149695614
[Tue Jul 14 15:45:16.832633 2015] [proxy_http:error] [pid 2212:tid 1788] (20014)Internal error: [client 201.245.192.253:41442] AH01102: error reading status line from remote server 172.22.1.47:80, referer: http://190.27.245.106/forest/usutareas.do?group_system_actual=3&a=0.31110870947673963
[Tue Jul 14 15:46:55.986407 2015] [proxy_http:error] [pid 2212:tid 1420] (20014)Internal error: [client 190.156.176.188:50529] AH01102: error reading status line from remote server 172.22.1.47:80, referer: http://190.27.245.106/forest/buscar.do
[Tue Jul 14 15:46:56.033207 2015] [proxy_http:error] [pid 2212:tid 1588] (20014)Internal error: [client 190.156.176.188:50531] AH01102: error reading status line from remote server 172.22.1.47:80, referer: http://190.27.245.106/forest/buscar.do
[Tue Jul 14 15:46:56.033207 2015] [proxy:error] [pid 2212:tid 1588] [client 190.156.176.188:50531] AH00898: Error reading from remote server returned by /forest/json.do, referer: http://190.27.245.106/forest/buscar.do
[Tue Jul 14 15:46:56.033207 2015] [negotiation:error] [pid 2212:tid 1588] [client 190.156.176.188:50531] AH00690: no acceptable variant: E:/nuevo/apache/error/HTTP_BAD_GATEWAY.html.var, referer: http://190.27.245.106/forest/buscar.do
[Tue Jul 14 15:46:56.064408 2015] [proxy_http:error] [pid 2212:tid 1588] (20014)Internal error: [client 190.156.176.188:50531] AH01102: error reading status line from remote server 172.22.1.47:80, referer: http://190.27.245.106/forest/buscar.do
[Tue Jul 14 15:47:05.268424 2015] [proxy_http:error] [pid 2212:tid 1820] (20014)Internal error: [client 190.157.73.62:56561] AH01102: error reading status line from remote server 172.22.1.47:80, referer: http://190.27.245.106/forest/usutareas.do?group_system_actual=3&codTraEsc=18615909&_a=0.23453042856552475
[Tue Jul 14 15:47:07.858028 2015] [proxy_http:error] [pid 2212:tid 1820] (20014)Internal error: [client 190.157.73.62:56562] AH01102: error reading status line from remote server 172.22.1.47:80, referer: http://190.27.245.106/forest/usutareas.do?group_system_actual=3&codTraEsc=18615909&_a=0.23453042856552475
[Tue Jul 14 15:47:12.756437 2015] [proxy_http:error] [pid 2212:tid 1804] (20014)Internal error: [client 201.245.192.253:43536] AH01102: error reading status line from remote server 172.22.1.47:80, referer: http://190.27.245.106/forest/js/jquery/css/jquery-ui-1.8.1.custom.css
[Tue Jul 14 15:47:54.533310 2015] [proxy_http:error] [pid 2212:tid 1464] (20014)Internal error: [client 201.245.192.253:44187] AH01102: error reading status line from remote server 172.22.1.47:80, referer: http://190.27.245.106/forest/buscar.do?type=procesos
[Tue Jul 14 15:47:54.533310 2015] [proxy_http:error] [pid 2212:tid 1580] (20014)Internal error: [client 201.245.192.253:44190] AH01102: error reading status line from remote server 172.22.1.47:80, referer: http://190.27.245.106/forest/buscar.do?type=procesos
[Tue Jul 14 15:47:54.548910 2015] [proxy_http:error] [pid 2212:tid 1780] (20014)Internal error: [client 201.245.192.253:44189] AH01102: error reading status line from remote server 172.22.1.47:80, referer: http://190.27.245.106/forest/buscar.do?type=procesos
[Tue Jul 14 15:48:11.116139 2015] [mpm_winnt:warn] [pid 2212:tid 2896] (OS 64)The specified network name is no longer available.  : AH00341: winnt_accept: Asynchronous AcceptEx failed.
[Tue Jul 14 15:48:20.491756 2015] [proxy_http:error] [pid 2212:tid 1244] (20014)Internal error: [client 201.245.192.253:57909] AH01102: error reading status line from remote server 172.22.1.47:80, referer: http://190.27.245.106/forest/usutareas.do?group_system_actual=3&a=0.879085471959592
[Tue Jul 14 15:48:20.491756 2015] [proxy:error] [pid 2212:tid 1244] [client 201.245.192.253:57909] AH00898: Error reading from remote server returned by /forest/skins/gdocs-jar/css/autocomplete.css, referer: http://190.27.245.106/forest/usutareas.do?group_system_actual=3&a=0.879085471959592
[Tue Jul 14 15:48:20.491756 2015] [proxy_http:error] [pid 2212:tid 1460] (20014)Internal error: [client 201.245.192.253:57911] AH01102: error reading status line from remote server 172.22.1.47:80, referer: http://190.27.245.106/forest/usutareas.do?group_system_actual=3&a=0.879085471959592
[Tue Jul 14 15:48:24.017362 2015] [proxy_http:error] [pid 2212:tid 1300] (20014)Internal error: [client 186.154.253.106:58943] AH01102: error reading status line from remote server 172.22.1.47:80, referer: http://190.27.245.106/forest/frameset?
[Tue Jul 14 15:48:24.017362 2015] [proxy:error] [pid 2212:tid 1300] [client 186.154.253.106:58943] AH00898: Error reading from remote server returned by /forest/preview, referer: http://190.27.245.106/forest/frameset?
[Tue Jul 14 15:48:27.496168 2015] [proxy_http:error] [pid 2212:tid 1244] (20014)Internal error: [client 201.245.192.253:58087] AH01102: error reading status line from remote server 172.22.1.47:80, referer: http://190.27.245.106/forest/system/process.jsp?numPro=3157653
[Tue Jul 14 15:48:27.496168 2015] [proxy:error] [pid 2212:tid 1244] [client 201.245.192.253:58087] AH00898: Error reading from remote server returned by /forest/skins/gdocs-jar/popup/FileViewerTree.jsp, referer: http://190.27.245.106/forest/system/process.jsp?numPro=3157653
[Tue Jul 14 15:48:29.929772 2015] [proxy_http:error] [pid 2212:tid 1560] (20014)Internal error: [client 201.245.192.253:44733] AH01102: error reading status line from remote server 172.22.1.47:80, referer: http://190.27.245.106/forest/usudocumentos.do?_a=0.8139041376017634&group_system_actual=3
[Tue Jul 14 15:48:30.881374 2015] [proxy_http:error] [pid 2212:tid 1716] (20014)Internal error: [client 201.245.192.253:58137] AH01102: error reading status line from remote server 172.22.1.47:80, referer: http://190.27.245.106/forest/suactividades.do?group_system_actual=3
[Tue Jul 14 15:48:32.815777 2015] [proxy_http:error] [pid 2212:tid 1444] (20014)Internal error: [client 201.245.192.253:44730] AH01102: error reading status line from remote server 172.22.1.47:80, referer: http://190.27.245.106/forest/usutareas.do?_a=0.11302085742250878&group_system_actual=3
[Tue Jul 14 15:48:32.831378 2015] [proxy_http:error] [pid 2212:tid 1300] (20014)Internal error: [client 201.245.192.253:44731] AH01102: error reading status line from remote server 172.22.1.47:80
[Tue Jul 14 15:48:33.049778 2015] [proxy_http:error] [pid 2212:tid 1604] (20014)Internal error: [client 201.245.192.253:44770] AH01102: error reading status line from remote server 172.22.1.47:80, referer: http://190.27.245.106/forest/usutareas.do?group_system_actual=3&a=0.8051558632869273
[Tue Jul 14 15:48:33.065378 2015] [proxy:error] [pid 2212:tid 1604] [client 201.245.192.253:44770] AH00898: Error reading from remote server returned by /forest/actions/workplace.addBorradorAdj, referer: http://190.27.245.106/forest/usutareas.do?group_system_actual=3&a=0.8051558632869273
[Tue Jul 14 15:48:33.377378 2015] [proxy_http:error] [pid 2212:tid 1868] (20014)Internal error: [client 201.245.192.253:58142] AH01102: error reading status line from remote server 172.22.1.47:80, referer: http://190.27.245.106/forest/suactividades.do?group_system_actual=3
[Tue Jul 14 15:48:34.952981 2015] [proxy_http:error] [pid 2212:tid 1796] (20014)Internal error: [client 201.245.192.253:44784] AH01102: error reading status line from remote server 172.22.1.47:80, referer: http://190.27.245.106/forest/system/process.jsp?numPro=3089072
[Tue Jul 14 15:48:34.952981 2015] [proxy:error] [pid 2212:tid 1796] [client 201.245.192.253:44784] AH00898: Error reading from remote server returned by /forest/documentos/1936620/2014ER166239.pdf, referer: http://190.27.245.106/forest/system/process.jsp?numPro=3089072
[Tue Jul 14 15:48:37.433386 2015] [proxy_http:error] [pid 2212:tid 1676] (20014)Internal error: [client 201.245.192.253:44815] AH01102: error reading status line from remote server 172.22.1.47:80, referer: http://190.27.245.106/forest/misactividades.do?group_system_actual=3&codPro=90&_a=0.4722793127077428
[Tue Jul 14 15:48:37.433386 2015] [proxy:error] [pid 2212:tid 1676] [client 201.245.192.253:44815] AH00898: Error reading from remote server returned by /forest/skins/gdocs-jar/css/menu.css, referer: http://190.27.245.106/forest/misactividades.do?group_system_actual=3&codPro=90&_a=0.4722793127077428
[Tue Jul 14 15:48:48.213005 2015] [proxy_http:error] [pid 2212:tid 1588] (20014)Internal error: [client 201.245.192.253:44941] AH01102: error reading status line from remote server 172.22.1.47:80, referer: http://190.27.245.106/forest/usutareas.do?group_system_actual=3&a=0.8051558632869273
[Tue Jul 14 15:48:52.425012 2015] [proxy_http:error] [pid 2212:tid 1372] (20014)Internal error: [client 201.245.192.253:44981] AH01102: error reading status line from remote server 172.22.1.47:80, referer: http://190.27.245.106/forest/misactividades.do?group_system_actual=3&codPro=90&_a=0.4722793127077428
[Tue Jul 14 15:48:52.518612 2015] [proxy_http:error] [pid 2212:tid 1692] (20014)Internal error: [client 201.245.192.253:58372] AH01102: error reading status line from remote server 172.22.1.47:80, referer: http://190.27.245.106/forest/usutareas.do?group_system_actual=3&a=0.879085471959592
[Tue Jul 14 15:48:52.518612 2015] [proxy_http:error] [pid 2212:tid 1708] (20014)Internal error: [client 201.245.192.253:45019] AH01102: error reading status line from remote server 172.22.1.47:80, referer: http://190.27.245.106/forest/reportes.do?menu=1&group_system_actual=5
[Tue Jul 14 15:48:52.518612 2015] [proxy:error] [pid 2212:tid 1708] [client 201.245.192.253:45019] AH00898: Error reading from remote server returned by /forest/skins/gdocs-jar/css/menu.css, referer: http://190.27.245.106/forest/reportes.do?menu=1&group_system_actual=5
[Tue Jul 14 15:48:52.581012 2015] [proxy_http:error] [pid 2212:tid 1692] (20014)Internal error: [client 201.245.192.253:58466] AH01102: error reading status line from remote server 172.22.1.47:80, referer: http://190.27.245.106/forest/usutareas.do?group_system_actual=3&a=0.2955966184147468
[Tue Jul 14 15:49:09.054641 2015] [proxy_http:error] [pid 2212:tid 1300] (20014)Internal error: [client 201.245.192.253:45280] AH01102: error reading status line from remote server 172.22.1.47:80, referer: http://190.27.245.106/forest/misactividades.do?group_system_actual=3&codPro=134&_a=0.1152412367831418
